104.23.172.79 - - [22/Sep/2026:10:56:19 +0800] "www.montanejacket.com" "GET /wp-json/Batch/v1 HTTP/1.1" 404 125 "https://montanejacket.com/wp-admin/" "Mozilla/5.0 (Windows NT 10.0; Win64; x64) AppleWebKit/537.36 (KHTML, like Gecko) Chrome/120.0.0.0 Safari/537.36" "127.0.0.1,45.148.10.201" [0.001,53.388,53.388|53.388]Request_Body: "-"
172.71.182.12 - - [22/Sep/2026:10:56:23 +0800] "montanejacket.com" "POST /wp/index.php?rest_route=/batch/v1 HTTP/1.1" 301 166 "-" "Mozilla/5.0 (Windows NT 10.0; Win64; x64) AppleWebKit/537.36 (KHTML, like Gecko) Chrome/120.0.0.0 Safari/537.36" "45.148.10.201" [-,-,-|0.000]Request_Body: "-"
172.70.46.163 - - [22/Sep/2026:10:56:23 +0800] "montanejacket.com" "POST /blog/index.php?rest_route=/batch/v1 HTTP/1.1" 301 166 "-" "Mozilla/5.0 (Windows NT 10.0; Win64; x64) AppleWebKit/537.36 (KHTML, like Gecko) Chrome/120.0.0.0 Safari/537.36" "45.148.10.201" [-,-,-|0.001]Request_Body: "-"
172.70.47.184 - - [22/Sep/2026:10:56:23 +0800] "www.montanejacket.com" "GET /wp/index.php?rest_route=/batch/v1 HTTP/1.1" 403 552 "http://www.montanejacket.com/wp/index.php?rest_route=/batch/v1" "Mozilla/5.0 (Windows NT 10.0; Win64; x64) AppleWebKit/537.36 (KHTML, like Gecko) Chrome/120.0.0.0 Safari/537.36" "45.148.10.201" [-,-,-|0.000]Request_Body: "-"
162.159.113.93 - - [22/Sep/2026:10:56:23 +0800] "www.montanejacket.com" "GET /blog/index.php?rest_route=/batch/v1 HTTP/1.1" 403 552 "http://www.montanejacket.com/blog/index.php?rest_route=/batch/v1" "Mozilla/5.0 (Windows NT 10.0; Win64; x64) AppleWebKit/537.36 (KHTML, like Gecko) Chrome/120.0.0.0 Safari/537.36" "45.148.10.201" [-,-,-|0.000]Request_Body: "-"
172.70.46.163 - - [22/Sep/2026:10:56:23 +0800] "montanejacket.com" "POST /wp/index.php?rest_route=%2Fbatch%2Fv1 HTTP/1.1" 301 166 "-" "Mozilla/5.0 (Windows NT 10.0; Win64; x64) AppleWebKit/537.36 (KHTML, like Gecko) Chrome/120.0.0.0 Safari/537.36" "45.148.10.201" [-,-,-|0.001]Request_Body: "-"
172.71.182.12 - - [22/Sep/2026:10:56:23 +0800] "montanejacket.com" "POST /blog/index.php?rest_route=%2Fbatch%2Fv1 HTTP/1.1" 301 166 "-" "Mozilla/5.0 (Windows NT 10.0; Win64; x64) AppleWebKit/537.36 (KHTML, like Gecko) Chrome/120.0.0.0 Safari/537.36" "45.148.10.201" [-,-,-|0.001]Request_Body: "-"
162.159.113.93 - - [22/Sep/2026:10:56:23 +0800] "www.montanejacket.com" "GET /wp/index.php?rest_route=%2Fbatch%2Fv1 HTTP/1.1" 403 552 "http://www.montanejacket.com/wp/index.php?rest_route=%2Fbatch%2Fv1" "Mozilla/5.0 (Windows NT 10.0; Win64; x64) AppleWebKit/537.36 (KHTML, like Gecko) Chrome/120.0.0.0 Safari/537.36" "45.148.10.201" [-,-,-|0.000]Request_Body: "-"
172.70.47.184 - - [22/Sep/2026:10:56:23 +0800] "www.montanejacket.com" "GET /blog/index.php?rest_route=%2Fbatch%2Fv1 HTTP/1.1" 403 552 "http://www.montanejacket.com/blog/index.php?rest_route=%2Fbatch%2Fv1" "Mozilla/5.0 (Windows NT 10.0; Win64; x64) AppleWebKit/537.36 (KHTML, like Gecko) Chrome/120.0.0.0 Safari/537.36" "45.148.10.201" [-,-,-|0.000]Request_Body: "-"
172.71.182.12 - - [22/Sep/2026:10:56:23 +0800] "montanejacket.com" "POST /wp/?rest_route=%2Fbatch%2Fv1 HTTP/1.1" 301 166 "-" "Mozilla/5.0 (Windows NT 10.0; Win64; x64) AppleWebKit/537.36 (KHTML, like Gecko) Chrome/120.0.0.0 Safari/537.36" "45.148.10.201" [-,-,-|0.000]Request_Body: "-"
172.70.46.163 - - [22/Sep/2026:10:56:23 +0800] "montanejacket.com" "POST /blog/?rest_route=%2Fbatch%2Fv1 HTTP/1.1" 301 166 "-" "Mozilla/5.0 (Windows NT 10.0; Win64; x64) AppleWebKit/537.36 (KHTML, like Gecko) Chrome/120.0.0.0 Safari/537.36" "45.148.10.201" [-,-,-|0.000]Request_Body: "-"
104.23.170.99 - - [22/Sep/2026:10:56:25 +0800] "www.montanejacket.com" "GET /wp-json/gravitysmtp/v1/tests/mock-data?page=gravitysmtp-settings HTTP/1.1" 404 125 "http://www.montanejacket.com/wp-json/gravitysmtp/v1/tests/mock-data?page=gravitysmtp-settings" "Mozilla/5.0 (Windows NT 10.0; Win64; x64) AppleWebKit/537.36 (KHTML, like Gecko) Chrome/120.0.0.0 Safari/537.36" "45.148.10.201" [0.001,48.829,48.829|48.829]Request_Body: "-"
172.70.46.163 - - [22/Sep/2026:10:56:31 +0800] "montanejacket.com" "POST /wp/?rest_route=/batch%2Fv1 HTTP/1.1" 301 166 "-" "Mozilla/5.0 (Windows NT 10.0; Win64; x64) AppleWebKit/537.36 (KHTML, like Gecko) Chrome/120.0.0.0 Safari/537.36" "45.148.10.201" [-,-,-|0.000]Request_Body: "-"
172.71.182.12 - - [22/Sep/2026:10:56:32 +0800] "montanejacket.com" "POST /blog/?rest_route=/batch%2Fv1 HTTP/1.1" 301 166 "-" "Mozilla/5.0 (Windows NT 10.0; Win64; x64) AppleWebKit/537.36 (KHTML, like Gecko) Chrome/120.0.0.0 Safari/537.36" "45.148.10.201" [-,-,-|0.000]Request_Body: "-"
104.23.168.72 - - [22/Sep/2026:10:56:32 +0800] "www.montanejacket.com" "GET /?rest_route=/gravitysmtp/v1/tests/mock-data&page=gravitysmtp-settings HTTP/1.1" 404 125 "http://www.montanejacket.com/?rest_route=/gravitysmtp/v1/tests/mock-data&page=gravitysmtp-settings" "Mozilla/5.0 (Macintosh; Intel Mac OS X 10_15_7) AppleWebKit/605.1.15 (KHTML, like Gecko) Version/17.0 Safari/605.1.15" "45.148.10.201" [0.001,47.591,47.591|47.591]Request_Body: "-"
172.71.182.12 - - [22/Sep/2026:10:56:40 +0800] "montanejacket.com" "POST /wp/?rest_route=/batch/v1 HTTP/1.1" 301 166 "-" "Mozilla/5.0 (Windows NT 10.0; Win64; x64) AppleWebKit/537.36 (KHTML, like Gecko) Chrome/120.0.0.0 Safari/537.36" "45.148.10.201" [-,-,-|0.000]Request_Body: "-"
172.70.46.163 - - [22/Sep/2026:10:56:40 +0800] "montanejacket.com" "POST /blog/?rest_route=/batch/v1 HTTP/1.1" 301 166 "-" "Mozilla/5.0 (Windows NT 10.0; Win64; x64) AppleWebKit/537.36 (KHTML, like Gecko) Chrome/120.0.0.0 Safari/537.36" "45.148.10.201" [-,-,-|0.000]Request_Body: "-"
172.71.95.82 - - [22/Sep/2026:10:56:40 +0800] "www.montanejacket.com" "GET /wp-json/gravitysmtp/v1/tests/mock-data?page=gravitysmtp-connections HTTP/1.1" 404 125 "http://www.montanejacket.com/wp-json/gravitysmtp/v1/tests/mock-data?page=gravitysmtp-connections" "Mozilla/5.0 (X11; Linux x86_64; rv:121.0) Gecko/20100101 Firefox/121.0" "45.148.10.201" [0.001,45.512,45.512|45.512]Request_Body: "-"
172.71.99.182 - - [22/Sep/2026:10:56:42 +0800] "www.montanejacket.com" "GET /?rest_route=/gravitysmtp/v1/tests/mock-data&page=gravitysmtp-connections HTTP/1.1" 404 125 "http://www.montanejacket.com/?rest_route=/gravitysmtp/v1/tests/mock-data&page=gravitysmtp-connections" "Mozilla/5.0 (Windows NT 10.0; Win64; x64; rv:121.0) Gecko/20100101 Firefox/121.0" "45.148.10.201" [0.000,38.789,38.789|38.789]Request_Body: "-"
172.71.95.82 - - [22/Sep/2026:10:56:48 +0800] "www.montanejacket.com" "GET /wp/feed/ HTTP/1.1" 200 702 "http://www.montanejacket.com/wp/feed/" "Mozilla/5.0 (Windows NT 10.0; Win64; x64) AppleWebKit/537.36 (KHTML, like Gecko) Chrome/120.0.0.0 Safari/537.36" "45.148.10.201" [0.006,41.254,41.254|41.254]Request_Body: "-"
172.70.46.163 - - [22/Sep/2026:10:56:48 +0800] "montanejacket.com" "POST /wp/wp-json/batch/v1 HTTP/1.1" 301 166 "-" "Mozilla/5.0 (Windows NT 10.0; Win64; x64) AppleWebKit/537.36 (KHTML, like Gecko) Chrome/120.0.0.0 Safari/537.36" "45.148.10.201" [-,-,-|0.000]Request_Body: "-"
172.71.182.12 - - [22/Sep/2026:10:56:48 +0800] "montanejacket.com" "POST /blog/wp-json/batch/v1 HTTP/1.1" 301 166 "-" "Mozilla/5.0 (Windows NT 10.0; Win64; x64) AppleWebKit/537.36 (KHTML, like Gecko) Chrome/120.0.0.0 Safari/537.36" "45.148.10.201" [-,-,-|0.000]Request_Body: "-"
104.23.166.188 - - [22/Sep/2026:10:56:48 +0800] "www.montanejacket.com" "GET /blog/feed/ HTTP/1.1" 200 899 "http://www.montanejacket.com/blog/feed/" "Mozilla/5.0 (Windows NT 10.0; Win64; x64) AppleWebKit/537.36 (KHTML, like Gecko) Chrome/120.0.0.0 Safari/537.36" "45.148.10.201" [0.006,41.636,41.636|41.636]Request_Body: "-"
162.159.113.93 - - [22/Sep/2026:10:56:53 +0800] "www.montanejacket.com" "GET /wp/ HTTP/1.1" 404 28676 "http://www.montanejacket.com/wp/" "Mozilla/5.0 (Windows NT 10.0; Win64; x64) AppleWebKit/537.36 (KHTML, like Gecko) Chrome/120.0.0.0 Safari/537.36" "45.148.10.201" [0.001,38.509,38.518|38.518]Request_Body: "-"
172.71.102.218 - - [22/Sep/2026:10:56:55 +0800] "www.montanejacket.com" "GET /blog/ HTTP/1.1" 200 29150 "http://www.montanejacket.com/blog/" "Mozilla/5.0 (Windows NT 10.0; Win64; x64) AppleWebKit/537.36 (KHTML, like Gecko) Chrome/120.0.0.0 Safari/537.36" "45.148.10.201" [0.001,40.257,40.265|40.265]Request_Body: "-"
162.159.113.93 - - [22/Sep/2026:10:56:59 +0800] "www.montanejacket.com" "GET /blog/?rest_route=%2Fbatch%2Fv1 HTTP/1.1" 404 125 "http://www.montanejacket.com/blog/?rest_route=%2Fbatch%2Fv1" "Mozilla/5.0 (Windows NT 10.0; Win64; x64) AppleWebKit/537.36 (KHTML, like Gecko) Chrome/120.0.0.0 Safari/537.36" "45.148.10.201" [0.001,35.233,35.233|35.233]Request_Body: "-"
172.70.47.184 - - [22/Sep/2026:10:57:01 +0800] "www.montanejacket.com" "GET /wp/?rest_route=%2Fbatch%2Fv1 HTTP/1.1" 404 125 "http://www.montanejacket.com/wp/?rest_route=%2Fbatch%2Fv1" "Mozilla/5.0 (Windows NT 10.0; Win64; x64) AppleWebKit/537.36 (KHTML, like Gecko) Chrome/120.0.0.0 Safari/537.36" "45.148.10.201" [0.001,38.014,38.014|38.013]Request_Body: "-"
172.71.182.12 - - [22/Sep/2026:10:57:05 +0800] "montanejacket.com" "POST /wp/wp-json/Batch/v1 HTTP/1.1" 301 166 "-" "Mozilla/5.0 (Windows NT 10.0; Win64; x64) AppleWebKit/537.36 (KHTML, like Gecko) Chrome/120.0.0.0 Safari/537.36" "45.148.10.201" [-,-,-|0.000]Request_Body: "-"
172.70.46.163 - - [22/Sep/2026:10:57:05 +0800] "montanejacket.com" "POST /blog/wp-json/Batch/v1 HTTP/1.1" 301 166 "-" "Mozilla/5.0 (Windows NT 10.0; Win64; x64) AppleWebKit/537.36 (KHTML, like Gecko) Chrome/120.0.0.0 Safari/537.36" "45.148.10.201" [-,-,-|0.000]Request_Body: "-"
172.71.99.182 - - [22/Sep/2026:10:57:06 +0800] "www.montanejacket.com" "GET /wp/?rest_route=/batch%2Fv1 HTTP/1.1" 404 125 "http://www.montanejacket.com/wp/?rest_route=/batch%2Fv1" "Mozilla/5.0 (Windows NT 10.0; Win64; x64) AppleWebKit/537.36 (KHTML, like Gecko) Chrome/120.0.0.0 Safari/537.36" "45.148.10.201" [0.000,34.803,34.803|34.803]Request_Body: "-"
172.71.95.82 - - [22/Sep/2026:10:57:08 +0800] "www.montanejacket.com" "GET /blog/?rest_route=/batch%2Fv1 HTTP/1.1" 404 125 "http://www.montanejacket.com/blog/?rest_route=/batch%2Fv1" "Mozilla/5.0 (Windows NT 10.0; Win64; x64) AppleWebKit/537.36 (KHTML, like Gecko) Chrome/120.0.0.0 Safari/537.36" "45.148.10.201" [0.001,36.828,36.828|36.828]Request_Body: "-"
172.70.46.163 - - [22/Sep/2026:10:57:13 +0800] "montanejacket.com" "POST /wp//wp-json/batch/v1 HTTP/1.1" 301 166 "-" "Mozilla/5.0 (Windows NT 10.0; Win64; x64) AppleWebKit/537.36 (KHTML, like Gecko) Chrome/120.0.0.0 Safari/537.36" "45.148.10.201" [-,-,-|0.000]Request_Body: "-"
172.71.182.12 - - [22/Sep/2026:10:57:13 +0800] "montanejacket.com" "POST /blog//wp-json/batch/v1 HTTP/1.1" 301 166 "-" "Mozilla/5.0 (Windows NT 10.0; Win64; x64) AppleWebKit/537.36 (KHTML, like Gecko) Chrome/120.0.0.0 Safari/537.36" "45.148.10.201" [-,-,-|0.000]Request_Body: "-"
172.71.95.81 - - [22/Sep/2026:10:57:23 +0800] "www.montanejacket.com" "GET /blog/?rest_route=/batch/v1 HTTP/1.1" 404 125 "http://www.montanejacket.com/blog/?rest_route=/batch/v1" "Mozilla/5.0 (Windows NT 10.0; Win64; x64) AppleWebKit/537.36 (KHTML, like Gecko) Chrome/120.0.0.0 Safari/537.36" "45.148.10.201" [0.001,43.085,43.085|43.085]Request_Body: "-"
172.71.182.12 - - [22/Sep/2026:10:57:23 +0800] "montanejacket.com" "POST /blog/wp-json/batch/v1/ HTTP/1.1" 301 166 "-" "Mozilla/5.0 (Windows NT 10.0; Win64; x64) AppleWebKit/537.36 (KHTML, like Gecko) Chrome/120.0.0.0 Safari/537.36" "45.148.10.201" [-,-,-|0.001]Request_Body: "-"
172.70.46.163 - - [22/Sep/2026:10:57:23 +0800] "montanejacket.com" "POST /wp/wp-json/batch/v1/ HTTP/1.1" 301 166 "-" "Mozilla/5.0 (Windows NT 10.0; Win64; x64) AppleWebKit/537.36 (KHTML, like Gecko) Chrome/120.0.0.0 Safari/537.36" "45.148.10.201" [-,-,-|0.000]Request_Body: "-"
162.159.113.92 - - [22/Sep/2026:10:57:24 +0800] "www.montanejacket.com" "GET /wp/?rest_route=/batch/v1 HTTP/1.1" 404 125 "http://www.montanejacket.com/wp/?rest_route=/batch/v1" "Mozilla/5.0 (Windows NT 10.0; Win64; x64) AppleWebKit/537.36 (KHTML, like Gecko) Chrome/120.0.0.0 Safari/537.36" "45.148.10.201" [0.001,44.579,44.579|44.579]Request_Body: "-"
172.71.99.182 - - [22/Sep/2026:10:57:27 +0800] "www.montanejacket.com" "GET /blog/wp-json/batch/v1 HTTP/1.1" 404 28393 "http://www.montanejacket.com/blog/wp-json/batch/v1" "Mozilla/5.0 (Windows NT 10.0; Win64; x64) AppleWebKit/537.36 (KHTML, like Gecko) Chrome/120.0.0.0 Safari/537.36" "45.148.10.201" [0.001,38.857,38.860|38.860]Request_Body: "-"
104.23.168.72 - - [22/Sep/2026:10:57:28 +0800] "www.montanejacket.com" "GET /wp/wp-json/batch/v1 HTTP/1.1" 404 28390 "http://www.montanejacket.com/wp/wp-json/batch/v1" "Mozilla/5.0 (Windows NT 10.0; Win64; x64) AppleWebKit/537.36 (KHTML, like Gecko) Chrome/120.0.0.0 Safari/537.36" "45.148.10.201" [0.001,39.856,39.882|39.882]Request_Body: "-"
172.70.46.163 - - [22/Sep/2026:10:57:32 +0800] "montanejacket.com" "POST /blog/blog/wp-json/batch/v1 HTTP/1.1" 301 166 "-" "Mozilla/5.0 (Windows NT 10.0; Win64; x64) AppleWebKit/537.36 (KHTML, like Gecko) Chrome/120.0.0.0 Safari/537.36" "45.148.10.201" [-,-,-|0.000]Request_Body: "-"
172.71.182.12 - - [22/Sep/2026:10:57:32 +0800] "montanejacket.com" "POST /wp/blog/wp-json/batch/v1 HTTP/1.1" 301 166 "-" "Mozilla/5.0 (Windows NT 10.0; Win64; x64) AppleWebKit/537.36 (KHTML, like Gecko) Chrome/120.0.0.0 Safari/537.36" "45.148.10.201" [-,-,-|0.000]Request_Body: "-"
172.71.102.219 - - [22/Sep/2026:10:57:38 +0800] "www.montanejacket.com" "GET /wp/wp-json/Batch/v1 HTTP/1.1" 404 28390 "http://www.montanejacket.com/wp/wp-json/Batch/v1" "Mozilla/5.0 (Windows NT 10.0; Win64; x64) AppleWebKit/537.36 (KHTML, like Gecko) Chrome/120.0.0.0 Safari/537.36" "45.148.10.201" [0.000,32.584,32.596|32.596]Request_Body: "-"
104.22.109.105 - - [22/Sep/2026:10:57:39 +0800] "www.montanejacket.com" "GET /blog/wp-json/Batch/v1 HTTP/1.1" 404 28393 "http://www.montanejacket.com/blog/wp-json/Batch/v1" "Mozilla/5.0 (Windows NT 10.0; Win64; x64) AppleWebKit/537.36 (KHTML, like Gecko) Chrome/120.0.0.0 Safari/537.36" "45.148.10.201" [0.001,32.893,32.910|32.910]Request_Body: "-"
172.71.182.12 - - [22/Sep/2026:10:57:41 +0800] "montanejacket.com" "POST /wp/index.php?rest_route=/batch/v1 HTTP/1.1" 301 166 "https://montanejacket.com/wp/wp-admin/" "Mozilla/5.0 (Windows NT 10.0; Win64; x64) AppleWebKit/537.36 (KHTML, like Gecko) Chrome/120.0.0.0 Safari/537.36" "127.0.0.1,45.148.10.201" [-,-,-|0.000]Request_Body: "-"
172.70.46.163 - - [22/Sep/2026:10:57:41 +0800] "montanejacket.com" "POST /blog/index.php?rest_route=/batch/v1 HTTP/1.1" 301 166 "https://montanejacket.com/blog/wp-admin/" "Mozilla/5.0 (Windows NT 10.0; Win64; x64) AppleWebKit/537.36 (KHTML, like Gecko) Chrome/120.0.0.0 Safari/537.36" "127.0.0.1,45.148.10.201" [-,-,-|0.000]Request_Body: "-"
172.71.102.219 - - [22/Sep/2026:10:57:42 +0800] "www.montanejacket.com" "GET /blog//wp-json/batch/v1 HTTP/1.1" 301 5 "http://www.montanejacket.com/blog//wp-json/batch/v1" "Mozilla/5.0 (Windows NT 10.0; Win64; x64) AppleWebKit/537.36 (KHTML, like Gecko) Chrome/120.0.0.0 Safari/537.36" "45.148.10.201" [0.001,27.776,27.778|27.778]Request_Body: "-"
172.70.47.184 - - [22/Sep/2026:10:57:42 +0800] "www.montanejacket.com" "GET /blog/index.php?rest_route=/batch/v1 HTTP/1.1" 403 552 "https://montanejacket.com/blog/wp-admin/" "Mozilla/5.0 (Windows NT 10.0; Win64; x64) AppleWebKit/537.36 (KHTML, like Gecko) Chrome/120.0.0.0 Safari/537.36" "127.0.0.1,45.148.10.201" [-,-,-|0.000]Request_Body: "-"
104.23.166.189 - - [22/Sep/2026:10:57:42 +0800] "www.montanejacket.com" "GET /wp/index.php?rest_route=/batch/v1 HTTP/1.1" 403 552 "https://montanejacket.com/wp/wp-admin/" "Mozilla/5.0 (Windows NT 10.0; Win64; x64) AppleWebKit/537.36 (KHTML, like Gecko) Chrome/120.0.0.0 Safari/537.36" "127.0.0.1,45.148.10.201" [-,-,-|0.000]Request_Body: "-"
172.70.46.163 - - [22/Sep/2026:10:57:42 +0800] "montanejacket.com" "POST /blog/index.php?rest_route=%2Fbatch%2Fv1 HTTP/1.1" 301 166 "https://montanejacket.com/blog/wp-admin/" "Mozilla/5.0 (Windows NT 10.0; Win64; x64) AppleWebKit/537.36 (KHTML, like Gecko) Chrome/120.0.0.0 Safari/537.36" "127.0.0.1,45.148.10.201" [-,-,-|0.000]Request_Body: "-"
172.71.182.12 - - [22/Sep/2026:10:57:42 +0800] "montanejacket.com" "POST /wp/index.php?rest_route=%2Fbatch%2Fv1 HTTP/1.1" 301 166 "https://montanejacket.com/wp/wp-admin/" "Mozilla/5.0 (Windows NT 10.0; Win64; x64) AppleWebKit/537.36 (KHTML, like Gecko) Chrome/120.0.0.0 Safari/537.36" "127.0.0.1,45.148.10.201" [-,-,-|0.000]Request_Body: "-"
104.23.166.189 - - [22/Sep/2026:10:57:42 +0800] "www.montanejacket.com" "GET /blog/index.php?rest_route=%2Fbatch%2Fv1 HTTP/1.1" 403 552 "https://montanejacket.com/blog/wp-admin/" "Mozilla/5.0 (Windows NT 10.0; Win64; x64) AppleWebKit/537.36 (KHTML, like Gecko) Chrome/120.0.0.0 Safari/537.36" "127.0.0.1,45.148.10.201" [-,-,-|0.000]Request_Body: "-"
172.70.47.184 - - [22/Sep/2026:10:57:42 +0800] "www.montanejacket.com" "GET /wp/index.php?rest_route=%2Fbatch%2Fv1 HTTP/1.1" 403 552 "https://montanejacket.com/wp/wp-admin/" "Mozilla/5.0 (Windows NT 10.0; Win64; x64) AppleWebKit/537.36 (KHTML, like Gecko) Chrome/120.0.0.0 Safari/537.36" "127.0.0.1,45.148.10.201" [-,-,-|0.000]Request_Body: "-"
172.71.182.12 - - [22/Sep/2026:10:57:42 +0800] "montanejacket.com" "POST /blog/?rest_route=%2Fbatch%2Fv1 HTTP/1.1" 301 166 "https://montanejacket.com/blog/wp-admin/" "Mozilla/5.0 (Windows NT 10.0; Win64; x64) AppleWebKit/537.36 (KHTML, like Gecko) Chrome/120.0.0.0 Safari/537.36" "127.0.0.1,45.148.10.201" [-,-,-|0.001]Request_Body: "-"
172.70.46.163 - - [22/Sep/2026:10:57:42 +0800] "montanejacket.com" "POST /wp/?rest_route=%2Fbatch%2Fv1 HTTP/1.1" 301 166 "https://montanejacket.com/wp/wp-admin/" "Mozilla/5.0 (Windows NT 10.0; Win64; x64) AppleWebKit/537.36 (KHTML, like Gecko) Chrome/120.0.0.0 Safari/537.36" "127.0.0.1,45.148.10.201" [-,-,-|0.000]Request_Body: "-"
172.71.99.182 - - [22/Sep/2026:10:57:43 +0800] "www.montanejacket.com" "GET /wp//wp-json/batch/v1 HTTP/1.1" 301 5 "http://www.montanejacket.com/wp//wp-json/batch/v1" "Mozilla/5.0 (Windows NT 10.0; Win64; x64) AppleWebKit/537.36 (KHTML, like Gecko) Chrome/120.0.0.0 Safari/537.36" "45.148.10.201" [0.001,29.770,29.770|29.770]Request_Body: "-"
172.70.46.163 - - [22/Sep/2026:10:57:50 +0800] "montanejacket.com" "POST /blog/?rest_route=/batch%2Fv1 HTTP/1.1" 301 166 "https://montanejacket.com/blog/wp-admin/" "Mozilla/5.0 (Windows NT 10.0; Win64; x64) AppleWebKit/537.36 (KHTML, like Gecko) Chrome/120.0.0.0 Safari/537.36" "127.0.0.1,45.148.10.201" [-,-,-|0.000]Request_Body: "-"
172.71.182.12 - - [22/Sep/2026:10:57:50 +0800] "montanejacket.com" "POST /wp/?rest_route=/batch%2Fv1 HTTP/1.1" 301 166 "https://montanejacket.com/wp/wp-admin/" "Mozilla/5.0 (Windows NT 10.0; Win64; x64) AppleWebKit/537.36 (KHTML, like Gecko) Chrome/120.0.0.0 Safari/537.36" "127.0.0.1,45.148.10.201" [-,-,-|0.000]Request_Body: "-"
104.23.172.78 - - [22/Sep/2026:10:57:51 +0800] "www.montanejacket.com" "GET /blog/wp-json/batch/v1/ HTTP/1.1" 404 28395 "http://www.montanejacket.com/blog/wp-json/batch/v1/" "Mozilla/5.0 (Windows NT 10.0; Win64; x64) AppleWebKit/537.36 (KHTML, like Gecko) Chrome/120.0.0.0 Safari/537.36" "45.148.10.201" [0.001,27.520,27.532|27.532]Request_Body: "-"
104.23.168.72 - - [22/Sep/2026:10:57:53 +0800] "www.montanejacket.com" "GET /wp/wp-json/batch/v1/ HTTP/1.1" 404 28392 "http://www.montanejacket.com/wp/wp-json/batch/v1/" "Mozilla/5.0 (Windows NT 10.0; Win64; x64) AppleWebKit/537.36 (KHTML, like Gecko) Chrome/120.0.0.0 Safari/537.36" "45.148.10.201" [0.001,29.236,29.249|29.249]Request_Body: "-"
104.23.166.188 - - [22/Sep/2026:10:57:56 +0800] "www.montanejacket.com" "GET /blog/blog/wp-json/batch/v1 HTTP/1.1" 404 28395 "http://www.montanejacket.com/blog/blog/wp-json/batch/v1" "Mozilla/5.0 (Windows NT 10.0; Win64; x64) AppleWebKit/537.36 (KHTML, like Gecko) Chrome/120.0.0.0 Safari/537.36" "45.148.10.201" [0.001,23.988,24.026|24.025]Request_Body: "-"
172.71.102.218 - - [22/Sep/2026:10:57:58 +0800] "www.montanejacket.com" "GET /wp/blog/wp-json/batch/v1 HTTP/1.1" 404 28395 "http://www.montanejacket.com/wp/blog/wp-json/batch/v1" "Mozilla/5.0 (Windows NT 10.0; Win64; x64) AppleWebKit/537.36 (KHTML, like Gecko) Chrome/120.0.0.0 Safari/537.36" "45.148.10.201" [0.001,26.101,26.107|26.107]Request_Body: "-"
172.71.182.12 - - [22/Sep/2026:10:58:00 +0800] "montanejacket.com" "POST /blog/?rest_route=/batch/v1 HTTP/1.1" 301 166 "https://montanejacket.com/blog/wp-admin/" "Mozilla/5.0 (Windows NT 10.0; Win64; x64) AppleWebKit/537.36 (KHTML, like Gecko) Chrome/120.0.0.0 Safari/537.36" "127.0.0.1,45.148.10.201" [-,-,-|0.000]Request_Body: "-"
172.70.46.163 - - [22/Sep/2026:10:58:00 +0800] "montanejacket.com" "POST /wp/?rest_route=/batch/v1 HTTP/1.1" 301 166 "https://montanejacket.com/wp/wp-admin/" "Mozilla/5.0 (Windows NT 10.0; Win64; x64) AppleWebKit/537.36 (KHTML, like Gecko) Chrome/120.0.0.0 Safari/537.36" "127.0.0.1,45.148.10.201" [-,-,-|0.000]Request_Body: "-"
104.23.166.189 - - [22/Sep/2026:10:58:02 +0800] "www.montanejacket.com" "GET /wp/?rest_route=%2Fbatch%2Fv1 HTTP/1.1" 404 125 "https://montanejacket.com/wp/wp-admin/" "Mozilla/5.0 (Windows NT 10.0; Win64; x64) AppleWebKit/537.36 (KHTML, like Gecko) Chrome/120.0.0.0 Safari/537.36" "127.0.0.1,45.148.10.201" [0.000,19.819,19.819|19.819]Request_Body: "-"
172.70.47.184 - - [22/Sep/2026:10:58:03 +0800] "www.montanejacket.com" "GET /blog/?rest_route=%2Fbatch%2Fv1 HTTP/1.1" 404 125 "https://montanejacket.com/blog/wp-admin/" "Mozilla/5.0 (Windows NT 10.0; Win64; x64) AppleWebKit/537.36 (KHTML, like Gecko) Chrome/120.0.0.0 Safari/537.36" "127.0.0.1,45.148.10.201" [0.001,20.548,20.548|20.548]Request_Body: "-"
172.70.46.163 - - [22/Sep/2026:10:58:08 +0800] "montanejacket.com" "POST /blog/wp-json/batch/v1 HTTP/1.1" 301 166 "https://montanejacket.com/blog/wp-admin/" "Mozilla/5.0 (Windows NT 10.0; Win64; x64) AppleWebKit/537.36 (KHTML, like Gecko) Chrome/120.0.0.0 Safari/537.36" "127.0.0.1,45.148.10.201" [-,-,-|0.000]Request_Body: "-"
172.71.182.12 - - [22/Sep/2026:10:58:08 +0800] "montanejacket.com" "POST /wp/wp-json/batch/v1 HTTP/1.1" 301 166 "https://montanejacket.com/wp/wp-admin/" "Mozilla/5.0 (Windows NT 10.0; Win64; x64) AppleWebKit/537.36 (KHTML, like Gecko) Chrome/120.0.0.0 Safari/537.36" "127.0.0.1,45.148.10.201" [-,-,-|0.000]Request_Body: "-"
104.22.109.105 - - [22/Sep/2026:10:58:11 +0800] "www.montanejacket.com" "GET /wp/?rest_route=/batch%2Fv1 HTTP/1.1" 404 125 "https://montanejacket.com/wp/wp-admin/" "Mozilla/5.0 (Windows NT 10.0; Win64; x64) AppleWebKit/537.36 (KHTML, like Gecko) Chrome/120.0.0.0 Safari/537.36" "127.0.0.1,45.148.10.201" [0.001,20.013,20.013|20.013]Request_Body: "-"
172.71.95.82 - - [22/Sep/2026:10:58:12 +0800] "www.montanejacket.com" "GET /blog/?rest_route=/batch%2Fv1 HTTP/1.1" 404 125 "https://montanejacket.com/blog/wp-admin/" "Mozilla/5.0 (Windows NT 10.0; Win64; x64) AppleWebKit/537.36 (KHTML, like Gecko) Chrome/120.0.0.0 Safari/537.36" "127.0.0.1,45.148.10.201" [0.002,21.658,21.658|21.658]Request_Body: "-"
162.159.113.92 - - [22/Sep/2026:10:58:19 +0800] "www.montanejacket.com" "GET /wp/?rest_route=/batch/v1 HTTP/1.1" 404 125 "https://montanejacket.com/wp/wp-admin/" "Mozilla/5.0 (Windows NT 10.0; Win64; x64) AppleWebKit/537.36 (KHTML, like Gecko) Chrome/120.0.0.0 Safari/537.36" "127.0.0.1,45.148.10.201" [0.003,18.201,18.201|18.201]Request_Body: "-"
104.22.109.105 - - [22/Sep/2026:10:58:21 +0800] "www.montanejacket.com" "GET /blog/?rest_route=/batch/v1 HTTP/1.1" 404 125 "https://montanejacket.com/blog/wp-admin/" "Mozilla/5.0 (Windows NT 10.0; Win64; x64) AppleWebKit/537.36 (KHTML, like Gecko) Chrome/120.0.0.0 Safari/537.36" "127.0.0.1,45.148.10.201" [0.001,21.004,21.004|21.004]Request_Body: "-"
172.71.182.12 - - [22/Sep/2026:10:58:26 +0800] "montanejacket.com" "POST /blog/wp-json/Batch/v1 HTTP/1.1" 301 166 "https://montanejacket.com/blog/wp-admin/" "Mozilla/5.0 (Windows NT 10.0; Win64; x64) AppleWebKit/537.36 (KHTML, like Gecko) Chrome/120.0.0.0 Safari/537.36" "127.0.0.1,45.148.10.201" [-,-,-|0.000]Request_Body: "-"
172.70.46.163 - - [22/Sep/2026:10:58:26 +0800] "montanejacket.com" "POST /wp/wp-json/Batch/v1 HTTP/1.1" 301 166 "https://montanejacket.com/wp/wp-admin/" "Mozilla/5.0 (Windows NT 10.0; Win64; x64) AppleWebKit/537.36 (KHTML, like Gecko) Chrome/120.0.0.0 Safari/537.36" "127.0.0.1,45.148.10.201" [-,-,-|0.000]Request_Body: "-"
172.70.46.163 - - [22/Sep/2026:10:58:36 +0800] "montanejacket.com" "POST /blog//wp-json/batch/v1 HTTP/1.1" 301 166 "https://montanejacket.com/blog/wp-admin/" "Mozilla/5.0 (Windows NT 10.0; Win64; x64) AppleWebKit/537.36 (KHTML, like Gecko) Chrome/120.0.0.0 Safari/537.36" "127.0.0.1,45.148.10.201" [-,-,-|0.000]Request_Body: "-"
172.71.182.12 - - [22/Sep/2026:10:58:36 +0800] "montanejacket.com" "POST /wp//wp-json/batch/v1 HTTP/1.1" 301 166 "https://montanejacket.com/wp/wp-admin/" "Mozilla/5.0 (Windows NT 10.0; Win64; x64) AppleWebKit/537.36 (KHTML, like Gecko) Chrome/120.0.0.0 Safari/537.36" "127.0.0.1,45.148.10.201" [-,-,-|0.000]Request_Body: "-"
172.71.102.219 - - [22/Sep/2026:10:58:39 +0800] "www.montanejacket.com" "GET /wp/wp-json/batch/v1 HTTP/1.1" 404 28390 "https://montanejacket.com/wp/wp-admin/" "Mozilla/5.0 (Windows NT 10.0; Win64; x64) AppleWebKit/537.36 (KHTML, like Gecko) Chrome/120.0.0.0 Safari/537.36" "127.0.0.1,45.148.10.201" [0.001,21.081,21.091|21.091]Request_Body: "-"
104.23.168.72 - - [22/Sep/2026:10:58:40 +0800] "www.montanejacket.com" "GET /blog/wp-json/batch/v1 HTTP/1.1" 404 28393 "https://montanejacket.com/blog/wp-admin/" "Mozilla/5.0 (Windows NT 10.0; Win64; x64) AppleWebKit/537.36 (KHTML, like Gecko) Chrome/120.0.0.0 Safari/537.36" "127.0.0.1,45.148.10.201" [0.000,21.572,21.633|21.634]Request_Body: "-"
172.71.182.12 - - [22/Sep/2026:10:58:44 +0800] "montanejacket.com" "POST /blog/wp-json/batch/v1/ HTTP/1.1" 301 166 "https://montanejacket.com/blog/wp-admin/" "Mozilla/5.0 (Windows NT 10.0; Win64; x64) AppleWebKit/537.36 (KHTML, like Gecko) Chrome/120.0.0.0 Safari/537.36" "127.0.0.1,45.148.10.201" [-,-,-|0.000]Request_Body: "-"
172.70.46.163 - - [22/Sep/2026:10:58:44 +0800] "montanejacket.com" "POST /wp/wp-json/batch/v1/ HTTP/1.1" 301 166 "https://montanejacket.com/wp/wp-admin/" "Mozilla/5.0 (Windows NT 10.0; Win64; x64) AppleWebKit/537.36 (KHTML, like Gecko) Chrome/120.0.0.0 Safari/537.36" "127.0.0.1,45.148.10.201" [-,-,-|0.000]Request_Body: "-"
141.101.76.7 - - [22/Sep/2026:10:58:47 +0800] "www.montanejacket.com" "GET /wp/wp-json/Batch/v1 HTTP/1.1" 404 28390 "https://montanejacket.com/wp/wp-admin/" "Mozilla/5.0 (Windows NT 10.0; Win64; x64) AppleWebKit/537.36 (KHTML, like Gecko) Chrome/120.0.0.0 Safari/537.36" "127.0.0.1,45.148.10.201" [0.000,20.237,20.252|20.253]Request_Body: "-"
104.23.166.189 - - [22/Sep/2026:10:58:47 +0800] "www.montanejacket.com" "GET /blog/wp-json/Batch/v1 HTTP/1.1" 404 28393 "https://montanejacket.com/blog/wp-admin/" "Mozilla/5.0 (Windows NT 10.0; Win64; x64) AppleWebKit/537.36 (KHTML, like Gecko) Chrome/120.0.0.0 Safari/537.36" "127.0.0.1,45.148.10.201" [0.001,20.838,20.847|20.847]Request_Body: "-"
141.101.76.6 - - [22/Sep/2026:10:58:54 +0800] "www.montanejacket.com" "GET /wp//wp-json/batch/v1 HTTP/1.1" 301 5 "https://montanejacket.com/wp/wp-admin/" "Mozilla/5.0 (Windows NT 10.0; Win64; x64) AppleWebKit/537.36 (KHTML, like Gecko) Chrome/120.0.0.0 Safari/537.36" "127.0.0.1,45.148.10.201" [0.001,17.027,17.027|17.027]Request_Body: "-"
104.23.172.79 - - [22/Sep/2026:10:58:57 +0800] "www.montanejacket.com" "GET /blog//wp-json/batch/v1 HTTP/1.1" 301 5 "https://montanejacket.com/blog/wp-admin/" "Mozilla/5.0 (Windows NT 10.0; Win64; x64) AppleWebKit/537.36 (KHTML, like Gecko) Chrome/120.0.0.0 Safari/537.36" "127.0.0.1,45.148.10.201" [0.005,20.247,20.247|20.247]Request_Body: "-"
172.70.46.163 - - [22/Sep/2026:10:59:03 +0800] "montanejacket.com" "POST /wp/blog/wp-json/batch/v1 HTTP/1.1" 301 166 "https://montanejacket.com/wp/wp-admin/" "Mozilla/5.0 (Windows NT 10.0; Win64; x64) AppleWebKit/537.36 (KHTML, like Gecko) Chrome/120.0.0.0 Safari/537.36" "127.0.0.1,45.148.10.201" [-,-,-|0.000]Request_Body: "-"
172.71.182.12 - - [22/Sep/2026:10:59:03 +0800] "montanejacket.com" "POST /blog/blog/wp-json/batch/v1 HTTP/1.1" 301 166 "https://montanejacket.com/blog/wp-admin/" "Mozilla/5.0 (Windows NT 10.0; Win64; x64) AppleWebKit/537.36 (KHTML, like Gecko) Chrome/120.0.0.0 Safari/537.36" "127.0.0.1,45.148.10.201" [-,-,-|0.000]Request_Body: "-"
104.23.166.188 - - [22/Sep/2026:10:59:11 +0800] "www.montanejacket.com" "GET /blog/wp-json/batch/v1/ HTTP/1.1" 404 28395 "https://montanejacket.com/blog/wp-admin/" "Mozilla/5.0 (Windows NT 10.0; Win64; x64) AppleWebKit/537.36 (KHTML, like Gecko) Chrome/120.0.0.0 Safari/537.36" "127.0.0.1,45.148.10.201" [0.001,16.341,16.383|16.383]Request_Body: "-"
104.23.166.189 - - [22/Sep/2026:10:59:12 +0800] "www.montanejacket.com" "GET /wp/wp-json/batch/v1/ HTTP/1.1" 404 28392 "https://montanejacket.com/wp/wp-admin/" "Mozilla/5.0 (Windows NT 10.0; Win64; x64) AppleWebKit/537.36 (KHTML, like Gecko) Chrome/120.0.0.0 Safari/537.36" "127.0.0.1,45.148.10.201" [0.001,17.213,17.223|17.223]Request_Body: "-"
172.71.182.12 - - [22/Sep/2026:10:59:14 +0800] "montanejacket.com" "POST /blog/index.php?rest_route=/batch/v1 HTTP/1.1" 301 166 "https://montanejacket.com/blog/wp-admin/" "Mozilla/5.0 (Windows NT 10.0; Win64; x64) AppleWebKit/537.36 (KHTML, like Gecko) Chrome/120.0.0.0 Safari/537.36" "10.0.0.1,45.148.10.201" [-,-,-|0.000]Request_Body: "-"
172.70.46.163 - - [22/Sep/2026:10:59:14 +0800] "montanejacket.com" "POST /wp/index.php?rest_route=/batch/v1 HTTP/1.1" 301 166 "https://montanejacket.com/wp/wp-admin/" "Mozilla/5.0 (Windows NT 10.0; Win64; x64) AppleWebKit/537.36 (KHTML, like Gecko) Chrome/120.0.0.0 Safari/537.36" "10.0.0.1,45.148.10.201" [-,-,-|0.000]Request_Body: "-"
104.23.166.188 - - [22/Sep/2026:10:59:15 +0800] "www.montanejacket.com" "GET /wp/index.php?rest_route=/batch/v1 HTTP/1.1" 403 552 "https://montanejacket.com/wp/wp-admin/" "Mozilla/5.0 (Windows NT 10.0; Win64; x64) AppleWebKit/537.36 (KHTML, like Gecko) Chrome/120.0.0.0 Safari/537.36" "10.0.0.1,45.148.10.201" [-,-,-|0.000]Request_Body: "-"
104.23.166.188 - - [22/Sep/2026:10:59:15 +0800] "www.montanejacket.com" "GET /blog/index.php?rest_route=/batch/v1 HTTP/1.1" 403 552 "https://montanejacket.com/blog/wp-admin/" "Mozilla/5.0 (Windows NT 10.0; Win64; x64) AppleWebKit/537.36 (KHTML, like Gecko) Chrome/120.0.0.0 Safari/537.36" "10.0.0.1,45.148.10.201" [-,-,-|0.000]Request_Body: "-"
172.70.46.163 - - [22/Sep/2026:10:59:15 +0800] "montanejacket.com" "POST /wp/index.php?rest_route=%2Fbatch%2Fv1 HTTP/1.1" 301 166 "https://montanejacket.com/wp/wp-admin/" "Mozilla/5.0 (Windows NT 10.0; Win64; x64) AppleWebKit/537.36 (KHTML, like Gecko) Chrome/120.0.0.0 Safari/537.36" "10.0.0.1,45.148.10.201" [-,-,-|0.000]Request_Body: "-"
172.71.182.12 - - [22/Sep/2026:10:59:15 +0800] "montanejacket.com" "POST /blog/index.php?rest_route=%2Fbatch%2Fv1 HTTP/1.1" 301 166 "https://montanejacket.com/blog/wp-admin/" "Mozilla/5.0 (Windows NT 10.0; Win64; x64) AppleWebKit/537.36 (KHTML, like Gecko) Chrome/120.0.0.0 Safari/537.36" "10.0.0.1,45.148.10.201" [-,-,-|0.000]Request_Body: "-"
104.23.166.188 - - [22/Sep/2026:10:59:15 +0800] "www.montanejacket.com" "GET /wp/index.php?rest_route=%2Fbatch%2Fv1 HTTP/1.1" 403 552 "https://montanejacket.com/wp/wp-admin/" "Mozilla/5.0 (Windows NT 10.0; Win64; x64) AppleWebKit/537.36 (KHTML, like Gecko) Chrome/120.0.0.0 Safari/537.36" "10.0.0.1,45.148.10.201" [-,-,-|0.000]Request_Body: "-"
104.23.166.188 - - [22/Sep/2026:10:59:15 +0800] "www.montanejacket.com" "GET /blog/index.php?rest_route=%2Fbatch%2Fv1 HTTP/1.1" 403 552 "https://montanejacket.com/blog/wp-admin/" "Mozilla/5.0 (Windows NT 10.0; Win64; x64) AppleWebKit/537.36 (KHTML, like Gecko) Chrome/120.0.0.0 Safari/537.36" "10.0.0.1,45.148.10.201" [-,-,-|0.000]Request_Body: "-"
172.71.182.12 - - [22/Sep/2026:10:59:15 +0800] "montanejacket.com" "POST /wp/?rest_route=%2Fbatch%2Fv1 HTTP/1.1" 301 166 "https://montanejacket.com/wp/wp-admin/" "Mozilla/5.0 (Windows NT 10.0; Win64; x64) AppleWebKit/537.36 (KHTML, like Gecko) Chrome/120.0.0.0 Safari/537.36" "10.0.0.1,45.148.10.201" [-,-,-|0.000]Request_Body: "-"
172.70.46.163 - - [22/Sep/2026:10:59:15 +0800] "montanejacket.com" "POST /blog/?rest_route=%2Fbatch%2Fv1 HTTP/1.1" 301 166 "https://montanejacket.com/blog/wp-admin/" "Mozilla/5.0 (Windows NT 10.0; Win64; x64) AppleWebKit/537.36 (KHTML, like Gecko) Chrome/120.0.0.0 Safari/537.36" "10.0.0.1,45.148.10.201" [-,-,-|0.001]Request_Body: "-"
172.71.95.82 - - [22/Sep/2026:10:59:17 +0800] "www.montanejacket.com" "GET /blog/blog/wp-json/batch/v1 HTTP/1.1" 404 28395 "https://montanejacket.com/blog/wp-admin/" "Mozilla/5.0 (Windows NT 10.0; Win64; x64) AppleWebKit/537.36 (KHTML, like Gecko) Chrome/120.0.0.0 Safari/537.36" "127.0.0.1,45.148.10.201" [0.001,13.961,13.970|13.970]Request_Body: "-"
172.70.47.183 - - [22/Sep/2026:10:59:17 +0800] "www.montanejacket.com" "GET /wp/blog/wp-json/batch/v1 HTTP/1.1" 404 28395 "https://montanejacket.com/wp/wp-admin/" "Mozilla/5.0 (Windows NT 10.0; Win64; x64) AppleWebKit/537.36 (KHTML, like Gecko) Chrome/120.0.0.0 Safari/537.36" "127.0.0.1,45.148.10.201" [0.001,13.872,13.899|13.899]Request_Body: "-"
172.70.46.163 - - [22/Sep/2026:10:59:23 +0800] "montanejacket.com" "POST /wp/?rest_route=/batch%2Fv1 HTTP/1.1" 301 166 "https://montanejacket.com/wp/wp-admin/" "Mozilla/5.0 (Windows NT 10.0; Win64; x64) AppleWebKit/537.36 (KHTML, like Gecko) Chrome/120.0.0.0 Safari/537.36" "10.0.0.1,45.148.10.201" [-,-,-|0.000]Request_Body: "-"
172.71.182.12 - - [22/Sep/2026:10:59:23 +0800] "montanejacket.com" "POST /blog/?rest_route=/batch%2Fv1 HTTP/1.1" 301 166 "https://montanejacket.com/blog/wp-admin/" "Mozilla/5.0 (Windows NT 10.0; Win64; x64) AppleWebKit/537.36 (KHTML, like Gecko) Chrome/120.0.0.0 Safari/537.36" "10.0.0.1,45.148.10.201" [-,-,-|0.000]Request_Body: "-"
104.23.166.188 - - [22/Sep/2026:10:59:26 +0800] "www.montanejacket.com" "GET /wp/?rest_route=%2Fbatch%2Fv1 HTTP/1.1" 404 125 "https://montanejacket.com/wp/wp-admin/" "Mozilla/5.0 (Windows NT 10.0; Win64; x64) AppleWebKit/537.36 (KHTML, like Gecko) Chrome/120.0.0.0 Safari/537.36" "10.0.0.1,45.148.10.201" [0.001,11.338,11.338|11.338]Request_Body: "-"
104.23.166.189 - - [22/Sep/2026:10:59:26 +0800] "www.montanejacket.com" "GET /blog/?rest_route=%2Fbatch%2Fv1 HTTP/1.1" 404 125 "https://montanejacket.com/blog/wp-admin/" "Mozilla/5.0 (Windows NT 10.0; Win64; x64) AppleWebKit/537.36 (KHTML, like Gecko) Chrome/120.0.0.0 Safari/537.36" "10.0.0.1,45.148.10.201" [0.001,11.053,11.053|11.052]Request_Body: "-"
172.70.47.184 - - [22/Sep/2026:10:59:30 +0800] "www.montanejacket.com" "GET /blog/?rest_route=/batch%2Fv1 HTTP/1.1" 404 125 "https://montanejacket.com/blog/wp-admin/" "Mozilla/5.0 (Windows NT 10.0; Win64; x64) AppleWebKit/537.36 (KHTML, like Gecko) Chrome/120.0.0.0 Safari/537.36" "10.0.0.1,45.148.10.201" [0.000,6.469,6.469|6.470]Request_Body: "-"
104.23.168.72 - - [22/Sep/2026:10:59:31 +0800] "www.montanejacket.com" "GET /wp/?rest_route=/batch%2Fv1 HTTP/1.1" 404 125 "https://montanejacket.com/wp/wp-admin/" "Mozilla/5.0 (Windows NT 10.0; Win64; x64) AppleWebKit/537.36 (KHTML, like Gecko) Chrome/120.0.0.0 Safari/537.36" "10.0.0.1,45.148.10.201" [0.001,7.378,7.378|7.378]Request_Body: "-"
172.71.182.12 - - [22/Sep/2026:10:59:32 +0800] "montanejacket.com" "POST /blog/?rest_route=/batch/v1 HTTP/1.1" 301 166 "https://montanejacket.com/blog/wp-admin/" "Mozilla/5.0 (Windows NT 10.0; Win64; x64) AppleWebKit/537.36 (KHTML, like Gecko) Chrome/120.0.0.0 Safari/537.36" "10.0.0.1,45.148.10.201" [-,-,-|0.000]Request_Body: "-"
172.70.46.163 - - [22/Sep/2026:10:59:33 +0800] "montanejacket.com" "POST /wp/?rest_route=/batch/v1 HTTP/1.1" 301 166 "https://montanejacket.com/wp/wp-admin/" "Mozilla/5.0 (Windows NT 10.0; Win64; x64) AppleWebKit/537.36 (KHTML, like Gecko) Chrome/120.0.0.0 Safari/537.36" "10.0.0.1,45.148.10.201" [-,-,-|0.000]Request_Body: "-"
104.23.168.72 - - [22/Sep/2026:10:59:35 +0800] "www.montanejacket.com" "GET /blog/?rest_route=/batch/v1 HTTP/1.1" 404 125 "https://montanejacket.com/blog/wp-admin/" "Mozilla/5.0 (Windows NT 10.0; Win64; x64) AppleWebKit/537.36 (KHTML, like Gecko) Chrome/120.0.0.0 Safari/537.36" "10.0.0.1,45.148.10.201" [0.001,2.588,2.588|2.588]Request_Body: "-"
172.70.46.163 - - [22/Sep/2026:10:59:35 +0800] "montanejacket.com" "POST /blog/wp-json/batch/v1 HTTP/1.1" 301 166 "https://montanejacket.com/blog/wp-admin/" "Mozilla/5.0 (Windows NT 10.0; Win64; x64) AppleWebKit/537.36 (KHTML, like Gecko) Chrome/120.0.0.0 Safari/537.36" "10.0.0.1,45.148.10.201" [-,-,-|0.001]Request_Body: "-"
172.71.99.181 - - [22/Sep/2026:10:59:36 +0800] "www.montanejacket.com" "GET /wp/?rest_route=/batch/v1 HTTP/1.1" 404 125 "https://montanejacket.com/wp/wp-admin/" "Mozilla/5.0 (Windows NT 10.0; Win64; x64) AppleWebKit/537.36 (KHTML, like Gecko) Chrome/120.0.0.0 Safari/537.36" "10.0.0.1,45.148.10.201" [0.001,2.903,2.903|2.903]Request_Body: "-"
172.70.46.163 - - [22/Sep/2026:10:59:36 +0800] "montanejacket.com" "POST /wp/wp-json/batch/v1 HTTP/1.1" 301 166 "https://montanejacket.com/wp/wp-admin/" "Mozilla/5.0 (Windows NT 10.0; Win64; x64) AppleWebKit/537.36 (KHTML, like Gecko) Chrome/120.0.0.0 Safari/537.36" "10.0.0.1,45.148.10.201" [-,-,-|0.001]Request_Body: "-"
104.23.168.72 - - [22/Sep/2026:10:59:38 +0800] "www.montanejacket.com" "GET /blog/wp-json/batch/v1 HTTP/1.1" 404 28393 "https://montanejacket.com/blog/wp-admin/" "Mozilla/5.0 (Windows NT 10.0; Win64; x64) AppleWebKit/537.36 (KHTML, like Gecko) Chrome/120.0.0.0 Safari/537.36" "10.0.0.1,45.148.10.201" [0.001,2.349,2.352|2.352]Request_Body: "-"
172.70.46.163 - - [22/Sep/2026:10:59:38 +0800] "montanejacket.com" "POST /blog/wp-json/Batch/v1 HTTP/1.1" 301 166 "https://montanejacket.com/blog/wp-admin/" "Mozilla/5.0 (Windows NT 10.0; Win64; x64) AppleWebKit/537.36 (KHTML, like Gecko) Chrome/120.0.0.0 Safari/537.36" "10.0.0.1,45.148.10.201" [-,-,-|0.000]Request_Body: "-"
172.71.99.181 - - [22/Sep/2026:10:59:39 +0800] "www.montanejacket.com" "GET /wp/wp-json/batch/v1 HTTP/1.1" 404 28390 "https://montanejacket.com/wp/wp-admin/" "Mozilla/5.0 (Windows NT 10.0; Win64; x64) AppleWebKit/537.36 (KHTML, like Gecko) Chrome/120.0.0.0 Safari/537.36" "10.0.0.1,45.148.10.201" [0.001,2.474,2.477|2.477]Request_Body: "-"
172.70.46.163 - - [22/Sep/2026:10:59:39 +0800] "montanejacket.com" "POST /wp/wp-json/Batch/v1 HTTP/1.1" 301 166 "https://montanejacket.com/wp/wp-admin/" "Mozilla/5.0 (Windows NT 10.0; Win64; x64) AppleWebKit/537.36 (KHTML, like Gecko) Chrome/120.0.0.0 Safari/537.36" "10.0.0.1,45.148.10.201" [-,-,-|0.000]Request_Body: "-"
104.23.168.72 - - [22/Sep/2026:10:59:40 +0800] "www.montanejacket.com" "GET /blog/wp-json/Batch/v1 HTTP/1.1" 404 28393 "https://montanejacket.com/blog/wp-admin/" "Mozilla/5.0 (Windows NT 10.0; Win64; x64) AppleWebKit/537.36 (KHTML, like Gecko) Chrome/120.0.0.0 Safari/537.36" "10.0.0.1,45.148.10.201" [0.000,1.799,1.802|1.802]Request_Body: "-"
172.71.99.181 - - [22/Sep/2026:10:59:40 +0800] "www.montanejacket.com" "GET /wp/wp-json/Batch/v1 HTTP/1.1" 404 28390 "https://montanejacket.com/wp/wp-admin/" "Mozilla/5.0 (Windows NT 10.0; Win64; x64) AppleWebKit/537.36 (KHTML, like Gecko) Chrome/120.0.0.0 Safari/537.36" "10.0.0.1,45.148.10.201" [0.000,1.310,1.313|1.313]Request_Body: "-"
172.70.46.163 - - [22/Sep/2026:10:59:40 +0800] "montanejacket.com" "POST /blog//wp-json/batch/v1 HTTP/1.1" 301 166 "https://montanejacket.com/blog/wp-admin/" "Mozilla/5.0 (Windows NT 10.0; Win64; x64) AppleWebKit/537.36 (KHTML, like Gecko) Chrome/120.0.0.0 Safari/537.36" "10.0.0.1,45.148.10.201" [-,-,-|0.000]Request_Body: "-"
172.71.182.12 - - [22/Sep/2026:10:59:41 +0800] "montanejacket.com" "POST /wp//wp-json/batch/v1 HTTP/1.1" 301 166 "https://montanejacket.com/wp/wp-admin/" "Mozilla/5.0 (Windows NT 10.0; Win64; x64) AppleWebKit/537.36 (KHTML, like Gecko) Chrome/120.0.0.0 Safari/537.36" "10.0.0.1,45.148.10.201" [-,-,-|0.000]Request_Body: "-"
104.23.168.72 - - [22/Sep/2026:10:59:42 +0800] "www.montanejacket.com" "GET /wp//wp-json/batch/v1 HTTP/1.1" 301 5 "https://montanejacket.com/wp/wp-admin/" "Mozilla/5.0 (Windows NT 10.0; Win64; x64) AppleWebKit/537.36 (KHTML, like Gecko) Chrome/120.0.0.0 Safari/537.36" "10.0.0.1,45.148.10.201" [0.001,1.364,1.364|1.364]Request_Body: "-"
172.71.99.181 - - [22/Sep/2026:10:59:42 +0800] "www.montanejacket.com" "GET /blog//wp-json/batch/v1 HTTP/1.1" 301 5 "https://montanejacket.com/blog/wp-admin/" "Mozilla/5.0 (Windows NT 10.0; Win64; x64) AppleWebKit/537.36 (KHTML, like Gecko) Chrome/120.0.0.0 Safari/537.36" "10.0.0.1,45.148.10.201" [0.001,1.494,1.494|1.495]Request_Body: "-"
104.23.168.72 - - [22/Sep/2026:10:59:44 +0800] "www.montanejacket.com" "GET /wp/wp-json/batch/v1 HTTP/1.1" 404 28390 "https://montanejacket.com/wp/wp-admin/" "Mozilla/5.0 (Windows NT 10.0; Win64; x64) AppleWebKit/537.36 (KHTML, like Gecko) Chrome/120.0.0.0 Safari/537.36" "10.0.0.1,45.148.10.201" [0.001,1.391,1.393|1.394]Request_Body: "-"
172.71.99.181 - - [22/Sep/2026:10:59:44 +0800] "www.montanejacket.com" "GET /blog/wp-json/batch/v1 HTTP/1.1" 404 28393 "https://montanejacket.com/blog/wp-admin/" "Mozilla/5.0 (Windows NT 10.0; Win64; x64) AppleWebKit/537.36 (KHTML, like Gecko) Chrome/120.0.0.0 Safari/537.36" "10.0.0.1,45.148.10.201" [0.000,1.377,1.380|1.380]Request_Body: "-"
172.71.182.12 - - [22/Sep/2026:10:59:44 +0800] "montanejacket.com" "POST /wp/wp-json/batch/v1/ HTTP/1.1" 301 166 "https://montanejacket.com/wp/wp-admin/" "Mozilla/5.0 (Windows NT 10.0; Win64; x64) AppleWebKit/537.36 (KHTML, like Gecko) Chrome/120.0.0.0 Safari/537.36" "10.0.0.1,45.148.10.201" [-,-,-|0.000]Request_Body: "-"
172.70.46.163 - - [22/Sep/2026:10:59:44 +0800] "montanejacket.com" "POST /blog/wp-json/batch/v1/ HTTP/1.1" 301 166 "https://montanejacket.com/blog/wp-admin/" "Mozilla/5.0 (Windows NT 10.0; Win64; x64) AppleWebKit/537.36 (KHTML, like Gecko) Chrome/120.0.0.0 Safari/537.36" "10.0.0.1,45.148.10.201" [-,-,-|0.001]Request_Body: "-"
172.71.99.181 - - [22/Sep/2026:10:59:46 +0800] "www.montanejacket.com" "GET /wp/wp-json/batch/v1/ HTTP/1.1" 404 28392 "https://montanejacket.com/wp/wp-admin/" "Mozilla/5.0 (Windows NT 10.0; Win64; x64) AppleWebKit/537.36 (KHTML, like Gecko) Chrome/120.0.0.0 Safari/537.36" "10.0.0.1,45.148.10.201" [0.001,1.542,1.547|1.547]Request_Body: "-"
104.23.168.72 - - [22/Sep/2026:10:59:46 +0800] "www.montanejacket.com" "GET /blog/wp-json/batch/v1/ HTTP/1.1" 404 28395 "https://montanejacket.com/blog/wp-admin/" "Mozilla/5.0 (Windows NT 10.0; Win64; x64) AppleWebKit/537.36 (KHTML, like Gecko) Chrome/120.0.0.0 Safari/537.36" "10.0.0.1,45.148.10.201" [0.001,1.597,1.601|1.601]Request_Body: "-"
172.70.46.163 - - [22/Sep/2026:10:59:46 +0800] "montanejacket.com" "POST /wp/blog/wp-json/batch/v1 HTTP/1.1" 301 166 "https://montanejacket.com/wp/wp-admin/" "Mozilla/5.0 (Windows NT 10.0; Win64; x64) AppleWebKit/537.36 (KHTML, like Gecko) Chrome/120.0.0.0 Safari/537.36" "10.0.0.1,45.148.10.201" [-,-,-|0.000]Request_Body: "-"
172.71.182.12 - - [22/Sep/2026:10:59:46 +0800] "montanejacket.com" "POST /blog/blog/wp-json/batch/v1 HTTP/1.1" 301 166 "https://montanejacket.com/blog/wp-admin/" "Mozilla/5.0 (Windows NT 10.0; Win64; x64) AppleWebKit/537.36 (KHTML, like Gecko) Chrome/120.0.0.0 Safari/537.36" "10.0.0.1,45.148.10.201" [-,-,-|0.001]Request_Body: "-"
172.71.99.181 - - [22/Sep/2026:10:59:48 +0800] "www.montanejacket.com" "GET /blog/blog/wp-json/batch/v1 HTTP/1.1" 404 28395 "https://montanejacket.com/blog/wp-admin/" "Mozilla/5.0 (Windows NT 10.0; Win64; x64) AppleWebKit/537.36 (KHTML, like Gecko) Chrome/120.0.0.0 Safari/537.36" "10.0.0.1,45.148.10.201" [0.001,1.752,1.755|1.755]Request_Body: "-"
104.23.168.72 - - [22/Sep/2026:10:59:48 +0800] "www.montanejacket.com" "GET /wp/blog/wp-json/batch/v1 HTTP/1.1" 404 28395 "https://montanejacket.com/wp/wp-admin/" "Mozilla/5.0 (Windows NT 10.0; Win64; x64) AppleWebKit/537.36 (KHTML, like Gecko) Chrome/120.0.0.0 Safari/537.36" "10.0.0.1,45.148.10.201" [0.001,1.837,1.840|1.840]Request_Body: "-"
172.70.46.163 - - [22/Sep/2026:10:59:52 +0800] "montanejacket.com" "POST /blog/index.php?rest_route=/batch/v1 HTTP/1.1" 301 166 "https://montanejacket.com/blog/wp-admin/" "Mozilla/5.0 (Windows NT 10.0; Win64; x64) AppleWebKit/537.36 (KHTML, like Gecko) Chrome/120.0.0.0 Safari/537.36" "127.0.0.1,45.148.10.201" [-,-,-|0.000]Request_Body: "-"
172.71.99.181 - - [22/Sep/2026:10:59:52 +0800] "www.montanejacket.com" "GET /blog/index.php?rest_route=/batch/v1 HTTP/1.1" 403 552 "https://montanejacket.com/blog/wp-admin/" "Mozilla/5.0 (Windows NT 10.0; Win64; x64) AppleWebKit/537.36 (KHTML, like Gecko) Chrome/120.0.0.0 Safari/537.36" "127.0.0.1,45.148.10.201" [-,-,-|0.000]Request_Body: "-"
172.70.46.163 - - [22/Sep/2026:10:59:52 +0800] "montanejacket.com" "POST /wp/index.php?rest_route=/batch/v1 HTTP/1.1" 301 166 "https://montanejacket.com/wp/wp-admin/" "Mozilla/5.0 (Windows NT 10.0; Win64; x64) AppleWebKit/537.36 (KHTML, like Gecko) Chrome/120.0.0.0 Safari/537.36" "127.0.0.1,45.148.10.201" [-,-,-|0.000]Request_Body: "-"
172.71.182.12 - - [22/Sep/2026:10:59:52 +0800] "montanejacket.com" "POST /blog/index.php?rest_route=%2Fbatch%2Fv1 HTTP/1.1" 301 166 "https://montanejacket.com/blog/wp-admin/" "Mozilla/5.0 (Windows NT 10.0; Win64; x64) AppleWebKit/537.36 (KHTML, like Gecko) Chrome/120.0.0.0 Safari/537.36" "127.0.0.1,45.148.10.201" [-,-,-|0.001]Request_Body: "-"
172.71.99.181 - - [22/Sep/2026:10:59:52 +0800] "www.montanejacket.com" "GET /wp/index.php?rest_route=/batch/v1 HTTP/1.1" 403 552 "https://montanejacket.com/wp/wp-admin/" "Mozilla/5.0 (Windows NT 10.0; Win64; x64) AppleWebKit/537.36 (KHTML, like Gecko) Chrome/120.0.0.0 Safari/537.36" "127.0.0.1,45.148.10.201" [-,-,-|0.000]Request_Body: "-"
104.23.168.72 - - [22/Sep/2026:10:59:52 +0800] "www.montanejacket.com" "GET /blog/index.php?rest_route=%2Fbatch%2Fv1 HTTP/1.1" 403 552 "https://montanejacket.com/blog/wp-admin/" "Mozilla/5.0 (Windows NT 10.0; Win64; x64) AppleWebKit/537.36 (KHTML, like Gecko) Chrome/120.0.0.0 Safari/537.36" "127.0.0.1,45.148.10.201" [-,-,-|0.000]Request_Body: "-"
172.71.182.12 - - [22/Sep/2026:10:59:52 +0800] "montanejacket.com" "POST /wp/index.php?rest_route=%2Fbatch%2Fv1 HTTP/1.1" 301 166 "https://montanejacket.com/wp/wp-admin/" "Mozilla/5.0 (Windows NT 10.0; Win64; x64) AppleWebKit/537.36 (KHTML, like Gecko) Chrome/120.0.0.0 Safari/537.36" "127.0.0.1,45.148.10.201" [-,-,-|0.000]Request_Body: "-"
172.70.46.163 - - [22/Sep/2026:10:59:53 +0800] "montanejacket.com" "POST /blog/?rest_route=%2Fbatch%2Fv1 HTTP/1.1" 301 166 "https://montanejacket.com/blog/wp-admin/" "Mozilla/5.0 (Windows NT 10.0; Win64; x64) AppleWebKit/537.36 (KHTML, like Gecko) Chrome/120.0.0.0 Safari/537.36" "127.0.0.1,45.148.10.201" [-,-,-|0.000]Request_Body: "-"
104.23.168.72 - - [22/Sep/2026:10:59:53 +0800] "www.montanejacket.com" "GET /wp/index.php?rest_route=%2Fbatch%2Fv1 HTTP/1.1" 403 552 "https://montanejacket.com/wp/wp-admin/" "Mozilla/5.0 (Windows NT 10.0; Win64; x64) AppleWebKit/537.36 (KHTML, like Gecko) Chrome/120.0.0.0 Safari/537.36" "127.0.0.1,45.148.10.201" [-,-,-|0.000]Request_Body: "-"
172.70.46.163 - - [22/Sep/2026:10:59:53 +0800] "montanejacket.com" "POST /wp/?rest_route=%2Fbatch%2Fv1 HTTP/1.1" 301 166 "https://montanejacket.com/wp/wp-admin/" "Mozilla/5.0 (Windows NT 10.0; Win64; x64) AppleWebKit/537.36 (KHTML, like Gecko) Chrome/120.0.0.0 Safari/537.36" "127.0.0.1,45.148.10.201" [-,-,-|0.000]Request_Body: "-"
172.71.99.181 - - [22/Sep/2026:10:59:54 +0800] "www.montanejacket.com" "GET /blog/?rest_route=%2Fbatch%2Fv1 HTTP/1.1" 404 125 "https://montanejacket.com/blog/wp-admin/" "Mozilla/5.0 (Windows NT 10.0; Win64; x64) AppleWebKit/537.36 (KHTML, like Gecko) Chrome/120.0.0.0 Safari/537.36" "127.0.0.1,45.148.10.201" [0.001,1.274,1.274|1.274]Request_Body: "-"
172.70.46.163 - - [22/Sep/2026:10:59:54 +0800] "montanejacket.com" "POST /blog/?rest_route=/batch%2Fv1 HTTP/1.1" 301 166 "https://montanejacket.com/blog/wp-admin/" "Mozilla/5.0 (Windows NT 10.0; Win64; x64) AppleWebKit/537.36 (KHTML, like Gecko) Chrome/120.0.0.0 Safari/537.36" "127.0.0.1,45.148.10.201" [-,-,-|0.001]Request_Body: "-"
104.23.168.72 - - [22/Sep/2026:10:59:54 +0800] "www.montanejacket.com" "GET /wp/?rest_route=%2Fbatch%2Fv1 HTTP/1.1" 404 125 "https://montanejacket.com/wp/wp-admin/" "Mozilla/5.0 (Windows NT 10.0; Win64; x64) AppleWebKit/537.36 (KHTML, like Gecko) Chrome/120.0.0.0 Safari/537.36" "127.0.0.1,45.148.10.201" [0.000,1.379,1.379|1.379]Request_Body: "-"
172.70.46.163 - - [22/Sep/2026:10:59:54 +0800] "montanejacket.com" "POST /wp/?rest_route=/batch%2Fv1 HTTP/1.1" 301 166 "https://montanejacket.com/wp/wp-admin/" "Mozilla/5.0 (Windows NT 10.0; Win64; x64) AppleWebKit/537.36 (KHTML, like Gecko) Chrome/120.0.0.0 Safari/537.36" "127.0.0.1,45.148.10.201" [-,-,-|0.000]Request_Body: "-"
172.71.99.181 - - [22/Sep/2026:10:59:56 +0800] "www.montanejacket.com" "GET /blog/?rest_route=/batch%2Fv1 HTTP/1.1" 404 125 "https://montanejacket.com/blog/wp-admin/" "Mozilla/5.0 (Windows NT 10.0; Win64; x64) AppleWebKit/537.36 (KHTML, like Gecko) Chrome/120.0.0.0 Safari/537.36" "127.0.0.1,45.148.10.201" [0.001,1.266,1.266|1.266]Request_Body: "-"
172.70.46.163 - - [22/Sep/2026:10:59:56 +0800] "montanejacket.com" "POST /blog/?rest_route=/batch/v1 HTTP/1.1" 301 166 "https://montanejacket.com/blog/wp-admin/" "Mozilla/5.0 (Windows NT 10.0; Win64; x64) AppleWebKit/537.36 (KHTML, like Gecko) Chrome/120.0.0.0 Safari/537.36" "127.0.0.1,45.148.10.201" [-,-,-|0.001]Request_Body: "-"
104.23.168.72 - - [22/Sep/2026:10:59:56 +0800] "www.montanejacket.com" "GET /wp/?rest_route=/batch%2Fv1 HTTP/1.1" 404 125 "https://montanejacket.com/wp/wp-admin/" "Mozilla/5.0 (Windows NT 10.0; Win64; x64) AppleWebKit/537.36 (KHTML, like Gecko) Chrome/120.0.0.0 Safari/537.36" "127.0.0.1,45.148.10.201" [0.001,1.323,1.323|1.323]Request_Body: "-"
