172.70.46.139 - - [21/Sep/2026:15:47:33 +0800] "sdversushd.com" "GET /login.action HTTP/1.1" 301 166 "-" "Mozilla/5.0 (l9scan/2.0.33e27393e2431313e2838313; +https://leakix.net)" "207.154.197.113" [-,-,-|0.000]Request_Body: "-"
172.70.46.139 - - [21/Sep/2026:15:47:34 +0800] "sdversushd.com" "GET /___proxy_subdomain_whm/login HTTP/1.1" 301 166 "-" "Mozilla/5.0 (l9scan/2.0.33e27393e2431313e2838313; +https://leakix.net)" "207.154.197.113" [-,-,-|0.000]Request_Body: "-"
172.70.46.139 - - [21/Sep/2026:15:47:35 +0800] "sdversushd.com" "GET /___proxy_subdomain_cpanel HTTP/1.1" 301 166 "-" "Mozilla/5.0 (l9scan/2.0.33e27393e2431313e2838313; +https://leakix.net)" "207.154.197.113" [-,-,-|0.000]Request_Body: "-"
172.64.192.40 - - [21/Sep/2026:15:47:35 +0800] "sdversushd.com" "GET /v2/_catalog HTTP/1.1" 301 166 "-" "Mozilla/5.0 (l9scan/2.0.33e27393e2431313e2838313; +https://leakix.net)" "207.154.197.113" [-,-,-|0.000]Request_Body: "-"
172.71.26.44 - - [21/Sep/2026:15:47:36 +0800] "sdversushd.com" "GET /.DS_Store HTTP/1.1" 301 166 "-" "Mozilla/5.0 (l9scan/2.0.33e27393e2431313e2838313; +https://leakix.net)" "207.154.197.113" [-,-,-|0.000]Request_Body: "-"
172.69.224.41 - - [21/Sep/2026:15:47:42 +0800] "sdversushd.com" "POST /graphql HTTP/1.1" 301 166 "-" "Mozilla/5.0 (l9scan/2.0.33e27393e2431313e2838313; +https://leakix.net)" "207.154.197.113" [-,-,-|0.000]Request_Body: "-"
172.70.46.139 - - [21/Sep/2026:15:47:42 +0800] "sdversushd.com" "POST /api HTTP/1.1" 301 166 "-" "Mozilla/5.0 (l9scan/2.0.33e27393e2431313e2838313; +https://leakix.net)" "207.154.197.113" [-,-,-|0.000]Request_Body: "-"
172.71.98.159 - - [21/Sep/2026:15:47:43 +0800] "sdversushd.com" "POST /api/graphql HTTP/1.1" 301 166 "-" "Mozilla/5.0 (l9scan/2.0.33e27393e2431313e2838313; +https://leakix.net)" "207.154.197.113" [-,-,-|0.000]Request_Body: "-"
172.71.241.52 - - [21/Sep/2026:15:47:43 +0800] "sdversushd.com" "POST /graphql/api HTTP/1.1" 301 166 "-" "Mozilla/5.0 (l9scan/2.0.33e27393e2431313e2838313; +https://leakix.net)" "207.154.197.113" [-,-,-|0.000]Request_Body: "-"
172.70.162.104 - - [21/Sep/2026:15:47:43 +0800] "sdversushd.com" "POST /api/gql HTTP/1.1" 301 166 "-" "Mozilla/5.0 (l9scan/2.0.33e27393e2431313e2838313; +https://leakix.net)" "207.154.197.113" [-,-,-|0.000]Request_Body: "-"
162.159.113.48 - - [21/Sep/2026:15:47:44 +0800] "sdversushd.com" "GET /s/33e27393e2431313e2838313/_/;/META-INF/maven/com.atlassian.jira/jira-webapp-dist/pom.properties HTTP/1.1" 301 166 "-" "Mozilla/5.0 (l9scan/2.0.33e27393e2431313e2838313; +https://leakix.net)" "207.154.197.113" [-,-,-|0.000]Request_Body: "-"
104.23.168.96 - - [21/Sep/2026:15:47:45 +0800] "sdversushd.com" "GET /config.json HTTP/1.1" 301 166 "-" "Mozilla/5.0 (l9scan/2.0.33e27393e2431313e2838313; +https://leakix.net)" "207.154.197.113" [-,-,-|0.000]Request_Body: "-"
172.71.182.73 - - [21/Sep/2026:15:47:46 +0800] "sdversushd.com" "GET /telescope/requests HTTP/1.1" 301 166 "-" "Mozilla/5.0 (l9scan/2.0.33e27393e2431313e2838313; +https://leakix.net)" "207.154.197.113" [-,-,-|0.000]Request_Body: "-"
172.70.162.104 - - [21/Sep/2026:15:47:47 +0800] "sdversushd.com" "GET /info.php HTTP/1.1" 301 166 "-" "Mozilla/5.0 (l9scan/2.0.33e27393e2431313e2838313; +https://leakix.net)" "207.154.197.113" [-,-,-|0.000]Request_Body: "-"
172.70.85.130 - - [21/Sep/2026:15:47:48 +0800] "sdversushd.com" "GET /.well-known/security.txt HTTP/1.1" 301 166 "-" "Mozilla/5.0 (l9scan/2.0.33e27393e2431313e2838313; +https://leakix.net)" "207.154.197.113" [-,-,-|0.000]Request_Body: "-"
172.70.85.130 - - [21/Sep/2026:15:47:49 +0800] "sdversushd.com" "GET /actuator/env HTTP/1.1" 301 166 "-" "Mozilla/5.0 (l9scan/2.0.33e27393e2431313e2838313; +https://leakix.net)" "207.154.197.113" [-,-,-|0.000]Request_Body: "-"
172.71.95.107 - - [21/Sep/2026:15:47:50 +0800] "sdversushd.com" "GET /trace.axd HTTP/1.1" 301 166 "-" "Mozilla/5.0 (l9scan/2.0.33e27393e2431313e2838313; +https://leakix.net)" "207.154.197.113" [-,-,-|0.000]Request_Body: "-"
104.23.166.20 - - [21/Sep/2026:15:47:51 +0800] "sdversushd.com" "GET /@vite/env HTTP/1.1" 301 166 "-" "Mozilla/5.0 (l9scan/2.0.33e27393e2431313e2838313; +https://leakix.net)" "207.154.197.113" [-,-,-|0.000]Request_Body: "-"
104.23.172.135 - - [21/Sep/2026:15:47:53 +0800] "sdversushd.com" "OPTIONS / HTTP/1.1" 301 166 "-" "Mozilla/5.0 (l9scan/2.0.33e27393e2431313e2838313; +https://leakix.net)" "207.154.197.113" [-,-,-|0.000]Request_Body: "-"
172.69.195.63 - - [21/Sep/2026:15:47:54 +0800] "sdversushd.com" "GET /?rest_route=/wp/v2/users/ HTTP/1.1" 301 166 "-" "Mozilla/5.0 (l9scan/2.0.33e27393e2431313e2838313; +https://leakix.net)" "207.154.197.113" [-,-,-|0.000]Request_Body: "-"
141.101.76.113 - - [21/Sep/2026:15:47:55 +0800] "sdversushd.com" "GET /debug/default/view?panel=config HTTP/1.1" 301 166 "-" "Mozilla/5.0 (l9scan/2.0.33e27393e2431313e2838313; +https://leakix.net)" "207.154.197.113" [-,-,-|0.000]Request_Body: "-"
172.70.46.103 - - [21/Sep/2026:15:50:54 +0800] "sdversushd.com:443" "GET /.env.backup HTTP/1.1" 301 166 "-" "Mozilla/5.0 (Macintosh; Intel Mac OS X 10_15_7) AppleWebKit/537.36 (KHTML, like Gecko, Yokohama Institute of Information Security https://www.iisec.ac.jp) Chrome/124.0.0.0 Safari/537.36" "130.12.180.117" [-,-,-|0.000]Request_Body: "-"
104.23.170.195 - - [21/Sep/2026:15:50:54 +0800] "sdversushd.com" "GET /.env.backup HTTP/1.1" 301 166 "http://sdversushd.com:8880/.env.backup" "Mozilla/5.0 (Macintosh; Intel Mac OS X 10_15_7) AppleWebKit/537.36 (KHTML, like Gecko, Yokohama Institute of Information Security https://www.iisec.ac.jp) Chrome/124.0.0.0 Safari/537.36" "130.12.180.117" [-,-,-|0.000]Request_Body: "-"
104.23.170.194 - - [21/Sep/2026:15:50:54 +0800] "sdversushd.com" "GET /.env.backup HTTP/1.1" 301 166 "http://sdversushd.com:8080/.env.backup" "Mozilla/5.0 (Macintosh; Intel Mac OS X 10_15_7) AppleWebKit/537.36 (KHTML, like Gecko, Yokohama Institute of Information Security https://www.iisec.ac.jp) Chrome/124.0.0.0 Safari/537.36" "130.12.180.117" [-,-,-|0.000]Request_Body: "-"
172.71.98.159 - - [21/Sep/2026:15:50:54 +0800] "sdversushd.com" "GET /.env.backup HTTP/1.1" 301 166 "http://sdversushd.com:80/.env.backup" "Mozilla/5.0 (Macintosh; Intel Mac OS X 10_15_7) AppleWebKit/537.36 (KHTML, like Gecko, Yokohama Institute of Information Security https://www.iisec.ac.jp) Chrome/124.0.0.0 Safari/537.36" "130.12.180.117" [-,-,-|0.000]Request_Body: "-"
104.23.166.157 - - [21/Sep/2026:15:50:56 +0800] "www.sdversushd.com" "GET /.env.backup HTTP/1.1" 403 16923 "http://www.sdversushd.com/.env.backup" "Mozilla/5.0 (Macintosh; Intel Mac OS X 10_15_7) AppleWebKit/537.36 (KHTML, like Gecko, Yokohama Institute of Information Security https://www.iisec.ac.jp) Chrome/124.0.0.0 Safari/537.36" "130.12.180.117" [-,-,-|0.000]Request_Body: "-"
104.23.166.157 - - [21/Sep/2026:15:50:57 +0800] "www.sdversushd.com" "GET /.env.backup HTTP/1.1" 403 16923 "http://www.sdversushd.com/.env.backup" "Mozilla/5.0 (Macintosh; Intel Mac OS X 10_15_7) AppleWebKit/537.36 (KHTML, like Gecko, Yokohama Institute of Information Security https://www.iisec.ac.jp) Chrome/124.0.0.0 Safari/537.36" "130.12.180.117" [-,-,-|0.000]Request_Body: "-"
172.71.182.128 - - [21/Sep/2026:15:50:57 +0800] "www.sdversushd.com" "GET /.env.backup HTTP/1.1" 403 16923 "http://www.sdversushd.com/.env.backup" "Mozilla/5.0 (Macintosh; Intel Mac OS X 10_15_7) AppleWebKit/537.36 (KHTML, like Gecko, Yokohama Institute of Information Security https://www.iisec.ac.jp) Chrome/124.0.0.0 Safari/537.36" "130.12.180.117" [-,-,-|0.000]Request_Body: "-"
141.101.76.55 - - [21/Sep/2026:15:50:57 +0800] "www.sdversushd.com" "GET /.env.backup HTTP/1.1" 403 16923 "http://www.sdversushd.com/.env.backup" "Mozilla/5.0 (Macintosh; Intel Mac OS X 10_15_7) AppleWebKit/537.36 (KHTML, like Gecko, Yokohama Institute of Information Security https://www.iisec.ac.jp) Chrome/124.0.0.0 Safari/537.36" "130.12.180.117" [-,-,-|0.000]Request_Body: "-"
172.71.95.108 - - [21/Sep/2026:15:50:57 +0800] "sdversushd.com" "GET /.env.old HTTP/1.1" 301 166 "http://sdversushd.com:80/.env.old" "Mozilla/5.0 (Macintosh; Intel Mac OS X 10_15_7) AppleWebKit/537.36 (KHTML, like Gecko, Yokohama Institute of Information Security https://www.iisec.ac.jp) Chrome/124.0.0.0 Safari/537.36" "130.12.180.117" [-,-,-|0.000]Request_Body: "-"
172.70.46.103 - - [21/Sep/2026:15:50:58 +0800] "sdversushd.com:443" "GET /.env.old HTTP/1.1" 301 166 "-" "Mozilla/5.0 (Macintosh; Intel Mac OS X 10_15_7) AppleWebKit/537.36 (KHTML, like Gecko, Yokohama Institute of Information Security https://www.iisec.ac.jp) Chrome/124.0.0.0 Safari/537.36" "130.12.180.117" [-,-,-|0.000]Request_Body: "-"
162.159.113.48 - - [21/Sep/2026:15:50:59 +0800] "sdversushd.com" "GET /.env.old HTTP/1.1" 301 166 "http://sdversushd.com:8880/.env.old" "Mozilla/5.0 (Macintosh; Intel Mac OS X 10_15_7) AppleWebKit/537.36 (KHTML, like Gecko, Yokohama Institute of Information Security https://www.iisec.ac.jp) Chrome/124.0.0.0 Safari/537.36" "130.12.180.117" [-,-,-|0.000]Request_Body: "-"
104.23.168.96 - - [21/Sep/2026:15:50:59 +0800] "sdversushd.com" "GET /.env.old HTTP/1.1" 301 166 "http://sdversushd.com:8080/.env.old" "Mozilla/5.0 (Macintosh; Intel Mac OS X 10_15_7) AppleWebKit/537.36 (KHTML, like Gecko, Yokohama Institute of Information Security https://www.iisec.ac.jp) Chrome/124.0.0.0 Safari/537.36" "130.12.180.117" [-,-,-|0.000]Request_Body: "-"
104.23.170.119 - - [21/Sep/2026:15:51:00 +0800] "www.sdversushd.com" "GET /.env.old HTTP/1.1" 403 16923 "http://www.sdversushd.com/.env.old" "Mozilla/5.0 (Macintosh; Intel Mac OS X 10_15_7) AppleWebKit/537.36 (KHTML, like Gecko, Yokohama Institute of Information Security https://www.iisec.ac.jp) Chrome/124.0.0.0 Safari/537.36" "130.12.180.117" [-,-,-|0.000]Request_Body: "-"
172.71.182.128 - - [21/Sep/2026:15:51:00 +0800] "www.sdversushd.com" "GET /.env.old HTTP/1.1" 403 16923 "http://www.sdversushd.com/.env.old" "Mozilla/5.0 (Macintosh; Intel Mac OS X 10_15_7) AppleWebKit/537.36 (KHTML, like Gecko, Yokohama Institute of Information Security https://www.iisec.ac.jp) Chrome/124.0.0.0 Safari/537.36" "130.12.180.117" [-,-,-|0.000]Request_Body: "-"
172.70.46.103 - - [21/Sep/2026:15:51:00 +0800] "sdversushd.com:443" "GET /.env.save HTTP/1.1" 301 166 "-" "Mozilla/5.0 (Macintosh; Intel Mac OS X 10_15_7) AppleWebKit/537.36 (KHTML, like Gecko, Yokohama Institute of Information Security https://www.iisec.ac.jp) Chrome/124.0.0.0 Safari/537.36" "130.12.180.117" [-,-,-|0.000]Request_Body: "-"
141.101.76.113 - - [21/Sep/2026:15:51:01 +0800] "sdversushd.com" "GET /.env.save HTTP/1.1" 301 166 "http://sdversushd.com:80/.env.save" "Mozilla/5.0 (Macintosh; Intel Mac OS X 10_15_7) AppleWebKit/537.36 (KHTML, like Gecko, Yokohama Institute of Information Security https://www.iisec.ac.jp) Chrome/124.0.0.0 Safari/537.36" "130.12.180.117" [-,-,-|0.000]Request_Body: "-"
104.23.166.157 - - [21/Sep/2026:15:51:01 +0800] "www.sdversushd.com" "GET /.env.old HTTP/1.1" 403 16923 "http://www.sdversushd.com/.env.old" "Mozilla/5.0 (Macintosh; Intel Mac OS X 10_15_7) AppleWebKit/537.36 (KHTML, like Gecko, Yokohama Institute of Information Security https://www.iisec.ac.jp) Chrome/124.0.0.0 Safari/537.36" "130.12.180.117" [-,-,-|0.000]Request_Body: "-"
162.159.113.148 - - [21/Sep/2026:15:51:02 +0800] "www.sdversushd.com" "GET /.env.save HTTP/1.1" 403 16923 "http://www.sdversushd.com/.env.save" "Mozilla/5.0 (Macintosh; Intel Mac OS X 10_15_7) AppleWebKit/537.36 (KHTML, like Gecko, Yokohama Institute of Information Security https://www.iisec.ac.jp) Chrome/124.0.0.0 Safari/537.36" "130.12.180.117" [-,-,-|0.000]Request_Body: "-"
172.71.182.129 - - [21/Sep/2026:15:51:03 +0800] "www.sdversushd.com" "GET /.env.old HTTP/1.1" 403 16923 "http://www.sdversushd.com/.env.old" "Mozilla/5.0 (Macintosh; Intel Mac OS X 10_15_7) AppleWebKit/537.36 (KHTML, like Gecko, Yokohama Institute of Information Security https://www.iisec.ac.jp) Chrome/124.0.0.0 Safari/537.36" "130.12.180.117" [-,-,-|0.000]Request_Body: "-"
172.70.46.103 - - [21/Sep/2026:15:51:03 +0800] "sdversushd.com:443" "GET /.env.bak HTTP/1.1" 301 166 "-" "Mozilla/5.0 (Macintosh; Intel Mac OS X 10_15_7) AppleWebKit/537.36 (KHTML, like Gecko, Yokohama Institute of Information Security https://www.iisec.ac.jp) Chrome/124.0.0.0 Safari/537.36" "130.12.180.117" [-,-,-|0.000]Request_Body: "-"
141.101.76.113 - - [21/Sep/2026:15:51:03 +0800] "sdversushd.com" "GET /.env.save HTTP/1.1" 301 166 "http://sdversushd.com:8880/.env.save" "Mozilla/5.0 (Macintosh; Intel Mac OS X 10_15_7) AppleWebKit/537.36 (KHTML, like Gecko, Yokohama Institute of Information Security https://www.iisec.ac.jp) Chrome/124.0.0.0 Safari/537.36" "130.12.180.117" [-,-,-|0.000]Request_Body: "-"
172.71.95.66 - - [21/Sep/2026:15:51:03 +0800] "www.sdversushd.com" "GET /.env.save HTTP/1.1" 403 16923 "http://www.sdversushd.com/.env.save" "Mozilla/5.0 (Macintosh; Intel Mac OS X 10_15_7) AppleWebKit/537.36 (KHTML, like Gecko, Yokohama Institute of Information Security https://www.iisec.ac.jp) Chrome/124.0.0.0 Safari/537.36" "130.12.180.117" [-,-,-|0.000]Request_Body: "-"
172.71.95.108 - - [21/Sep/2026:15:51:04 +0800] "sdversushd.com" "GET /.env.save HTTP/1.1" 301 166 "http://sdversushd.com:8080/.env.save" "Mozilla/5.0 (Macintosh; Intel Mac OS X 10_15_7) AppleWebKit/537.36 (KHTML, like Gecko, Yokohama Institute of Information Security https://www.iisec.ac.jp) Chrome/124.0.0.0 Safari/537.36" "130.12.180.117" [-,-,-|0.000]Request_Body: "-"
172.71.95.66 - - [21/Sep/2026:15:51:05 +0800] "www.sdversushd.com" "GET /.env.save HTTP/1.1" 403 16923 "http://www.sdversushd.com/.env.save" "Mozilla/5.0 (Macintosh; Intel Mac OS X 10_15_7) AppleWebKit/537.36 (KHTML, like Gecko, Yokohama Institute of Information Security https://www.iisec.ac.jp) Chrome/124.0.0.0 Safari/537.36" "130.12.180.117" [-,-,-|0.000]Request_Body: "-"
104.23.168.2 - - [21/Sep/2026:15:51:05 +0800] "www.sdversushd.com" "GET /.env.bak HTTP/1.1" 403 16923 "http://www.sdversushd.com/.env.bak" "Mozilla/5.0 (Macintosh; Intel Mac OS X 10_15_7) AppleWebKit/537.36 (KHTML, like Gecko, Yokohama Institute of Information Security https://www.iisec.ac.jp) Chrome/124.0.0.0 Safari/537.36" "130.12.180.117" [-,-,-|0.000]Request_Body: "-"
172.70.46.103 - - [21/Sep/2026:15:51:05 +0800] "sdversushd.com:443" "GET /.env.prod HTTP/1.1" 301 166 "-" "Mozilla/5.0 (Macintosh; Intel Mac OS X 10_15_7) AppleWebKit/537.36 (KHTML, like Gecko, Yokohama Institute of Information Security https://www.iisec.ac.jp) Chrome/124.0.0.0 Safari/537.36" "130.12.180.117" [-,-,-|0.000]Request_Body: "-"
172.70.46.138 - - [21/Sep/2026:15:51:05 +0800] "sdversushd.com" "GET /.env.bak HTTP/1.1" 301 166 "http://sdversushd.com:80/.env.bak" "Mozilla/5.0 (Macintosh; Intel Mac OS X 10_15_7) AppleWebKit/537.36 (KHTML, like Gecko, Yokohama Institute of Information Security https://www.iisec.ac.jp) Chrome/124.0.0.0 Safari/537.36" "130.12.180.117" [-,-,-|0.000]Request_Body: "-"
172.71.103.3 - - [21/Sep/2026:15:51:06 +0800] "www.sdversushd.com" "GET /.env.save HTTP/1.1" 403 16923 "http://www.sdversushd.com/.env.save" "Mozilla/5.0 (Macintosh; Intel Mac OS X 10_15_7) AppleWebKit/537.36 (KHTML, like Gecko, Yokohama Institute of Information Security https://www.iisec.ac.jp) Chrome/124.0.0.0 Safari/537.36" "130.12.180.117" [-,-,-|0.000]Request_Body: "-"
172.70.46.138 - - [21/Sep/2026:15:51:07 +0800] "sdversushd.com" "GET /.env.bak HTTP/1.1" 301 166 "http://sdversushd.com:8880/.env.bak" "Mozilla/5.0 (Macintosh; Intel Mac OS X 10_15_7) AppleWebKit/537.36 (KHTML, like Gecko, Yokohama Institute of Information Security https://www.iisec.ac.jp) Chrome/124.0.0.0 Safari/537.36" "130.12.180.117" [-,-,-|0.000]Request_Body: "-"
172.71.98.245 - - [21/Sep/2026:15:51:07 +0800] "www.sdversushd.com" "GET /.env.bak HTTP/1.1" 403 16923 "http://www.sdversushd.com/.env.bak" "Mozilla/5.0 (Macintosh; Intel Mac OS X 10_15_7) AppleWebKit/537.36 (KHTML, like Gecko, Yokohama Institute of Information Security https://www.iisec.ac.jp) Chrome/124.0.0.0 Safari/537.36" "130.12.180.117" [-,-,-|0.000]Request_Body: "-"
172.70.46.138 - - [21/Sep/2026:15:51:08 +0800] "sdversushd.com" "GET /.env.bak HTTP/1.1" 301 166 "http://sdversushd.com:8080/.env.bak" "Mozilla/5.0 (Macintosh; Intel Mac OS X 10_15_7) AppleWebKit/537.36 (KHTML, like Gecko, Yokohama Institute of Information Security https://www.iisec.ac.jp) Chrome/124.0.0.0 Safari/537.36" "130.12.180.117" [-,-,-|0.000]Request_Body: "-"
172.71.103.3 - - [21/Sep/2026:15:51:09 +0800] "www.sdversushd.com" "GET /.env.bak HTTP/1.1" 403 16923 "http://www.sdversushd.com/.env.bak" "Mozilla/5.0 (Macintosh; Intel Mac OS X 10_15_7) AppleWebKit/537.36 (KHTML, like Gecko, Yokohama Institute of Information Security https://www.iisec.ac.jp) Chrome/124.0.0.0 Safari/537.36" "130.12.180.117" [-,-,-|0.000]Request_Body: "-"
104.23.168.96 - - [21/Sep/2026:15:51:10 +0800] "sdversushd.com" "GET /.env.prod HTTP/1.1" 301 166 "http://sdversushd.com:80/.env.prod" "Mozilla/5.0 (Macintosh; Intel Mac OS X 10_15_7) AppleWebKit/537.36 (KHTML, like Gecko, Yokohama Institute of Information Security https://www.iisec.ac.jp) Chrome/124.0.0.0 Safari/537.36" "130.12.180.117" [-,-,-|0.000]Request_Body: "-"
172.71.95.66 - - [21/Sep/2026:15:51:10 +0800] "www.sdversushd.com" "GET /.env.prod HTTP/1.1" 404 28494 "http://www.sdversushd.com/.env.prod" "Mozilla/5.0 (Macintosh; Intel Mac OS X 10_15_7) AppleWebKit/537.36 (KHTML, like Gecko, Yokohama Institute of Information Security https://www.iisec.ac.jp) Chrome/124.0.0.0 Safari/537.36" "130.12.180.117" [0.001,3.268,3.271|3.271]Request_Body: "-"
172.70.46.103 - - [21/Sep/2026:15:51:11 +0800] "sdversushd.com:443" "GET /.env.production HTTP/1.1" 301 166 "-" "Mozilla/5.0 (Macintosh; Intel Mac OS X 10_15_7) AppleWebKit/537.36 (KHTML, like Gecko, Yokohama Institute of Information Security https://www.iisec.ac.jp) Chrome/124.0.0.0 Safari/537.36" "130.12.180.117" [-,-,-|0.000]Request_Body: "-"
172.71.182.128 - - [21/Sep/2026:15:51:11 +0800] "www.sdversushd.com" "GET /.env.bak HTTP/1.1" 403 16923 "http://www.sdversushd.com/.env.bak" "Mozilla/5.0 (Macintosh; Intel Mac OS X 10_15_7) AppleWebKit/537.36 (KHTML, like Gecko, Yokohama Institute of Information Security https://www.iisec.ac.jp) Chrome/124.0.0.0 Safari/537.36" "130.12.180.117" [-,-,-|0.000]Request_Body: "-"
104.23.166.21 - - [21/Sep/2026:15:51:13 +0800] "sdversushd.com" "GET /.env.prod HTTP/1.1" 301 166 "http://sdversushd.com:8880/.env.prod" "Mozilla/5.0 (Macintosh; Intel Mac OS X 10_15_7) AppleWebKit/537.36 (KHTML, like Gecko, Yokohama Institute of Information Security https://www.iisec.ac.jp) Chrome/124.0.0.0 Safari/537.36" "130.12.180.117" [-,-,-|0.000]Request_Body: "-"
104.23.170.119 - - [21/Sep/2026:15:51:13 +0800] "www.sdversushd.com" "GET /.env.prod HTTP/1.1" 404 28494 "http://www.sdversushd.com/.env.prod" "Mozilla/5.0 (Macintosh; Intel Mac OS X 10_15_7) AppleWebKit/537.36 (KHTML, like Gecko, Yokohama Institute of Information Security https://www.iisec.ac.jp) Chrome/124.0.0.0 Safari/537.36" "130.12.180.117" [0.001,1.659,1.662|1.662]Request_Body: "-"
172.71.103.124 - - [21/Sep/2026:15:51:13 +0800] "sdversushd.com" "GET /.env.prod HTTP/1.1" 301 166 "http://sdversushd.com:8080/.env.prod" "Mozilla/5.0 (Macintosh; Intel Mac OS X 10_15_7) AppleWebKit/537.36 (KHTML, like Gecko, Yokohama Institute of Information Security https://www.iisec.ac.jp) Chrome/124.0.0.0 Safari/537.36" "130.12.180.117" [-,-,-|0.000]Request_Body: "-"
104.23.166.21 - - [21/Sep/2026:15:51:15 +0800] "sdversushd.com" "GET /.env.production HTTP/1.1" 301 166 "http://sdversushd.com:80/.env.production" "Mozilla/5.0 (Macintosh; Intel Mac OS X 10_15_7) AppleWebKit/537.36 (KHTML, like Gecko, Yokohama Institute of Information Security https://www.iisec.ac.jp) Chrome/124.0.0.0 Safari/537.36" "130.12.180.117" [-,-,-|0.000]Request_Body: "-"
162.159.113.149 - - [21/Sep/2026:15:51:16 +0800] "www.sdversushd.com" "GET /.env.production HTTP/1.1" 404 28493 "http://www.sdversushd.com/.env.production" "Mozilla/5.0 (Macintosh; Intel Mac OS X 10_15_7) AppleWebKit/537.36 (KHTML, like Gecko, Yokohama Institute of Information Security https://www.iisec.ac.jp) Chrome/124.0.0.0 Safari/537.36" "130.12.180.117" [0.001,1.995,2.002|2.002]Request_Body: "-"
172.70.46.103 - - [21/Sep/2026:15:51:17 +0800] "sdversushd.com:443" "GET /.env.staging HTTP/1.1" 301 166 "-" "Mozilla/5.0 (Macintosh; Intel Mac OS X 10_15_7) AppleWebKit/537.36 (KHTML, like Gecko, Yokohama Institute of Information Security https://www.iisec.ac.jp) Chrome/124.0.0.0 Safari/537.36" "130.12.180.117" [-,-,-|0.000]Request_Body: "-"
172.71.98.244 - - [21/Sep/2026:15:51:17 +0800] "www.sdversushd.com" "GET /.env.prod HTTP/1.1" 404 28494 "http://www.sdversushd.com/.env.prod" "Mozilla/5.0 (Macintosh; Intel Mac OS X 10_15_7) AppleWebKit/537.36 (KHTML, like Gecko, Yokohama Institute of Information Security https://www.iisec.ac.jp) Chrome/124.0.0.0 Safari/537.36" "130.12.180.117" [0.000,1.766,1.769|1.769]Request_Body: "-"
104.23.168.2 - - [21/Sep/2026:15:51:17 +0800] "www.sdversushd.com" "GET /.env.prod HTTP/1.1" 404 28494 "http://www.sdversushd.com/.env.prod" "Mozilla/5.0 (Macintosh; Intel Mac OS X 10_15_7) AppleWebKit/537.36 (KHTML, like Gecko, Yokohama Institute of Information Security https://www.iisec.ac.jp) Chrome/124.0.0.0 Safari/537.36" "130.12.180.117" [0.001,1.587,1.590|1.589]Request_Body: "-"
162.159.113.149 - - [21/Sep/2026:15:51:19 +0800] "www.sdversushd.com" "GET /.env.production HTTP/1.1" 404 28493 "http://www.sdversushd.com/.env.production" "Mozilla/5.0 (Macintosh; Intel Mac OS X 10_15_7) AppleWebKit/537.36 (KHTML, like Gecko, Yokohama Institute of Information Security https://www.iisec.ac.jp) Chrome/124.0.0.0 Safari/537.36" "130.12.180.117" [0.000,1.961,1.964|1.964]Request_Body: "-"
104.23.168.96 - - [21/Sep/2026:15:51:19 +0800] "sdversushd.com" "GET /.env.production HTTP/1.1" 301 166 "http://sdversushd.com:8080/.env.production" "Mozilla/5.0 (Macintosh; Intel Mac OS X 10_15_7) AppleWebKit/537.36 (KHTML, like Gecko, Yokohama Institute of Information Security https://www.iisec.ac.jp) Chrome/124.0.0.0 Safari/537.36" "130.12.180.117" [-,-,-|0.000]Request_Body: "-"
172.71.182.73 - - [21/Sep/2026:15:51:19 +0800] "sdversushd.com" "GET /.env.production HTTP/1.1" 301 166 "http://sdversushd.com:8880/.env.production" "Mozilla/5.0 (Macintosh; Intel Mac OS X 10_15_7) AppleWebKit/537.36 (KHTML, like Gecko, Yokohama Institute of Information Security https://www.iisec.ac.jp) Chrome/124.0.0.0 Safari/537.36" "130.12.180.117" [-,-,-|0.000]Request_Body: "-"
104.23.168.96 - - [21/Sep/2026:15:51:20 +0800] "sdversushd.com" "GET /.env.staging HTTP/1.1" 301 166 "http://sdversushd.com:80/.env.staging" "Mozilla/5.0 (Macintosh; Intel Mac OS X 10_15_7) AppleWebKit/537.36 (KHTML, like Gecko, Yokohama Institute of Information Security https://www.iisec.ac.jp) Chrome/124.0.0.0 Safari/537.36" "130.12.180.117" [-,-,-|0.000]Request_Body: "-"
172.71.182.128 - - [21/Sep/2026:15:51:21 +0800] "www.sdversushd.com" "GET /.env.staging HTTP/1.1" 404 28495 "http://www.sdversushd.com/.env.staging" "Mozilla/5.0 (Macintosh; Intel Mac OS X 10_15_7) AppleWebKit/537.36 (KHTML, like Gecko, Yokohama Institute of Information Security https://www.iisec.ac.jp) Chrome/124.0.0.0 Safari/537.36" "130.12.180.117" [0.001,2.085,2.088|2.088]Request_Body: "-"
172.70.46.103 - - [21/Sep/2026:15:51:22 +0800] "sdversushd.com:443" "GET /.env.local HTTP/1.1" 301 166 "-" "Mozilla/5.0 (Macintosh; Intel Mac OS X 10_15_7) AppleWebKit/537.36 (KHTML, like Gecko, Yokohama Institute of Information Security https://www.iisec.ac.jp) Chrome/124.0.0.0 Safari/537.36" "130.12.180.117" [-,-,-|0.000]Request_Body: "-"
104.23.166.157 - - [21/Sep/2026:15:51:24 +0800] "www.sdversushd.com" "GET /.env.production HTTP/1.1" 404 28493 "http://www.sdversushd.com/.env.production" "Mozilla/5.0 (Macintosh; Intel Mac OS X 10_15_7) AppleWebKit/537.36 (KHTML, like Gecko, Yokohama Institute of Information Security https://www.iisec.ac.jp) Chrome/124.0.0.0 Safari/537.36" "130.12.180.117" [0.000,2.241,2.244|2.244]Request_Body: "-"
104.23.172.86 - - [21/Sep/2026:15:51:25 +0800] "www.sdversushd.com" "GET /.env.production HTTP/1.1" 404 28493 "http://www.sdversushd.com/.env.production" "Mozilla/5.0 (Macintosh; Intel Mac OS X 10_15_7) AppleWebKit/537.36 (KHTML, like Gecko, Yokohama Institute of Information Security https://www.iisec.ac.jp) Chrome/124.0.0.0 Safari/537.36" "130.12.180.117" [0.001,2.698,2.701|2.701]Request_Body: "-"
172.71.103.124 - - [21/Sep/2026:15:51:26 +0800] "sdversushd.com" "GET /.env.staging HTTP/1.1" 301 166 "http://sdversushd.com:8080/.env.staging" "Mozilla/5.0 (Macintosh; Intel Mac OS X 10_15_7) AppleWebKit/537.36 (KHTML, like Gecko, Yokohama Institute of Information Security https://www.iisec.ac.jp) Chrome/124.0.0.0 Safari/537.36" "130.12.180.117" [-,-,-|0.000]Request_Body: "-"
104.23.166.21 - - [21/Sep/2026:15:51:26 +0800] "sdversushd.com" "GET /.env.staging HTTP/1.1" 301 166 "http://sdversushd.com:8880/.env.staging" "Mozilla/5.0 (Macintosh; Intel Mac OS X 10_15_7) AppleWebKit/537.36 (KHTML, like Gecko, Yokohama Institute of Information Security https://www.iisec.ac.jp) Chrome/124.0.0.0 Safari/537.36" "130.12.180.117" [-,-,-|0.000]Request_Body: "-"
172.71.95.65 - - [21/Sep/2026:15:51:26 +0800] "www.sdversushd.com" "GET /.env.staging HTTP/1.1" 404 28495 "http://www.sdversushd.com/.env.staging" "Mozilla/5.0 (Macintosh; Intel Mac OS X 10_15_7) AppleWebKit/537.36 (KHTML, like Gecko, Yokohama Institute of Information Security https://www.iisec.ac.jp) Chrome/124.0.0.0 Safari/537.36" "130.12.180.117" [0.001,2.560,2.564|2.564]Request_Body: "-"
104.23.168.2 - - [21/Sep/2026:15:51:27 +0800] "www.sdversushd.com" "GET /.env.local HTTP/1.1" 404 28494 "http://www.sdversushd.com/.env.local" "Mozilla/5.0 (Macintosh; Intel Mac OS X 10_15_7) AppleWebKit/537.36 (KHTML, like Gecko, Yokohama Institute of Information Security https://www.iisec.ac.jp) Chrome/124.0.0.0 Safari/537.36" "130.12.180.117" [0.000,2.933,2.936|2.936]Request_Body: "-"
172.70.46.103 - - [21/Sep/2026:15:51:27 +0800] "sdversushd.com:443" "GET /.env.live HTTP/1.1" 301 166 "-" "Mozilla/5.0 (Macintosh; Intel Mac OS X 10_15_7) AppleWebKit/537.36 (KHTML, like Gecko, Yokohama Institute of Information Security https://www.iisec.ac.jp) Chrome/124.0.0.0 Safari/537.36" "130.12.180.117" [-,-,-|0.000]Request_Body: "-"
104.23.170.195 - - [21/Sep/2026:15:51:28 +0800] "sdversushd.com" "GET /.env.local HTTP/1.1" 301 166 "http://sdversushd.com:80/.env.local" "Mozilla/5.0 (Macintosh; Intel Mac OS X 10_15_7) AppleWebKit/537.36 (KHTML, like Gecko, Yokohama Institute of Information Security https://www.iisec.ac.jp) Chrome/124.0.0.0 Safari/537.36" "130.12.180.117" [-,-,-|0.000]Request_Body: "-"
104.23.172.86 - - [21/Sep/2026:15:51:30 +0800] "www.sdversushd.com" "GET /.env.staging HTTP/1.1" 404 28495 "http://www.sdversushd.com/.env.staging" "Mozilla/5.0 (Macintosh; Intel Mac OS X 10_15_7) AppleWebKit/537.36 (KHTML, like Gecko, Yokohama Institute of Information Security https://www.iisec.ac.jp) Chrome/124.0.0.0 Safari/537.36" "130.12.180.117" [0.001,2.209,2.212|2.211]Request_Body: "-"
172.70.46.187 - - [21/Sep/2026:15:51:31 +0800] "www.sdversushd.com" "GET /.env.staging HTTP/1.1" 404 28495 "http://www.sdversushd.com/.env.staging" "Mozilla/5.0 (Macintosh; Intel Mac OS X 10_15_7) AppleWebKit/537.36 (KHTML, like Gecko, Yokohama Institute of Information Security https://www.iisec.ac.jp) Chrome/124.0.0.0 Safari/537.36" "130.12.180.117" [0.001,2.701,2.704|2.703]Request_Body: "-"
172.71.103.3 - - [21/Sep/2026:15:51:32 +0800] "www.sdversushd.com" "GET /.env.live HTTP/1.1" 404 28493 "http://www.sdversushd.com/.env.live" "Mozilla/5.0 (Macintosh; Intel Mac OS X 10_15_7) AppleWebKit/537.36 (KHTML, like Gecko, Yokohama Institute of Information Security https://www.iisec.ac.jp) Chrome/124.0.0.0 Safari/537.36" "130.12.180.117" [0.001,2.106,2.108|2.108]Request_Body: "-"
172.70.46.103 - - [21/Sep/2026:15:51:32 +0800] "sdversushd.com:443" "GET /.env.dev HTTP/1.1" 301 166 "-" "Mozilla/5.0 (Macintosh; Intel Mac OS X 10_15_7) AppleWebKit/537.36 (KHTML, like Gecko, Yokohama Institute of Information Security https://www.iisec.ac.jp) Chrome/124.0.0.0 Safari/537.36" "130.12.180.117" [-,-,-|0.000]Request_Body: "-"
172.70.46.186 - - [21/Sep/2026:15:51:32 +0800] "www.sdversushd.com" "GET /.env.local HTTP/1.1" 404 28494 "http://www.sdversushd.com/.env.local" "Mozilla/5.0 (Macintosh; Intel Mac OS X 10_15_7) AppleWebKit/537.36 (KHTML, like Gecko, Yokohama Institute of Information Security https://www.iisec.ac.jp) Chrome/124.0.0.0 Safari/537.36" "130.12.180.117" [0.000,1.853,1.856|1.856]Request_Body: "-"
104.23.166.21 - - [21/Sep/2026:15:51:32 +0800] "sdversushd.com" "GET /.env.local HTTP/1.1" 301 166 "http://sdversushd.com:8080/.env.local" "Mozilla/5.0 (Macintosh; Intel Mac OS X 10_15_7) AppleWebKit/537.36 (KHTML, like Gecko, Yokohama Institute of Information Security https://www.iisec.ac.jp) Chrome/124.0.0.0 Safari/537.36" "130.12.180.117" [-,-,-|0.000]Request_Body: "-"
172.70.46.138 - - [21/Sep/2026:15:51:32 +0800] "sdversushd.com" "GET /.env.local HTTP/1.1" 301 166 "http://sdversushd.com:8880/.env.local" "Mozilla/5.0 (Macintosh; Intel Mac OS X 10_15_7) AppleWebKit/537.36 (KHTML, like Gecko, Yokohama Institute of Information Security https://www.iisec.ac.jp) Chrome/124.0.0.0 Safari/537.36" "130.12.180.117" [-,-,-|0.000]Request_Body: "-"
104.23.166.21 - - [21/Sep/2026:15:51:34 +0800] "sdversushd.com" "GET /.env.live HTTP/1.1" 301 166 "http://sdversushd.com:80/.env.live" "Mozilla/5.0 (Macintosh; Intel Mac OS X 10_15_7) AppleWebKit/537.36 (KHTML, like Gecko, Yokohama Institute of Information Security https://www.iisec.ac.jp) Chrome/124.0.0.0 Safari/537.36" "130.12.180.117" [-,-,-|0.000]Request_Body: "-"
172.70.46.103 - - [21/Sep/2026:15:51:34 +0800] "sdversushd.com:443" "GET /.env.stage HTTP/1.1" 301 166 "-" "Mozilla/5.0 (Macintosh; Intel Mac OS X 10_15_7) AppleWebKit/537.36 (KHTML, like Gecko, Yokohama Institute of Information Security https://www.iisec.ac.jp) Chrome/124.0.0.0 Safari/537.36" "130.12.180.117" [-,-,-|0.000]Request_Body: "-"
104.23.170.119 - - [21/Sep/2026:15:51:36 +0800] "www.sdversushd.com" "GET /.env.local HTTP/1.1" 404 28494 "http://www.sdversushd.com/.env.local" "Mozilla/5.0 (Macintosh; Intel Mac OS X 10_15_7) AppleWebKit/537.36 (KHTML, like Gecko, Yokohama Institute of Information Security https://www.iisec.ac.jp) Chrome/124.0.0.0 Safari/537.36" "130.12.180.117" [0.001,1.388,1.391|1.391]Request_Body: "-"
172.71.182.73 - - [21/Sep/2026:15:51:37 +0800] "sdversushd.com" "GET /.env.live HTTP/1.1" 301 166 "http://sdversushd.com:8080/.env.live" "Mozilla/5.0 (Macintosh; Intel Mac OS X 10_15_7) AppleWebKit/537.36 (KHTML, like Gecko, Yokohama Institute of Information Security https://www.iisec.ac.jp) Chrome/124.0.0.0 Safari/537.36" "130.12.180.117" [-,-,-|0.000]Request_Body: "-"
172.71.95.65 - - [21/Sep/2026:15:51:38 +0800] "www.sdversushd.com" "GET /.env.live HTTP/1.1" 404 28493 "http://www.sdversushd.com/.env.live" "Mozilla/5.0 (Macintosh; Intel Mac OS X 10_15_7) AppleWebKit/537.36 (KHTML, like Gecko, Yokohama Institute of Information Security https://www.iisec.ac.jp) Chrome/124.0.0.0 Safari/537.36" "130.12.180.117" [0.000,1.904,1.907|1.907]Request_Body: "-"
172.71.95.65 - - [21/Sep/2026:15:51:38 +0800] "www.sdversushd.com" "GET /.env.local HTTP/1.1" 404 28494 "http://www.sdversushd.com/.env.local" "Mozilla/5.0 (Macintosh; Intel Mac OS X 10_15_7) AppleWebKit/537.36 (KHTML, like Gecko, Yokohama Institute of Information Security https://www.iisec.ac.jp) Chrome/124.0.0.0 Safari/537.36" "130.12.180.117" [0.001,1.957,1.960|1.959]Request_Body: "-"
162.159.113.149 - - [21/Sep/2026:15:51:39 +0800] "www.sdversushd.com" "GET /.env.stage HTTP/1.1" 404 28495 "http://www.sdversushd.com/.env.stage" "Mozilla/5.0 (Macintosh; Intel Mac OS X 10_15_7) AppleWebKit/537.36 (KHTML, like Gecko, Yokohama Institute of Information Security https://www.iisec.ac.jp) Chrome/124.0.0.0 Safari/537.36" "130.12.180.117" [0.001,1.801,1.804|1.804]Request_Body: "-"
172.70.46.103 - - [21/Sep/2026:15:51:39 +0800] "sdversushd.com:443" "GET /env HTTP/1.1" 301 166 "-" "Mozilla/5.0 (Macintosh; Intel Mac OS X 10_15_7) AppleWebKit/537.36 (KHTML, like Gecko, Yokohama Institute of Information Security https://www.iisec.ac.jp) Chrome/124.0.0.0 Safari/537.36" "130.12.180.117" [-,-,-|0.000]Request_Body: "-"
104.23.170.195 - - [21/Sep/2026:15:51:39 +0800] "sdversushd.com" "GET /.env.dev HTTP/1.1" 301 166 "http://sdversushd.com:80/.env.dev" "Mozilla/5.0 (Macintosh; Intel Mac OS X 10_15_7) AppleWebKit/537.36 (KHTML, like Gecko, Yokohama Institute of Information Security https://www.iisec.ac.jp) Chrome/124.0.0.0 Safari/537.36" "130.12.180.117" [-,-,-|0.000]Request_Body: "-"
104.23.172.135 - - [21/Sep/2026:15:51:40 +0800] "sdversushd.com" "GET /.env.live HTTP/1.1" 301 166 "http://sdversushd.com:8880/.env.live" "Mozilla/5.0 (Macintosh; Intel Mac OS X 10_15_7) AppleWebKit/537.36 (KHTML, like Gecko, Yokohama Institute of Information Security https://www.iisec.ac.jp) Chrome/124.0.0.0 Safari/537.36" "130.12.180.117" [-,-,-|0.000]Request_Body: "-"
104.23.170.119 - - [21/Sep/2026:15:51:42 +0800] "www.sdversushd.com" "GET /.env.live HTTP/1.1" 404 28493 "http://www.sdversushd.com/.env.live" "Mozilla/5.0 (Macintosh; Intel Mac OS X 10_15_7) AppleWebKit/537.36 (KHTML, like Gecko, Yokohama Institute of Information Security https://www.iisec.ac.jp) Chrome/124.0.0.0 Safari/537.36" "130.12.180.117" [0.001,1.488,1.490|1.490]Request_Body: "-"
162.159.113.149 - - [21/Sep/2026:15:51:43 +0800] "www.sdversushd.com" "GET /env HTTP/1.1" 404 28487 "http://www.sdversushd.com/env" "Mozilla/5.0 (Macintosh; Intel Mac OS X 10_15_7) AppleWebKit/537.36 (KHTML, like Gecko, Yokohama Institute of Information Security https://www.iisec.ac.jp) Chrome/124.0.0.0 Safari/537.36" "130.12.180.117" [0.001,1.406,1.408|1.408]Request_Body: "-"
172.71.95.65 - - [21/Sep/2026:15:51:43 +0800] "www.sdversushd.com" "GET /.env.dev HTTP/1.1" 404 28500 "http://www.sdversushd.com/.env.dev" "Mozilla/5.0 (Macintosh; Intel Mac OS X 10_15_7) AppleWebKit/537.36 (KHTML, like Gecko, Yokohama Institute of Information Security https://www.iisec.ac.jp) Chrome/124.0.0.0 Safari/537.36" "130.12.180.117" [0.001,1.421,1.424|1.424]Request_Body: "-"
104.23.166.21 - - [21/Sep/2026:15:51:43 +0800] "sdversushd.com" "GET /.env.dev HTTP/1.1" 301 166 "http://sdversushd.com:8080/.env.dev" "Mozilla/5.0 (Macintosh; Intel Mac OS X 10_15_7) AppleWebKit/537.36 (KHTML, like Gecko, Yokohama Institute of Information Security https://www.iisec.ac.jp) Chrome/124.0.0.0 Safari/537.36" "130.12.180.117" [-,-,-|0.000]Request_Body: "-"
172.70.46.103 - - [21/Sep/2026:15:51:44 +0800] "sdversushd.com:443" "GET /config/.env HTTP/1.1" 301 166 "-" "Mozilla/5.0 (Macintosh; Intel Mac OS X 10_15_7) AppleWebKit/537.36 (KHTML, like Gecko, Yokohama Institute of Information Security https://www.iisec.ac.jp) Chrome/124.0.0.0 Safari/537.36" "130.12.180.117" [-,-,-|0.000]Request_Body: "-"
172.71.95.65 - - [21/Sep/2026:15:51:44 +0800] "www.sdversushd.com" "GET /.env.live HTTP/1.1" 404 28493 "http://www.sdversushd.com/.env.live" "Mozilla/5.0 (Macintosh; Intel Mac OS X 10_15_7) AppleWebKit/537.36 (KHTML, like Gecko, Yokohama Institute of Information Security https://www.iisec.ac.jp) Chrome/124.0.0.0 Safari/537.36" "130.12.180.117" [0.001,1.390,1.394|1.394]Request_Body: "-"
104.23.172.135 - - [21/Sep/2026:15:51:44 +0800] "sdversushd.com" "GET /.env.stage HTTP/1.1" 301 166 "http://sdversushd.com:80/.env.stage" "Mozilla/5.0 (Macintosh; Intel Mac OS X 10_15_7) AppleWebKit/537.36 (KHTML, like Gecko, Yokohama Institute of Information Security https://www.iisec.ac.jp) Chrome/124.0.0.0 Safari/537.36" "130.12.180.117" [-,-,-|0.000]Request_Body: "-"
172.71.103.124 - - [21/Sep/2026:15:51:45 +0800] "sdversushd.com" "GET /.env.dev HTTP/1.1" 301 166 "http://sdversushd.com:8880/.env.dev" "Mozilla/5.0 (Macintosh; Intel Mac OS X 10_15_7) AppleWebKit/537.36 (KHTML, like Gecko, Yokohama Institute of Information Security https://www.iisec.ac.jp) Chrome/124.0.0.0 Safari/537.36" "130.12.180.117" [-,-,-|0.000]Request_Body: "-"
104.23.170.119 - - [21/Sep/2026:15:51:46 +0800] "www.sdversushd.com" "GET /config/.env HTTP/1.1" 403 16923 "http://www.sdversushd.com/config/.env" "Mozilla/5.0 (Macintosh; Intel Mac OS X 10_15_7) AppleWebKit/537.36 (KHTML, like Gecko, Yokohama Institute of Information Security https://www.iisec.ac.jp) Chrome/124.0.0.0 Safari/537.36" "130.12.180.117" [-,-,-|0.000]Request_Body: "-"
172.70.46.103 - - [21/Sep/2026:15:51:46 +0800] "sdversushd.com:443" "GET /app/.env HTTP/1.1" 301 166 "-" "Mozilla/5.0 (Macintosh; Intel Mac OS X 10_15_7) AppleWebKit/537.36 (KHTML, like Gecko, Yokohama Institute of Information Security https://www.iisec.ac.jp) Chrome/124.0.0.0 Safari/537.36" "130.12.180.117" [-,-,-|0.000]Request_Body: "-"
104.23.170.119 - - [21/Sep/2026:15:51:47 +0800] "www.sdversushd.com" "GET /.env.dev HTTP/1.1" 404 28500 "http://www.sdversushd.com/.env.dev" "Mozilla/5.0 (Macintosh; Intel Mac OS X 10_15_7) AppleWebKit/537.36 (KHTML, like Gecko, Yokohama Institute of Information Security https://www.iisec.ac.jp) Chrome/124.0.0.0 Safari/537.36" "130.12.180.117" [0.001,1.315,1.318|1.318]Request_Body: "-"
104.23.170.119 - - [21/Sep/2026:15:51:48 +0800] "www.sdversushd.com" "GET /.env.stage HTTP/1.1" 404 28495 "http://www.sdversushd.com/.env.stage" "Mozilla/5.0 (Macintosh; Intel Mac OS X 10_15_7) AppleWebKit/537.36 (KHTML, like Gecko, Yokohama Institute of Information Security https://www.iisec.ac.jp) Chrome/124.0.0.0 Safari/537.36" "130.12.180.117" [0.001,1.411,1.414|1.414]Request_Body: "-"
104.23.166.21 - - [21/Sep/2026:15:51:48 +0800] "sdversushd.com" "GET /.env.stage HTTP/1.1" 301 166 "http://sdversushd.com:8080/.env.stage" "Mozilla/5.0 (Macintosh; Intel Mac OS X 10_15_7) AppleWebKit/537.36 (KHTML, like Gecko, Yokohama Institute of Information Security https://www.iisec.ac.jp) Chrome/124.0.0.0 Safari/537.36" "130.12.180.117" [-,-,-|0.000]Request_Body: "-"
172.71.98.244 - - [21/Sep/2026:15:51:48 +0800] "www.sdversushd.com" "GET /.env.dev HTTP/1.1" 404 28500 "http://www.sdversushd.com/.env.dev" "Mozilla/5.0 (Macintosh; Intel Mac OS X 10_15_7) AppleWebKit/537.36 (KHTML, like Gecko, Yokohama Institute of Information Security https://www.iisec.ac.jp) Chrome/124.0.0.0 Safari/537.36" "130.12.180.117" [0.001,1.305,1.309|1.308]Request_Body: "-"
104.23.170.119 - - [21/Sep/2026:15:51:48 +0800] "www.sdversushd.com" "GET /app/.env HTTP/1.1" 403 16923 "http://www.sdversushd.com/app/.env" "Mozilla/5.0 (Macintosh; Intel Mac OS X 10_15_7) AppleWebKit/537.36 (KHTML, like Gecko, Yokohama Institute of Information Security https://www.iisec.ac.jp) Chrome/124.0.0.0 Safari/537.36" "130.12.180.117" [-,-,-|0.000]Request_Body: "-"
172.70.46.103 - - [21/Sep/2026:15:51:49 +0800] "sdversushd.com:443" "GET /backend/.env HTTP/1.1" 301 166 "-" "Mozilla/5.0 (Macintosh; Intel Mac OS X 10_15_7) AppleWebKit/537.36 (KHTML, like Gecko, Yokohama Institute of Information Security https://www.iisec.ac.jp) Chrome/124.0.0.0 Safari/537.36" "130.12.180.117" [-,-,-|0.000]Request_Body: "-"
172.71.98.159 - - [21/Sep/2026:15:51:50 +0800] "sdversushd.com" "GET /.env.stage HTTP/1.1" 301 166 "http://sdversushd.com:8880/.env.stage" "Mozilla/5.0 (Macintosh; Intel Mac OS X 10_15_7) AppleWebKit/537.36 (KHTML, like Gecko, Yokohama Institute of Information Security https://www.iisec.ac.jp) Chrome/124.0.0.0 Safari/537.36" "130.12.180.117" [-,-,-|0.000]Request_Body: "-"
104.23.172.135 - - [21/Sep/2026:15:51:50 +0800] "sdversushd.com" "GET /config/.env HTTP/1.1" 301 166 "http://sdversushd.com:80/config/.env" "Mozilla/5.0 (Macintosh; Intel Mac OS X 10_15_7) AppleWebKit/537.36 (KHTML, like Gecko, Yokohama Institute of Information Security https://www.iisec.ac.jp) Chrome/124.0.0.0 Safari/537.36" "130.12.180.117" [-,-,-|0.000]Request_Body: "-"
104.23.166.157 - - [21/Sep/2026:15:51:51 +0800] "www.sdversushd.com" "GET /backend/.env HTTP/1.1" 403 16923 "http://www.sdversushd.com/backend/.env" "Mozilla/5.0 (Macintosh; Intel Mac OS X 10_15_7) AppleWebKit/537.36 (KHTML, like Gecko, Yokohama Institute of Information Security https://www.iisec.ac.jp) Chrome/124.0.0.0 Safari/537.36" "130.12.180.117" [-,-,-|0.000]Request_Body: "-"
104.23.168.2 - - [21/Sep/2026:15:51:52 +0800] "www.sdversushd.com" "GET /.env.stage HTTP/1.1" 404 28495 "http://www.sdversushd.com/.env.stage" "Mozilla/5.0 (Macintosh; Intel Mac OS X 10_15_7) AppleWebKit/537.36 (KHTML, like Gecko, Yokohama Institute of Information Security https://www.iisec.ac.jp) Chrome/124.0.0.0 Safari/537.36" "130.12.180.117" [0.001,1.489,1.492|1.492]Request_Body: "-"
104.23.170.119 - - [21/Sep/2026:15:51:53 +0800] "www.sdversushd.com" "GET /config/.env HTTP/1.1" 403 16923 "http://www.sdversushd.com/config/.env" "Mozilla/5.0 (Macintosh; Intel Mac OS X 10_15_7) AppleWebKit/537.36 (KHTML, like Gecko, Yokohama Institute of Information Security https://www.iisec.ac.jp) Chrome/124.0.0.0 Safari/537.36" "130.12.180.117" [-,-,-|0.000]Request_Body: "-"
172.70.46.103 - - [21/Sep/2026:15:51:53 +0800] "sdversushd.com:443" "GET /api/.env HTTP/1.1" 301 166 "-" "Mozilla/5.0 (Macintosh; Intel Mac OS X 10_15_7) AppleWebKit/537.36 (KHTML, like Gecko, Yokohama Institute of Information Security https://www.iisec.ac.jp) Chrome/124.0.0.0 Safari/537.36" "130.12.180.117" [-,-,-|0.000]Request_Body: "-"
172.71.103.124 - - [21/Sep/2026:15:51:54 +0800] "sdversushd.com" "GET /app/.env HTTP/1.1" 301 166 "http://sdversushd.com:80/app/.env" "Mozilla/5.0 (Macintosh; Intel Mac OS X 10_15_7) AppleWebKit/537.36 (KHTML, like Gecko, Yokohama Institute of Information Security https://www.iisec.ac.jp) Chrome/124.0.0.0 Safari/537.36" "130.12.180.117" [-,-,-|0.000]Request_Body: "-"
162.159.113.49 - - [21/Sep/2026:15:51:54 +0800] "sdversushd.com" "GET /config/.env HTTP/1.1" 301 166 "http://sdversushd.com:8080/config/.env" "Mozilla/5.0 (Macintosh; Intel Mac OS X 10_15_7) AppleWebKit/537.36 (KHTML, like Gecko, Yokohama Institute of Information Security https://www.iisec.ac.jp) Chrome/124.0.0.0 Safari/537.36" "130.12.180.117" [-,-,-|0.000]Request_Body: "-"
162.159.113.149 - - [21/Sep/2026:15:51:54 +0800] "www.sdversushd.com" "GET /.env.stage HTTP/1.1" 404 28495 "http://www.sdversushd.com/.env.stage" "Mozilla/5.0 (Macintosh; Intel Mac OS X 10_15_7) AppleWebKit/537.36 (KHTML, like Gecko, Yokohama Institute of Information Security https://www.iisec.ac.jp) Chrome/124.0.0.0 Safari/537.36" "130.12.180.117" [0.001,1.493,1.496|1.495]Request_Body: "-"
172.71.103.3 - - [21/Sep/2026:15:51:55 +0800] "www.sdversushd.com" "GET /api/.env HTTP/1.1" 403 16923 "http://www.sdversushd.com/api/.env" "Mozilla/5.0 (Macintosh; Intel Mac OS X 10_15_7) AppleWebKit/537.36 (KHTML, like Gecko, Yokohama Institute of Information Security https://www.iisec.ac.jp) Chrome/124.0.0.0 Safari/537.36" "130.12.180.117" [-,-,-|0.000]Request_Body: "-"
172.70.46.103 - - [21/Sep/2026:15:51:56 +0800] "sdversushd.com:443" "GET /application/.env HTTP/1.1" 301 166 "-" "Mozilla/5.0 (Macintosh; Intel Mac OS X 10_15_7) AppleWebKit/537.36 (KHTML, like Gecko, Yokohama Institute of Information Security https://www.iisec.ac.jp) Chrome/124.0.0.0 Safari/537.36" "130.12.180.117" [-,-,-|0.000]Request_Body: "-"
141.101.76.54 - - [21/Sep/2026:15:51:56 +0800] "www.sdversushd.com" "GET /app/.env HTTP/1.1" 403 16923 "http://www.sdversushd.com/app/.env" "Mozilla/5.0 (Macintosh; Intel Mac OS X 10_15_7) AppleWebKit/537.36 (KHTML, like Gecko, Yokohama Institute of Information Security https://www.iisec.ac.jp) Chrome/124.0.0.0 Safari/537.36" "130.12.180.117" [-,-,-|0.000]Request_Body: "-"
172.71.103.124 - - [21/Sep/2026:15:51:56 +0800] "sdversushd.com" "GET /config/.env HTTP/1.1" 301 166 "http://sdversushd.com:8880/config/.env" "Mozilla/5.0 (Macintosh; Intel Mac OS X 10_15_7) AppleWebKit/537.36 (KHTML, like Gecko, Yokohama Institute of Information Security https://www.iisec.ac.jp) Chrome/124.0.0.0 Safari/537.36" "130.12.180.117" [-,-,-|0.000]Request_Body: "-"
104.23.168.2 - - [21/Sep/2026:15:51:56 +0800] "www.sdversushd.com" "GET /config/.env HTTP/1.1" 403 16923 "http://www.sdversushd.com/config/.env" "Mozilla/5.0 (Macintosh; Intel Mac OS X 10_15_7) AppleWebKit/537.36 (KHTML, like Gecko, Yokohama Institute of Information Security https://www.iisec.ac.jp) Chrome/124.0.0.0 Safari/537.36" "130.12.180.117" [-,-,-|0.000]Request_Body: "-"
162.159.113.149 - - [21/Sep/2026:15:51:58 +0800] "www.sdversushd.com" "GET /application/.env HTTP/1.1" 403 16923 "http://www.sdversushd.com/application/.env" "Mozilla/5.0 (Macintosh; Intel Mac OS X 10_15_7) AppleWebKit/537.36 (KHTML, like Gecko, Yokohama Institute of Information Security https://www.iisec.ac.jp) Chrome/124.0.0.0 Safari/537.36" "130.12.180.117" [-,-,-|0.000]Request_Body: "-"
172.70.46.103 - - [21/Sep/2026:15:51:58 +0800] "sdversushd.com:443" "GET /functions/.env HTTP/1.1" 301 166 "-" "Mozilla/5.0 (Macintosh; Intel Mac OS X 10_15_7) AppleWebKit/537.36 (KHTML, like Gecko, Yokohama Institute of Information Security https://www.iisec.ac.jp) Chrome/124.0.0.0 Safari/537.36" "130.12.180.117" [-,-,-|0.000]Request_Body: "-"
104.23.166.21 - - [21/Sep/2026:15:51:58 +0800] "sdversushd.com" "GET /api/.env HTTP/1.1" 301 166 "http://sdversushd.com:80/api/.env" "Mozilla/5.0 (Macintosh; Intel Mac OS X 10_15_7) AppleWebKit/537.36 (KHTML, like Gecko, Yokohama Institute of Information Security https://www.iisec.ac.jp) Chrome/124.0.0.0 Safari/537.36" "130.12.180.117" [-,-,-|0.000]Request_Body: "-"
172.70.46.187 - - [21/Sep/2026:15:51:58 +0800] "www.sdversushd.com" "GET /config/.env HTTP/1.1" 403 16923 "http://www.sdversushd.com/config/.env" "Mozilla/5.0 (Macintosh; Intel Mac OS X 10_15_7) AppleWebKit/537.36 (KHTML, like Gecko, Yokohama Institute of Information Security https://www.iisec.ac.jp) Chrome/124.0.0.0 Safari/537.36" "130.12.180.117" [-,-,-|0.000]Request_Body: "-"
104.23.166.21 - - [21/Sep/2026:15:51:59 +0800] "sdversushd.com" "GET /app/.env HTTP/1.1" 301 166 "http://sdversushd.com:8080/app/.env" "Mozilla/5.0 (Macintosh; Intel Mac OS X 10_15_7) AppleWebKit/537.36 (KHTML, like Gecko, Yokohama Institute of Information Security https://www.iisec.ac.jp) Chrome/124.0.0.0 Safari/537.36" "130.12.180.117" [-,-,-|0.000]Request_Body: "-"
104.23.166.21 - - [21/Sep/2026:15:51:59 +0800] "sdversushd.com" "GET /app/.env HTTP/1.1" 301 166 "http://sdversushd.com:8880/app/.env" "Mozilla/5.0 (Macintosh; Intel Mac OS X 10_15_7) AppleWebKit/537.36 (KHTML, like Gecko, Yokohama Institute of Information Security https://www.iisec.ac.jp) Chrome/124.0.0.0 Safari/537.36" "130.12.180.117" [-,-,-|0.000]Request_Body: "-"
104.23.166.157 - - [21/Sep/2026:15:51:59 +0800] "www.sdversushd.com" "GET /functions/.env HTTP/1.1" 403 16923 "http://www.sdversushd.com/functions/.env" "Mozilla/5.0 (Macintosh; Intel Mac OS X 10_15_7) AppleWebKit/537.36 (KHTML, like Gecko, Yokohama Institute of Information Security https://www.iisec.ac.jp) Chrome/124.0.0.0 Safari/537.36" "130.12.180.117" [-,-,-|0.000]Request_Body: "-"
104.23.168.2 - - [21/Sep/2026:15:52:00 +0800] "www.sdversushd.com" "GET /app/.env HTTP/1.1" 403 16923 "http://www.sdversushd.com/app/.env" "Mozilla/5.0 (Macintosh; Intel Mac OS X 10_15_7) AppleWebKit/537.36 (KHTML, like Gecko, Yokohama Institute of Information Security https://www.iisec.ac.jp) Chrome/124.0.0.0 Safari/537.36" "130.12.180.117" [-,-,-|0.000]Request_Body: "-"
104.23.172.86 - - [21/Sep/2026:15:52:00 +0800] "www.sdversushd.com" "GET /api/.env HTTP/1.1" 403 16923 "http://www.sdversushd.com/api/.env" "Mozilla/5.0 (Macintosh; Intel Mac OS X 10_15_7) AppleWebKit/537.36 (KHTML, like Gecko, Yokohama Institute of Information Security https://www.iisec.ac.jp) Chrome/124.0.0.0 Safari/537.36" "130.12.180.117" [-,-,-|0.000]Request_Body: "-"
162.159.113.49 - - [21/Sep/2026:15:52:02 +0800] "sdversushd.com" "GET /application/.env HTTP/1.1" 301 166 "http://sdversushd.com:80/application/.env" "Mozilla/5.0 (Macintosh; Intel Mac OS X 10_15_7) AppleWebKit/537.36 (KHTML, like Gecko, Yokohama Institute of Information Security https://www.iisec.ac.jp) Chrome/124.0.0.0 Safari/537.36" "130.12.180.117" [-,-,-|0.000]Request_Body: "-"
104.22.109.20 - - [21/Sep/2026:15:52:02 +0800] "www.sdversushd.com" "GET /app/.env HTTP/1.1" 403 16923 "http://www.sdversushd.com/app/.env" "Mozilla/5.0 (Macintosh; Intel Mac OS X 10_15_7) AppleWebKit/537.36 (KHTML, like Gecko, Yokohama Institute of Information Security https://www.iisec.ac.jp) Chrome/124.0.0.0 Safari/537.36" "130.12.180.117" [-,-,-|0.000]Request_Body: "-"
172.71.98.244 - - [21/Sep/2026:15:52:03 +0800] "www.sdversushd.com" "GET /application/.env HTTP/1.1" 403 16923 "http://www.sdversushd.com/application/.env" "Mozilla/5.0 (Macintosh; Intel Mac OS X 10_15_7) AppleWebKit/537.36 (KHTML, like Gecko, Yokohama Institute of Information Security https://www.iisec.ac.jp) Chrome/124.0.0.0 Safari/537.36" "130.12.180.117" [-,-,-|0.000]Request_Body: "-"
172.71.103.124 - - [21/Sep/2026:15:52:03 +0800] "sdversushd.com" "GET /api/.env HTTP/1.1" 301 166 "http://sdversushd.com:8080/api/.env" "Mozilla/5.0 (Macintosh; Intel Mac OS X 10_15_7) AppleWebKit/537.36 (KHTML, like Gecko, Yokohama Institute of Information Security https://www.iisec.ac.jp) Chrome/124.0.0.0 Safari/537.36" "130.12.180.117" [-,-,-|0.000]Request_Body: "-"
172.71.182.73 - - [21/Sep/2026:15:52:04 +0800] "sdversushd.com" "GET /api/.env HTTP/1.1" 301 166 "http://sdversushd.com:8880/api/.env" "Mozilla/5.0 (Macintosh; Intel Mac OS X 10_15_7) AppleWebKit/537.36 (KHTML, like Gecko, Yokohama Institute of Information Security https://www.iisec.ac.jp) Chrome/124.0.0.0 Safari/537.36" "130.12.180.117" [-,-,-|0.000]Request_Body: "-"
104.23.170.195 - - [21/Sep/2026:15:52:05 +0800] "sdversushd.com" "GET /functions/.env HTTP/1.1" 301 166 "http://sdversushd.com:80/functions/.env" "Mozilla/5.0 (Macintosh; Intel Mac OS X 10_15_7) AppleWebKit/537.36 (KHTML, like Gecko, Yokohama Institute of Information Security https://www.iisec.ac.jp) Chrome/124.0.0.0 Safari/537.36" "130.12.180.117" [-,-,-|0.000]Request_Body: "-"
