File: //www/sites/baggubowlerbag.com/log/access.log
104.22.69.164 - - [22/Sep/2026:04:12:00 +0800] "baggubowlerbag.com" "GET /readme.html HTTP/1.1" 301 166 "-" "Mozilla/5.0 (Windows NT 10.0; Win64; x64) AppleWebKit/537.36 (KHTML, like Gecko) Chrome/151.0.0.0 Safari/537.36" "87.57.247.174" [-,-,-|0.000]Request_Body: "-"
104.22.69.164 - - [22/Sep/2026:04:12:30 +0800] "baggubowlerbag.com" "GET /readme.html HTTP/1.1" 301 166 "-" "Mozilla/5.0 (Windows NT 10.0; Win64; x64) AppleWebKit/537.36 (KHTML, like Gecko) Chrome/151.0.0.0 Safari/537.36" "87.57.247.174" [-,-,-|0.000]Request_Body: "-"
104.22.69.164 - - [22/Sep/2026:04:13:00 +0800] "baggubowlerbag.com" "GET /wp-json/ HTTP/1.1" 301 166 "-" "Mozilla/5.0 (Windows NT 10.0; Win64; x64) AppleWebKit/537.36 (KHTML, like Gecko) Chrome/151.0.0.0 Safari/537.36" "87.57.247.174" [-,-,-|0.000]Request_Body: "-"
104.22.69.4 - - [22/Sep/2026:04:13:18 +0800] "www.baggubowlerbag.com" "GET /readme.html HTTP/1.1" 404 29345 "-" "Mozilla/5.0 (Windows NT 10.0; Win64; x64) AppleWebKit/537.36 (KHTML, like Gecko) Chrome/151.0.0.0 Safari/537.36" "80.208.64.91" [0.001,47.737,47.746|47.746]Request_Body: "-"
104.22.69.164 - - [22/Sep/2026:04:13:30 +0800] "baggubowlerbag.com" "GET /wp-json/ HTTP/1.1" 301 166 "-" "Mozilla/5.0 (Windows NT 10.0; Win64; x64) AppleWebKit/537.36 (KHTML, like Gecko) Chrome/151.0.0.0 Safari/537.36" "87.57.247.174" [-,-,-|0.000]Request_Body: "-"
104.22.69.4 - - [22/Sep/2026:04:13:47 +0800] "www.baggubowlerbag.com" "GET /wp-json/ HTTP/1.1" 200 161674 "-" "Mozilla/5.0 (Windows NT 10.0; Win64; x64) AppleWebKit/537.36 (KHTML, like Gecko) Chrome/151.0.0.0 Safari/537.36" "80.208.64.91" [0.001,46.936,46.945|47.092]Request_Body: "-"
104.22.69.4 - - [22/Sep/2026:04:13:51 +0800] "www.baggubowlerbag.com" "GET /readme.html HTTP/1.1" 404 29345 "-" "Mozilla/5.0 (Windows NT 10.0; Win64; x64) AppleWebKit/537.36 (KHTML, like Gecko) Chrome/151.0.0.0 Safari/537.36" "80.208.64.91" [0.001,109.948,109.957|109.957]Request_Body: "-"
104.22.69.164 - - [22/Sep/2026:04:14:01 +0800] "baggubowlerbag.com" "GET /wp-json/wp/v2/users?_fields=slug&per_page=100&page=1 HTTP/1.1" 301 166 "-" "Mozilla/5.0 (Windows NT 10.0; Win64; x64) AppleWebKit/537.36 (KHTML, like Gecko) Chrome/151.0.0.0 Safari/537.36" "87.57.247.174" [-,-,-|0.000]Request_Body: "-"
104.22.69.4 - - [22/Sep/2026:04:14:14 +0800] "www.baggubowlerbag.com" "GET /wp-json/ HTTP/1.1" 200 155256 "-" "Mozilla/5.0 (Windows NT 10.0; Win64; x64) AppleWebKit/537.36 (KHTML, like Gecko) Chrome/151.0.0.0 Safari/537.36" "80.208.64.91" [0.001,42.488,42.507|42.643]Request_Body: "-"
104.22.69.4 - - [22/Sep/2026:04:14:30 +0800] "www.baggubowlerbag.com" "GET /wp-json/wp/v2/users?_fields=slug&per_page=100&page=1 HTTP/1.1" 200 29 "-" "Mozilla/5.0 (Windows NT 10.0; Win64; x64) AppleWebKit/537.36 (KHTML, like Gecko) Chrome/151.0.0.0 Safari/537.36" "80.208.64.91" [0.001,28.516,28.516|28.516]Request_Body: "-"
104.22.69.164 - - [22/Sep/2026:04:14:31 +0800] "baggubowlerbag.com" "GET /?rest_route=/wp/v2/users&_fields=slug&per_page=100&page=1 HTTP/1.1" 301 166 "-" "Mozilla/5.0 (Windows NT 10.0; Win64; x64) AppleWebKit/537.36 (KHTML, like Gecko) Chrome/151.0.0.0 Safari/537.36" "87.57.247.174" [-,-,-|0.000]Request_Body: "-"
104.22.69.4 - - [22/Sep/2026:04:14:54 +0800] "www.baggubowlerbag.com" "GET /?rest_route=/wp/v2/users&_fields=slug&per_page=100&page=1 HTTP/1.1" 200 29 "-" "Mozilla/5.0 (Windows NT 10.0; Win64; x64) AppleWebKit/537.36 (KHTML, like Gecko) Chrome/151.0.0.0 Safari/537.36" "80.208.64.91" [0.001,22.556,22.560|22.559]Request_Body: "-"
104.22.69.164 - - [22/Sep/2026:04:14:54 +0800] "baggubowlerbag.com" "GET /feed/ HTTP/1.1" 301 166 "-" "Mozilla/5.0 (Windows NT 10.0; Win64; x64) AppleWebKit/537.36 (KHTML, like Gecko) Chrome/151.0.0.0 Safari/537.36" "87.57.247.174" [-,-,-|0.000]Request_Body: "-"
104.22.69.4 - - [22/Sep/2026:04:15:11 +0800] "www.baggubowlerbag.com" "GET /feed/ HTTP/1.1" 200 877 "-" "Mozilla/5.0 (Windows NT 10.0; Win64; x64) AppleWebKit/537.36 (KHTML, like Gecko) Chrome/151.0.0.0 Safari/537.36" "80.208.64.91" [0.000,16.564,16.564|16.564]Request_Body: "-"
104.22.69.164 - - [22/Sep/2026:04:15:11 +0800] "baggubowlerbag.com" "GET /feed/atom/ HTTP/1.1" 301 166 "-" "Mozilla/5.0 (Windows NT 10.0; Win64; x64) AppleWebKit/537.36 (KHTML, like Gecko) Chrome/151.0.0.0 Safari/537.36" "87.57.247.174" [-,-,-|0.000]Request_Body: "-"
104.22.69.4 - - [22/Sep/2026:04:15:24 +0800] "www.baggubowlerbag.com" "GET /feed/atom/ HTTP/1.1" 200 634 "-" "Mozilla/5.0 (Windows NT 10.0; Win64; x64) AppleWebKit/537.36 (KHTML, like Gecko) Chrome/151.0.0.0 Safari/537.36" "80.208.64.91" [0.001,12.016,12.016|12.016]Request_Body: "-"
104.22.69.164 - - [22/Sep/2026:04:15:24 +0800] "baggubowlerbag.com" "GET /rss/ HTTP/1.1" 301 166 "-" "Mozilla/5.0 (Windows NT 10.0; Win64; x64) AppleWebKit/537.36 (KHTML, like Gecko) Chrome/151.0.0.0 Safari/537.36" "87.57.247.174" [-,-,-|0.000]Request_Body: "-"
104.22.69.4 - - [22/Sep/2026:04:15:34 +0800] "www.baggubowlerbag.com" "GET /rss/ HTTP/1.1" 301 5 "-" "Mozilla/5.0 (Windows NT 10.0; Win64; x64) AppleWebKit/537.36 (KHTML, like Gecko) Chrome/151.0.0.0 Safari/537.36" "80.208.64.91" [0.001,10.327,10.327|10.326]Request_Body: "-"
104.22.69.4 - - [22/Sep/2026:04:15:39 +0800] "www.baggubowlerbag.com" "GET /feed/ HTTP/1.1" 200 877 "-" "Mozilla/5.0 (Windows NT 10.0; Win64; x64) AppleWebKit/537.36 (KHTML, like Gecko) Chrome/151.0.0.0 Safari/537.36" "80.208.64.91" [0.000,4.503,4.503|4.503]Request_Body: "-"
104.22.69.164 - - [22/Sep/2026:04:15:39 +0800] "baggubowlerbag.com" "GET /wp-sitemap-users-1.xml HTTP/1.1" 301 166 "-" "Mozilla/5.0 (Windows NT 10.0; Win64; x64) AppleWebKit/537.36 (KHTML, like Gecko) Chrome/151.0.0.0 Safari/537.36" "87.57.247.174" [-,-,-|0.000]Request_Body: "-"
104.22.69.4 - - [22/Sep/2026:04:15:42 +0800] "www.baggubowlerbag.com" "GET /wp-sitemap-users-1.xml HTTP/1.1" 301 5 "-" "Mozilla/5.0 (Windows NT 10.0; Win64; x64) AppleWebKit/537.36 (KHTML, like Gecko) Chrome/151.0.0.0 Safari/537.36" "80.208.64.91" [0.001,2.312,2.312|2.311]Request_Body: "-"
104.22.69.4 - - [22/Sep/2026:04:15:46 +0800] "www.baggubowlerbag.com" "GET /author-sitemap.xml HTTP/1.1" 404 26087 "-" "Mozilla/5.0 (Windows NT 10.0; Win64; x64) AppleWebKit/537.36 (KHTML, like Gecko) Chrome/151.0.0.0 Safari/537.36" "80.208.64.91" [0.001,3.529,3.533|3.533]Request_Body: "-"
104.22.69.164 - - [22/Sep/2026:04:15:46 +0800] "baggubowlerbag.com" "GET /author-sitemap.xml HTTP/1.1" 301 166 "-" "Mozilla/5.0 (Windows NT 10.0; Win64; x64) AppleWebKit/537.36 (KHTML, like Gecko) Chrome/151.0.0.0 Safari/537.36" "87.57.247.174" [-,-,-|0.000]Request_Body: "-"
104.22.69.4 - - [22/Sep/2026:04:15:48 +0800] "www.baggubowlerbag.com" "GET /author-sitemap.xml HTTP/1.1" 404 26087 "-" "Mozilla/5.0 (Windows NT 10.0; Win64; x64) AppleWebKit/537.36 (KHTML, like Gecko) Chrome/151.0.0.0 Safari/537.36" "80.208.64.91" [0.000,1.658,1.661|1.661]Request_Body: "-"
104.22.69.164 - - [22/Sep/2026:04:15:49 +0800] "baggubowlerbag.com" "GET /sitemap.xml HTTP/1.1" 301 166 "-" "Mozilla/5.0 (Windows NT 10.0; Win64; x64) AppleWebKit/537.36 (KHTML, like Gecko) Chrome/151.0.0.0 Safari/537.36" "87.57.247.174" [-,-,-|0.000]Request_Body: "-"
104.22.69.4 - - [22/Sep/2026:04:15:50 +0800] "www.baggubowlerbag.com" "GET /sitemap.xml HTTP/1.1" 301 5 "-" "Mozilla/5.0 (Windows NT 10.0; Win64; x64) AppleWebKit/537.36 (KHTML, like Gecko) Chrome/151.0.0.0 Safari/537.36" "80.208.64.91" [0.000,1.258,1.258|1.258]Request_Body: "-"
104.22.69.4 - - [22/Sep/2026:04:15:52 +0800] "www.baggubowlerbag.com" "GET /sitemap_index.xml HTTP/1.1" 200 705 "-" "Mozilla/5.0 (Windows NT 10.0; Win64; x64) AppleWebKit/537.36 (KHTML, like Gecko) Chrome/151.0.0.0 Safari/537.36" "80.208.64.91" [0.000,1.348,1.349|1.349]Request_Body: "-"
104.22.69.164 - - [22/Sep/2026:04:15:52 +0800] "baggubowlerbag.com" "GET /wp-json/wp/v2/posts?per_page=20&_embed=author&_fields=_embedded HTTP/1.1" 301 166 "-" "Mozilla/5.0 (Windows NT 10.0; Win64; x64) AppleWebKit/537.36 (KHTML, like Gecko) Chrome/151.0.0.0 Safari/537.36" "87.57.247.174" [-,-,-|0.000]Request_Body: "-"
104.22.69.4 - - [22/Sep/2026:04:15:54 +0800] "www.baggubowlerbag.com" "GET /wp-json/wp/v2/posts?per_page=20&_embed=author&_fields=_embedded HTTP/1.1" 200 12 "-" "Mozilla/5.0 (Windows NT 10.0; Win64; x64) AppleWebKit/537.36 (KHTML, like Gecko) Chrome/151.0.0.0 Safari/537.36" "80.208.64.91" [0.000,1.239,1.239|1.239]Request_Body: "-"
104.22.69.164 - - [22/Sep/2026:04:15:54 +0800] "baggubowlerbag.com" "GET /wp-json/oembed/1.0/embed?url=https%3A%2F%2Fbaggubowlerbag.com&format=json HTTP/1.1" 301 166 "-" "Mozilla/5.0 (Windows NT 10.0; Win64; x64) AppleWebKit/537.36 (KHTML, like Gecko) Chrome/151.0.0.0 Safari/537.36" "87.57.247.174" [-,-,-|0.000]Request_Body: "-"
104.22.69.4 - - [22/Sep/2026:04:15:56 +0800] "www.baggubowlerbag.com" "GET /wp-json/oembed/1.0/embed?url=https%3A%2F%2Fbaggubowlerbag.com&format=json HTTP/1.1" 200 2344 "-" "Mozilla/5.0 (Windows NT 10.0; Win64; x64) AppleWebKit/537.36 (KHTML, like Gecko) Chrome/151.0.0.0 Safari/537.36" "80.208.64.91" [0.001,1.242,1.242|1.242]Request_Body: "-"
104.22.69.164 - - [22/Sep/2026:04:15:56 +0800] "baggubowlerbag.com" "POST /graphql HTTP/1.1" 301 166 "-" "Mozilla/5.0 (Windows NT 10.0; Win64; x64) AppleWebKit/537.36 (KHTML, like Gecko) Chrome/151.0.0.0 Safari/537.36" "87.57.247.174" [-,-,-|0.000]Request_Body: "-"
104.22.69.4 - - [22/Sep/2026:04:15:58 +0800] "www.baggubowlerbag.com" "GET /graphql HTTP/1.1" 404 29342 "-" "Mozilla/5.0 (Windows NT 10.0; Win64; x64) AppleWebKit/537.36 (KHTML, like Gecko) Chrome/151.0.0.0 Safari/537.36" "80.208.64.91" [0.001,1.282,1.284|1.284]Request_Body: "-"
104.22.69.164 - - [22/Sep/2026:04:15:58 +0800] "baggubowlerbag.com" "POST /api/graphql HTTP/1.1" 301 166 "-" "Mozilla/5.0 (Windows NT 10.0; Win64; x64) AppleWebKit/537.36 (KHTML, like Gecko) Chrome/151.0.0.0 Safari/537.36" "87.57.247.174" [-,-,-|0.000]Request_Body: "-"
104.22.69.4 - - [22/Sep/2026:04:16:00 +0800] "www.baggubowlerbag.com" "GET /api/graphql HTTP/1.1" 404 29346 "-" "Mozilla/5.0 (Windows NT 10.0; Win64; x64) AppleWebKit/537.36 (KHTML, like Gecko) Chrome/151.0.0.0 Safari/537.36" "80.208.64.91" [0.001,1.515,1.519|1.519]Request_Body: "-"
104.22.69.164 - - [22/Sep/2026:04:16:00 +0800] "baggubowlerbag.com" "GET /?rest_route=/wp/v2/users&_jsonp=callback&per_page=100&_fields=id,slug HTTP/1.1" 301 166 "-" "Mozilla/5.0 (Windows NT 10.0; Win64; x64) AppleWebKit/537.36 (KHTML, like Gecko) Chrome/151.0.0.0 Safari/537.36" "87.57.247.174" [-,-,-|0.000]Request_Body: "-"
104.22.69.4 - - [22/Sep/2026:04:16:02 +0800] "www.baggubowlerbag.com" "GET /?rest_route=/wp/v2/users&_jsonp=callback&per_page=100&_fields=id,slug HTTP/1.1" 200 70 "-" "Mozilla/5.0 (Windows NT 10.0; Win64; x64) AppleWebKit/537.36 (KHTML, like Gecko) Chrome/151.0.0.0 Safari/537.36" "80.208.64.91" [0.001,1.322,1.322|1.322]Request_Body: "-"
172.71.223.201 - - [22/Sep/2026:04:32:35 +0800] "www.baggubowlerbag.com" "GET /product/fanny-pack-charm-butter/ HTTP/1.1" 200 40939 "-" "Mozilla/5.0 AppleWebKit/537.36 (KHTML, like Gecko; compatible; bingbot/2.0; +http://www.bing.com/bingbot.htm) Chrome/116.0.1938.76 Safari/537.36" "40.77.167.72" [0.000,50.265,50.282|50.282]Request_Body: "-"
162.159.106.172 - - [22/Sep/2026:04:44:41 +0800] "www.baggubowlerbag.com" "GET /category/not-bags/pouches-cases/cosmetic-cases/?per_page=9 HTTP/1.1" 200 36569 "-" "Mozilla/5.0 (Linux; Android 6.0.1; Nexus 5X Build/MMB29P) AppleWebKit/537.36 (KHTML, like Gecko) Chrome/153.0.8010.52 Mobile Safari/537.36 (compatible; Googlebot/2.1; +http://www.google.com/bot.html)" "66.249.73.97" [0.000,1.329,1.332|1.333]Request_Body: "-"
172.68.27.83 - - [22/Sep/2026:04:44:43 +0800] "www.baggubowlerbag.com" "GET /category/best-sellers/page/1/?shop_view=list&per_page=12 HTTP/1.1" 301 5 "-" "Mozilla/5.0 (Linux; Android 6.0.1; Nexus 5X Build/MMB29P) AppleWebKit/537.36 (KHTML, like Gecko) Chrome/153.0.8010.52 Mobile Safari/537.36 (compatible; Googlebot/2.1; +http://www.google.com/bot.html)" "66.249.73.103" [0.001,0.979,0.979|0.979]Request_Body: "-"
104.22.148.57 - - [22/Sep/2026:04:44:44 +0800] "www.baggubowlerbag.com" "GET /category/best-sellers/?shop_view=list&per_page=12 HTTP/1.1" 200 37624 "-" "Mozilla/5.0 (Linux; Android 6.0.1; Nexus 5X Build/MMB29P) AppleWebKit/537.36 (KHTML, like Gecko) Chrome/153.0.8010.52 Mobile Safari/537.36 (compatible; Googlebot/2.1; +http://www.google.com/bot.html)" "66.249.73.96" [0.000,1.426,1.434|1.436]Request_Body: "-"
172.69.65.139 - - [22/Sep/2026:04:44:48 +0800] "www.baggubowlerbag.com" "GET /wp-content/plugins/woodmart-multi-currency/assets/flags/au.svg HTTP/1.1" 304 0 "https://www.baggubowlerbag.com/category/not-bags/pouches-cases/cosmetic-cases/?per_page=9" "Mozilla/5.0 (Linux; Android 6.0.1; Nexus 5X Build/MMB29P) AppleWebKit/537.36 (KHTML, like Gecko) Chrome/153.0.8010.52 Mobile Safari/537.36 (compatible; Googlebot/2.1; +http://www.google.com/bot.html)" "66.249.73.96" [-,-,-|0.000]Request_Body: "-"
172.71.166.24 - - [22/Sep/2026:04:44:49 +0800] "www.baggubowlerbag.com" "GET /wp-content/themes/woodmart/css/parts/header-el-base.min.css?ver=8.2.7 HTTP/1.1" 304 0 "https://www.baggubowlerbag.com/category/best-sellers/?shop_view=list&per_page=12" "Mozilla/5.0 (Linux; Android 6.0.1; Nexus 5X Build/MMB29P) AppleWebKit/537.36 (KHTML, like Gecko) Chrome/153.0.8010.52 Mobile Safari/537.36 (compatible; Googlebot/2.1; +http://www.google.com/bot.html)" "66.249.73.103" [-,-,-|0.000]Request_Body: "-"
172.69.67.76 - - [22/Sep/2026:04:44:49 +0800] "www.baggubowlerbag.com" "GET /wp-content/themes/woodmart/css/parts/header-el-search.min.css?ver=8.2.7 HTTP/1.1" 304 0 "https://www.baggubowlerbag.com/category/best-sellers/?shop_view=list&per_page=12" "Mozilla/5.0 (Linux; Android 6.0.1; Nexus 5X Build/MMB29P) AppleWebKit/537.36 (KHTML, like Gecko) Chrome/153.0.8010.52 Mobile Safari/537.36 (compatible; Googlebot/2.1; +http://www.google.com/bot.html)" "66.249.73.96" [-,-,-|0.000]Request_Body: "-"
172.69.67.172 - - [22/Sep/2026:04:44:50 +0800] "www.baggubowlerbag.com" "GET /wp-content/themes/woodmart/css/parts/woo-widget-shopping-cart.min.css?ver=8.2.7 HTTP/1.1" 304 0 "https://www.baggubowlerbag.com/category/best-sellers/?shop_view=list&per_page=12" "Mozilla/5.0 (Linux; Android 6.0.1; Nexus 5X Build/MMB29P) AppleWebKit/537.36 (KHTML, like Gecko) Chrome/153.0.8010.52 Mobile Safari/537.36 (compatible; Googlebot/2.1; +http://www.google.com/bot.html)" "66.249.73.103" [-,-,-|0.000]Request_Body: "-"
172.69.65.223 - - [22/Sep/2026:04:44:50 +0800] "www.baggubowlerbag.com" "GET /wp-content/plugins/elementor/assets/js/webpack.runtime.min.js?ver=3.31.1 HTTP/1.1" 304 0 "https://www.baggubowlerbag.com/category/best-sellers/?shop_view=list&per_page=12" "Mozilla/5.0 (Linux; Android 6.0.1; Nexus 5X Build/MMB29P) AppleWebKit/537.36 (KHTML, like Gecko) Chrome/153.0.8010.52 Mobile Safari/537.36 (compatible; Googlebot/2.1; +http://www.google.com/bot.html)" "66.249.73.96" [-,-,-|0.000]Request_Body: "-"
172.68.26.153 - - [22/Sep/2026:04:44:50 +0800] "www.baggubowlerbag.com" "GET /wp-content/themes/woodmart/css/parts/int-elem-opt-off-canvas-column.min.css?ver=8.2.7 HTTP/1.1" 200 527 "https://www.baggubowlerbag.com/category/best-sellers/?shop_view=list&per_page=12" "Mozilla/5.0 (Linux; Android 6.0.1; Nexus 5X Build/MMB29P) AppleWebKit/537.36 (KHTML, like Gecko) Chrome/153.0.8010.52 Mobile Safari/537.36 (compatible; Googlebot/2.1; +http://www.google.com/bot.html)" "66.249.73.96" [-,-,-|0.000]Request_Body: "-"
172.69.65.116 - - [22/Sep/2026:04:44:50 +0800] "www.baggubowlerbag.com" "GET /wp-content/themes/woodmart/js/scripts/wc/stickySidebarBtn.min.js?ver=8.2.7 HTTP/1.1" 200 592 "https://www.baggubowlerbag.com/category/best-sellers/?shop_view=list&per_page=12" "Mozilla/5.0 (Linux; Android 6.0.1; Nexus 5X Build/MMB29P) AppleWebKit/537.36 (KHTML, like Gecko) Chrome/153.0.8010.52 Mobile Safari/537.36 (compatible; Googlebot/2.1; +http://www.google.com/bot.html)" "66.249.73.96" [-,-,-|0.000]Request_Body: "-"
198.41.227.185 - - [22/Sep/2026:05:14:28 +0800] "www.baggubowlerbag.com" "GET /category/new-arrivals/new-arrivals-new-arrivals/page/7/?stock_status=instock&per_page=18&shop_view=grid&per_row=3 HTTP/1.1" 200 39852 "-" "Mozilla/5.0 (Linux; Android 6.0.1; Nexus 5X Build/MMB29P) AppleWebKit/537.36 (KHTML, like Gecko) Chrome/153.0.8010.52 Mobile Safari/537.36 (compatible; Googlebot/2.1; +http://www.google.com/bot.html)" "66.249.73.102" [0.000,106.381,106.486|106.487]Request_Body: "-"
104.23.190.168 - - [22/Sep/2026:05:14:59 +0800] "www.baggubowlerbag.com" "GET /product/nylon-pochette-mahogany/ HTTP/1.1" 200 40632 "-" "Mozilla/5.0 AppleWebKit/537.36 (KHTML, like Gecko; compatible; bingbot/2.0; +http://www.bing.com/bingbot.htm) Chrome/116.0.1938.76 Safari/537.36" "40.77.167.59" [0.000,52.539,52.552|52.552]Request_Body: "-"
172.70.94.42 - - [22/Sep/2026:05:20:38 +0800] "www.baggubowlerbag.com" "GET /product/standard-baggu-set-of-3-get-ready-with-me/ HTTP/1.1" 200 39329 "-" "Mozilla/5.0 (Linux; Android 6.0.1; Nexus 5X Build/MMB29P) AppleWebKit/537.36 (KHTML, like Gecko) Chrome/153.0.8010.52 Mobile Safari/537.36 (compatible; Googlebot/2.1; +http://www.google.com/bot.html)" "66.249.73.102" [0.000,53.310,53.323|53.324]Request_Body: "-"
172.71.170.219 - - [22/Sep/2026:05:20:57 +0800] "www.baggubowlerbag.com" "GET /wp-content/themes/woodmart/css/parts/el-accordion-wpb-elem.min.css?ver=8.2.7 HTTP/1.1" 304 0 "https://www.baggubowlerbag.com/product/standard-baggu-set-of-3-get-ready-with-me/" "Mozilla/5.0 (Linux; Android 6.0.1; Nexus 5X Build/MMB29P) AppleWebKit/537.36 (KHTML, like Gecko) Chrome/153.0.8010.52 Mobile Safari/537.36 (compatible; Googlebot/2.1; +http://www.google.com/bot.html)" "66.249.73.100" [-,-,-|0.000]Request_Body: "-"
198.41.227.69 - - [22/Sep/2026:05:20:58 +0800] "www.baggubowlerbag.com" "GET /wp-content/themes/woodmart/css/parts/woo-single-prod-and-quick-view-predefined.min.css?ver=8.2.7 HTTP/1.1" 200 533 "https://www.baggubowlerbag.com/product/standard-baggu-set-of-3-get-ready-with-me/" "Mozilla/5.0 (Linux; Android 6.0.1; Nexus 5X Build/MMB29P) AppleWebKit/537.36 (KHTML, like Gecko) Chrome/153.0.8010.52 Mobile Safari/537.36 (compatible; Googlebot/2.1; +http://www.google.com/bot.html)" "66.249.73.100" [-,-,-|0.000]Request_Body: "-"
172.71.170.2 - - [22/Sep/2026:05:20:58 +0800] "www.baggubowlerbag.com" "GET /wp-content/themes/woodmart/css/parts/el-accordion.min.css?ver=8.2.7 HTTP/1.1" 304 0 "https://www.baggubowlerbag.com/product/standard-baggu-set-of-3-get-ready-with-me/" "Mozilla/5.0 (Linux; Android 6.0.1; Nexus 5X Build/MMB29P) AppleWebKit/537.36 (KHTML, like Gecko) Chrome/153.0.8010.52 Mobile Safari/537.36 (compatible; Googlebot/2.1; +http://www.google.com/bot.html)" "66.249.73.100" [-,-,-|0.000]Request_Body: "-"
172.70.94.67 - - [22/Sep/2026:05:20:58 +0800] "www.baggubowlerbag.com" "GET /wp-content/themes/woodmart/css/parts/lib-swiper.min.css?ver=8.2.7 HTTP/1.1" 304 0 "https://www.baggubowlerbag.com/product/standard-baggu-set-of-3-get-ready-with-me/" "Mozilla/5.0 (Linux; Android 6.0.1; Nexus 5X Build/MMB29P) AppleWebKit/537.36 (KHTML, like Gecko) Chrome/153.0.8010.52 Mobile Safari/537.36 (compatible; Googlebot/2.1; +http://www.google.com/bot.html)" "66.249.73.100" [-,-,-|0.000]Request_Body: "-"
172.69.65.140 - - [22/Sep/2026:05:21:07 +0800] "www.baggubowlerbag.com" "GET /wp-content/themes/woodmart/css/parts/lib-swiper-arrows.min.css?ver=8.2.7 HTTP/1.1" 304 0 "https://www.baggubowlerbag.com/product/standard-baggu-set-of-3-get-ready-with-me/" "Mozilla/5.0 (Linux; Android 6.0.1; Nexus 5X Build/MMB29P) AppleWebKit/537.36 (KHTML, like Gecko) Chrome/153.0.8010.52 Mobile Safari/537.36 (compatible; Googlebot/2.1; +http://www.google.com/bot.html)" "66.249.73.102" [-,-,-|0.000]Request_Body: "-"
172.69.65.164 - - [22/Sep/2026:05:21:17 +0800] "www.baggubowlerbag.com" "GET /wp-content/plugins/woocommerce/assets/js/frontend/single-product.min.js?ver=10.0.4 HTTP/1.1" 304 0 "https://www.baggubowlerbag.com/product/standard-baggu-set-of-3-get-ready-with-me/" "Mozilla/5.0 (Linux; Android 6.0.1; Nexus 5X Build/MMB29P) AppleWebKit/537.36 (KHTML, like Gecko) Chrome/153.0.8010.52 Mobile Safari/537.36 (compatible; Googlebot/2.1; +http://www.google.com/bot.html)" "66.249.73.100" [-,-,-|0.000]Request_Body: "-"
104.22.100.66 - - [22/Sep/2026:05:52:41 +0800] "www.baggubowlerbag.com" "GET /product/packing-cube-set-leopard/ HTTP/1.1" 499 0 "-" "Mozilla/5.0 AppleWebKit/537.36 (KHTML, like Gecko; compatible; bingbot/2.0; +http://www.bing.com/bingbot.htm) Chrome/116.0.1938.76 Safari/537.36" "52.167.144.159" [0.001,-,124.998|124.998]Request_Body: "-"
172.71.195.79 - - [22/Sep/2026:05:56:40 +0800] "www.baggubowlerbag.com" "GET /product/packing-cube-set-spring-animals/ HTTP/1.1" 499 0 "-" "Mozilla/5.0 AppleWebKit/537.36 (KHTML, like Gecko; compatible; bingbot/2.0; +http://www.bing.com/bingbot.htm) Chrome/116.0.1938.76 Safari/537.36" "52.167.144.166" [0.001,-,125.145|125.145]Request_Body: "-"
104.22.101.22 - - [22/Sep/2026:06:00:39 +0800] "www.baggubowlerbag.com" "GET /product/mini-nylon-shoulder-bag-western-applique/ HTTP/1.1" 502 556 "-" "Mozilla/5.0 AppleWebKit/537.36 (KHTML, like Gecko; compatible; bingbot/2.0; +http://www.bing.com/bingbot.htm) Chrome/116.0.1938.76 Safari/537.36" "52.167.144.166" [0.001,-,33.881|33.881]Request_Body: "-"
172.71.190.249 - - [22/Sep/2026:06:01:33 +0800] "www.baggubowlerbag.com" "GET /images/1836/50cc385a762c2f4effcc1fedbc032ba6a75c99dbf51fd06de2c1de446e5fa07c.jpg HTTP/1.1" 200 211998 "-" "Mozilla/5.0 AppleWebKit/537.36 (KHTML, like Gecko; compatible; bingbot/2.0; +http://www.bing.com/bingbot.htm) Chrome/116.0.1938.76 Safari/537.36" "52.167.144.166" [0.064,0.269,0.544|0.544]Request_Body: "-"
104.22.101.185 - - [22/Sep/2026:06:02:55 +0800] "www.baggubowlerbag.com" "GET /wp-json/wp/v2/product/40352 HTTP/1.1" 499 0 "-" "Mozilla/5.0 AppleWebKit/537.36 (KHTML, like Gecko; compatible; bingbot/2.0; +http://www.bing.com/bingbot.htm) Chrome/116.0.1938.76 Safari/537.36" "40.77.167.28" [0.000,-,125.003|125.003]Request_Body: "-"
172.71.146.58 - - [22/Sep/2026:06:14:15 +0800] "www.baggubowlerbag.com" "GET /product/nylon-bowler-bag-coffee/ HTTP/1.1" 499 0 "-" "Mozilla/5.0 (Windows NT 10.0; Win64; x64) AppleWebKit/537.36 (KHTML, like Gecko) Chrome/149.0.0.0 Safari/537.36 Edg/149.0.0.0" "48.192.92.55" [0.001,-,125.002|125.002]Request_Body: "-"
172.70.38.140 - - [22/Sep/2026:06:18:44 +0800] "www.baggubowlerbag.com" "GET /product/puffy-tablet-sleeve-yellow-happy/ HTTP/1.1" 499 0 "-" "Mozilla/5.0 AppleWebKit/537.36 (KHTML, like Gecko; compatible; bingbot/2.0; +http://www.bing.com/bingbot.htm) Chrome/116.0.1938.76 Safari/537.36" "52.167.144.196" [0.001,-,124.939|124.938]Request_Body: "-"
172.70.108.44 - - [22/Sep/2026:06:19:22 +0800] "baggubowlerbag.com" "GET /readme.html HTTP/1.1" 301 166 "-" "Mozilla/5.0 (Windows NT 10.0; Win64; x64) AppleWebKit/537.36 (KHTML, like Gecko) Chrome/151.0.0.0 Safari/537.36" "78.133.76.190" [-,-,-|0.000]Request_Body: "-"
172.70.108.44 - - [22/Sep/2026:06:19:50 +0800] "baggubowlerbag.com" "GET /readme.html HTTP/1.1" 301 166 "-" "Mozilla/5.0 (Windows NT 10.0; Win64; x64) AppleWebKit/537.36 (KHTML, like Gecko) Chrome/151.0.0.0 Safari/537.36" "78.133.76.190" [-,-,-|0.000]Request_Body: "-"
172.70.108.44 - - [22/Sep/2026:06:20:20 +0800] "baggubowlerbag.com" "GET /wp-json/ HTTP/1.1" 301 166 "-" "Mozilla/5.0 (Windows NT 10.0; Win64; x64) AppleWebKit/537.36 (KHTML, like Gecko) Chrome/151.0.0.0 Safari/537.36" "78.133.76.190" [-,-,-|0.000]Request_Body: "-"
172.70.108.44 - - [22/Sep/2026:06:20:50 +0800] "baggubowlerbag.com" "GET /wp-json/ HTTP/1.1" 301 166 "-" "Mozilla/5.0 (Windows NT 10.0; Win64; x64) AppleWebKit/537.36 (KHTML, like Gecko) Chrome/151.0.0.0 Safari/537.36" "78.133.76.190" [-,-,-|0.000]Request_Body: "-"
162.159.124.8 - - [22/Sep/2026:06:21:20 +0800] "baggubowlerbag.com" "GET / HTTP/1.1" 301 166 "-" "Mozilla/5.0 (Windows NT 10.0; Win64; x64) AppleWebKit/537.36 (KHTML, like Gecko) Chrome/151.0.0.0 Safari/537.36" "78.133.76.190" [-,-,-|0.000]Request_Body: "-"
172.70.108.44 - - [22/Sep/2026:06:21:21 +0800] "baggubowlerbag.com" "GET /wp-json/wp/v2/users?_fields=slug&per_page=100&page=1 HTTP/1.1" 301 166 "-" "Mozilla/5.0 (Windows NT 10.0; Win64; x64) AppleWebKit/537.36 (KHTML, like Gecko) Chrome/151.0.0.0 Safari/537.36" "78.133.76.190" [-,-,-|0.000]Request_Body: "-"
162.158.129.200 - - [22/Sep/2026:06:21:28 +0800] "www.baggubowlerbag.com" "GET /readme.html HTTP/1.1" 499 0 "-" "Mozilla/5.0 (Windows NT 10.0; Win64; x64) AppleWebKit/537.36 (KHTML, like Gecko) Chrome/151.0.0.0 Safari/537.36" "213.217.245.15" [0.001,-,125.001|125.001]Request_Body: "-"
172.70.108.44 - - [22/Sep/2026:06:21:52 +0800] "baggubowlerbag.com" "GET /wp-json/wp/v2/users?_fields=slug&per_page=100&page=1 HTTP/1.1" 301 166 "-" "Mozilla/5.0 (Windows NT 10.0; Win64; x64) AppleWebKit/537.36 (KHTML, like Gecko) Chrome/151.0.0.0 Safari/537.36" "78.133.76.190" [-,-,-|0.000]Request_Body: "-"
162.158.129.200 - - [22/Sep/2026:06:21:55 +0800] "www.baggubowlerbag.com" "GET /readme.html HTTP/1.1" 499 0 "-" "Mozilla/5.0 (Windows NT 10.0; Win64; x64) AppleWebKit/537.36 (KHTML, like Gecko) Chrome/151.0.0.0 Safari/537.36" "213.217.245.15" [0.010,-,125.002|125.002]Request_Body: "-"
172.70.108.44 - - [22/Sep/2026:06:22:22 +0800] "baggubowlerbag.com" "GET /?rest_route=/wp/v2/users&_fields=slug&per_page=100&page=1 HTTP/1.1" 301 166 "-" "Mozilla/5.0 (Windows NT 10.0; Win64; x64) AppleWebKit/537.36 (KHTML, like Gecko) Chrome/151.0.0.0 Safari/537.36" "78.133.76.190" [-,-,-|0.000]Request_Body: "-"
162.158.129.200 - - [22/Sep/2026:06:22:26 +0800] "www.baggubowlerbag.com" "GET /wp-json/ HTTP/1.1" 499 0 "-" "Mozilla/5.0 (Windows NT 10.0; Win64; x64) AppleWebKit/537.36 (KHTML, like Gecko) Chrome/151.0.0.0 Safari/537.36" "213.217.245.15" [0.001,-,125.006|125.006]Request_Body: "-"
162.158.129.200 - - [22/Sep/2026:06:22:47 +0800] "www.baggubowlerbag.com" "GET /wp-json/wp/v2/users?_fields=slug&per_page=100&page=1 HTTP/1.1" 200 29 "-" "Mozilla/5.0 (Windows NT 10.0; Win64; x64) AppleWebKit/537.36 (KHTML, like Gecko) Chrome/151.0.0.0 Safari/537.36" "213.217.245.15" [0.015,54.964,54.964|54.964]Request_Body: "-"
172.70.108.44 - - [22/Sep/2026:06:22:52 +0800] "baggubowlerbag.com" "GET /?rest_route=/wp/v2/users&_fields=slug&per_page=100&page=1 HTTP/1.1" 301 166 "-" "Mozilla/5.0 (Windows NT 10.0; Win64; x64) AppleWebKit/537.36 (KHTML, like Gecko) Chrome/151.0.0.0 Safari/537.36" "78.133.76.190" [-,-,-|0.000]Request_Body: "-"
162.158.129.200 - - [22/Sep/2026:06:22:56 +0800] "www.baggubowlerbag.com" "GET /wp-json/ HTTP/1.1" 499 0 "-" "Mozilla/5.0 (Windows NT 10.0; Win64; x64) AppleWebKit/537.36 (KHTML, like Gecko) Chrome/151.0.0.0 Safari/537.36" "213.217.245.15" [0.000,-,125.007|125.007]Request_Body: "-"
172.70.108.44 - - [22/Sep/2026:06:23:22 +0800] "baggubowlerbag.com" "GET /feed/ HTTP/1.1" 301 166 "-" "Mozilla/5.0 (Windows NT 10.0; Win64; x64) AppleWebKit/537.36 (KHTML, like Gecko) Chrome/151.0.0.0 Safari/537.36" "78.133.76.190" [-,-,-|0.000]Request_Body: "-"
162.158.129.200 - - [22/Sep/2026:06:23:27 +0800] "www.baggubowlerbag.com" "GET /wp-json/wp/v2/users?_fields=slug&per_page=100&page=1 HTTP/1.1" 499 0 "-" "Mozilla/5.0 (Windows NT 10.0; Win64; x64) AppleWebKit/537.36 (KHTML, like Gecko) Chrome/151.0.0.0 Safari/537.36" "213.217.245.15" [0.001,-,125.017|125.017]Request_Body: "-"
172.70.108.44 - - [22/Sep/2026:06:23:53 +0800] "baggubowlerbag.com" "GET /feed/ HTTP/1.1" 301 166 "-" "Mozilla/5.0 (Windows NT 10.0; Win64; x64) AppleWebKit/537.36 (KHTML, like Gecko) Chrome/151.0.0.0 Safari/537.36" "78.133.76.190" [-,-,-|0.000]Request_Body: "-"
172.70.108.44 - - [22/Sep/2026:06:24:23 +0800] "baggubowlerbag.com" "GET /feed/atom/ HTTP/1.1" 301 166 "-" "Mozilla/5.0 (Windows NT 10.0; Win64; x64) AppleWebKit/537.36 (KHTML, like Gecko) Chrome/151.0.0.0 Safari/537.36" "78.133.76.190" [-,-,-|0.000]Request_Body: "-"
162.158.129.200 - - [22/Sep/2026:06:24:28 +0800] "www.baggubowlerbag.com" "GET /?rest_route=/wp/v2/users&_fields=slug&per_page=100&page=1 HTTP/1.1" 499 0 "-" "Mozilla/5.0 (Windows NT 10.0; Win64; x64) AppleWebKit/537.36 (KHTML, like Gecko) Chrome/151.0.0.0 Safari/537.36" "213.217.245.15" [0.000,-,125.010|125.010]Request_Body: "-"
162.158.129.200 - - [22/Sep/2026:06:24:41 +0800] "www.baggubowlerbag.com" "GET /feed/ HTTP/1.1" 200 877 "-" "Mozilla/5.0 (Windows NT 10.0; Win64; x64) AppleWebKit/537.36 (KHTML, like Gecko) Chrome/151.0.0.0 Safari/537.36" "213.217.245.15" [0.011,47.875,47.875|47.875]Request_Body: "-"
172.70.108.44 - - [22/Sep/2026:06:24:53 +0800] "baggubowlerbag.com" "GET /feed/atom/ HTTP/1.1" 301 166 "-" "Mozilla/5.0 (Windows NT 10.0; Win64; x64) AppleWebKit/537.36 (KHTML, like Gecko) Chrome/151.0.0.0 Safari/537.36" "78.133.76.190" [-,-,-|0.000]Request_Body: "-"
162.158.129.200 - - [22/Sep/2026:06:25:02 +0800] "www.baggubowlerbag.com" "GET /?rest_route=/wp/v2/users&_fields=slug&per_page=100&page=1 HTTP/1.1" 499 0 "-" "Mozilla/5.0 (Windows NT 10.0; Win64; x64) AppleWebKit/537.36 (KHTML, like Gecko) Chrome/151.0.0.0 Safari/537.36" "213.217.245.15" [0.001,-,125.042|125.042]Request_Body: "-"
172.70.108.44 - - [22/Sep/2026:06:25:23 +0800] "baggubowlerbag.com" "GET /rss/ HTTP/1.1" 301 166 "-" "Mozilla/5.0 (Windows NT 10.0; Win64; x64) AppleWebKit/537.36 (KHTML, like Gecko) Chrome/151.0.0.0 Safari/537.36" "78.133.76.190" [-,-,-|0.000]Request_Body: "-"
162.158.129.200 - - [22/Sep/2026:06:25:28 +0800] "www.baggubowlerbag.com" "GET /feed/ HTTP/1.1" 499 0 "-" "Mozilla/5.0 (Windows NT 10.0; Win64; x64) AppleWebKit/537.36 (KHTML, like Gecko) Chrome/151.0.0.0 Safari/537.36" "213.217.245.15" [0.011,-,125.135|125.135]Request_Body: "-"
172.70.108.44 - - [22/Sep/2026:06:25:54 +0800] "baggubowlerbag.com" "GET /rss/ HTTP/1.1" 301 166 "-" "Mozilla/5.0 (Windows NT 10.0; Win64; x64) AppleWebKit/537.36 (KHTML, like Gecko) Chrome/151.0.0.0 Safari/537.36" "78.133.76.190" [-,-,-|0.000]Request_Body: "-"
172.70.108.44 - - [22/Sep/2026:06:26:24 +0800] "baggubowlerbag.com" "GET /wp-sitemap-users-1.xml HTTP/1.1" 301 166 "-" "Mozilla/5.0 (Windows NT 10.0; Win64; x64) AppleWebKit/537.36 (KHTML, like Gecko) Chrome/151.0.0.0 Safari/537.36" "78.133.76.190" [-,-,-|0.000]Request_Body: "-"
162.158.129.200 - - [22/Sep/2026:06:26:29 +0800] "www.baggubowlerbag.com" "GET /feed/atom/ HTTP/1.1" 499 0 "-" "Mozilla/5.0 (Windows NT 10.0; Win64; x64) AppleWebKit/537.36 (KHTML, like Gecko) Chrome/151.0.0.0 Safari/537.36" "213.217.245.15" [0.001,-,125.013|125.013]Request_Body: "-"
172.70.108.44 - - [22/Sep/2026:06:26:54 +0800] "baggubowlerbag.com" "GET /wp-sitemap-users-1.xml HTTP/1.1" 301 166 "-" "Mozilla/5.0 (Windows NT 10.0; Win64; x64) AppleWebKit/537.36 (KHTML, like Gecko) Chrome/151.0.0.0 Safari/537.36" "78.133.76.190" [-,-,-|0.000]Request_Body: "-"
162.158.129.200 - - [22/Sep/2026:06:26:59 +0800] "www.baggubowlerbag.com" "GET /feed/atom/ HTTP/1.1" 499 0 "-" "Mozilla/5.0 (Windows NT 10.0; Win64; x64) AppleWebKit/537.36 (KHTML, like Gecko) Chrome/151.0.0.0 Safari/537.36" "213.217.245.15" [0.011,-,125.015|125.016]Request_Body: "-"
172.70.108.44 - - [22/Sep/2026:06:27:24 +0800] "baggubowlerbag.com" "GET /author-sitemap.xml HTTP/1.1" 301 166 "-" "Mozilla/5.0 (Windows NT 10.0; Win64; x64) AppleWebKit/537.36 (KHTML, like Gecko) Chrome/151.0.0.0 Safari/537.36" "78.133.76.190" [-,-,-|0.000]Request_Body: "-"
162.158.129.200 - - [22/Sep/2026:06:27:34 +0800] "www.baggubowlerbag.com" "GET /rss/ HTTP/1.1" 499 0 "-" "Mozilla/5.0 (Windows NT 10.0; Win64; x64) AppleWebKit/537.36 (KHTML, like Gecko) Chrome/151.0.0.0 Safari/537.36" "213.217.245.15" [0.001,-,125.012|125.012]Request_Body: "-"
172.70.108.44 - - [22/Sep/2026:06:27:55 +0800] "baggubowlerbag.com" "GET /author-sitemap.xml HTTP/1.1" 301 166 "-" "Mozilla/5.0 (Windows NT 10.0; Win64; x64) AppleWebKit/537.36 (KHTML, like Gecko) Chrome/151.0.0.0 Safari/537.36" "78.133.76.190" [-,-,-|0.000]Request_Body: "-"
162.158.129.200 - - [22/Sep/2026:06:28:00 +0800] "www.baggubowlerbag.com" "GET /rss/ HTTP/1.1" 499 0 "-" "Mozilla/5.0 (Windows NT 10.0; Win64; x64) AppleWebKit/537.36 (KHTML, like Gecko) Chrome/151.0.0.0 Safari/537.36" "213.217.245.15" [0.000,-,125.011|125.011]Request_Body: "-"
172.70.108.44 - - [22/Sep/2026:06:28:25 +0800] "baggubowlerbag.com" "GET /sitemap.xml HTTP/1.1" 301 166 "-" "Mozilla/5.0 (Windows NT 10.0; Win64; x64) AppleWebKit/537.36 (KHTML, like Gecko) Chrome/151.0.0.0 Safari/537.36" "78.133.76.190" [-,-,-|0.000]Request_Body: "-"
162.158.129.200 - - [22/Sep/2026:06:28:30 +0800] "www.baggubowlerbag.com" "GET /wp-sitemap-users-1.xml HTTP/1.1" 499 0 "-" "Mozilla/5.0 (Windows NT 10.0; Win64; x64) AppleWebKit/537.36 (KHTML, like Gecko) Chrome/151.0.0.0 Safari/537.36" "213.217.245.15" [0.013,-,125.008|125.008]Request_Body: "-"
162.158.129.200 - - [22/Sep/2026:06:29:00 +0800] "www.baggubowlerbag.com" "GET /wp-sitemap-users-1.xml HTTP/1.1" 499 0 "-" "Mozilla/5.0 (Windows NT 10.0; Win64; x64) AppleWebKit/537.36 (KHTML, like Gecko) Chrome/151.0.0.0 Safari/537.36" "213.217.245.15" [0.009,-,125.005|125.006]Request_Body: "-"
172.70.108.44 - - [22/Sep/2026:06:29:12 +0800] "baggubowlerbag.com" "GET /sitemap.xml HTTP/1.1" 301 166 "-" "Mozilla/5.0 (Windows NT 10.0; Win64; x64) AppleWebKit/537.36 (KHTML, like Gecko) Chrome/151.0.0.0 Safari/537.36" "78.133.76.190" [-,-,-|0.000]Request_Body: "-"
172.70.108.44 - - [22/Sep/2026:06:29:26 +0800] "baggubowlerbag.com" "GET /wp-json/wp/v2/posts?per_page=20&_embed=author&_fields=_embedded HTTP/1.1" 301 166 "-" "Mozilla/5.0 (Windows NT 10.0; Win64; x64) AppleWebKit/537.36 (KHTML, like Gecko) Chrome/151.0.0.0 Safari/537.36" "78.133.76.190" [-,-,-|0.000]Request_Body: "-"
162.158.129.200 - - [22/Sep/2026:06:29:30 +0800] "www.baggubowlerbag.com" "GET /author-sitemap.xml HTTP/1.1" 499 0 "-" "Mozilla/5.0 (Windows NT 10.0; Win64; x64) AppleWebKit/537.36 (KHTML, like Gecko) Chrome/151.0.0.0 Safari/537.36" "213.217.245.15" [0.000,-,125.028|125.028]Request_Body: "-"
172.70.108.44 - - [22/Sep/2026:06:29:56 +0800] "baggubowlerbag.com" "GET /wp-json/wp/v2/posts?per_page=20&_embed=author&_fields=_embedded HTTP/1.1" 301 166 "-" "Mozilla/5.0 (Windows NT 10.0; Win64; x64) AppleWebKit/537.36 (KHTML, like Gecko) Chrome/151.0.0.0 Safari/537.36" "78.133.76.190" [-,-,-|0.000]Request_Body: "-"
162.158.129.200 - - [22/Sep/2026:06:30:01 +0800] "www.baggubowlerbag.com" "GET /author-sitemap.xml HTTP/1.1" 499 0 "-" "Mozilla/5.0 (Windows NT 10.0; Win64; x64) AppleWebKit/537.36 (KHTML, like Gecko) Chrome/151.0.0.0 Safari/537.36" "213.217.245.15" [0.001,-,125.011|125.010]Request_Body: "-"
172.70.108.44 - - [22/Sep/2026:06:30:26 +0800] "baggubowlerbag.com" "GET /wp-json/oembed/1.0/embed?url=https%3A%2F%2Fbaggubowlerbag.com&format=json HTTP/1.1" 301 166 "-" "Mozilla/5.0 (Windows NT 10.0; Win64; x64) AppleWebKit/537.36 (KHTML, like Gecko) Chrome/151.0.0.0 Safari/537.36" "78.133.76.190" [-,-,-|0.000]Request_Body: "-"
162.158.129.200 - - [22/Sep/2026:06:30:31 +0800] "www.baggubowlerbag.com" "GET /sitemap.xml HTTP/1.1" 499 0 "-" "Mozilla/5.0 (Windows NT 10.0; Win64; x64) AppleWebKit/537.36 (KHTML, like Gecko) Chrome/151.0.0.0 Safari/537.36" "213.217.245.15" [0.000,-,125.005|125.005]Request_Body: "-"
172.70.108.44 - - [22/Sep/2026:06:30:56 +0800] "baggubowlerbag.com" "GET /wp-json/oembed/1.0/embed?url=https%3A%2F%2Fbaggubowlerbag.com&format=json HTTP/1.1" 301 166 "-" "Mozilla/5.0 (Windows NT 10.0; Win64; x64) AppleWebKit/537.36 (KHTML, like Gecko) Chrome/151.0.0.0 Safari/537.36" "78.133.76.190" [-,-,-|0.000]Request_Body: "-"
162.158.129.200 - - [22/Sep/2026:06:31:20 +0800] "www.baggubowlerbag.com" "GET /sitemap.xml HTTP/1.1" 499 0 "-" "Mozilla/5.0 (Windows NT 10.0; Win64; x64) AppleWebKit/537.36 (KHTML, like Gecko) Chrome/151.0.0.0 Safari/537.36" "213.217.245.15" [0.001,-,125.011|125.011]Request_Body: "-"
172.70.108.44 - - [22/Sep/2026:06:31:26 +0800] "baggubowlerbag.com" "POST /graphql HTTP/1.1" 301 166 "-" "Mozilla/5.0 (Windows NT 10.0; Win64; x64) AppleWebKit/537.36 (KHTML, like Gecko) Chrome/151.0.0.0 Safari/537.36" "78.133.76.190" [-,-,-|0.001]Request_Body: "-"
162.158.129.200 - - [22/Sep/2026:06:31:34 +0800] "www.baggubowlerbag.com" "GET /wp-json/wp/v2/posts?per_page=20&_embed=author&_fields=_embedded HTTP/1.1" 499 0 "-" "Mozilla/5.0 (Windows NT 10.0; Win64; x64) AppleWebKit/537.36 (KHTML, like Gecko) Chrome/151.0.0.0 Safari/537.36" "213.217.245.15" [0.017,-,125.085|125.085]Request_Body: "-"
172.70.108.44 - - [22/Sep/2026:06:31:57 +0800] "baggubowlerbag.com" "POST /graphql HTTP/1.1" 301 166 "-" "Mozilla/5.0 (Windows NT 10.0; Win64; x64) AppleWebKit/537.36 (KHTML, like Gecko) Chrome/151.0.0.0 Safari/537.36" "78.133.76.190" [-,-,-|0.000]Request_Body: "-"
162.158.129.200 - - [22/Sep/2026:06:32:25 +0800] "www.baggubowlerbag.com" "GET /wp-json/wp/v2/posts?per_page=20&_embed=author&_fields=_embedded HTTP/1.1" 499 0 "-" "Mozilla/5.0 (Windows NT 10.0; Win64; x64) AppleWebKit/537.36 (KHTML, like Gecko) Chrome/151.0.0.0 Safari/537.36" "213.217.245.15" [0.000,-,125.013|125.013]Request_Body: "-"
172.70.108.44 - - [22/Sep/2026:06:32:27 +0800] "baggubowlerbag.com" "POST /api/graphql HTTP/1.1" 301 166 "-" "Mozilla/5.0 (Windows NT 10.0; Win64; x64) AppleWebKit/537.36 (KHTML, like Gecko) Chrome/151.0.0.0 Safari/537.36" "78.133.76.190" [-,-,-|0.000]Request_Body: "-"
162.158.129.200 - - [22/Sep/2026:06:32:32 +0800] "www.baggubowlerbag.com" "GET /wp-json/oembed/1.0/embed?url=https%3A%2F%2Fbaggubowlerbag.com&format=json HTTP/1.1" 499 0 "-" "Mozilla/5.0 (Windows NT 10.0; Win64; x64) AppleWebKit/537.36 (KHTML, like Gecko) Chrome/151.0.0.0 Safari/537.36" "213.217.245.15" [0.013,-,125.014|125.013]Request_Body: "-"
162.158.129.200 - - [22/Sep/2026:06:32:56 +0800] "www.baggubowlerbag.com" "GET /api/graphql HTTP/1.1" 502 556 "-" "Mozilla/5.0 (Windows NT 10.0; Win64; x64) AppleWebKit/537.36 (KHTML, like Gecko) Chrome/151.0.0.0 Safari/537.36" "213.217.245.15" [0.001,-,27.603|27.603]Request_Body: "-"
172.70.108.44 - - [22/Sep/2026:06:32:56 +0800] "baggubowlerbag.com" "GET /?rest_route=/wp/v2/users&_jsonp=callback&per_page=100&_fields=id,slug HTTP/1.1" 301 166 "-" "Mozilla/5.0 (Windows NT 10.0; Win64; x64) AppleWebKit/537.36 (KHTML, like Gecko) Chrome/151.0.0.0 Safari/537.36" "78.133.76.190" [-,-,-|0.000]Request_Body: "-"
162.158.129.200 - - [22/Sep/2026:06:33:02 +0800] "www.baggubowlerbag.com" "GET /wp-json/oembed/1.0/embed?url=https%3A%2F%2Fbaggubowlerbag.com&format=json HTTP/1.1" 499 0 "-" "Mozilla/5.0 (Windows NT 10.0; Win64; x64) AppleWebKit/537.36 (KHTML, like Gecko) Chrome/151.0.0.0 Safari/537.36" "213.217.245.15" [0.011,-,125.051|125.051]Request_Body: "-"
172.70.108.44 - - [22/Sep/2026:06:33:26 +0800] "baggubowlerbag.com" "GET /?rest_route=/wp/v2/users&_jsonp=callback&per_page=100&_fields=id,slug HTTP/1.1" 301 166 "-" "Mozilla/5.0 (Windows NT 10.0; Win64; x64) AppleWebKit/537.36 (KHTML, like Gecko) Chrome/151.0.0.0 Safari/537.36" "78.133.76.190" [-,-,-|0.000]Request_Body: "-"
162.158.129.200 - - [22/Sep/2026:06:33:32 +0800] "www.baggubowlerbag.com" "GET /graphql HTTP/1.1" 499 0 "-" "Mozilla/5.0 (Windows NT 10.0; Win64; x64) AppleWebKit/537.36 (KHTML, like Gecko) Chrome/151.0.0.0 Safari/537.36" "213.217.245.15" [0.000,-,125.025|125.025]Request_Body: "-"
162.158.129.200 - - [22/Sep/2026:06:33:47 +0800] "www.baggubowlerbag.com" "GET /?rest_route=/wp/v2/users&_jsonp=callback&per_page=100&_fields=id,slug HTTP/1.1" 200 70 "-" "Mozilla/5.0 (Windows NT 10.0; Win64; x64) AppleWebKit/537.36 (KHTML, like Gecko) Chrome/151.0.0.0 Safari/537.36" "213.217.245.15" [0.012,50.796,50.796|50.796]Request_Body: "-"
172.70.108.44 - - [22/Sep/2026:06:33:56 +0800] "baggubowlerbag.com" "GET /wp-json/wp/v2/users?_jsonp=callback&per_page=100&_fields=id,slug HTTP/1.1" 301 166 "-" "Mozilla/5.0 (Windows NT 10.0; Win64; x64) AppleWebKit/537.36 (KHTML, like Gecko) Chrome/151.0.0.0 Safari/537.36" "78.133.76.190" [-,-,-|0.000]Request_Body: "-"
162.158.129.200 - - [22/Sep/2026:06:34:03 +0800] "www.baggubowlerbag.com" "GET /graphql HTTP/1.1" 499 0 "-" "Mozilla/5.0 (Windows NT 10.0; Win64; x64) AppleWebKit/537.36 (KHTML, like Gecko) Chrome/151.0.0.0 Safari/537.36" "213.217.245.15" [0.000,-,125.001|125.001]Request_Body: "-"
172.70.108.44 - - [22/Sep/2026:06:34:27 +0800] "baggubowlerbag.com" "GET /wp-json/wp/v2/users?_jsonp=callback&per_page=100&_fields=id,slug HTTP/1.1" 301 166 "-" "Mozilla/5.0 (Windows NT 10.0; Win64; x64) AppleWebKit/537.36 (KHTML, like Gecko) Chrome/151.0.0.0 Safari/537.36" "78.133.76.190" [-,-,-|0.000]Request_Body: "-"
172.70.108.44 - - [22/Sep/2026:06:34:57 +0800] "baggubowlerbag.com" "GET /author-sitemap.xml HTTP/1.1" 301 166 "-" "Mozilla/5.0 (Windows NT 10.0; Win64; x64) AppleWebKit/537.36 (KHTML, like Gecko) Chrome/151.0.0.0 Safari/537.36" "78.133.76.190" [-,-,-|0.000]Request_Body: "-"
172.70.108.44 - - [22/Sep/2026:06:35:28 +0800] "baggubowlerbag.com" "GET /author-sitemap.xml HTTP/1.1" 301 166 "-" "Mozilla/5.0 (Windows NT 10.0; Win64; x64) AppleWebKit/537.36 (KHTML, like Gecko) Chrome/151.0.0.0 Safari/537.36" "78.133.76.190" [-,-,-|0.000]Request_Body: "-"
162.158.129.200 - - [22/Sep/2026:06:35:32 +0800] "www.baggubowlerbag.com" "GET /?rest_route=/wp/v2/users&_jsonp=callback&per_page=100&_fields=id,slug HTTP/1.1" 499 0 "-" "Mozilla/5.0 (Windows NT 10.0; Win64; x64) AppleWebKit/537.36 (KHTML, like Gecko) Chrome/151.0.0.0 Safari/537.36" "213.217.245.15" [0.000,-,125.016|125.016]Request_Body: "-"
172.70.108.44 - - [22/Sep/2026:06:35:57 +0800] "baggubowlerbag.com" "GET /sitemap_index.xml HTTP/1.1" 301 166 "-" "Mozilla/5.0 (Windows NT 10.0; Win64; x64) AppleWebKit/537.36 (KHTML, like Gecko) Chrome/151.0.0.0 Safari/537.36" "78.133.76.190" [-,-,-|0.000]Request_Body: "-"
162.158.129.200 - - [22/Sep/2026:06:36:02 +0800] "www.baggubowlerbag.com" "GET /wp-json/wp/v2/users?_jsonp=callback&per_page=100&_fields=id,slug HTTP/1.1" 499 0 "-" "Mozilla/5.0 (Windows NT 10.0; Win64; x64) AppleWebKit/537.36 (KHTML, like Gecko) Chrome/151.0.0.0 Safari/537.36" "213.217.245.15" [0.010,-,125.012|125.012]Request_Body: "-"
172.70.108.44 - - [22/Sep/2026:06:36:28 +0800] "baggubowlerbag.com" "GET /sitemap_index.xml HTTP/1.1" 301 166 "-" "Mozilla/5.0 (Windows NT 10.0; Win64; x64) AppleWebKit/537.36 (KHTML, like Gecko) Chrome/151.0.0.0 Safari/537.36" "78.133.76.190" [-,-,-|0.000]Request_Body: "-"
162.158.129.200 - - [22/Sep/2026:06:36:33 +0800] "www.baggubowlerbag.com" "GET /wp-json/wp/v2/users?_jsonp=callback&per_page=100&_fields=id,slug HTTP/1.1" 499 0 "-" "Mozilla/5.0 (Windows NT 10.0; Win64; x64) AppleWebKit/537.36 (KHTML, like Gecko) Chrome/151.0.0.0 Safari/537.36" "213.217.245.15" [0.001,-,125.005|125.004]Request_Body: "-"
172.70.108.44 - - [22/Sep/2026:06:36:58 +0800] "baggubowlerbag.com" "GET /wp-sitemap-users-1.xml HTTP/1.1" 301 166 "-" "Mozilla/5.0 (Windows NT 10.0; Win64; x64) AppleWebKit/537.36 (KHTML, like Gecko) Chrome/151.0.0.0 Safari/537.36" "78.133.76.190" [-,-,-|0.000]Request_Body: "-"
162.158.129.200 - - [22/Sep/2026:06:37:02 +0800] "www.baggubowlerbag.com" "GET /author-sitemap.xml HTTP/1.1" 499 0 "-" "Mozilla/5.0 (Windows NT 10.0; Win64; x64) AppleWebKit/537.36 (KHTML, like Gecko) Chrome/151.0.0.0 Safari/537.36" "213.217.245.15" [0.011,-,125.001|125.001]Request_Body: "-"
172.70.108.44 - - [22/Sep/2026:06:37:28 +0800] "baggubowlerbag.com" "GET /wp-sitemap-users-1.xml HTTP/1.1" 301 166 "-" "Mozilla/5.0 (Windows NT 10.0; Win64; x64) AppleWebKit/537.36 (KHTML, like Gecko) Chrome/151.0.0.0 Safari/537.36" "78.133.76.190" [-,-,-|0.000]Request_Body: "-"
162.158.129.200 - - [22/Sep/2026:06:37:35 +0800] "www.baggubowlerbag.com" "GET /author-sitemap.xml HTTP/1.1" 499 0 "-" "Mozilla/5.0 (Windows NT 10.0; Win64; x64) AppleWebKit/537.36 (KHTML, like Gecko) Chrome/151.0.0.0 Safari/537.36" "213.217.245.15" [0.001,-,125.011|125.010]Request_Body: "-"
162.158.129.200 - - [22/Sep/2026:06:38:03 +0800] "www.baggubowlerbag.com" "GET /sitemap_index.xml HTTP/1.1" 499 0 "-" "Mozilla/5.0 (Windows NT 10.0; Win64; x64) AppleWebKit/537.36 (KHTML, like Gecko) Chrome/151.0.0.0 Safari/537.36" "213.217.245.15" [0.000,-,125.004|125.004]Request_Body: "-"
162.158.129.200 - - [22/Sep/2026:06:38:18 +0800] "www.baggubowlerbag.com" "GET /wp-sitemap-users-1.xml HTTP/1.1" 301 5 "-" "Mozilla/5.0 (Windows NT 10.0; Win64; x64) AppleWebKit/537.36 (KHTML, like Gecko) Chrome/151.0.0.0 Safari/537.36" "213.217.245.15" [0.001,49.170,49.170|49.169]Request_Body: "-"
162.158.129.200 - - [22/Sep/2026:06:38:34 +0800] "www.baggubowlerbag.com" "GET /sitemap_index.xml HTTP/1.1" 499 0 "-" "Mozilla/5.0 (Windows NT 10.0; Win64; x64) AppleWebKit/537.36 (KHTML, like Gecko) Chrome/151.0.0.0 Safari/537.36" "213.217.245.15" [0.011,-,125.009|125.009]Request_Body: "-"
162.158.129.200 - - [22/Sep/2026:06:39:04 +0800] "www.baggubowlerbag.com" "GET /wp-sitemap-users-1.xml HTTP/1.1" 499 0 "-" "Mozilla/5.0 (Windows NT 10.0; Win64; x64) AppleWebKit/537.36 (KHTML, like Gecko) Chrome/151.0.0.0 Safari/537.36" "213.217.245.15" [0.000,-,125.014|125.014]Request_Body: "-"
104.30.167.164 - - [22/Sep/2026:06:40:43 +0800] "baggubowlerbag.com" "HEAD / HTTP/1.1" 301 0 "-" "Mozilla/5.0 (Macintosh; Intel Mac OS X 10_15_7) AppleWebKit/537.36 (KHTML, like Gecko) Chrome/92.0.4515.107 Safari/537.36 (compatible; +https://developers.cloudflare.com/security-center/)" "-" [-,-,-|0.000]Request_Body: "-"
104.30.167.164 - - [22/Sep/2026:06:40:53 +0800] "www.baggubowlerbag.com" "HEAD / HTTP/1.1" 499 0 "-" "Mozilla/5.0 (Macintosh; Intel Mac OS X 10_15_7) AppleWebKit/537.36 (KHTML, like Gecko) Chrome/92.0.4515.107 Safari/537.36 (compatible; +https://developers.cloudflare.com/security-center/)" "-" [0.001,-,9.946|9.946]Request_Body: "-"
104.22.20.121 - - [22/Sep/2026:06:42:32 +0800] "www.baggubowlerbag.com" "GET / HTTP/1.1" 502 556 "http://www.baggubowlerbag.com/" "Mozilla/5.0 (Macintosh; Intel Mac OS X 10_15_7) AppleWebKit/537.36 (KHTML, like Gecko) Chrome/92.0.4515.107 Safari/537.36 (compatible; +https://developers.cloudflare.com/security-center/)" "104.30.167.164" [0.000,-,108.346|108.346]Request_Body: "-"
104.22.56.124 - - [22/Sep/2026:06:43:52 +0800] "baggubowlerbag.com" "GET /robots.txt HTTP/1.1" 301 166 "-" "Mozilla/5.0 (Macintosh; Intel Mac OS X 10_15_7) AppleWebKit/537.36 (KHTML, like Gecko) Chrome/131.0.0.0 Safari/537.36; compatible; OAI-SearchBot/1.4; robots.txt; +https://openai.com/searchbot" "74.7.241.178" [-,-,-|0.000]Request_Body: "-"
172.69.71.50 - - [22/Sep/2026:06:43:52 +0800] "www.baggubowlerbag.com" "GET /robots.txt HTTP/1.1" 403 16923 "http://www.baggubowlerbag.com/robots.txt" "Mozilla/5.0 (Macintosh; Intel Mac OS X 10_15_7) AppleWebKit/537.36 (KHTML, like Gecko) Chrome/131.0.0.0 Safari/537.36; compatible; OAI-SearchBot/1.4; robots.txt; +https://openai.com/searchbot" "74.7.241.178" [-,-,-|0.000]Request_Body: "-"
172.70.135.55 - - [22/Sep/2026:07:22:59 +0800] "www.baggubowlerbag.com" "GET /product/big-baggu-leopard/ HTTP/1.1" 200 40411 "-" "Mozilla/5.0 AppleWebKit/537.36 (KHTML, like Gecko; compatible; bingbot/2.0; +http://www.bing.com/bingbot.htm) Chrome/116.0.1938.76 Safari/537.36" "52.167.144.195" [0.001,1.683,1.687|1.687]Request_Body: "-"
172.71.124.227 - - [22/Sep/2026:07:29:31 +0800] "www.baggubowlerbag.com" "GET /category/new-arrivals/?per_page=24&per_row=3&shop_view=list&stock_status=instock HTTP/1.1" 200 42363 "-" "Mozilla/5.0 (Windows NT 10.0; Win64; x64) AppleWebKit/537.36 (KHTML, like Gecko) Chrome/118.0.0.0 Safari/537.36" "2a12:f546:e4d8:c39b:d71e:aaf9:7c03:f413" [0.001,1.692,1.696|1.696]Request_Body: "-"
172.69.176.143 - - [22/Sep/2026:07:29:31 +0800] "www.baggubowlerbag.com" "GET /wp-content/themes/woodmart/js/scripts/global/scrollBar.min.js?ver=8.2.7 HTTP/1.1" 304 0 "https://www.baggubowlerbag.com/category/new-arrivals/?per_page=24&per_row=3&shop_view=list&stock_status=instock" "Mozilla/5.0 (Windows NT 10.0; Win64; x64) AppleWebKit/537.36 (KHTML, like Gecko) Chrome/118.0.0.0 Safari/537.36" "2a12:f546:e4d8:c39b:d71e:aaf9:7c03:f413" [-,-,-|0.000]Request_Body: "-"
104.23.175.62 - - [22/Sep/2026:07:29:31 +0800] "www.baggubowlerbag.com" "GET /wp-includes/js/jquery/jquery-migrate.min.js?ver=3.4.1 HTTP/1.1" 304 0 "https://www.baggubowlerbag.com/category/new-arrivals/?per_page=24&per_row=3&shop_view=list&stock_status=instock" "Mozilla/5.0 (Windows NT 10.0; Win64; x64) AppleWebKit/537.36 (KHTML, like Gecko) Chrome/118.0.0.0 Safari/537.36" "2a12:f546:e4d8:c39b:d71e:aaf9:7c03:f413" [-,-,-|0.000]Request_Body: "-"
162.158.189.196 - - [22/Sep/2026:07:29:31 +0800] "www.baggubowlerbag.com" "GET /wp-includes/js/jquery/jquery.min.js?ver=3.7.1 HTTP/1.1" 304 0 "https://www.baggubowlerbag.com/category/new-arrivals/?per_page=24&per_row=3&shop_view=list&stock_status=instock" "Mozilla/5.0 (Windows NT 10.0; Win64; x64) AppleWebKit/537.36 (KHTML, like Gecko) Chrome/118.0.0.0 Safari/537.36" "2a12:f546:e4d8:c39b:d71e:aaf9:7c03:f413" [-,-,-|0.000]Request_Body: "-"
162.158.189.148 - - [22/Sep/2026:07:29:31 +0800] "www.baggubowlerbag.com" "GET /wp-includes/js/dist/hooks.min.js?ver=dd5603f07f9220ed27f1 HTTP/1.1" 304 0 "https://www.baggubowlerbag.com/category/new-arrivals/?per_page=24&per_row=3&shop_view=list&stock_status=instock" "Mozilla/5.0 (Windows NT 10.0; Win64; x64) AppleWebKit/537.36 (KHTML, like Gecko) Chrome/118.0.0.0 Safari/537.36" "2a12:f546:e4d8:c39b:d71e:aaf9:7c03:f413" [-,-,-|0.000]Request_Body: "-"
172.69.176.13 - - [22/Sep/2026:07:29:32 +0800] "www.baggubowlerbag.com" "GET /wp-content/themes/woodmart/js/scripts/global/ajaxSearch.min.js?ver=8.2.7 HTTP/1.1" 304 0 "https://www.baggubowlerbag.com/category/new-arrivals/?per_page=24&per_row=3&shop_view=list&stock_status=instock" "Mozilla/5.0 (Windows NT 10.0; Win64; x64) AppleWebKit/537.36 (KHTML, like Gecko) Chrome/118.0.0.0 Safari/537.36" "2a12:f546:e4d8:c39b:d71e:aaf9:7c03:f413" [-,-,-|0.000]Request_Body: "-"
