172.68.245.137 - - [19/Sep/2026:10:52:48 +0800] "www.49ersjersey.com" "GET /product/mojo-black-san-francisco-49ers-21-8-wheel-hardcase-spinner-carry-on-luggage/ HTTP/1.1" 200 45618 "-" "Mozilla/5.0 (Macintosh; Intel Mac OS X 10_15_7) AppleWebKit/605.1.15 (KHTML, like Gecko) Chrome/139.0.0.0 Safari/605.1.15" "54.211.96.92" [0.000,2.429,2.438|2.438]Request_Body: "-"
172.71.95.77 - - [19/Sep/2026:10:52:48 +0800] "www.49ersjersey.com" "GET /blog/wp-json/batch/v1 HTTP/1.1" 404 30019 "https://49ersjersey.com/blog/wp-admin/" "Mozilla/5.0 (Windows NT 10.0; Win64; x64) AppleWebKit/537.36 (KHTML, like Gecko) Chrome/120.0.0.0 Safari/537.36" "127.0.0.1,45.148.10.119" [0.001,2.663,2.666|2.666]Request_Body: "-"
162.159.113.135 - - [19/Sep/2026:10:52:49 +0800] "49ersjersey.com" "POST /blog/wp-json/batch/v1/ HTTP/1.1" 301 166 "https://49ersjersey.com/blog/wp-admin/" "Mozilla/5.0 (Windows NT 10.0; Win64; x64) AppleWebKit/537.36 (KHTML, like Gecko) Chrome/120.0.0.0 Safari/537.36" "127.0.0.1,45.148.10.119" [-,-,-|0.000]Request_Body: "-"
104.23.170.57 - - [19/Sep/2026:10:52:50 +0800] "www.49ersjersey.com" "GET /wp/wp-json/batch/v1 HTTP/1.1" 404 30017 "https://49ersjersey.com/wp/wp-admin/" "Mozilla/5.0 (Windows NT 10.0; Win64; x64) AppleWebKit/537.36 (KHTML, like Gecko) Chrome/120.0.0.0 Safari/537.36" "127.0.0.1,45.148.10.119" [0.001,2.872,2.875|2.875]Request_Body: "-"
162.159.113.134 - - [19/Sep/2026:10:52:51 +0800] "49ersjersey.com" "POST /wp/wp-json/batch/v1/ HTTP/1.1" 301 166 "https://49ersjersey.com/wp/wp-admin/" "Mozilla/5.0 (Windows NT 10.0; Win64; x64) AppleWebKit/537.36 (KHTML, like Gecko) Chrome/120.0.0.0 Safari/537.36" "127.0.0.1,45.148.10.119" [-,-,-|0.000]Request_Body: "-"
172.71.95.77 - - [19/Sep/2026:10:52:52 +0800] "www.49ersjersey.com" "GET /blog/wp-json/batch/v1/ HTTP/1.1" 404 30020 "https://49ersjersey.com/blog/wp-admin/" "Mozilla/5.0 (Windows NT 10.0; Win64; x64) AppleWebKit/537.36 (KHTML, like Gecko) Chrome/120.0.0.0 Safari/537.36" "127.0.0.1,45.148.10.119" [0.001,3.724,3.727|3.727]Request_Body: "-"
162.159.113.135 - - [19/Sep/2026:10:52:53 +0800] "49ersjersey.com" "POST /blog/blog/wp-json/batch/v1 HTTP/1.1" 301 166 "https://49ersjersey.com/blog/wp-admin/" "Mozilla/5.0 (Windows NT 10.0; Win64; x64) AppleWebKit/537.36 (KHTML, like Gecko) Chrome/120.0.0.0 Safari/537.36" "127.0.0.1,45.148.10.119" [-,-,-|0.000]Request_Body: "-"
104.23.170.57 - - [19/Sep/2026:10:52:54 +0800] "www.49ersjersey.com" "GET /wp/wp-json/batch/v1/ HTTP/1.1" 404 30018 "https://49ersjersey.com/wp/wp-admin/" "Mozilla/5.0 (Windows NT 10.0; Win64; x64) AppleWebKit/537.36 (KHTML, like Gecko) Chrome/120.0.0.0 Safari/537.36" "127.0.0.1,45.148.10.119" [0.001,3.035,3.038|3.037]Request_Body: "-"
162.159.113.134 - - [19/Sep/2026:10:52:54 +0800] "49ersjersey.com" "POST /wp/blog/wp-json/batch/v1 HTTP/1.1" 301 166 "https://49ersjersey.com/wp/wp-admin/" "Mozilla/5.0 (Windows NT 10.0; Win64; x64) AppleWebKit/537.36 (KHTML, like Gecko) Chrome/120.0.0.0 Safari/537.36" "127.0.0.1,45.148.10.119" [-,-,-|0.000]Request_Body: "-"
172.71.95.77 - - [19/Sep/2026:10:52:55 +0800] "www.49ersjersey.com" "GET /blog/blog/wp-json/batch/v1 HTTP/1.1" 404 30020 "https://49ersjersey.com/blog/wp-admin/" "Mozilla/5.0 (Windows NT 10.0; Win64; x64) AppleWebKit/537.36 (KHTML, like Gecko) Chrome/120.0.0.0 Safari/537.36" "127.0.0.1,45.148.10.119" [0.001,2.556,2.566|2.566]Request_Body: "-"
162.159.113.135 - - [19/Sep/2026:10:52:56 +0800] "49ersjersey.com" "POST /blog/index.php?rest_route=/batch/v1 HTTP/1.1" 301 166 "https://49ersjersey.com/blog/wp-admin/" "Mozilla/5.0 (Windows NT 10.0; Win64; x64) AppleWebKit/537.36 (KHTML, like Gecko) Chrome/120.0.0.0 Safari/537.36" "10.0.0.1,45.148.10.119" [-,-,-|0.001]Request_Body: "-"
172.71.95.77 - - [19/Sep/2026:10:52:56 +0800] "www.49ersjersey.com" "GET /blog/index.php?rest_route=/batch/v1 HTTP/1.1" 403 552 "https://49ersjersey.com/blog/wp-admin/" "Mozilla/5.0 (Windows NT 10.0; Win64; x64) AppleWebKit/537.36 (KHTML, like Gecko) Chrome/120.0.0.0 Safari/537.36" "10.0.0.1,45.148.10.119" [-,-,-|0.000]Request_Body: "-"
162.159.113.134 - - [19/Sep/2026:10:52:56 +0800] "49ersjersey.com" "POST /blog/index.php?rest_route=%2Fbatch%2Fv1 HTTP/1.1" 301 166 "https://49ersjersey.com/blog/wp-admin/" "Mozilla/5.0 (Windows NT 10.0; Win64; x64) AppleWebKit/537.36 (KHTML, like Gecko) Chrome/120.0.0.0 Safari/537.36" "10.0.0.1,45.148.10.119" [-,-,-|0.001]Request_Body: "-"
172.71.95.77 - - [19/Sep/2026:10:52:56 +0800] "www.49ersjersey.com" "GET /blog/index.php?rest_route=%2Fbatch%2Fv1 HTTP/1.1" 403 552 "https://49ersjersey.com/blog/wp-admin/" "Mozilla/5.0 (Windows NT 10.0; Win64; x64) AppleWebKit/537.36 (KHTML, like Gecko) Chrome/120.0.0.0 Safari/537.36" "10.0.0.1,45.148.10.119" [-,-,-|0.000]Request_Body: "-"
162.159.113.135 - - [19/Sep/2026:10:52:56 +0800] "49ersjersey.com" "POST /blog/?rest_route=%2Fbatch%2Fv1 HTTP/1.1" 301 166 "https://49ersjersey.com/blog/wp-admin/" "Mozilla/5.0 (Windows NT 10.0; Win64; x64) AppleWebKit/537.36 (KHTML, like Gecko) Chrome/120.0.0.0 Safari/537.36" "10.0.0.1,45.148.10.119" [-,-,-|0.000]Request_Body: "-"
104.23.170.57 - - [19/Sep/2026:10:52:56 +0800] "www.49ersjersey.com" "GET /wp/blog/wp-json/batch/v1 HTTP/1.1" 404 30020 "https://49ersjersey.com/wp/wp-admin/" "Mozilla/5.0 (Windows NT 10.0; Win64; x64) AppleWebKit/537.36 (KHTML, like Gecko) Chrome/120.0.0.0 Safari/537.36" "127.0.0.1,45.148.10.119" [0.001,2.040,2.044|2.044]Request_Body: "-"
162.159.113.134 - - [19/Sep/2026:10:52:57 +0800] "49ersjersey.com" "POST /wp/index.php?rest_route=/batch/v1 HTTP/1.1" 301 166 "https://49ersjersey.com/wp/wp-admin/" "Mozilla/5.0 (Windows NT 10.0; Win64; x64) AppleWebKit/537.36 (KHTML, like Gecko) Chrome/120.0.0.0 Safari/537.36" "10.0.0.1,45.148.10.119" [-,-,-|0.000]Request_Body: "-"
104.23.170.57 - - [19/Sep/2026:10:52:57 +0800] "www.49ersjersey.com" "GET /wp/index.php?rest_route=/batch/v1 HTTP/1.1" 403 552 "https://49ersjersey.com/wp/wp-admin/" "Mozilla/5.0 (Windows NT 10.0; Win64; x64) AppleWebKit/537.36 (KHTML, like Gecko) Chrome/120.0.0.0 Safari/537.36" "10.0.0.1,45.148.10.119" [-,-,-|0.000]Request_Body: "-"
162.159.113.135 - - [19/Sep/2026:10:52:57 +0800] "49ersjersey.com" "POST /wp/index.php?rest_route=%2Fbatch%2Fv1 HTTP/1.1" 301 166 "https://49ersjersey.com/wp/wp-admin/" "Mozilla/5.0 (Windows NT 10.0; Win64; x64) AppleWebKit/537.36 (KHTML, like Gecko) Chrome/120.0.0.0 Safari/537.36" "10.0.0.1,45.148.10.119" [-,-,-|0.000]Request_Body: "-"
104.23.170.57 - - [19/Sep/2026:10:52:58 +0800] "www.49ersjersey.com" "GET /wp/index.php?rest_route=%2Fbatch%2Fv1 HTTP/1.1" 403 552 "https://49ersjersey.com/wp/wp-admin/" "Mozilla/5.0 (Windows NT 10.0; Win64; x64) AppleWebKit/537.36 (KHTML, like Gecko) Chrome/120.0.0.0 Safari/537.36" "10.0.0.1,45.148.10.119" [-,-,-|0.000]Request_Body: "-"
162.159.113.134 - - [19/Sep/2026:10:52:58 +0800] "49ersjersey.com" "POST /wp/?rest_route=%2Fbatch%2Fv1 HTTP/1.1" 301 166 "https://49ersjersey.com/wp/wp-admin/" "Mozilla/5.0 (Windows NT 10.0; Win64; x64) AppleWebKit/537.36 (KHTML, like Gecko) Chrome/120.0.0.0 Safari/537.36" "10.0.0.1,45.148.10.119" [-,-,-|0.001]Request_Body: "-"
172.71.95.77 - - [19/Sep/2026:10:52:58 +0800] "www.49ersjersey.com" "GET /blog/?rest_route=%2Fbatch%2Fv1 HTTP/1.1" 404 125 "https://49ersjersey.com/blog/wp-admin/" "Mozilla/5.0 (Windows NT 10.0; Win64; x64) AppleWebKit/537.36 (KHTML, like Gecko) Chrome/120.0.0.0 Safari/537.36" "10.0.0.1,45.148.10.119" [0.000,1.928,1.928|1.928]Request_Body: "-"
162.159.113.135 - - [19/Sep/2026:10:52:59 +0800] "49ersjersey.com" "POST /blog/?rest_route=/batch%2Fv1 HTTP/1.1" 301 166 "https://49ersjersey.com/blog/wp-admin/" "Mozilla/5.0 (Windows NT 10.0; Win64; x64) AppleWebKit/537.36 (KHTML, like Gecko) Chrome/120.0.0.0 Safari/537.36" "10.0.0.1,45.148.10.119" [-,-,-|0.000]Request_Body: "-"
104.23.170.57 - - [19/Sep/2026:10:53:00 +0800] "www.49ersjersey.com" "GET /wp/?rest_route=%2Fbatch%2Fv1 HTTP/1.1" 404 125 "https://49ersjersey.com/wp/wp-admin/" "Mozilla/5.0 (Windows NT 10.0; Win64; x64) AppleWebKit/537.36 (KHTML, like Gecko) Chrome/120.0.0.0 Safari/537.36" "10.0.0.1,45.148.10.119" [0.001,2.081,2.081|2.081]Request_Body: "-"
162.159.113.134 - - [19/Sep/2026:10:53:00 +0800] "49ersjersey.com" "POST /wp/?rest_route=/batch%2Fv1 HTTP/1.1" 301 166 "https://49ersjersey.com/wp/wp-admin/" "Mozilla/5.0 (Windows NT 10.0; Win64; x64) AppleWebKit/537.36 (KHTML, like Gecko) Chrome/120.0.0.0 Safari/537.36" "10.0.0.1,45.148.10.119" [-,-,-|0.000]Request_Body: "-"
172.71.95.77 - - [19/Sep/2026:10:53:01 +0800] "www.49ersjersey.com" "GET /blog/?rest_route=/batch%2Fv1 HTTP/1.1" 404 125 "https://49ersjersey.com/blog/wp-admin/" "Mozilla/5.0 (Windows NT 10.0; Win64; x64) AppleWebKit/537.36 (KHTML, like Gecko) Chrome/120.0.0.0 Safari/537.36" "10.0.0.1,45.148.10.119" [0.001,2.132,2.132|2.131]Request_Body: "-"
162.159.113.135 - - [19/Sep/2026:10:53:01 +0800] "49ersjersey.com" "POST /blog/?rest_route=/batch/v1 HTTP/1.1" 301 166 "https://49ersjersey.com/blog/wp-admin/" "Mozilla/5.0 (Windows NT 10.0; Win64; x64) AppleWebKit/537.36 (KHTML, like Gecko) Chrome/120.0.0.0 Safari/537.36" "10.0.0.1,45.148.10.119" [-,-,-|0.001]Request_Body: "-"
104.23.170.57 - - [19/Sep/2026:10:53:02 +0800] "www.49ersjersey.com" "GET /wp/?rest_route=/batch%2Fv1 HTTP/1.1" 404 125 "https://49ersjersey.com/wp/wp-admin/" "Mozilla/5.0 (Windows NT 10.0; Win64; x64) AppleWebKit/537.36 (KHTML, like Gecko) Chrome/120.0.0.0 Safari/537.36" "10.0.0.1,45.148.10.119" [0.001,1.533,1.533|1.533]Request_Body: "-"
162.159.113.134 - - [19/Sep/2026:10:53:02 +0800] "49ersjersey.com" "POST /wp/?rest_route=/batch/v1 HTTP/1.1" 301 166 "https://49ersjersey.com/wp/wp-admin/" "Mozilla/5.0 (Windows NT 10.0; Win64; x64) AppleWebKit/537.36 (KHTML, like Gecko) Chrome/120.0.0.0 Safari/537.36" "10.0.0.1,45.148.10.119" [-,-,-|0.000]Request_Body: "-"
172.71.95.77 - - [19/Sep/2026:10:53:03 +0800] "www.49ersjersey.com" "GET /blog/?rest_route=/batch/v1 HTTP/1.1" 404 125 "https://49ersjersey.com/blog/wp-admin/" "Mozilla/5.0 (Windows NT 10.0; Win64; x64) AppleWebKit/537.36 (KHTML, like Gecko) Chrome/120.0.0.0 Safari/537.36" "10.0.0.1,45.148.10.119" [0.007,1.259,1.259|1.259]Request_Body: "-"
162.159.113.135 - - [19/Sep/2026:10:53:03 +0800] "49ersjersey.com" "POST /blog/wp-json/batch/v1 HTTP/1.1" 301 166 "https://49ersjersey.com/blog/wp-admin/" "Mozilla/5.0 (Windows NT 10.0; Win64; x64) AppleWebKit/537.36 (KHTML, like Gecko) Chrome/120.0.0.0 Safari/537.36" "10.0.0.1,45.148.10.119" [-,-,-|0.001]Request_Body: "-"
104.23.170.57 - - [19/Sep/2026:10:53:03 +0800] "www.49ersjersey.com" "GET /wp/?rest_route=/batch/v1 HTTP/1.1" 404 125 "https://49ersjersey.com/wp/wp-admin/" "Mozilla/5.0 (Windows NT 10.0; Win64; x64) AppleWebKit/537.36 (KHTML, like Gecko) Chrome/120.0.0.0 Safari/537.36" "10.0.0.1,45.148.10.119" [0.001,1.193,1.193|1.193]Request_Body: "-"
162.159.113.134 - - [19/Sep/2026:10:53:03 +0800] "49ersjersey.com" "POST /wp/wp-json/batch/v1 HTTP/1.1" 301 166 "https://49ersjersey.com/wp/wp-admin/" "Mozilla/5.0 (Windows NT 10.0; Win64; x64) AppleWebKit/537.36 (KHTML, like Gecko) Chrome/120.0.0.0 Safari/537.36" "10.0.0.1,45.148.10.119" [-,-,-|0.000]Request_Body: "-"
172.71.95.77 - - [19/Sep/2026:10:53:05 +0800] "www.49ersjersey.com" "GET /blog/wp-json/batch/v1 HTTP/1.1" 404 30019 "https://49ersjersey.com/blog/wp-admin/" "Mozilla/5.0 (Windows NT 10.0; Win64; x64) AppleWebKit/537.36 (KHTML, like Gecko) Chrome/120.0.0.0 Safari/537.36" "10.0.0.1,45.148.10.119" [0.001,1.524,1.527|1.527]Request_Body: "-"
162.159.113.135 - - [19/Sep/2026:10:53:05 +0800] "49ersjersey.com" "POST /blog/wp-json/Batch/v1 HTTP/1.1" 301 166 "https://49ersjersey.com/blog/wp-admin/" "Mozilla/5.0 (Windows NT 10.0; Win64; x64) AppleWebKit/537.36 (KHTML, like Gecko) Chrome/120.0.0.0 Safari/537.36" "10.0.0.1,45.148.10.119" [-,-,-|0.000]Request_Body: "-"
104.23.170.57 - - [19/Sep/2026:10:53:05 +0800] "www.49ersjersey.com" "GET /wp/wp-json/batch/v1 HTTP/1.1" 404 30017 "https://49ersjersey.com/wp/wp-admin/" "Mozilla/5.0 (Windows NT 10.0; Win64; x64) AppleWebKit/537.36 (KHTML, like Gecko) Chrome/120.0.0.0 Safari/537.36" "10.0.0.1,45.148.10.119" [0.001,1.560,1.562|1.562]Request_Body: "-"
162.159.113.134 - - [19/Sep/2026:10:53:05 +0800] "49ersjersey.com" "POST /wp/wp-json/Batch/v1 HTTP/1.1" 301 166 "https://49ersjersey.com/wp/wp-admin/" "Mozilla/5.0 (Windows NT 10.0; Win64; x64) AppleWebKit/537.36 (KHTML, like Gecko) Chrome/120.0.0.0 Safari/537.36" "10.0.0.1,45.148.10.119" [-,-,-|0.000]Request_Body: "-"
172.71.95.77 - - [19/Sep/2026:10:53:07 +0800] "www.49ersjersey.com" "GET /blog/wp-json/Batch/v1 HTTP/1.1" 404 30019 "https://49ersjersey.com/blog/wp-admin/" "Mozilla/5.0 (Windows NT 10.0; Win64; x64) AppleWebKit/537.36 (KHTML, like Gecko) Chrome/120.0.0.0 Safari/537.36" "10.0.0.1,45.148.10.119" [0.001,1.824,1.829|1.829]Request_Body: "-"
104.23.170.57 - - [19/Sep/2026:10:53:07 +0800] "www.49ersjersey.com" "GET /wp/wp-json/Batch/v1 HTTP/1.1" 404 30017 "https://49ersjersey.com/wp/wp-admin/" "Mozilla/5.0 (Windows NT 10.0; Win64; x64) AppleWebKit/537.36 (KHTML, like Gecko) Chrome/120.0.0.0 Safari/537.36" "10.0.0.1,45.148.10.119" [0.001,1.693,1.699|1.699]Request_Body: "-"
162.159.113.135 - - [19/Sep/2026:10:53:07 +0800] "49ersjersey.com" "POST /blog//wp-json/batch/v1 HTTP/1.1" 301 166 "https://49ersjersey.com/blog/wp-admin/" "Mozilla/5.0 (Windows NT 10.0; Win64; x64) AppleWebKit/537.36 (KHTML, like Gecko) Chrome/120.0.0.0 Safari/537.36" "10.0.0.1,45.148.10.119" [-,-,-|0.000]Request_Body: "-"
162.159.113.134 - - [19/Sep/2026:10:53:08 +0800] "49ersjersey.com" "POST /wp//wp-json/batch/v1 HTTP/1.1" 301 166 "https://49ersjersey.com/wp/wp-admin/" "Mozilla/5.0 (Windows NT 10.0; Win64; x64) AppleWebKit/537.36 (KHTML, like Gecko) Chrome/120.0.0.0 Safari/537.36" "10.0.0.1,45.148.10.119" [-,-,-|0.001]Request_Body: "-"
172.71.95.77 - - [19/Sep/2026:10:53:09 +0800] "www.49ersjersey.com" "GET /blog//wp-json/batch/v1 HTTP/1.1" 301 5 "https://49ersjersey.com/blog/wp-admin/" "Mozilla/5.0 (Windows NT 10.0; Win64; x64) AppleWebKit/537.36 (KHTML, like Gecko) Chrome/120.0.0.0 Safari/537.36" "10.0.0.1,45.148.10.119" [0.001,1.114,1.114|1.114]Request_Body: "-"
104.23.170.57 - - [19/Sep/2026:10:53:09 +0800] "www.49ersjersey.com" "GET /wp//wp-json/batch/v1 HTTP/1.1" 301 5 "https://49ersjersey.com/wp/wp-admin/" "Mozilla/5.0 (Windows NT 10.0; Win64; x64) AppleWebKit/537.36 (KHTML, like Gecko) Chrome/120.0.0.0 Safari/537.36" "10.0.0.1,45.148.10.119" [0.001,1.103,1.103|1.103]Request_Body: "-"
172.71.95.77 - - [19/Sep/2026:10:53:10 +0800] "www.49ersjersey.com" "GET /blog/wp-json/batch/v1 HTTP/1.1" 404 30019 "https://49ersjersey.com/blog/wp-admin/" "Mozilla/5.0 (Windows NT 10.0; Win64; x64) AppleWebKit/537.36 (KHTML, like Gecko) Chrome/120.0.0.0 Safari/537.36" "10.0.0.1,45.148.10.119" [0.001,1.410,1.413|1.413]Request_Body: "-"
162.159.113.135 - - [19/Sep/2026:10:53:11 +0800] "49ersjersey.com" "POST /blog/wp-json/batch/v1/ HTTP/1.1" 301 166 "https://49ersjersey.com/blog/wp-admin/" "Mozilla/5.0 (Windows NT 10.0; Win64; x64) AppleWebKit/537.36 (KHTML, like Gecko) Chrome/120.0.0.0 Safari/537.36" "10.0.0.1,45.148.10.119" [-,-,-|0.001]Request_Body: "-"
104.23.170.57 - - [19/Sep/2026:10:53:11 +0800] "www.49ersjersey.com" "GET /wp/wp-json/batch/v1 HTTP/1.1" 404 30017 "https://49ersjersey.com/wp/wp-admin/" "Mozilla/5.0 (Windows NT 10.0; Win64; x64) AppleWebKit/537.36 (KHTML, like Gecko) Chrome/120.0.0.0 Safari/537.36" "10.0.0.1,45.148.10.119" [0.001,1.223,1.226|1.226]Request_Body: "-"
172.71.95.77 - - [19/Sep/2026:10:53:13 +0800] "www.49ersjersey.com" "GET /blog/wp-json/batch/v1/ HTTP/1.1" 404 30020 "https://49ersjersey.com/blog/wp-admin/" "Mozilla/5.0 (Windows NT 10.0; Win64; x64) AppleWebKit/537.36 (KHTML, like Gecko) Chrome/120.0.0.0 Safari/537.36" "10.0.0.1,45.148.10.119" [0.001,1.798,1.801|1.801]Request_Body: "-"
162.159.113.134 - - [19/Sep/2026:10:53:13 +0800] "49ersjersey.com" "POST /blog/blog/wp-json/batch/v1 HTTP/1.1" 301 166 "https://49ersjersey.com/blog/wp-admin/" "Mozilla/5.0 (Windows NT 10.0; Win64; x64) AppleWebKit/537.36 (KHTML, like Gecko) Chrome/120.0.0.0 Safari/537.36" "10.0.0.1,45.148.10.119" [-,-,-|0.000]Request_Body: "-"
162.159.113.135 - - [19/Sep/2026:10:53:13 +0800] "49ersjersey.com" "POST /wp/wp-json/batch/v1/ HTTP/1.1" 301 166 "https://49ersjersey.com/wp/wp-admin/" "Mozilla/5.0 (Windows NT 10.0; Win64; x64) AppleWebKit/537.36 (KHTML, like Gecko) Chrome/120.0.0.0 Safari/537.36" "10.0.0.1,45.148.10.119" [-,-,-|0.000]Request_Body: "-"
172.71.95.77 - - [19/Sep/2026:10:53:15 +0800] "www.49ersjersey.com" "GET /blog/blog/wp-json/batch/v1 HTTP/1.1" 404 30020 "https://49ersjersey.com/blog/wp-admin/" "Mozilla/5.0 (Windows NT 10.0; Win64; x64) AppleWebKit/537.36 (KHTML, like Gecko) Chrome/120.0.0.0 Safari/537.36" "10.0.0.1,45.148.10.119" [0.005,2.025,2.028|2.028]Request_Body: "-"
104.23.170.57 - - [19/Sep/2026:10:53:16 +0800] "www.49ersjersey.com" "GET /wp/wp-json/batch/v1/ HTTP/1.1" 404 30018 "https://49ersjersey.com/wp/wp-admin/" "Mozilla/5.0 (Windows NT 10.0; Win64; x64) AppleWebKit/537.36 (KHTML, like Gecko) Chrome/120.0.0.0 Safari/537.36" "10.0.0.1,45.148.10.119" [0.001,2.295,2.298|2.298]Request_Body: "-"
162.159.113.134 - - [19/Sep/2026:10:53:16 +0800] "49ersjersey.com" "POST /blog/index.php?rest_route=/batch/v1 HTTP/1.1" 301 166 "https://49ersjersey.com/blog/wp-admin/" "Mozilla/5.0 (Windows NT 10.0; Win64; x64) AppleWebKit/537.36 (KHTML, like Gecko) Chrome/120.0.0.0 Safari/537.36" "127.0.0.1,45.148.10.119" [-,-,-|0.000]Request_Body: "-"
172.71.95.77 - - [19/Sep/2026:10:53:16 +0800] "www.49ersjersey.com" "GET /blog/index.php?rest_route=/batch/v1 HTTP/1.1" 403 552 "https://49ersjersey.com/blog/wp-admin/" "Mozilla/5.0 (Windows NT 10.0; Win64; x64) AppleWebKit/537.36 (KHTML, like Gecko) Chrome/120.0.0.0 Safari/537.36" "127.0.0.1,45.148.10.119" [-,-,-|0.000]Request_Body: "-"
162.159.113.135 - - [19/Sep/2026:10:53:16 +0800] "49ersjersey.com" "POST /wp/blog/wp-json/batch/v1 HTTP/1.1" 301 166 "https://49ersjersey.com/wp/wp-admin/" "Mozilla/5.0 (Windows NT 10.0; Win64; x64) AppleWebKit/537.36 (KHTML, like Gecko) Chrome/120.0.0.0 Safari/537.36" "10.0.0.1,45.148.10.119" [-,-,-|0.000]Request_Body: "-"
162.159.113.134 - - [19/Sep/2026:10:53:16 +0800] "49ersjersey.com" "POST /blog/index.php?rest_route=%2Fbatch%2Fv1 HTTP/1.1" 301 166 "https://49ersjersey.com/blog/wp-admin/" "Mozilla/5.0 (Windows NT 10.0; Win64; x64) AppleWebKit/537.36 (KHTML, like Gecko) Chrome/120.0.0.0 Safari/537.36" "127.0.0.1,45.148.10.119" [-,-,-|0.000]Request_Body: "-"
104.23.170.57 - - [19/Sep/2026:10:53:17 +0800] "www.49ersjersey.com" "GET /blog/index.php?rest_route=%2Fbatch%2Fv1 HTTP/1.1" 403 552 "https://49ersjersey.com/blog/wp-admin/" "Mozilla/5.0 (Windows NT 10.0; Win64; x64) AppleWebKit/537.36 (KHTML, like Gecko) Chrome/120.0.0.0 Safari/537.36" "127.0.0.1,45.148.10.119" [-,-,-|0.000]Request_Body: "-"
162.159.113.135 - - [19/Sep/2026:10:53:17 +0800] "49ersjersey.com" "POST /blog/?rest_route=%2Fbatch%2Fv1 HTTP/1.1" 301 166 "https://49ersjersey.com/blog/wp-admin/" "Mozilla/5.0 (Windows NT 10.0; Win64; x64) AppleWebKit/537.36 (KHTML, like Gecko) Chrome/120.0.0.0 Safari/537.36" "127.0.0.1,45.148.10.119" [-,-,-|0.001]Request_Body: "-"
172.71.95.77 - - [19/Sep/2026:10:53:18 +0800] "www.49ersjersey.com" "GET /wp/blog/wp-json/batch/v1 HTTP/1.1" 404 30020 "https://49ersjersey.com/wp/wp-admin/" "Mozilla/5.0 (Windows NT 10.0; Win64; x64) AppleWebKit/537.36 (KHTML, like Gecko) Chrome/120.0.0.0 Safari/537.36" "10.0.0.1,45.148.10.119" [0.001,1.611,1.614|1.614]Request_Body: "-"
104.23.170.57 - - [19/Sep/2026:10:53:18 +0800] "www.49ersjersey.com" "GET /blog/?rest_route=%2Fbatch%2Fv1 HTTP/1.1" 404 125 "https://49ersjersey.com/blog/wp-admin/" "Mozilla/5.0 (Windows NT 10.0; Win64; x64) AppleWebKit/537.36 (KHTML, like Gecko) Chrome/120.0.0.0 Safari/537.36" "127.0.0.1,45.148.10.119" [0.000,1.620,1.620|1.620]Request_Body: "-"
162.159.113.134 - - [19/Sep/2026:10:53:19 +0800] "49ersjersey.com" "POST /wp/index.php?rest_route=/batch/v1 HTTP/1.1" 301 166 "https://49ersjersey.com/wp/wp-admin/" "Mozilla/5.0 (Windows NT 10.0; Win64; x64) AppleWebKit/537.36 (KHTML, like Gecko) Chrome/120.0.0.0 Safari/537.36" "127.0.0.1,45.148.10.119" [-,-,-|0.000]Request_Body: "-"
104.23.170.57 - - [19/Sep/2026:10:53:19 +0800] "www.49ersjersey.com" "GET /wp/index.php?rest_route=/batch/v1 HTTP/1.1" 403 552 "https://49ersjersey.com/wp/wp-admin/" "Mozilla/5.0 (Windows NT 10.0; Win64; x64) AppleWebKit/537.36 (KHTML, like Gecko) Chrome/120.0.0.0 Safari/537.36" "127.0.0.1,45.148.10.119" [-,-,-|0.000]Request_Body: "-"
172.71.102.56 - - [19/Sep/2026:10:53:19 +0800] "49ersjersey.com" "POST /blog/?rest_route=/batch%2Fv1 HTTP/1.1" 301 166 "https://49ersjersey.com/blog/wp-admin/" "Mozilla/5.0 (Windows NT 10.0; Win64; x64) AppleWebKit/537.36 (KHTML, like Gecko) Chrome/120.0.0.0 Safari/537.36" "127.0.0.1,45.148.10.119" [-,-,-|0.000]Request_Body: "-"
162.159.113.135 - - [19/Sep/2026:10:53:19 +0800] "49ersjersey.com" "POST /wp/index.php?rest_route=%2Fbatch%2Fv1 HTTP/1.1" 301 166 "https://49ersjersey.com/wp/wp-admin/" "Mozilla/5.0 (Windows NT 10.0; Win64; x64) AppleWebKit/537.36 (KHTML, like Gecko) Chrome/120.0.0.0 Safari/537.36" "127.0.0.1,45.148.10.119" [-,-,-|0.000]Request_Body: "-"
172.71.95.77 - - [19/Sep/2026:10:53:19 +0800] "www.49ersjersey.com" "GET /wp/index.php?rest_route=%2Fbatch%2Fv1 HTTP/1.1" 403 552 "https://49ersjersey.com/wp/wp-admin/" "Mozilla/5.0 (Windows NT 10.0; Win64; x64) AppleWebKit/537.36 (KHTML, like Gecko) Chrome/120.0.0.0 Safari/537.36" "127.0.0.1,45.148.10.119" [-,-,-|0.000]Request_Body: "-"
162.159.113.134 - - [19/Sep/2026:10:53:20 +0800] "49ersjersey.com" "POST /wp/?rest_route=%2Fbatch%2Fv1 HTTP/1.1" 301 166 "https://49ersjersey.com/wp/wp-admin/" "Mozilla/5.0 (Windows NT 10.0; Win64; x64) AppleWebKit/537.36 (KHTML, like Gecko) Chrome/120.0.0.0 Safari/537.36" "127.0.0.1,45.148.10.119" [-,-,-|0.000]Request_Body: "-"
104.23.170.57 - - [19/Sep/2026:10:53:21 +0800] "www.49ersjersey.com" "GET /blog/?rest_route=/batch%2Fv1 HTTP/1.1" 404 125 "https://49ersjersey.com/blog/wp-admin/" "Mozilla/5.0 (Windows NT 10.0; Win64; x64) AppleWebKit/537.36 (KHTML, like Gecko) Chrome/120.0.0.0 Safari/537.36" "127.0.0.1,45.148.10.119" [0.001,1.732,1.732|1.731]Request_Body: "-"
162.159.113.135 - - [19/Sep/2026:10:53:21 +0800] "49ersjersey.com" "POST /blog/?rest_route=/batch/v1 HTTP/1.1" 301 166 "https://49ersjersey.com/blog/wp-admin/" "Mozilla/5.0 (Windows NT 10.0; Win64; x64) AppleWebKit/537.36 (KHTML, like Gecko) Chrome/120.0.0.0 Safari/537.36" "127.0.0.1,45.148.10.119" [-,-,-|0.000]Request_Body: "-"
172.71.95.77 - - [19/Sep/2026:10:53:21 +0800] "www.49ersjersey.com" "GET /wp/?rest_route=%2Fbatch%2Fv1 HTTP/1.1" 404 125 "https://49ersjersey.com/wp/wp-admin/" "Mozilla/5.0 (Windows NT 10.0; Win64; x64) AppleWebKit/537.36 (KHTML, like Gecko) Chrome/120.0.0.0 Safari/537.36" "127.0.0.1,45.148.10.119" [0.000,1.655,1.655|1.655]Request_Body: "-"
162.159.113.134 - - [19/Sep/2026:10:53:22 +0800] "49ersjersey.com" "POST /wp/?rest_route=/batch%2Fv1 HTTP/1.1" 301 166 "https://49ersjersey.com/wp/wp-admin/" "Mozilla/5.0 (Windows NT 10.0; Win64; x64) AppleWebKit/537.36 (KHTML, like Gecko) Chrome/120.0.0.0 Safari/537.36" "127.0.0.1,45.148.10.119" [-,-,-|0.001]Request_Body: "-"
104.23.170.57 - - [19/Sep/2026:10:53:23 +0800] "www.49ersjersey.com" "GET /blog/?rest_route=/batch/v1 HTTP/1.1" 404 125 "https://49ersjersey.com/blog/wp-admin/" "Mozilla/5.0 (Windows NT 10.0; Win64; x64) AppleWebKit/537.36 (KHTML, like Gecko) Chrome/120.0.0.0 Safari/537.36" "127.0.0.1,45.148.10.119" [0.000,1.588,1.589|1.589]Request_Body: "-"
162.159.113.135 - - [19/Sep/2026:10:53:23 +0800] "49ersjersey.com" "POST /blog/wp-json/batch/v1 HTTP/1.1" 301 166 "https://49ersjersey.com/blog/wp-admin/" "Mozilla/5.0 (Windows NT 10.0; Win64; x64) AppleWebKit/537.36 (KHTML, like Gecko) Chrome/120.0.0.0 Safari/537.36" "127.0.0.1,45.148.10.119" [-,-,-|0.000]Request_Body: "-"
172.71.95.77 - - [19/Sep/2026:10:53:23 +0800] "www.49ersjersey.com" "GET /wp/?rest_route=/batch%2Fv1 HTTP/1.1" 404 125 "https://49ersjersey.com/wp/wp-admin/" "Mozilla/5.0 (Windows NT 10.0; Win64; x64) AppleWebKit/537.36 (KHTML, like Gecko) Chrome/120.0.0.0 Safari/537.36" "127.0.0.1,45.148.10.119" [0.001,1.331,1.331|1.331]Request_Body: "-"
162.159.113.134 - - [19/Sep/2026:10:53:23 +0800] "49ersjersey.com" "POST /wp/?rest_route=/batch/v1 HTTP/1.1" 301 166 "https://49ersjersey.com/wp/wp-admin/" "Mozilla/5.0 (Windows NT 10.0; Win64; x64) AppleWebKit/537.36 (KHTML, like Gecko) Chrome/120.0.0.0 Safari/537.36" "127.0.0.1,45.148.10.119" [-,-,-|0.000]Request_Body: "-"
104.23.170.57 - - [19/Sep/2026:10:53:25 +0800] "www.49ersjersey.com" "GET /blog/wp-json/batch/v1 HTTP/1.1" 404 30019 "https://49ersjersey.com/blog/wp-admin/" "Mozilla/5.0 (Windows NT 10.0; Win64; x64) AppleWebKit/537.36 (KHTML, like Gecko) Chrome/120.0.0.0 Safari/537.36" "127.0.0.1,45.148.10.119" [0.000,1.633,1.636|1.636]Request_Body: "-"
162.159.113.135 - - [19/Sep/2026:10:53:25 +0800] "49ersjersey.com" "POST /blog/wp-json/Batch/v1 HTTP/1.1" 301 166 "https://49ersjersey.com/blog/wp-admin/" "Mozilla/5.0 (Windows NT 10.0; Win64; x64) AppleWebKit/537.36 (KHTML, like Gecko) Chrome/120.0.0.0 Safari/537.36" "127.0.0.1,45.148.10.119" [-,-,-|0.000]Request_Body: "-"
172.71.95.77 - - [19/Sep/2026:10:53:25 +0800] "www.49ersjersey.com" "GET /wp/?rest_route=/batch/v1 HTTP/1.1" 404 125 "https://49ersjersey.com/wp/wp-admin/" "Mozilla/5.0 (Windows NT 10.0; Win64; x64) AppleWebKit/537.36 (KHTML, like Gecko) Chrome/120.0.0.0 Safari/537.36" "127.0.0.1,45.148.10.119" [0.001,1.829,1.829|1.829]Request_Body: "-"
172.71.102.56 - - [19/Sep/2026:10:53:26 +0800] "49ersjersey.com" "POST /wp/wp-json/batch/v1 HTTP/1.1" 301 166 "https://49ersjersey.com/wp/wp-admin/" "Mozilla/5.0 (Windows NT 10.0; Win64; x64) AppleWebKit/537.36 (KHTML, like Gecko) Chrome/120.0.0.0 Safari/537.36" "127.0.0.1,45.148.10.119" [-,-,-|0.000]Request_Body: "-"
172.71.95.77 - - [19/Sep/2026:10:53:28 +0800] "www.49ersjersey.com" "GET /wp/wp-json/batch/v1 HTTP/1.1" 404 30017 "https://49ersjersey.com/wp/wp-admin/" "Mozilla/5.0 (Windows NT 10.0; Win64; x64) AppleWebKit/537.36 (KHTML, like Gecko) Chrome/120.0.0.0 Safari/537.36" "127.0.0.1,45.148.10.119" [0.001,1.942,1.945|1.945]Request_Body: "-"
162.159.113.134 - - [19/Sep/2026:10:53:28 +0800] "49ersjersey.com" "POST /wp/wp-json/Batch/v1 HTTP/1.1" 301 166 "https://49ersjersey.com/wp/wp-admin/" "Mozilla/5.0 (Windows NT 10.0; Win64; x64) AppleWebKit/537.36 (KHTML, like Gecko) Chrome/120.0.0.0 Safari/537.36" "127.0.0.1,45.148.10.119" [-,-,-|0.000]Request_Body: "-"
104.23.170.57 - - [19/Sep/2026:10:53:28 +0800] "www.49ersjersey.com" "GET /blog/wp-json/Batch/v1 HTTP/1.1" 404 30019 "https://49ersjersey.com/blog/wp-admin/" "Mozilla/5.0 (Windows NT 10.0; Win64; x64) AppleWebKit/537.36 (KHTML, like Gecko) Chrome/120.0.0.0 Safari/537.36" "127.0.0.1,45.148.10.119" [0.001,2.005,2.008|2.008]Request_Body: "-"
162.159.113.135 - - [19/Sep/2026:10:53:28 +0800] "49ersjersey.com" "POST /blog//wp-json/batch/v1 HTTP/1.1" 301 166 "https://49ersjersey.com/blog/wp-admin/" "Mozilla/5.0 (Windows NT 10.0; Win64; x64) AppleWebKit/537.36 (KHTML, like Gecko) Chrome/120.0.0.0 Safari/537.36" "127.0.0.1,45.148.10.119" [-,-,-|0.000]Request_Body: "-"
104.23.170.57 - - [19/Sep/2026:10:53:30 +0800] "www.49ersjersey.com" "GET /blog//wp-json/batch/v1 HTTP/1.1" 301 5 "https://49ersjersey.com/blog/wp-admin/" "Mozilla/5.0 (Windows NT 10.0; Win64; x64) AppleWebKit/537.36 (KHTML, like Gecko) Chrome/120.0.0.0 Safari/537.36" "127.0.0.1,45.148.10.119" [0.001,1.426,1.426|1.426]Request_Body: "-"
172.71.95.77 - - [19/Sep/2026:10:53:30 +0800] "www.49ersjersey.com" "GET /wp/wp-json/Batch/v1 HTTP/1.1" 404 30017 "https://49ersjersey.com/wp/wp-admin/" "Mozilla/5.0 (Windows NT 10.0; Win64; x64) AppleWebKit/537.36 (KHTML, like Gecko) Chrome/120.0.0.0 Safari/537.36" "127.0.0.1,45.148.10.119" [0.001,1.782,1.785|1.785]Request_Body: "-"
162.159.113.134 - - [19/Sep/2026:10:53:30 +0800] "49ersjersey.com" "POST /wp//wp-json/batch/v1 HTTP/1.1" 301 166 "https://49ersjersey.com/wp/wp-admin/" "Mozilla/5.0 (Windows NT 10.0; Win64; x64) AppleWebKit/537.36 (KHTML, like Gecko) Chrome/120.0.0.0 Safari/537.36" "127.0.0.1,45.148.10.119" [-,-,-|0.000]Request_Body: "-"
172.71.95.77 - - [19/Sep/2026:10:53:32 +0800] "www.49ersjersey.com" "GET /wp//wp-json/batch/v1 HTTP/1.1" 301 5 "https://49ersjersey.com/wp/wp-admin/" "Mozilla/5.0 (Windows NT 10.0; Win64; x64) AppleWebKit/537.36 (KHTML, like Gecko) Chrome/120.0.0.0 Safari/537.36" "127.0.0.1,45.148.10.119" [0.001,1.290,1.290|1.290]Request_Body: "-"
104.23.170.57 - - [19/Sep/2026:10:53:32 +0800] "www.49ersjersey.com" "GET /blog/wp-json/batch/v1 HTTP/1.1" 404 30019 "https://49ersjersey.com/blog/wp-admin/" "Mozilla/5.0 (Windows NT 10.0; Win64; x64) AppleWebKit/537.36 (KHTML, like Gecko) Chrome/120.0.0.0 Safari/537.36" "127.0.0.1,45.148.10.119" [0.001,1.721,1.724|1.724]Request_Body: "-"
162.159.113.135 - - [19/Sep/2026:10:53:32 +0800] "49ersjersey.com" "POST /blog/wp-json/batch/v1/ HTTP/1.1" 301 166 "https://49ersjersey.com/blog/wp-admin/" "Mozilla/5.0 (Windows NT 10.0; Win64; x64) AppleWebKit/537.36 (KHTML, like Gecko) Chrome/120.0.0.0 Safari/537.36" "127.0.0.1,45.148.10.119" [-,-,-|0.001]Request_Body: "-"
172.71.95.77 - - [19/Sep/2026:10:53:33 +0800] "www.49ersjersey.com" "GET /wp/wp-json/batch/v1 HTTP/1.1" 404 30017 "https://49ersjersey.com/wp/wp-admin/" "Mozilla/5.0 (Windows NT 10.0; Win64; x64) AppleWebKit/537.36 (KHTML, like Gecko) Chrome/120.0.0.0 Safari/537.36" "127.0.0.1,45.148.10.119" [0.001,1.636,1.638|1.637]Request_Body: "-"
104.23.170.57 - - [19/Sep/2026:10:53:34 +0800] "www.49ersjersey.com" "GET /blog/wp-json/batch/v1/ HTTP/1.1" 404 30020 "https://49ersjersey.com/blog/wp-admin/" "Mozilla/5.0 (Windows NT 10.0; Win64; x64) AppleWebKit/537.36 (KHTML, like Gecko) Chrome/120.0.0.0 Safari/537.36" "127.0.0.1,45.148.10.119" [0.001,1.916,1.919|1.918]Request_Body: "-"
162.159.113.134 - - [19/Sep/2026:10:53:34 +0800] "49ersjersey.com" "POST /wp/wp-json/batch/v1/ HTTP/1.1" 301 166 "https://49ersjersey.com/wp/wp-admin/" "Mozilla/5.0 (Windows NT 10.0; Win64; x64) AppleWebKit/537.36 (KHTML, like Gecko) Chrome/120.0.0.0 Safari/537.36" "127.0.0.1,45.148.10.119" [-,-,-|0.000]Request_Body: "-"
162.159.113.135 - - [19/Sep/2026:10:53:34 +0800] "49ersjersey.com" "POST /blog/blog/wp-json/batch/v1 HTTP/1.1" 301 166 "https://49ersjersey.com/blog/wp-admin/" "Mozilla/5.0 (Windows NT 10.0; Win64; x64) AppleWebKit/537.36 (KHTML, like Gecko) Chrome/120.0.0.0 Safari/537.36" "127.0.0.1,45.148.10.119" [-,-,-|0.000]Request_Body: "-"
104.23.170.57 - - [19/Sep/2026:10:53:36 +0800] "www.49ersjersey.com" "GET /wp/wp-json/batch/v1/ HTTP/1.1" 404 30018 "https://49ersjersey.com/wp/wp-admin/" "Mozilla/5.0 (Windows NT 10.0; Win64; x64) AppleWebKit/537.36 (KHTML, like Gecko) Chrome/120.0.0.0 Safari/537.36" "127.0.0.1,45.148.10.119" [0.001,1.741,1.744|1.744]Request_Body: "-"
104.22.93.92 - - [19/Sep/2026:10:53:36 +0800] "49ersjersey.com" "GET /readme.html HTTP/1.1" 301 166 "-" "Mozilla/5.0 (Windows NT 10.0; Win64; x64) AppleWebKit/537.36 (KHTML, like Gecko) Chrome/151.0.0.0 Safari/537.36" "50.6.207.27" [-,-,-|0.000]Request_Body: "-"
162.159.113.134 - - [19/Sep/2026:10:53:36 +0800] "49ersjersey.com" "POST /wp/blog/wp-json/batch/v1 HTTP/1.1" 301 166 "https://49ersjersey.com/wp/wp-admin/" "Mozilla/5.0 (Windows NT 10.0; Win64; x64) AppleWebKit/537.36 (KHTML, like Gecko) Chrome/120.0.0.0 Safari/537.36" "127.0.0.1,45.148.10.119" [-,-,-|0.000]Request_Body: "-"
172.71.95.77 - - [19/Sep/2026:10:53:37 +0800] "www.49ersjersey.com" "GET /blog/blog/wp-json/batch/v1 HTTP/1.1" 404 30020 "https://49ersjersey.com/blog/wp-admin/" "Mozilla/5.0 (Windows NT 10.0; Win64; x64) AppleWebKit/537.36 (KHTML, like Gecko) Chrome/120.0.0.0 Safari/537.36" "127.0.0.1,45.148.10.119" [0.001,1.845,2.052|2.052]Request_Body: "-"
162.159.113.135 - - [19/Sep/2026:10:53:37 +0800] "49ersjersey.com" "POST /blog/index.php?rest_route=/batch/v1 HTTP/1.1" 301 166 "https://49ersjersey.com/blog/wp-admin/" "WordPress/6.4.3" "127.0.0.1,45.148.10.119" [-,-,-|0.001]Request_Body: "-"
172.71.95.77 - - [19/Sep/2026:10:53:37 +0800] "www.49ersjersey.com" "GET /blog/index.php?rest_route=/batch/v1 HTTP/1.1" 403 150 "https://49ersjersey.com/blog/wp-admin/" "WordPress/6.4.3" "127.0.0.1,45.148.10.119" [-,-,-|0.000]Request_Body: "-"
162.159.113.134 - - [19/Sep/2026:10:53:37 +0800] "49ersjersey.com" "POST /blog/index.php?rest_route=%2Fbatch%2Fv1 HTTP/1.1" 301 166 "https://49ersjersey.com/blog/wp-admin/" "WordPress/6.4.3" "127.0.0.1,45.148.10.119" [-,-,-|0.000]Request_Body: "-"
172.68.245.64 - - [19/Sep/2026:10:53:37 +0800] "www.49ersjersey.com" "GET /readme.html HTTP/1.1" 200 3229 "-" "Mozilla/5.0 (Windows NT 10.0; Win64; x64) AppleWebKit/537.36 (KHTML, like Gecko) Chrome/151.0.0.0 Safari/537.36" "50.6.207.27" [-,-,-|0.000]Request_Body: "-"
172.71.95.77 - - [19/Sep/2026:10:53:38 +0800] "www.49ersjersey.com" "GET /blog/index.php?rest_route=%2Fbatch%2Fv1 HTTP/1.1" 403 150 "https://49ersjersey.com/blog/wp-admin/" "WordPress/6.4.3" "127.0.0.1,45.148.10.119" [-,-,-|0.000]Request_Body: "-"
104.22.93.97 - - [19/Sep/2026:10:53:38 +0800] "49ersjersey.com" "GET /wp-json/ HTTP/1.1" 301 166 "-" "Mozilla/5.0 (Windows NT 10.0; Win64; x64) AppleWebKit/537.36 (KHTML, like Gecko) Chrome/151.0.0.0 Safari/537.36" "50.6.207.27" [-,-,-|0.000]Request_Body: "-"
162.159.113.135 - - [19/Sep/2026:10:53:38 +0800] "49ersjersey.com" "POST /blog/?rest_route=%2Fbatch%2Fv1 HTTP/1.1" 301 166 "https://49ersjersey.com/blog/wp-admin/" "WordPress/6.4.3" "127.0.0.1,45.148.10.119" [-,-,-|0.000]Request_Body: "-"
104.23.170.57 - - [19/Sep/2026:10:53:38 +0800] "www.49ersjersey.com" "GET /wp/blog/wp-json/batch/v1 HTTP/1.1" 404 30020 "https://49ersjersey.com/wp/wp-admin/" "Mozilla/5.0 (Windows NT 10.0; Win64; x64) AppleWebKit/537.36 (KHTML, like Gecko) Chrome/120.0.0.0 Safari/537.36" "127.0.0.1,45.148.10.119" [0.000,1.806,1.809|1.810]Request_Body: "-"
162.159.113.134 - - [19/Sep/2026:10:53:39 +0800] "49ersjersey.com" "POST /wp/index.php?rest_route=/batch/v1 HTTP/1.1" 301 166 "https://49ersjersey.com/wp/wp-admin/" "WordPress/6.4.3" "127.0.0.1,45.148.10.119" [-,-,-|0.000]Request_Body: "-"
104.23.170.57 - - [19/Sep/2026:10:53:39 +0800] "www.49ersjersey.com" "GET /wp/index.php?rest_route=/batch/v1 HTTP/1.1" 403 150 "https://49ersjersey.com/wp/wp-admin/" "WordPress/6.4.3" "127.0.0.1,45.148.10.119" [-,-,-|0.000]Request_Body: "-"
162.159.113.135 - - [19/Sep/2026:10:53:39 +0800] "49ersjersey.com" "POST /wp/index.php?rest_route=%2Fbatch%2Fv1 HTTP/1.1" 301 166 "https://49ersjersey.com/wp/wp-admin/" "WordPress/6.4.3" "127.0.0.1,45.148.10.119" [-,-,-|0.000]Request_Body: "-"
172.71.95.77 - - [19/Sep/2026:10:53:40 +0800] "www.49ersjersey.com" "GET /blog/?rest_route=%2Fbatch%2Fv1 HTTP/1.1" 404 125 "https://49ersjersey.com/blog/wp-admin/" "WordPress/6.4.3" "127.0.0.1,45.148.10.119" [0.001,1.611,1.611|1.611]Request_Body: "-"
104.23.170.57 - - [19/Sep/2026:10:53:40 +0800] "www.49ersjersey.com" "GET /wp/index.php?rest_route=%2Fbatch%2Fv1 HTTP/1.1" 403 150 "https://49ersjersey.com/wp/wp-admin/" "WordPress/6.4.3" "127.0.0.1,45.148.10.119" [-,-,-|0.000]Request_Body: "-"
162.159.113.134 - - [19/Sep/2026:10:53:40 +0800] "49ersjersey.com" "POST /blog/?rest_route=/batch%2Fv1 HTTP/1.1" 301 166 "https://49ersjersey.com/blog/wp-admin/" "WordPress/6.4.3" "127.0.0.1,45.148.10.119" [-,-,-|0.000]Request_Body: "-"
162.159.113.135 - - [19/Sep/2026:10:53:40 +0800] "49ersjersey.com" "POST /wp/?rest_route=%2Fbatch%2Fv1 HTTP/1.1" 301 166 "https://49ersjersey.com/wp/wp-admin/" "WordPress/6.4.3" "127.0.0.1,45.148.10.119" [-,-,-|0.000]Request_Body: "-"
172.68.245.42 - - [19/Sep/2026:10:53:40 +0800] "www.49ersjersey.com" "GET /wp-json/ HTTP/1.1" 200 1626989 "-" "Mozilla/5.0 (Windows NT 10.0; Win64; x64) AppleWebKit/537.36 (KHTML, like Gecko) Chrome/151.0.0.0 Safari/537.36" "50.6.207.27" [0.001,1.608,1.611|1.893]Request_Body: "-"
104.23.170.57 - - [19/Sep/2026:10:53:41 +0800] "www.49ersjersey.com" "GET /blog/?rest_route=/batch%2Fv1 HTTP/1.1" 404 125 "https://49ersjersey.com/blog/wp-admin/" "WordPress/6.4.3" "127.0.0.1,45.148.10.119" [0.001,1.335,1.335|1.335]Request_Body: "-"
172.71.95.77 - - [19/Sep/2026:10:53:41 +0800] "www.49ersjersey.com" "GET /wp/?rest_route=%2Fbatch%2Fv1 HTTP/1.1" 404 125 "https://49ersjersey.com/wp/wp-admin/" "WordPress/6.4.3" "127.0.0.1,45.148.10.119" [0.001,1.481,1.481|1.481]Request_Body: "-"
104.22.93.97 - - [19/Sep/2026:10:53:41 +0800] "49ersjersey.com" "GET /wp-json/wp/v2/users?_fields=slug&per_page=100&page=1 HTTP/1.1" 301 166 "-" "Mozilla/5.0 (Windows NT 10.0; Win64; x64) AppleWebKit/537.36 (KHTML, like Gecko) Chrome/151.0.0.0 Safari/537.36" "50.6.207.27" [-,-,-|0.000]Request_Body: "-"
162.159.113.134 - - [19/Sep/2026:10:53:41 +0800] "49ersjersey.com" "POST /blog/?rest_route=/batch/v1 HTTP/1.1" 301 166 "https://49ersjersey.com/blog/wp-admin/" "WordPress/6.4.3" "127.0.0.1,45.148.10.119" [-,-,-|0.000]Request_Body: "-"
162.159.113.135 - - [19/Sep/2026:10:53:41 +0800] "49ersjersey.com" "POST /wp/?rest_route=/batch%2Fv1 HTTP/1.1" 301 166 "https://49ersjersey.com/wp/wp-admin/" "WordPress/6.4.3" "127.0.0.1,45.148.10.119" [-,-,-|0.000]Request_Body: "-"
172.71.95.77 - - [19/Sep/2026:10:53:43 +0800] "www.49ersjersey.com" "GET /blog/?rest_route=/batch/v1 HTTP/1.1" 404 125 "https://49ersjersey.com/blog/wp-admin/" "WordPress/6.4.3" "127.0.0.1,45.148.10.119" [0.001,1.333,1.333|1.334]Request_Body: "-"
104.23.170.57 - - [19/Sep/2026:10:53:43 +0800] "www.49ersjersey.com" "GET /wp/?rest_route=/batch%2Fv1 HTTP/1.1" 404 125 "https://49ersjersey.com/wp/wp-admin/" "WordPress/6.4.3" "127.0.0.1,45.148.10.119" [0.001,1.589,1.589|1.589]Request_Body: "-"
172.68.245.64 - - [19/Sep/2026:10:53:43 +0800] "www.49ersjersey.com" "GET /wp-json/wp/v2/users?_fields=slug&per_page=100&page=1 HTTP/1.1" 200 29 "-" "Mozilla/5.0 (Windows NT 10.0; Win64; x64) AppleWebKit/537.36 (KHTML, like Gecko) Chrome/151.0.0.0 Safari/537.36" "50.6.207.27" [0.001,1.589,1.589|1.589]Request_Body: "-"
162.159.113.134 - - [19/Sep/2026:10:53:43 +0800] "49ersjersey.com" "POST /wp/?rest_route=/batch/v1 HTTP/1.1" 301 166 "https://49ersjersey.com/wp/wp-admin/" "WordPress/6.4.3" "127.0.0.1,45.148.10.119" [-,-,-|0.000]Request_Body: "-"
104.22.93.92 - - [19/Sep/2026:10:53:44 +0800] "49ersjersey.com" "GET /?rest_route=/wp/v2/users&_fields=slug&per_page=100&page=1 HTTP/1.1" 301 166 "-" "Mozilla/5.0 (Windows NT 10.0; Win64; x64) AppleWebKit/537.36 (KHTML, like Gecko) Chrome/151.0.0.0 Safari/537.36" "50.6.207.27" [-,-,-|0.000]Request_Body: "-"
162.159.113.135 - - [19/Sep/2026:10:53:44 +0800] "49ersjersey.com" "POST /blog/wp-json/batch/v1 HTTP/1.1" 301 166 "https://49ersjersey.com/blog/wp-admin/" "WordPress/6.4.3" "127.0.0.1,45.148.10.119" [-,-,-|0.000]Request_Body: "-"
104.23.170.57 - - [19/Sep/2026:10:53:45 +0800] "www.49ersjersey.com" "GET /wp/?rest_route=/batch/v1 HTTP/1.1" 404 125 "https://49ersjersey.com/wp/wp-admin/" "WordPress/6.4.3" "127.0.0.1,45.148.10.119" [0.001,1.722,1.722|1.721]Request_Body: "-"
172.68.245.42 - - [19/Sep/2026:10:53:45 +0800] "www.49ersjersey.com" "GET /?rest_route=/wp/v2/users&_fields=slug&per_page=100&page=1 HTTP/1.1" 200 29 "-" "Mozilla/5.0 (Windows NT 10.0; Win64; x64) AppleWebKit/537.36 (KHTML, like Gecko) Chrome/151.0.0.0 Safari/537.36" "50.6.207.27" [0.000,1.417,1.417|1.417]Request_Body: "-"
162.159.113.134 - - [19/Sep/2026:10:53:45 +0800] "49ersjersey.com" "POST /wp/wp-json/batch/v1 HTTP/1.1" 301 166 "https://49ersjersey.com/wp/wp-admin/" "WordPress/6.4.3" "127.0.0.1,45.148.10.119" [-,-,-|0.000]Request_Body: "-"
104.22.93.92 - - [19/Sep/2026:10:53:46 +0800] "49ersjersey.com" "GET /feed/ HTTP/1.1" 301 166 "-" "Mozilla/5.0 (Windows NT 10.0; Win64; x64) AppleWebKit/537.36 (KHTML, like Gecko) Chrome/151.0.0.0 Safari/537.36" "50.6.207.27" [-,-,-|0.000]Request_Body: "-"
172.71.95.77 - - [19/Sep/2026:10:53:46 +0800] "www.49ersjersey.com" "GET /blog/wp-json/batch/v1 HTTP/1.1" 404 30019 "https://49ersjersey.com/blog/wp-admin/" "WordPress/6.4.3" "127.0.0.1,45.148.10.119" [0.004,1.502,1.505|1.505]Request_Body: "-"
162.159.113.135 - - [19/Sep/2026:10:53:46 +0800] "49ersjersey.com" "POST /blog/wp-json/Batch/v1 HTTP/1.1" 301 166 "https://49ersjersey.com/blog/wp-admin/" "WordPress/6.4.3" "127.0.0.1,45.148.10.119" [-,-,-|0.000]Request_Body: "-"
104.23.170.57 - - [19/Sep/2026:10:53:47 +0800] "www.49ersjersey.com" "GET /wp/wp-json/batch/v1 HTTP/1.1" 404 30017 "https://49ersjersey.com/wp/wp-admin/" "WordPress/6.4.3" "127.0.0.1,45.148.10.119" [0.001,1.390,1.393|1.392]Request_Body: "-"
162.159.113.134 - - [19/Sep/2026:10:53:47 +0800] "49ersjersey.com" "POST /wp/wp-json/Batch/v1 HTTP/1.1" 301 166 "https://49ersjersey.com/wp/wp-admin/" "WordPress/6.4.3" "127.0.0.1,45.148.10.119" [-,-,-|0.000]Request_Body: "-"
172.68.245.64 - - [19/Sep/2026:10:53:47 +0800] "www.49ersjersey.com" "GET /feed/ HTTP/1.1" 200 1113 "-" "Mozilla/5.0 (Windows NT 10.0; Win64; x64) AppleWebKit/537.36 (KHTML, like Gecko) Chrome/151.0.0.0 Safari/537.36" "50.6.207.27" [0.001,1.326,1.326|1.325]Request_Body: "-"
104.22.93.92 - - [19/Sep/2026:10:53:48 +0800] "49ersjersey.com" "GET /feed/atom/ HTTP/1.1" 301 166 "-" "Mozilla/5.0 (Windows NT 10.0; Win64; x64) AppleWebKit/537.36 (KHTML, like Gecko) Chrome/151.0.0.0 Safari/537.36" "50.6.207.27" [-,-,-|0.000]Request_Body: "-"
172.71.95.77 - - [19/Sep/2026:10:53:48 +0800] "www.49ersjersey.com" "GET /blog/wp-json/Batch/v1 HTTP/1.1" 404 30019 "https://49ersjersey.com/blog/wp-admin/" "WordPress/6.4.3" "127.0.0.1,45.148.10.119" [0.001,1.570,1.573|1.574]Request_Body: "-"
162.159.113.135 - - [19/Sep/2026:10:53:48 +0800] "49ersjersey.com" "POST /blog//wp-json/batch/v1 HTTP/1.1" 301 166 "https://49ersjersey.com/blog/wp-admin/" "WordPress/6.4.3" "127.0.0.1,45.148.10.119" [-,-,-|0.000]Request_Body: "-"
104.23.170.57 - - [19/Sep/2026:10:53:49 +0800] "www.49ersjersey.com" "GET /wp/wp-json/Batch/v1 HTTP/1.1" 404 30017 "https://49ersjersey.com/wp/wp-admin/" "WordPress/6.4.3" "127.0.0.1,45.148.10.119" [0.001,1.754,1.756|1.756]Request_Body: "-"
172.68.245.64 - - [19/Sep/2026:10:53:50 +0800] "www.49ersjersey.com" "GET /feed/atom/ HTTP/1.1" 200 694 "-" "Mozilla/5.0 (Windows NT 10.0; Win64; x64) AppleWebKit/537.36 (KHTML, like Gecko) Chrome/151.0.0.0 Safari/537.36" "50.6.207.27" [0.001,1.581,1.581|1.581]Request_Body: "-"
104.22.93.92 - - [19/Sep/2026:10:53:50 +0800] "49ersjersey.com" "GET /rss/ HTTP/1.1" 301 166 "-" "Mozilla/5.0 (Windows NT 10.0; Win64; x64) AppleWebKit/537.36 (KHTML, like Gecko) Chrome/151.0.0.0 Safari/537.36" "50.6.207.27" [-,-,-|0.000]Request_Body: "-"
162.159.113.134 - - [19/Sep/2026:10:53:50 +0800] "49ersjersey.com" "POST /wp//wp-json/batch/v1 HTTP/1.1" 301 166 "https://49ersjersey.com/wp/wp-admin/" "WordPress/6.4.3" "127.0.0.1,45.148.10.119" [-,-,-|0.000]Request_Body: "-"
172.71.95.77 - - [19/Sep/2026:10:53:50 +0800] "www.49ersjersey.com" "GET /blog//wp-json/batch/v1 HTTP/1.1" 301 5 "https://49ersjersey.com/blog/wp-admin/" "WordPress/6.4.3" "127.0.0.1,45.148.10.119" [0.001,1.551,1.551|1.550]Request_Body: "-"
172.68.245.64 - - [19/Sep/2026:10:53:52 +0800] "www.49ersjersey.com" "GET /rss/ HTTP/1.1" 301 5 "-" "Mozilla/5.0 (Windows NT 10.0; Win64; x64) AppleWebKit/537.36 (KHTML, like Gecko) Chrome/151.0.0.0 Safari/537.36" "50.6.207.27" [0.001,1.320,1.320|1.320]Request_Body: "-"
104.23.170.57 - - [19/Sep/2026:10:53:52 +0800] "www.49ersjersey.com" "GET /wp//wp-json/batch/v1 HTTP/1.1" 301 5 "https://49ersjersey.com/wp/wp-admin/" "WordPress/6.4.3" "127.0.0.1,45.148.10.119" [0.001,1.447,1.447|1.447]Request_Body: "-"
172.71.95.77 - - [19/Sep/2026:10:53:52 +0800] "www.49ersjersey.com" "GET /blog/wp-json/batch/v1 HTTP/1.1" 404 30019 "https://49ersjersey.com/blog/wp-admin/" "WordPress/6.4.3" "127.0.0.1,45.148.10.119" [0.001,1.879,1.886|1.886]Request_Body: "-"
162.159.113.135 - - [19/Sep/2026:10:53:52 +0800] "49ersjersey.com" "POST /blog/wp-json/batch/v1/ HTTP/1.1" 301 166 "https://49ersjersey.com/blog/wp-admin/" "WordPress/6.4.3" "127.0.0.1,45.148.10.119" [-,-,-|0.000]Request_Body: "-"
104.23.170.57 - - [19/Sep/2026:10:53:53 +0800] "www.49ersjersey.com" "GET /wp/wp-json/batch/v1 HTTP/1.1" 404 30017 "https://49ersjersey.com/wp/wp-admin/" "WordPress/6.4.3" "127.0.0.1,45.148.10.119" [0.001,1.482,1.485|1.485]Request_Body: "-"
172.68.245.64 - - [19/Sep/2026:10:53:53 +0800] "www.49ersjersey.com" "GET /feed/ HTTP/1.1" 200 1113 "-" "Mozilla/5.0 (Windows NT 10.0; Win64; x64) AppleWebKit/537.36 (KHTML, like Gecko) Chrome/151.0.0.0 Safari/537.36" "50.6.207.27" [0.001,1.646,1.646|1.646]Request_Body: "-"
162.159.113.134 - - [19/Sep/2026:10:53:54 +0800] "49ersjersey.com" "POST /wp/wp-json/batch/v1/ HTTP/1.1" 301 166 "https://49ersjersey.com/wp/wp-admin/" "WordPress/6.4.3" "127.0.0.1,45.148.10.119" [-,-,-|0.000]Request_Body: "-"
104.22.93.92 - - [19/Sep/2026:10:53:54 +0800] "49ersjersey.com" "GET /wp-sitemap-users-1.xml HTTP/1.1" 301 166 "-" "Mozilla/5.0 (Windows NT 10.0; Win64; x64) AppleWebKit/537.36 (KHTML, like Gecko) Chrome/151.0.0.0 Safari/537.36" "50.6.207.27" [-,-,-|0.000]Request_Body: "-"
172.71.95.77 - - [19/Sep/2026:10:53:54 +0800] "www.49ersjersey.com" "GET /blog/wp-json/batch/v1/ HTTP/1.1" 404 30020 "https://49ersjersey.com/blog/wp-admin/" "WordPress/6.4.3" "127.0.0.1,45.148.10.119" [0.001,1.883,1.886|1.886]Request_Body: "-"
162.159.113.135 - - [19/Sep/2026:10:53:55 +0800] "49ersjersey.com" "POST /blog/blog/wp-json/batch/v1 HTTP/1.1" 301 166 "https://49ersjersey.com/blog/wp-admin/" "WordPress/6.4.3" "127.0.0.1,45.148.10.119" [-,-,-|0.001]Request_Body: "-"
172.68.245.64 - - [19/Sep/2026:10:53:56 +0800] "www.49ersjersey.com" "GET /wp-sitemap-users-1.xml HTTP/1.1" 301 5 "-" "Mozilla/5.0 (Windows NT 10.0; Win64; x64) AppleWebKit/537.36 (KHTML, like Gecko) Chrome/151.0.0.0 Safari/537.36" "50.6.207.27" [0.001,1.543,1.543|1.543]Request_Body: "-"
104.23.170.57 - - [19/Sep/2026:10:53:56 +0800] "www.49ersjersey.com" "GET /wp/wp-json/batch/v1/ HTTP/1.1" 404 30018 "https://49ersjersey.com/wp/wp-admin/" "WordPress/6.4.3" "127.0.0.1,45.148.10.119" [0.001,1.942,1.945|1.945]Request_Body: "-"
162.159.113.134 - - [19/Sep/2026:10:53:56 +0800] "49ersjersey.com" "POST /wp/blog/wp-json/batch/v1 HTTP/1.1" 301 166 "https://49ersjersey.com/wp/wp-admin/" "WordPress/6.4.3" "127.0.0.1,45.148.10.119" [-,-,-|0.000]Request_Body: "-"
172.71.95.77 - - [19/Sep/2026:10:53:57 +0800] "www.49ersjersey.com" "GET /blog/blog/wp-json/batch/v1 HTTP/1.1" 404 30020 "https://49ersjersey.com/blog/wp-admin/" "WordPress/6.4.3" "127.0.0.1,45.148.10.119" [0.000,1.602,1.605|1.606]Request_Body: "-"
162.159.113.135 - - [19/Sep/2026:10:53:57 +0800] "49ersjersey.com" "GET /blog/wp/v2/posts/999999 HTTP/1.1" 301 166 "-" "Mozilla/5.0 (Windows NT 10.0; Win64; x64) AppleWebKit/537.36 (KHTML, like Gecko) Chrome/120.0.0.0 Safari/537.36" "45.148.10.119" [-,-,-|0.000]Request_Body: "-"
172.68.245.64 - - [19/Sep/2026:10:53:58 +0800] "www.49ersjersey.com" "GET /author-sitemap.xml HTTP/1.1" 404 26872 "-" "Mozilla/5.0 (Windows NT 10.0; Win64; x64) AppleWebKit/537.36 (KHTML, like Gecko) Chrome/151.0.0.0 Safari/537.36" "50.6.207.27" [0.001,1.748,1.751|1.751]Request_Body: "-"
104.22.93.92 - - [19/Sep/2026:10:53:58 +0800] "49ersjersey.com" "GET /author-sitemap.xml HTTP/1.1" 301 166 "-" "Mozilla/5.0 (Windows NT 10.0; Win64; x64) AppleWebKit/537.36 (KHTML, like Gecko) Chrome/151.0.0.0 Safari/537.36" "50.6.207.27" [-,-,-|0.000]Request_Body: "-"
104.23.170.57 - - [19/Sep/2026:10:53:59 +0800] "www.49ersjersey.com" "GET /wp/blog/wp-json/batch/v1 HTTP/1.1" 404 30020 "https://49ersjersey.com/wp/wp-admin/" "WordPress/6.4.3" "127.0.0.1,45.148.10.119" [0.001,1.865,1.871|1.871]Request_Body: "-"
162.159.113.134 - - [19/Sep/2026:10:53:59 +0800] "49ersjersey.com" "GET /wp/wp/v2/posts/999999 HTTP/1.1" 301 166 "-" "Mozilla/5.0 (Windows NT 10.0; Win64; x64) AppleWebKit/537.36 (KHTML, like Gecko) Chrome/120.0.0.0 Safari/537.36" "45.148.10.119" [-,-,-|0.000]Request_Body: "-"
172.71.95.77 - - [19/Sep/2026:10:53:59 +0800] "www.49ersjersey.com" "GET /blog/wp/v2/posts/999999 HTTP/1.1" 404 30211 "http://www.49ersjersey.com/blog/wp/v2/posts/999999" "Mozilla/5.0 (Windows NT 10.0; Win64; x64) AppleWebKit/537.36 (KHTML, like Gecko) Chrome/120.0.0.0 Safari/537.36" "45.148.10.119" [0.004,2.043,2.045|2.045]Request_Body: "-"
162.159.113.135 - - [19/Sep/2026:10:54:00 +0800] "49ersjersey.com" "GET /blog/?rest_route=/wp/v2/posts/999999 HTTP/1.1" 301 166 "-" "Mozilla/5.0 (Windows NT 10.0; Win64; x64) AppleWebKit/537.36 (KHTML, like Gecko) Chrome/120.0.0.0 Safari/537.36" "45.148.10.119" [-,-,-|0.000]Request_Body: "-"
172.68.245.64 - - [19/Sep/2026:10:54:00 +0800] "www.49ersjersey.com" "GET /author-sitemap.xml HTTP/1.1" 404 26872 "-" "Mozilla/5.0 (Windows NT 10.0; Win64; x64) AppleWebKit/537.36 (KHTML, like Gecko) Chrome/151.0.0.0 Safari/537.36" "50.6.207.27" [0.001,1.565,1.566|1.566]Request_Body: "-"
104.22.93.92 - - [19/Sep/2026:10:54:00 +0800] "49ersjersey.com" "GET /sitemap.xml HTTP/1.1" 301 166 "-" "Mozilla/5.0 (Windows NT 10.0; Win64; x64) AppleWebKit/537.36 (KHTML, like Gecko) Chrome/151.0.0.0 Safari/537.36" "50.6.207.27" [-,-,-|0.000]Request_Body: "-"
104.23.170.57 - - [19/Sep/2026:10:54:01 +0800] "www.49ersjersey.com" "GET /wp/wp/v2/posts/999999 HTTP/1.1" 404 30207 "http://www.49ersjersey.com/wp/wp/v2/posts/999999" "Mozilla/5.0 (Windows NT 10.0; Win64; x64) AppleWebKit/537.36 (KHTML, like Gecko) Chrome/120.0.0.0 Safari/537.36" "45.148.10.119" [0.000,1.870,1.873|1.873]Request_Body: "-"
162.159.113.134 - - [19/Sep/2026:10:54:01 +0800] "49ersjersey.com" "GET /wp/?rest_route=/wp/v2/posts/999999 HTTP/1.1" 301 166 "-" "Mozilla/5.0 (Windows NT 10.0; Win64; x64) AppleWebKit/537.36 (KHTML, like Gecko) Chrome/120.0.0.0 Safari/537.36" "45.148.10.119" [-,-,-|0.000]Request_Body: "-"
172.71.95.77 - - [19/Sep/2026:10:54:01 +0800] "www.49ersjersey.com" "GET /blog/?rest_route=/wp/v2/posts/999999 HTTP/1.1" 404 93 "http://www.49ersjersey.com/blog/?rest_route=/wp/v2/posts/999999" "Mozilla/5.0 (Windows NT 10.0; Win64; x64) AppleWebKit/537.36 (KHTML, like Gecko) Chrome/120.0.0.0 Safari/537.36" "45.148.10.119" [0.001,1.559,1.559|1.559]Request_Body: "-"
