172.71.150.14 - - [19/Sep/2026:10:17:54 +0800] "www.49ersjersey.com" "GET /product/mens-msx-by-michael-strahan-gray-san-francisco-49ers-lounge-jogger-pants-2/ HTTP/1.1" 499 0 "-" "Mozilla/5.0 AppleWebKit/537.36 (KHTML, like Gecko; compatible; bingbot/2.0; +http://www.bing.com/bingbot.htm) Chrome/116.0.1938.76 Safari/537.36" "207.46.13.18" [0.014,-,125.014|125.014]Request_Body: "-"
172.70.111.169 - - [19/Sep/2026:10:20:55 +0800] "www.49ersjersey.com" "GET /images/5456/54371209b90082761479fc6c4eb435180c514b9a19f45666e8ad832152368810.jpg HTTP/1.1" 200 413949 "https://www.49ersjersey.com/" "Mozilla/5.0 (Windows NT 10.0; Win64; x64) AppleWebKit/537.36 (KHTML, like Gecko) Chrome/124.0.0.0 Safari/537.36" "67.205.144.113" [0.063,0.286,0.641|0.641]Request_Body: "-"
162.159.120.175 - - [19/Sep/2026:10:21:22 +0800] "www.49ersjersey.com" "GET /shop/page/19/?shop_view=list&s=2027&post_type=product&per_page=9 HTTP/1.1" 200 46641 "-" "Mozilla/5.0 AppleWebKit/537.36 (KHTML, like Gecko; compatible; bingbot/2.0; +http://www.bing.com/bingbot.htm) Chrome/116.0.1938.76 Safari/537.36" "207.46.13.18" [0.014,50.675,50.680|50.680]Request_Body: "-"
104.23.190.3 - - [19/Sep/2026:10:22:02 +0800] "www.49ersjersey.com" "GET /images/1004/6c9196c7990150b79b9ae91886e1fdf5932999549cbd5bc61a553175cefe644c.jpg HTTP/1.1" 200 548724 "https://www.49ersjersey.com/" "Mozilla/5.0 (Windows NT 10.0; Win64; x64) AppleWebKit/537.36 (KHTML, like Gecko) Chrome/104.0.5112.81 Safari/537.36" "67.205.183.132" [0.064,0.289,0.644|0.644]Request_Body: "-"
104.23.187.181 - - [19/Sep/2026:10:22:02 +0800] "www.49ersjersey.com" "GET /images/0448/26a29cd4467908f845838fbe3960b2c15168a31883cd64ae94f983a69ae2a960.jpg HTTP/1.1" 200 295875 "https://www.49ersjersey.com/" "Mozilla/5.0 (Windows NT 10.0; Win64; x64) AppleWebKit/537.36 (KHTML, like Gecko) Chrome/108.0.0.0 Safari/537.36" "159.203.178.65" [0.064,0.305,0.592|0.592]Request_Body: "-"
162.158.152.200 - - [19/Sep/2026:10:22:19 +0800] "www.49ersjersey.com" "GET /category/accessories/checkbooks-wallets/ HTTP/1.1" 499 0 "-" "Mozilla/5.0 (Macintosh; Intel Mac OS X 10_15_7) AppleWebKit/605.1.15 (KHTML, like Gecko) Chrome/139.0.0.0 Safari/605.1.15" "13.216.164.41" [0.001,-,125.065|125.065]Request_Body: "-"
172.71.146.117 - - [19/Sep/2026:10:22:28 +0800] "www.49ersjersey.com" "GET /category/t-shirts/tank-tops/page/1/ HTTP/1.1" 499 0 "-" "Mozilla/5.0 (Linux; Android 6.0.1; Nexus 5X Build/MMB29P) AppleWebKit/537.36 (KHTML, like Gecko) Chrome/153.0.8010.47 Mobile Safari/537.36 (compatible; Googlebot/2.1; +http://www.google.com/bot.html)" "66.249.68.193" [0.000,-,125.005|125.005]Request_Body: "-"
172.69.34.208 - - [19/Sep/2026:10:25:57 +0800] "www.49ersjersey.com" "GET /images/0777/6c814f4e8272d21f19548b6b6fd31a15de8c785588e951a40d134f51f3801509.jpg HTTP/1.1" 200 117949 "https://www.49ersjersey.com/" "Mozilla/5.0 (Windows NT 10.0; Win64; x64) AppleWebKit/537.36 (KHTML, like Gecko) Chrome/108.0.0.0 Safari/537.36" "216.75.132.18" [0.061,0.273,0.486|0.487]Request_Body: "-"
162.158.91.57 - - [19/Sep/2026:10:25:57 +0800] "www.49ersjersey.com" "GET /images/6172/985e23f44caba5ac87b84e00299b3bc4beb76a146610d75890e3d17e415c70dc.jpg HTTP/1.1" 200 194810 "https://www.49ersjersey.com/" "Mozilla/5.0 (Windows NT 10.0; Win64; x64) AppleWebKit/537.36 (KHTML, like Gecko) Chrome/133.0.0.0 Safari/537.36" "143.20.253.216" [0.067,0.290,0.508|0.508]Request_Body: "-"
172.68.245.44 - - [19/Sep/2026:10:27:34 +0800] "www.49ersjersey.com" "GET /product/san-francisco-49ers-stealth-recliner/ HTTP/1.1" 499 0 "-" "Mozilla/5.0 (Macintosh; Intel Mac OS X 10_15_7) AppleWebKit/605.1.15 (KHTML, like Gecko) Chrome/139.0.0.0 Safari/605.1.15" "52.86.147.41" [0.000,-,125.017|125.017]Request_Body: "-"
172.69.74.230 - - [19/Sep/2026:10:27:59 +0800] "www.49ersjersey.com" "GET /images/9894/ac2610f64cc374712636c22fe0c08f0cb081cb1269591592e9f2e6d946f8d896.webp HTTP/1.1" 200 778990 "https://www.49ersjersey.com/" "Mozilla/5.0 (Windows NT 10.0; Win64; x64) AppleWebKit/537.36 (KHTML, like Gecko) Chrome/108.0.0.0 Safari/537.36" "143.20.253.227" [0.065,0.286,1.095|1.095]Request_Body: "-"
104.23.187.6 - - [19/Sep/2026:10:29:16 +0800] "www.49ersjersey.com" "GET /images/3070/995965800ac96e82d9c5edac47466cf867b70d5b2db9098120fbeec46866a3fe.jpg HTTP/1.1" 404 150 "-" "Mozilla/5.0 (compatible; crawler)" "9.142.188.43" [-,-,-|0.000]Request_Body: "-"
104.22.72.66 - - [19/Sep/2026:10:30:42 +0800] "www.49ersjersey.com" "GET /images/6253/e22cccafe980e5f96bc49849a3628085c3a7be7e2781de27be6e2aebfcf01dcd.webp HTTP/1.1" 200 59122 "-" "Mozilla/5.0 AppleWebKit/537.36 (KHTML, like Gecko; compatible; bingbot/2.0; +http://www.bing.com/bingbot.htm) Chrome/116.0.1938.76 Safari/537.36" "157.55.39.8" [0.067,0.288,0.431|0.431]Request_Body: "-"
172.71.166.92 - - [19/Sep/2026:10:30:44 +0800] "www.49ersjersey.com" "GET /images/1848/b9d20fcd2b49d47fbb6fa72866692d4561953286464ffaae3a8cd00b1a3cec28.jpg HTTP/1.1" 404 150 "-" "Mozilla/5.0 (compatible; crawler)" "87.56.9.242" [-,-,-|0.000]Request_Body: "-"
104.22.101.14 - - [19/Sep/2026:10:32:48 +0800] "www.49ersjersey.com" "GET /images/5984/49763dae5024f3fb160ac1391a738407021d0ea3b4c67f5a4ef5a6733ac4b950.webp HTTP/1.1" 404 150 "-" "Mozilla/5.0 (compatible; crawler)" "66.80.63.105" [-,-,-|0.000]Request_Body: "-"
172.68.22.59 - - [19/Sep/2026:10:33:46 +0800] "www.49ersjersey.com" "GET /product/joe-montana-san-francisco-49ers-autographed-riddell-speed-mini-helmet-3/ HTTP/1.1" 200 44588 "-" "Mozilla/5.0 (Linux; Android 6.0.1; Nexus 5X Build/MMB29P) AppleWebKit/537.36 (KHTML, like Gecko) Chrome/153.0.8010.47 Mobile Safari/537.36 (compatible; Googlebot/2.1; +http://www.google.com/bot.html)" "66.249.68.194" [0.000,52.848,52.868|52.869]Request_Body: "-"
108.162.246.4 - - [19/Sep/2026:10:33:51 +0800] "www.49ersjersey.com" "GET /wp-content/themes/woodmart/css/parts/wd-search-cat.min.css?ver=8.2.7 HTTP/1.1" 200 742 "https://www.49ersjersey.com/product/joe-montana-san-francisco-49ers-autographed-riddell-speed-mini-helmet-3/" "Mozilla/5.0 (Linux; Android 6.0.1; Nexus 5X Build/MMB29P) AppleWebKit/537.36 (KHTML, like Gecko) Chrome/153.0.8010.47 Mobile Safari/537.36 (compatible; Googlebot/2.1; +http://www.google.com/bot.html)" "66.249.68.192" [-,-,-|0.000]Request_Body: "-"
172.69.221.22 - - [19/Sep/2026:10:34:49 +0800] "www.49ersjersey.com" "GET /category/men/shoes-socks-men/page/10/?stock_status=instock&per_page=9&shop_view=list HTTP/1.1" 200 40332 "https://www.49ersjersey.com/" "Mozilla/5.0 (Windows NT 10.0; Win64; x64) AppleWebKit/537.36 (KHTML, like Gecko) Chrome/100.0.4896.75 Safari/537.36" "150.117.221.212" [0.001,53.301,53.331|53.331]Request_Body: "-"
172.69.52.158 - - [19/Sep/2026:10:34:57 +0800] "www.49ersjersey.com" "GET /category/men/hats-men/page/28/?per_page=18&per_row=4&shop_view=grid&stock_status=instock HTTP/1.1" 200 45177 "-" "Mozilla/5.0 (Macintosh; Intel Mac OS X 10_15_7) AppleWebKit/537.36 (KHTML, like Gecko) Chrome/150.0.0.0 Safari/537.36" "213.169.219.149" [0.001,54.178,54.186|54.186]Request_Body: "-"
104.23.254.56 - - [19/Sep/2026:10:35:09 +0800] "www.49ersjersey.com" "GET /category/men/hats-men/page/28/?per_page=18&per_row=4&shop_view=grid&stock_status=instock HTTP/1.1" 200 45177 "-" "Mozilla/5.0 (Macintosh; Intel Mac OS X 10_15_7) AppleWebKit/537.36 (KHTML, like Gecko) Chrome/150.0.0.0 Safari/537.36" "191.195.22.17" [0.002,49.842,49.875|49.875]Request_Body: "-"
104.23.195.44 - - [19/Sep/2026:10:37:25 +0800] "www.49ersjersey.com" "GET /shop/page/521/?per_page=9&per_row=4&shop_view=grid HTTP/1.1" 200 43131 "-" "Mozilla/5.0 (Macintosh; Intel Mac OS X 10_15_7) AppleWebKit/537.36 (KHTML, like Gecko) Chrome/150.0.0.0 Safari/537.36" "171.22.218.17" [0.001,1.517,1.525|1.525]Request_Body: "-"
104.22.72.56 - - [19/Sep/2026:10:40:09 +0800] "49ersjersey.com" "GET /robots.txt HTTP/1.1" 301 166 "-" "Mozilla/5.0 AppleWebKit/537.36 (KHTML, like Gecko; compatible; bingbot/2.0; +http://www.bing.com/bingbot.htm) Chrome/116.0.1938.76 Safari/537.36" "207.46.13.229" [-,-,-|0.000]Request_Body: "-"
162.159.104.60 - - [19/Sep/2026:10:44:19 +0800] "www.49ersjersey.com" "GET /category/men/t-shirts-men/page/4/?per_page=12&shop_view=grid&per_row=2 HTTP/1.1" 200 41823 "https://www.49ersjersey.com/" "Mozilla/5.0 (Windows NT 10.0; Win64; x64) AppleWebKit/537.36 (KHTML, like Gecko) Chrome/104.0.0.0 Safari/537.36" "40.142.220.20" [0.001,11.458,11.493|11.493]Request_Body: "-"
172.69.159.180 - - [19/Sep/2026:10:45:10 +0800] "www.49ersjersey.com" "GET /category/men/underwear-sleepwear-men/page/4/?per_row=3&shop_view=grid&per_page=9 HTTP/1.1" 200 40727 "https://www.49ersjersey.com/" "Mozilla/5.0 (Macintosh; Intel Mac OS X 10_15_7) AppleWebKit/605.1.15 (KHTML, like Gecko) Version/17.0 Safari/605.1.15" "103.199.108.113" [0.001,15.616,15.620|15.620]Request_Body: "-"
104.22.100.135 - - [19/Sep/2026:10:45:15 +0800] "www.49ersjersey.com" "GET /category/home-office/page/50/?per_page=9&per_row=4&shop_view=list&stock_status=instock HTTP/1.1" 200 39830 "-" "Mozilla/5.0 (Macintosh; Intel Mac OS X 10_15_7) AppleWebKit/537.36 (KHTML, like Gecko) Chrome/150.0.0.0 Safari/537.36" "216.194.94.100" [0.001,11.053,11.069|11.069]Request_Body: "-"
172.71.151.156 - - [19/Sep/2026:10:45:27 +0800] "www.49ersjersey.com" "GET /category/men/?per_page=24 HTTP/1.1" 200 47712 "-" "Mozilla/5.0 (Linux; Android 6.0.1; Nexus 5X Build/MMB29P) AppleWebKit/537.36 (KHTML, like Gecko) Chrome/153.0.8010.47 Mobile Safari/537.36 (compatible; Googlebot/2.1; +http://www.google.com/bot.html)" "66.249.68.195" [0.000,4.021,4.026|4.027]Request_Body: "-"
172.70.179.214 - - [19/Sep/2026:10:50:21 +0800] "www.49ersjersey.com" "GET /category/home-office/gift-bags-wrap/?per_row=4&shop_view=grid HTTP/1.1" 200 36309 "-" "Mozilla/5.0 AppleWebKit/537.36 (KHTML, like Gecko; compatible; Reflectionbot/1.0; +https://reflection.ai/bot) Chrome/151.0.0.0 Safari/537.36" "16.216.88.20" [0.001,4.039,4.043|4.043]Request_Body: "-"
172.68.110.57 - - [19/Sep/2026:10:50:25 +0800] "www.49ersjersey.com" "GET /images/5608/309d72b170932abd63336852746818f31a0046e516d494883f800316902d42c8.jpg HTTP/1.1" 404 150 "-" "Mozilla/5.0 (compatible; crawler)" "154.222.142.135" [-,-,-|0.000]Request_Body: "-"
172.71.182.129 - - [19/Sep/2026:10:51:13 +0800] "49ersjersey.com" "GET /wp-json/ HTTP/1.1" 301 166 "-" "Mozilla/5.0 (Windows NT 10.0; Win64; x64) AppleWebKit/537.36 (KHTML, like Gecko) Chrome/120.0.0.0 Safari/537.36" "45.148.10.119" [-,-,-|0.000]Request_Body: "-"
162.159.113.134 - - [19/Sep/2026:10:51:16 +0800] "49ersjersey.com" "GET /?rest_route=/batch/v1 HTTP/1.1" 301 166 "http://49ersjersey.com/?rest_route=/batch/v1" "Mozilla/5.0 (Windows NT 10.0; Win64; x64) AppleWebKit/537.36 (KHTML, like Gecko) Chrome/120.0.0.0 Safari/537.36" "45.148.10.119" [-,-,-|0.000]Request_Body: "-"
162.159.113.9 - - [19/Sep/2026:10:51:18 +0800] "49ersjersey.com" "GET /?rest_route=/batch/v1 HTTP/1.1" 301 166 "http://49ersjersey.com/?rest_route=/batch/v1" "Mozilla/5.0 (Windows NT 10.0; Win64; x64) AppleWebKit/537.36 (KHTML, like Gecko) Chrome/120.0.0.0 Safari/537.36" "45.148.10.119" [-,-,-|0.000]Request_Body: "-"
162.159.113.9 - - [19/Sep/2026:10:51:22 +0800] "49ersjersey.com" "GET /wp-json/ HTTP/1.1" 301 166 "http://49ersjersey.com/wp-json/" "Mozilla/5.0 (Windows NT 10.0; Win64; x64) AppleWebKit/537.36 (KHTML, like Gecko) Chrome/120.0.0.0 Safari/537.36" "45.148.10.119" [-,-,-|0.000]Request_Body: "-"
172.71.182.238 - - [19/Sep/2026:10:51:26 +0800] "www.49ersjersey.com" "GET /wp-json/ HTTP/1.1" 200 1626917 "http://www.49ersjersey.com/wp-json/" "Mozilla/5.0 (Windows NT 10.0; Win64; x64) AppleWebKit/537.36 (KHTML, like Gecko) Chrome/120.0.0.0 Safari/537.36" "45.148.10.119" [0.001,1.879,1.886|2.695]Request_Body: "-"
162.159.113.9 - - [19/Sep/2026:10:51:28 +0800] "49ersjersey.com" "GET /index.php?rest_route=/batch/v1 HTTP/1.1" 301 166 "http://49ersjersey.com/index.php?rest_route=/batch/v1" "Mozilla/5.0 (Windows NT 10.0; Win64; x64) AppleWebKit/537.36 (KHTML, like Gecko) Chrome/120.0.0.0 Safari/537.36" "45.148.10.119" [-,-,-|0.000]Request_Body: "-"
172.71.98.63 - - [19/Sep/2026:10:51:30 +0800] "www.49ersjersey.com" "GET /index.php?rest_route=/batch/v1 HTTP/1.1" 404 125 "http://www.49ersjersey.com/index.php?rest_route=/batch/v1" "Mozilla/5.0 (Windows NT 10.0; Win64; x64) AppleWebKit/537.36 (KHTML, like Gecko) Chrome/120.0.0.0 Safari/537.36" "45.148.10.119" [0.000,2.072,2.072|2.072]Request_Body: "-"
162.159.113.134 - - [19/Sep/2026:10:51:30 +0800] "49ersjersey.com" "GET /index.php?rest_route=%2Fbatch%2Fv1 HTTP/1.1" 301 166 "http://49ersjersey.com/index.php?rest_route=%2Fbatch%2Fv1" "Mozilla/5.0 (Windows NT 10.0; Win64; x64) AppleWebKit/537.36 (KHTML, like Gecko) Chrome/120.0.0.0 Safari/537.36" "45.148.10.119" [-,-,-|0.000]Request_Body: "-"
172.71.99.166 - - [19/Sep/2026:10:51:32 +0800] "www.49ersjersey.com" "GET /index.php?rest_route=%2Fbatch%2Fv1 HTTP/1.1" 404 125 "http://www.49ersjersey.com/index.php?rest_route=%2Fbatch%2Fv1" "Mozilla/5.0 (Windows NT 10.0; Win64; x64) AppleWebKit/537.36 (KHTML, like Gecko) Chrome/120.0.0.0 Safari/537.36" "45.148.10.119" [0.000,1.454,1.454|1.454]Request_Body: "-"
162.159.113.134 - - [19/Sep/2026:10:51:32 +0800] "49ersjersey.com" "GET /?rest_route=%2Fbatch%2Fv1 HTTP/1.1" 301 166 "http://49ersjersey.com/?rest_route=%2Fbatch%2Fv1" "Mozilla/5.0 (Windows NT 10.0; Win64; x64) AppleWebKit/537.36 (KHTML, like Gecko) Chrome/120.0.0.0 Safari/537.36" "45.148.10.119" [-,-,-|0.000]Request_Body: "-"
172.71.99.166 - - [19/Sep/2026:10:51:34 +0800] "www.49ersjersey.com" "GET /?rest_route=%2Fbatch%2Fv1 HTTP/1.1" 404 125 "http://www.49ersjersey.com/?rest_route=%2Fbatch%2Fv1" "Mozilla/5.0 (Windows NT 10.0; Win64; x64) AppleWebKit/537.36 (KHTML, like Gecko) Chrome/120.0.0.0 Safari/537.36" "45.148.10.119" [0.000,1.850,1.850|1.850]Request_Body: "-"
162.159.113.134 - - [19/Sep/2026:10:51:35 +0800] "49ersjersey.com" "GET /?rest_route=/batch%2Fv1 HTTP/1.1" 301 166 "http://49ersjersey.com/?rest_route=/batch%2Fv1" "Mozilla/5.0 (Windows NT 10.0; Win64; x64) AppleWebKit/537.36 (KHTML, like Gecko) Chrome/120.0.0.0 Safari/537.36" "45.148.10.119" [-,-,-|0.000]Request_Body: "-"
172.71.98.63 - - [19/Sep/2026:10:51:37 +0800] "www.49ersjersey.com" "GET /?rest_route=/batch%2Fv1 HTTP/1.1" 404 125 "http://www.49ersjersey.com/?rest_route=/batch%2Fv1" "Mozilla/5.0 (Windows NT 10.0; Win64; x64) AppleWebKit/537.36 (KHTML, like Gecko) Chrome/120.0.0.0 Safari/537.36" "45.148.10.119" [0.000,2.606,2.606|2.606]Request_Body: "-"
162.159.113.134 - - [19/Sep/2026:10:51:38 +0800] "49ersjersey.com" "GET /?rest_route=/batch/v1 HTTP/1.1" 301 166 "http://49ersjersey.com/?rest_route=/batch/v1" "Mozilla/5.0 (Windows NT 10.0; Win64; x64) AppleWebKit/537.36 (KHTML, like Gecko) Chrome/120.0.0.0 Safari/537.36" "45.148.10.119" [-,-,-|0.000]Request_Body: "-"
172.71.99.166 - - [19/Sep/2026:10:51:39 +0800] "www.49ersjersey.com" "GET /?rest_route=/batch/v1 HTTP/1.1" 404 125 "http://www.49ersjersey.com/?rest_route=/batch/v1" "Mozilla/5.0 (Windows NT 10.0; Win64; x64) AppleWebKit/537.36 (KHTML, like Gecko) Chrome/120.0.0.0 Safari/537.36" "45.148.10.119" [0.001,1.655,1.655|1.654]Request_Body: "-"
162.159.113.134 - - [19/Sep/2026:10:51:40 +0800] "49ersjersey.com" "GET /wp-json/batch/v1 HTTP/1.1" 301 166 "http://49ersjersey.com/wp-json/batch/v1" "Mozilla/5.0 (Windows NT 10.0; Win64; x64) AppleWebKit/537.36 (KHTML, like Gecko) Chrome/120.0.0.0 Safari/537.36" "45.148.10.119" [-,-,-|0.000]Request_Body: "-"
172.71.98.63 - - [19/Sep/2026:10:51:41 +0800] "www.49ersjersey.com" "GET /wp-json/batch/v1 HTTP/1.1" 404 125 "http://www.49ersjersey.com/wp-json/batch/v1" "Mozilla/5.0 (Windows NT 10.0; Win64; x64) AppleWebKit/537.36 (KHTML, like Gecko) Chrome/120.0.0.0 Safari/537.36" "45.148.10.119" [0.001,1.662,1.662|1.662]Request_Body: "-"
162.159.113.134 - - [19/Sep/2026:10:51:42 +0800] "49ersjersey.com" "GET /wp-json/Batch/v1 HTTP/1.1" 301 166 "http://49ersjersey.com/wp-json/Batch/v1" "Mozilla/5.0 (Windows NT 10.0; Win64; x64) AppleWebKit/537.36 (KHTML, like Gecko) Chrome/120.0.0.0 Safari/537.36" "45.148.10.119" [-,-,-|0.000]Request_Body: "-"
172.71.98.63 - - [19/Sep/2026:10:51:43 +0800] "www.49ersjersey.com" "GET /wp-json/Batch/v1 HTTP/1.1" 404 125 "http://www.49ersjersey.com/wp-json/Batch/v1" "Mozilla/5.0 (Windows NT 10.0; Win64; x64) AppleWebKit/537.36 (KHTML, like Gecko) Chrome/120.0.0.0 Safari/537.36" "45.148.10.119" [0.001,1.579,1.579|1.579]Request_Body: "-"
162.159.113.134 - - [19/Sep/2026:10:51:43 +0800] "49ersjersey.com" "GET //wp-json/batch/v1 HTTP/1.1" 301 166 "http://49ersjersey.com//wp-json/batch/v1" "Mozilla/5.0 (Windows NT 10.0; Win64; x64) AppleWebKit/537.36 (KHTML, like Gecko) Chrome/120.0.0.0 Safari/537.36" "45.148.10.119" [-,-,-|0.000]Request_Body: "-"
172.71.98.63 - - [19/Sep/2026:10:51:45 +0800] "www.49ersjersey.com" "GET //wp-json/batch/v1 HTTP/1.1" 404 125 "http://www.49ersjersey.com//wp-json/batch/v1" "Mozilla/5.0 (Windows NT 10.0; Win64; x64) AppleWebKit/537.36 (KHTML, like Gecko) Chrome/120.0.0.0 Safari/537.36" "45.148.10.119" [0.001,1.638,1.638|1.638]Request_Body: "-"
162.159.113.134 - - [19/Sep/2026:10:51:45 +0800] "49ersjersey.com" "GET /wp-json/batch/v1/ HTTP/1.1" 301 166 "http://49ersjersey.com/wp-json/batch/v1/" "Mozilla/5.0 (Windows NT 10.0; Win64; x64) AppleWebKit/537.36 (KHTML, like Gecko) Chrome/120.0.0.0 Safari/537.36" "45.148.10.119" [-,-,-|0.000]Request_Body: "-"
162.159.113.134 - - [19/Sep/2026:10:51:47 +0800] "49ersjersey.com" "GET /wp-json/gravitysmtp/v1/tests/mock-data?page=gravitysmtp-settings HTTP/1.1" 301 166 "-" "Mozilla/5.0 (Windows NT 10.0; Win64; x64) AppleWebKit/537.36 (KHTML, like Gecko) Chrome/120.0.0.0 Safari/537.36" "45.148.10.119" [-,-,-|0.000]Request_Body: "-"
172.71.98.63 - - [19/Sep/2026:10:51:47 +0800] "www.49ersjersey.com" "GET /wp-json/batch/v1/ HTTP/1.1" 404 125 "http://www.49ersjersey.com/wp-json/batch/v1/" "Mozilla/5.0 (Windows NT 10.0; Win64; x64) AppleWebKit/537.36 (KHTML, like Gecko) Chrome/120.0.0.0 Safari/537.36" "45.148.10.119" [0.001,1.687,1.687|1.687]Request_Body: "-"
104.23.170.57 - - [19/Sep/2026:10:51:49 +0800] "www.49ersjersey.com" "GET /wp-json/gravitysmtp/v1/tests/mock-data?page=gravitysmtp-settings HTTP/1.1" 404 125 "http://www.49ersjersey.com/wp-json/gravitysmtp/v1/tests/mock-data?page=gravitysmtp-settings" "Mozilla/5.0 (Windows NT 10.0; Win64; x64) AppleWebKit/537.36 (KHTML, like Gecko) Chrome/120.0.0.0 Safari/537.36" "45.148.10.119" [0.001,1.210,1.210|1.210]Request_Body: "-"
162.159.113.134 - - [19/Sep/2026:10:51:49 +0800] "49ersjersey.com" "GET /?rest_route=/gravitysmtp/v1/tests/mock-data&page=gravitysmtp-settings HTTP/1.1" 301 166 "-" "Mozilla/5.0 (Macintosh; Intel Mac OS X 10_15_7) AppleWebKit/605.1.15 (KHTML, like Gecko) Version/17.0 Safari/605.1.15" "45.148.10.119" [-,-,-|0.000]Request_Body: "-"
104.23.170.19 - - [19/Sep/2026:10:51:51 +0800] "www.49ersjersey.com" "GET /?rest_route=/gravitysmtp/v1/tests/mock-data&page=gravitysmtp-settings HTTP/1.1" 404 125 "http://www.49ersjersey.com/?rest_route=/gravitysmtp/v1/tests/mock-data&page=gravitysmtp-settings" "Mozilla/5.0 (Macintosh; Intel Mac OS X 10_15_7) AppleWebKit/605.1.15 (KHTML, like Gecko) Version/17.0 Safari/605.1.15" "45.148.10.119" [0.001,1.778,1.778|1.778]Request_Body: "-"
162.159.113.134 - - [19/Sep/2026:10:51:52 +0800] "49ersjersey.com" "GET /wp-json/gravitysmtp/v1/tests/mock-data?page=gravitysmtp-connections HTTP/1.1" 301 166 "-" "Mozilla/5.0 (X11; Linux x86_64; rv:121.0) Gecko/20100101 Firefox/121.0" "45.148.10.119" [-,-,-|0.000]Request_Body: "-"
104.23.170.57 - - [19/Sep/2026:10:51:53 +0800] "www.49ersjersey.com" "GET /wp-json/gravitysmtp/v1/tests/mock-data?page=gravitysmtp-connections HTTP/1.1" 404 125 "http://www.49ersjersey.com/wp-json/gravitysmtp/v1/tests/mock-data?page=gravitysmtp-connections" "Mozilla/5.0 (X11; Linux x86_64; rv:121.0) Gecko/20100101 Firefox/121.0" "45.148.10.119" [0.001,1.448,1.448|1.448]Request_Body: "-"
162.159.113.134 - - [19/Sep/2026:10:51:53 +0800] "49ersjersey.com" "GET /?rest_route=/gravitysmtp/v1/tests/mock-data&page=gravitysmtp-connections HTTP/1.1" 301 166 "-" "Mozilla/5.0 (Windows NT 10.0; Win64; x64; rv:121.0) Gecko/20100101 Firefox/121.0" "45.148.10.119" [-,-,-|0.000]Request_Body: "-"
104.23.170.19 - - [19/Sep/2026:10:51:55 +0800] "www.49ersjersey.com" "GET /?rest_route=/gravitysmtp/v1/tests/mock-data&page=gravitysmtp-connections HTTP/1.1" 404 125 "http://www.49ersjersey.com/?rest_route=/gravitysmtp/v1/tests/mock-data&page=gravitysmtp-connections" "Mozilla/5.0 (Windows NT 10.0; Win64; x64; rv:121.0) Gecko/20100101 Firefox/121.0" "45.148.10.119" [0.001,1.724,1.724|1.724]Request_Body: "-"
162.159.113.134 - - [19/Sep/2026:10:51:56 +0800] "49ersjersey.com" "GET /index.php?rest_route=/gravitysmtp/v1/tests/mock-data&page=gravitysmtp-settings HTTP/1.1" 301 166 "-" "Mozilla/5.0 (iPhone; CPU iPhone OS 17_0 like Mac OS X) AppleWebKit/605.1.15 (KHTML, like Gecko) Version/17.0 Mobile/15E148 Safari/604.1" "45.148.10.119" [-,-,-|0.000]Request_Body: "-"
104.23.170.19 - - [19/Sep/2026:10:51:57 +0800] "www.49ersjersey.com" "GET /index.php?rest_route=/gravitysmtp/v1/tests/mock-data&page=gravitysmtp-settings HTTP/1.1" 404 125 "http://www.49ersjersey.com/index.php?rest_route=/gravitysmtp/v1/tests/mock-data&page=gravitysmtp-settings" "Mozilla/5.0 (iPhone; CPU iPhone OS 17_0 like Mac OS X) AppleWebKit/605.1.15 (KHTML, like Gecko) Version/17.0 Mobile/15E148 Safari/604.1" "45.148.10.119" [0.001,1.623,1.623|1.622]Request_Body: "-"
162.159.113.134 - - [19/Sep/2026:10:51:57 +0800] "49ersjersey.com" "GET /wp-json/gravitysmtp/v1/tests/mock-data HTTP/1.1" 301 166 "-" "Mozilla/5.0 (Linux; Android 13; SM-S918B) AppleWebKit/537.36 (KHTML, like Gecko) Chrome/120.0.0.0 Mobile Safari/537.36" "45.148.10.119" [-,-,-|0.000]Request_Body: "-"
104.23.170.57 - - [19/Sep/2026:10:51:59 +0800] "www.49ersjersey.com" "GET /wp-json/gravitysmtp/v1/tests/mock-data HTTP/1.1" 404 125 "http://www.49ersjersey.com/wp-json/gravitysmtp/v1/tests/mock-data" "Mozilla/5.0 (Linux; Android 13; SM-S918B) AppleWebKit/537.36 (KHTML, like Gecko) Chrome/120.0.0.0 Mobile Safari/537.36" "45.148.10.119" [0.001,1.282,1.282|1.282]Request_Body: "-"
104.23.168.76 - - [19/Sep/2026:10:51:59 +0800] "49ersjersey.com" "GET /blog/wp-login.php HTTP/1.1" 301 166 "-" "Mozilla/5.0 (Windows NT 10.0; Win64; x64) AppleWebKit/537.36 (KHTML, like Gecko) Chrome/120.0.0.0 Safari/537.36" "45.148.10.119" [-,-,-|0.000]Request_Body: "-"
162.159.113.134 - - [19/Sep/2026:10:51:59 +0800] "49ersjersey.com" "GET /wp/wp-login.php HTTP/1.1" 301 166 "-" "Mozilla/5.0 (Windows NT 10.0; Win64; x64) AppleWebKit/537.36 (KHTML, like Gecko) Chrome/120.0.0.0 Safari/537.36" "45.148.10.119" [-,-,-|0.000]Request_Body: "-"
104.23.170.19 - - [19/Sep/2026:10:52:01 +0800] "www.49ersjersey.com" "GET /blog/wp-login.php HTTP/1.1" 403 552 "http://www.49ersjersey.com/blog/wp-login.php" "Mozilla/5.0 (Windows NT 10.0; Win64; x64) AppleWebKit/537.36 (KHTML, like Gecko) Chrome/120.0.0.0 Safari/537.36" "45.148.10.119" [-,-,-|0.000]Request_Body: "-"
104.23.170.19 - - [19/Sep/2026:10:52:01 +0800] "www.49ersjersey.com" "GET /wp/wp-login.php HTTP/1.1" 403 552 "http://www.49ersjersey.com/wp/wp-login.php" "Mozilla/5.0 (Windows NT 10.0; Win64; x64) AppleWebKit/537.36 (KHTML, like Gecko) Chrome/120.0.0.0 Safari/537.36" "45.148.10.119" [-,-,-|0.000]Request_Body: "-"
162.159.113.134 - - [19/Sep/2026:10:52:01 +0800] "49ersjersey.com" "GET /blog/feed/ HTTP/1.1" 301 166 "-" "Mozilla/5.0 (Windows NT 10.0; Win64; x64) AppleWebKit/537.36 (KHTML, like Gecko) Chrome/120.0.0.0 Safari/537.36" "45.148.10.119" [-,-,-|0.000]Request_Body: "-"
162.159.113.134 - - [19/Sep/2026:10:52:02 +0800] "49ersjersey.com" "GET /wp/feed/ HTTP/1.1" 301 166 "-" "Mozilla/5.0 (Windows NT 10.0; Win64; x64) AppleWebKit/537.36 (KHTML, like Gecko) Chrome/120.0.0.0 Safari/537.36" "45.148.10.119" [-,-,-|0.000]Request_Body: "-"
104.23.170.57 - - [19/Sep/2026:10:52:03 +0800] "www.49ersjersey.com" "GET /blog/feed/ HTTP/1.1" 200 1144 "http://www.49ersjersey.com/blog/feed/" "Mozilla/5.0 (Windows NT 10.0; Win64; x64) AppleWebKit/537.36 (KHTML, like Gecko) Chrome/120.0.0.0 Safari/537.36" "45.148.10.119" [0.001,1.599,1.599|1.599]Request_Body: "-"
162.159.113.134 - - [19/Sep/2026:10:52:03 +0800] "49ersjersey.com" "GET /blog/ HTTP/1.1" 301 166 "-" "Mozilla/5.0 (Windows NT 10.0; Win64; x64) AppleWebKit/537.36 (KHTML, like Gecko) Chrome/120.0.0.0 Safari/537.36" "45.148.10.119" [-,-,-|0.000]Request_Body: "-"
172.71.95.77 - - [19/Sep/2026:10:52:03 +0800] "www.49ersjersey.com" "GET /wp/feed/ HTTP/1.1" 200 700 "http://www.49ersjersey.com/wp/feed/" "Mozilla/5.0 (Windows NT 10.0; Win64; x64) AppleWebKit/537.36 (KHTML, like Gecko) Chrome/120.0.0.0 Safari/537.36" "45.148.10.119" [0.001,1.572,1.572|1.572]Request_Body: "-"
162.159.113.134 - - [19/Sep/2026:10:52:04 +0800] "49ersjersey.com" "GET /wp/ HTTP/1.1" 301 166 "-" "Mozilla/5.0 (Windows NT 10.0; Win64; x64) AppleWebKit/537.36 (KHTML, like Gecko) Chrome/120.0.0.0 Safari/537.36" "45.148.10.119" [-,-,-|0.000]Request_Body: "-"
104.23.170.57 - - [19/Sep/2026:10:52:05 +0800] "www.49ersjersey.com" "GET /blog/ HTTP/1.1" 200 30767 "http://www.49ersjersey.com/blog/" "Mozilla/5.0 (Windows NT 10.0; Win64; x64) AppleWebKit/537.36 (KHTML, like Gecko) Chrome/120.0.0.0 Safari/537.36" "45.148.10.119" [0.001,1.893,1.898|1.898]Request_Body: "-"
172.71.95.62 - - [19/Sep/2026:10:52:06 +0800] "www.49ersjersey.com" "GET /wp/ HTTP/1.1" 404 30195 "http://www.49ersjersey.com/wp/" "Mozilla/5.0 (Windows NT 10.0; Win64; x64) AppleWebKit/537.36 (KHTML, like Gecko) Chrome/120.0.0.0 Safari/537.36" "45.148.10.119" [0.001,1.713,1.716|1.716]Request_Body: "-"
162.159.113.134 - - [19/Sep/2026:10:52:06 +0800] "49ersjersey.com" "POST /blog/index.php?rest_route=/batch/v1 HTTP/1.1" 301 166 "-" "Mozilla/5.0 (Windows NT 10.0; Win64; x64) AppleWebKit/537.36 (KHTML, like Gecko) Chrome/120.0.0.0 Safari/537.36" "45.148.10.119" [-,-,-|0.000]Request_Body: "-"
104.23.170.57 - - [19/Sep/2026:10:52:06 +0800] "www.49ersjersey.com" "GET /blog/index.php?rest_route=/batch/v1 HTTP/1.1" 403 552 "http://www.49ersjersey.com/blog/index.php?rest_route=/batch/v1" "Mozilla/5.0 (Windows NT 10.0; Win64; x64) AppleWebKit/537.36 (KHTML, like Gecko) Chrome/120.0.0.0 Safari/537.36" "45.148.10.119" [-,-,-|0.000]Request_Body: "-"
162.159.113.134 - - [19/Sep/2026:10:52:06 +0800] "49ersjersey.com" "POST /wp/index.php?rest_route=/batch/v1 HTTP/1.1" 301 166 "-" "Mozilla/5.0 (Windows NT 10.0; Win64; x64) AppleWebKit/537.36 (KHTML, like Gecko) Chrome/120.0.0.0 Safari/537.36" "45.148.10.119" [-,-,-|0.000]Request_Body: "-"
162.159.113.134 - - [19/Sep/2026:10:52:06 +0800] "49ersjersey.com" "POST /blog/index.php?rest_route=%2Fbatch%2Fv1 HTTP/1.1" 301 166 "-" "Mozilla/5.0 (Windows NT 10.0; Win64; x64) AppleWebKit/537.36 (KHTML, like Gecko) Chrome/120.0.0.0 Safari/537.36" "45.148.10.119" [-,-,-|0.000]Request_Body: "-"
104.23.170.57 - - [19/Sep/2026:10:52:06 +0800] "www.49ersjersey.com" "GET /wp/index.php?rest_route=/batch/v1 HTTP/1.1" 403 552 "http://www.49ersjersey.com/wp/index.php?rest_route=/batch/v1" "Mozilla/5.0 (Windows NT 10.0; Win64; x64) AppleWebKit/537.36 (KHTML, like Gecko) Chrome/120.0.0.0 Safari/537.36" "45.148.10.119" [-,-,-|0.000]Request_Body: "-"
162.159.113.134 - - [19/Sep/2026:10:52:06 +0800] "49ersjersey.com" "POST /wp/index.php?rest_route=%2Fbatch%2Fv1 HTTP/1.1" 301 166 "-" "Mozilla/5.0 (Windows NT 10.0; Win64; x64) AppleWebKit/537.36 (KHTML, like Gecko) Chrome/120.0.0.0 Safari/537.36" "45.148.10.119" [-,-,-|0.000]Request_Body: "-"
104.23.170.57 - - [19/Sep/2026:10:52:06 +0800] "www.49ersjersey.com" "GET /blog/index.php?rest_route=%2Fbatch%2Fv1 HTTP/1.1" 403 552 "http://www.49ersjersey.com/blog/index.php?rest_route=%2Fbatch%2Fv1" "Mozilla/5.0 (Windows NT 10.0; Win64; x64) AppleWebKit/537.36 (KHTML, like Gecko) Chrome/120.0.0.0 Safari/537.36" "45.148.10.119" [-,-,-|0.000]Request_Body: "-"
162.159.113.134 - - [19/Sep/2026:10:52:06 +0800] "49ersjersey.com" "POST /blog/?rest_route=%2Fbatch%2Fv1 HTTP/1.1" 301 166 "-" "Mozilla/5.0 (Windows NT 10.0; Win64; x64) AppleWebKit/537.36 (KHTML, like Gecko) Chrome/120.0.0.0 Safari/537.36" "45.148.10.119" [-,-,-|0.000]Request_Body: "-"
172.71.95.62 - - [19/Sep/2026:10:52:07 +0800] "www.49ersjersey.com" "GET /wp/index.php?rest_route=%2Fbatch%2Fv1 HTTP/1.1" 403 552 "http://www.49ersjersey.com/wp/index.php?rest_route=%2Fbatch%2Fv1" "Mozilla/5.0 (Windows NT 10.0; Win64; x64) AppleWebKit/537.36 (KHTML, like Gecko) Chrome/120.0.0.0 Safari/537.36" "45.148.10.119" [-,-,-|0.000]Request_Body: "-"
162.159.113.134 - - [19/Sep/2026:10:52:08 +0800] "49ersjersey.com" "POST /wp/?rest_route=%2Fbatch%2Fv1 HTTP/1.1" 301 166 "-" "Mozilla/5.0 (Windows NT 10.0; Win64; x64) AppleWebKit/537.36 (KHTML, like Gecko) Chrome/120.0.0.0 Safari/537.36" "45.148.10.119" [-,-,-|0.000]Request_Body: "-"
104.23.170.57 - - [19/Sep/2026:10:52:08 +0800] "www.49ersjersey.com" "GET /blog/?rest_route=%2Fbatch%2Fv1 HTTP/1.1" 404 125 "http://www.49ersjersey.com/blog/?rest_route=%2Fbatch%2Fv1" "Mozilla/5.0 (Windows NT 10.0; Win64; x64) AppleWebKit/537.36 (KHTML, like Gecko) Chrome/120.0.0.0 Safari/537.36" "45.148.10.119" [0.001,1.936,1.936|1.936]Request_Body: "-"
162.159.113.134 - - [19/Sep/2026:10:52:09 +0800] "49ersjersey.com" "POST /blog/?rest_route=/batch%2Fv1 HTTP/1.1" 301 166 "-" "Mozilla/5.0 (Windows NT 10.0; Win64; x64) AppleWebKit/537.36 (KHTML, like Gecko) Chrome/120.0.0.0 Safari/537.36" "45.148.10.119" [-,-,-|0.000]Request_Body: "-"
172.71.95.62 - - [19/Sep/2026:10:52:10 +0800] "www.49ersjersey.com" "GET /wp/?rest_route=%2Fbatch%2Fv1 HTTP/1.1" 404 125 "http://www.49ersjersey.com/wp/?rest_route=%2Fbatch%2Fv1" "Mozilla/5.0 (Windows NT 10.0; Win64; x64) AppleWebKit/537.36 (KHTML, like Gecko) Chrome/120.0.0.0 Safari/537.36" "45.148.10.119" [0.001,1.889,1.889|1.889]Request_Body: "-"
162.159.113.134 - - [19/Sep/2026:10:52:11 +0800] "49ersjersey.com" "POST /wp/?rest_route=/batch%2Fv1 HTTP/1.1" 301 166 "-" "Mozilla/5.0 (Windows NT 10.0; Win64; x64) AppleWebKit/537.36 (KHTML, like Gecko) Chrome/120.0.0.0 Safari/537.36" "45.148.10.119" [-,-,-|0.000]Request_Body: "-"
104.23.170.57 - - [19/Sep/2026:10:52:11 +0800] "www.49ersjersey.com" "GET /blog/?rest_route=/batch%2Fv1 HTTP/1.1" 404 125 "http://www.49ersjersey.com/blog/?rest_route=/batch%2Fv1" "Mozilla/5.0 (Windows NT 10.0; Win64; x64) AppleWebKit/537.36 (KHTML, like Gecko) Chrome/120.0.0.0 Safari/537.36" "45.148.10.119" [0.001,1.816,1.816|1.816]Request_Body: "-"
162.159.113.134 - - [19/Sep/2026:10:52:11 +0800] "49ersjersey.com" "POST /blog/?rest_route=/batch/v1 HTTP/1.1" 301 166 "-" "Mozilla/5.0 (Windows NT 10.0; Win64; x64) AppleWebKit/537.36 (KHTML, like Gecko) Chrome/120.0.0.0 Safari/537.36" "45.148.10.119" [-,-,-|0.000]Request_Body: "-"
104.23.170.57 - - [19/Sep/2026:10:52:13 +0800] "www.49ersjersey.com" "GET /wp/?rest_route=/batch%2Fv1 HTTP/1.1" 404 125 "http://www.49ersjersey.com/wp/?rest_route=/batch%2Fv1" "Mozilla/5.0 (Windows NT 10.0; Win64; x64) AppleWebKit/537.36 (KHTML, like Gecko) Chrome/120.0.0.0 Safari/537.36" "45.148.10.119" [0.001,2.045,2.045|2.045]Request_Body: "-"
162.159.113.134 - - [19/Sep/2026:10:52:13 +0800] "49ersjersey.com" "POST /wp/?rest_route=/batch/v1 HTTP/1.1" 301 166 "-" "Mozilla/5.0 (Windows NT 10.0; Win64; x64) AppleWebKit/537.36 (KHTML, like Gecko) Chrome/120.0.0.0 Safari/537.36" "45.148.10.119" [-,-,-|0.001]Request_Body: "-"
172.71.95.62 - - [19/Sep/2026:10:52:13 +0800] "www.49ersjersey.com" "GET /blog/?rest_route=/batch/v1 HTTP/1.1" 404 125 "http://www.49ersjersey.com/blog/?rest_route=/batch/v1" "Mozilla/5.0 (Windows NT 10.0; Win64; x64) AppleWebKit/537.36 (KHTML, like Gecko) Chrome/120.0.0.0 Safari/537.36" "45.148.10.119" [0.001,2.614,2.614|2.614]Request_Body: "-"
162.159.113.134 - - [19/Sep/2026:10:52:14 +0800] "49ersjersey.com" "POST /blog/wp-json/batch/v1 HTTP/1.1" 301 166 "-" "Mozilla/5.0 (Windows NT 10.0; Win64; x64) AppleWebKit/537.36 (KHTML, like Gecko) Chrome/120.0.0.0 Safari/537.36" "45.148.10.119" [-,-,-|0.000]Request_Body: "-"
104.23.170.57 - - [19/Sep/2026:10:52:16 +0800] "www.49ersjersey.com" "GET /wp/?rest_route=/batch/v1 HTTP/1.1" 404 125 "http://www.49ersjersey.com/wp/?rest_route=/batch/v1" "Mozilla/5.0 (Windows NT 10.0; Win64; x64) AppleWebKit/537.36 (KHTML, like Gecko) Chrome/120.0.0.0 Safari/537.36" "45.148.10.119" [0.001,2.739,2.739|2.739]Request_Body: "-"
162.159.113.134 - - [19/Sep/2026:10:52:16 +0800] "49ersjersey.com" "POST /wp/wp-json/batch/v1 HTTP/1.1" 301 166 "-" "Mozilla/5.0 (Windows NT 10.0; Win64; x64) AppleWebKit/537.36 (KHTML, like Gecko) Chrome/120.0.0.0 Safari/537.36" "45.148.10.119" [-,-,-|0.000]Request_Body: "-"
172.71.95.77 - - [19/Sep/2026:10:52:16 +0800] "www.49ersjersey.com" "GET /blog/wp-json/batch/v1 HTTP/1.1" 404 30019 "http://www.49ersjersey.com/blog/wp-json/batch/v1" "Mozilla/5.0 (Windows NT 10.0; Win64; x64) AppleWebKit/537.36 (KHTML, like Gecko) Chrome/120.0.0.0 Safari/537.36" "45.148.10.119" [0.001,2.393,2.396|2.396]Request_Body: "-"
162.159.113.134 - - [19/Sep/2026:10:52:16 +0800] "49ersjersey.com" "POST /blog/wp-json/Batch/v1 HTTP/1.1" 301 166 "-" "Mozilla/5.0 (Windows NT 10.0; Win64; x64) AppleWebKit/537.36 (KHTML, like Gecko) Chrome/120.0.0.0 Safari/537.36" "45.148.10.119" [-,-,-|0.000]Request_Body: "-"
104.23.170.57 - - [19/Sep/2026:10:52:18 +0800] "www.49ersjersey.com" "GET /wp/wp-json/batch/v1 HTTP/1.1" 404 30017 "http://www.49ersjersey.com/wp/wp-json/batch/v1" "Mozilla/5.0 (Windows NT 10.0; Win64; x64) AppleWebKit/537.36 (KHTML, like Gecko) Chrome/120.0.0.0 Safari/537.36" "45.148.10.119" [0.001,1.897,1.900|1.900]Request_Body: "-"
172.71.95.77 - - [19/Sep/2026:10:52:19 +0800] "www.49ersjersey.com" "GET /blog/wp-json/Batch/v1 HTTP/1.1" 404 30019 "http://www.49ersjersey.com/blog/wp-json/Batch/v1" "Mozilla/5.0 (Windows NT 10.0; Win64; x64) AppleWebKit/537.36 (KHTML, like Gecko) Chrome/120.0.0.0 Safari/537.36" "45.148.10.119" [0.001,1.951,1.954|1.954]Request_Body: "-"
162.159.113.134 - - [19/Sep/2026:10:52:20 +0800] "49ersjersey.com" "POST /wp/wp-json/Batch/v1 HTTP/1.1" 301 166 "-" "Mozilla/5.0 (Windows NT 10.0; Win64; x64) AppleWebKit/537.36 (KHTML, like Gecko) Chrome/120.0.0.0 Safari/537.36" "45.148.10.119" [-,-,-|0.000]Request_Body: "-"
162.159.113.135 - - [19/Sep/2026:10:52:20 +0800] "49ersjersey.com" "POST /blog//wp-json/batch/v1 HTTP/1.1" 301 166 "-" "Mozilla/5.0 (Windows NT 10.0; Win64; x64) AppleWebKit/537.36 (KHTML, like Gecko) Chrome/120.0.0.0 Safari/537.36" "45.148.10.119" [-,-,-|0.000]Request_Body: "-"
104.23.170.57 - - [19/Sep/2026:10:52:21 +0800] "www.49ersjersey.com" "GET /blog//wp-json/batch/v1 HTTP/1.1" 301 5 "http://www.49ersjersey.com/blog//wp-json/batch/v1" "Mozilla/5.0 (Windows NT 10.0; Win64; x64) AppleWebKit/537.36 (KHTML, like Gecko) Chrome/120.0.0.0 Safari/537.36" "45.148.10.119" [0.001,1.366,1.366|1.366]Request_Body: "-"
172.71.95.77 - - [19/Sep/2026:10:52:22 +0800] "www.49ersjersey.com" "GET /wp/wp-json/Batch/v1 HTTP/1.1" 404 30017 "http://www.49ersjersey.com/wp/wp-json/Batch/v1" "Mozilla/5.0 (Windows NT 10.0; Win64; x64) AppleWebKit/537.36 (KHTML, like Gecko) Chrome/120.0.0.0 Safari/537.36" "45.148.10.119" [0.001,2.035,2.040|2.040]Request_Body: "-"
162.159.113.134 - - [19/Sep/2026:10:52:22 +0800] "49ersjersey.com" "POST /wp//wp-json/batch/v1 HTTP/1.1" 301 166 "-" "Mozilla/5.0 (Windows NT 10.0; Win64; x64) AppleWebKit/537.36 (KHTML, like Gecko) Chrome/120.0.0.0 Safari/537.36" "45.148.10.119" [-,-,-|0.000]Request_Body: "-"
104.23.170.57 - - [19/Sep/2026:10:52:23 +0800] "www.49ersjersey.com" "GET /blog/wp-json/batch/v1 HTTP/1.1" 404 30019 "https://www.49ersjersey.com/blog//wp-json/batch/v1" "Mozilla/5.0 (Windows NT 10.0; Win64; x64) AppleWebKit/537.36 (KHTML, like Gecko) Chrome/120.0.0.0 Safari/537.36" "45.148.10.119" [0.001,1.669,1.672|1.672]Request_Body: "-"
162.159.113.135 - - [19/Sep/2026:10:52:24 +0800] "49ersjersey.com" "POST /blog/wp-json/batch/v1/ HTTP/1.1" 301 166 "-" "Mozilla/5.0 (Windows NT 10.0; Win64; x64) AppleWebKit/537.36 (KHTML, like Gecko) Chrome/120.0.0.0 Safari/537.36" "45.148.10.119" [-,-,-|0.000]Request_Body: "-"
172.71.95.77 - - [19/Sep/2026:10:52:24 +0800] "www.49ersjersey.com" "GET /wp//wp-json/batch/v1 HTTP/1.1" 301 5 "http://www.49ersjersey.com/wp//wp-json/batch/v1" "Mozilla/5.0 (Windows NT 10.0; Win64; x64) AppleWebKit/537.36 (KHTML, like Gecko) Chrome/120.0.0.0 Safari/537.36" "45.148.10.119" [0.002,1.491,1.491|1.492]Request_Body: "-"
172.71.95.77 - - [19/Sep/2026:10:52:26 +0800] "www.49ersjersey.com" "GET /wp/wp-json/batch/v1 HTTP/1.1" 404 30017 "https://www.49ersjersey.com/wp//wp-json/batch/v1" "Mozilla/5.0 (Windows NT 10.0; Win64; x64) AppleWebKit/537.36 (KHTML, like Gecko) Chrome/120.0.0.0 Safari/537.36" "45.148.10.119" [0.001,1.889,1.892|1.892]Request_Body: "-"
162.159.113.134 - - [19/Sep/2026:10:52:26 +0800] "49ersjersey.com" "POST /wp/wp-json/batch/v1/ HTTP/1.1" 301 166 "-" "Mozilla/5.0 (Windows NT 10.0; Win64; x64) AppleWebKit/537.36 (KHTML, like Gecko) Chrome/120.0.0.0 Safari/537.36" "45.148.10.119" [-,-,-|0.000]Request_Body: "-"
104.23.170.57 - - [19/Sep/2026:10:52:26 +0800] "www.49ersjersey.com" "GET /blog/wp-json/batch/v1/ HTTP/1.1" 404 30020 "http://www.49ersjersey.com/blog/wp-json/batch/v1/" "Mozilla/5.0 (Windows NT 10.0; Win64; x64) AppleWebKit/537.36 (KHTML, like Gecko) Chrome/120.0.0.0 Safari/537.36" "45.148.10.119" [0.001,2.356,2.359|2.359]Request_Body: "-"
162.159.113.135 - - [19/Sep/2026:10:52:27 +0800] "49ersjersey.com" "POST /blog/blog/wp-json/batch/v1 HTTP/1.1" 301 166 "-" "Mozilla/5.0 (Windows NT 10.0; Win64; x64) AppleWebKit/537.36 (KHTML, like Gecko) Chrome/120.0.0.0 Safari/537.36" "45.148.10.119" [-,-,-|0.000]Request_Body: "-"
172.71.95.77 - - [19/Sep/2026:10:52:28 +0800] "www.49ersjersey.com" "GET /wp/wp-json/batch/v1/ HTTP/1.1" 404 30018 "http://www.49ersjersey.com/wp/wp-json/batch/v1/" "Mozilla/5.0 (Windows NT 10.0; Win64; x64) AppleWebKit/537.36 (KHTML, like Gecko) Chrome/120.0.0.0 Safari/537.36" "45.148.10.119" [0.001,1.698,1.701|1.701]Request_Body: "-"
162.159.113.134 - - [19/Sep/2026:10:52:28 +0800] "49ersjersey.com" "POST /wp/blog/wp-json/batch/v1 HTTP/1.1" 301 166 "-" "Mozilla/5.0 (Windows NT 10.0; Win64; x64) AppleWebKit/537.36 (KHTML, like Gecko) Chrome/120.0.0.0 Safari/537.36" "45.148.10.119" [-,-,-|0.000]Request_Body: "-"
104.23.170.57 - - [19/Sep/2026:10:52:29 +0800] "www.49ersjersey.com" "GET /blog/blog/wp-json/batch/v1 HTTP/1.1" 404 30020 "http://www.49ersjersey.com/blog/blog/wp-json/batch/v1" "Mozilla/5.0 (Windows NT 10.0; Win64; x64) AppleWebKit/537.36 (KHTML, like Gecko) Chrome/120.0.0.0 Safari/537.36" "45.148.10.119" [0.001,1.990,1.993|1.993]Request_Body: "-"
162.159.113.135 - - [19/Sep/2026:10:52:30 +0800] "49ersjersey.com" "POST /blog/index.php?rest_route=/batch/v1 HTTP/1.1" 301 166 "https://49ersjersey.com/blog/wp-admin/" "Mozilla/5.0 (Windows NT 10.0; Win64; x64) AppleWebKit/537.36 (KHTML, like Gecko) Chrome/120.0.0.0 Safari/537.36" "127.0.0.1,45.148.10.119" [-,-,-|0.000]Request_Body: "-"
104.23.170.57 - - [19/Sep/2026:10:52:30 +0800] "www.49ersjersey.com" "GET /blog/index.php?rest_route=/batch/v1 HTTP/1.1" 403 552 "https://49ersjersey.com/blog/wp-admin/" "Mozilla/5.0 (Windows NT 10.0; Win64; x64) AppleWebKit/537.36 (KHTML, like Gecko) Chrome/120.0.0.0 Safari/537.36" "127.0.0.1,45.148.10.119" [-,-,-|0.000]Request_Body: "-"
162.159.113.134 - - [19/Sep/2026:10:52:30 +0800] "49ersjersey.com" "POST /blog/index.php?rest_route=%2Fbatch%2Fv1 HTTP/1.1" 301 166 "https://49ersjersey.com/blog/wp-admin/" "Mozilla/5.0 (Windows NT 10.0; Win64; x64) AppleWebKit/537.36 (KHTML, like Gecko) Chrome/120.0.0.0 Safari/537.36" "127.0.0.1,45.148.10.119" [-,-,-|0.000]Request_Body: "-"
172.71.95.77 - - [19/Sep/2026:10:52:30 +0800] "www.49ersjersey.com" "GET /wp/blog/wp-json/batch/v1 HTTP/1.1" 404 30020 "http://www.49ersjersey.com/wp/blog/wp-json/batch/v1" "Mozilla/5.0 (Windows NT 10.0; Win64; x64) AppleWebKit/537.36 (KHTML, like Gecko) Chrome/120.0.0.0 Safari/537.36" "45.148.10.119" [0.001,1.794,1.797|1.797]Request_Body: "-"
104.23.170.57 - - [19/Sep/2026:10:52:30 +0800] "www.49ersjersey.com" "GET /blog/index.php?rest_route=%2Fbatch%2Fv1 HTTP/1.1" 403 552 "https://49ersjersey.com/blog/wp-admin/" "Mozilla/5.0 (Windows NT 10.0; Win64; x64) AppleWebKit/537.36 (KHTML, like Gecko) Chrome/120.0.0.0 Safari/537.36" "127.0.0.1,45.148.10.119" [-,-,-|0.000]Request_Body: "-"
162.159.113.135 - - [19/Sep/2026:10:52:30 +0800] "49ersjersey.com" "POST /blog/?rest_route=%2Fbatch%2Fv1 HTTP/1.1" 301 166 "https://49ersjersey.com/blog/wp-admin/" "Mozilla/5.0 (Windows NT 10.0; Win64; x64) AppleWebKit/537.36 (KHTML, like Gecko) Chrome/120.0.0.0 Safari/537.36" "127.0.0.1,45.148.10.119" [-,-,-|0.000]Request_Body: "-"
162.159.113.134 - - [19/Sep/2026:10:52:30 +0800] "49ersjersey.com" "POST /wp/index.php?rest_route=/batch/v1 HTTP/1.1" 301 166 "https://49ersjersey.com/wp/wp-admin/" "Mozilla/5.0 (Windows NT 10.0; Win64; x64) AppleWebKit/537.36 (KHTML, like Gecko) Chrome/120.0.0.0 Safari/537.36" "127.0.0.1,45.148.10.119" [-,-,-|0.000]Request_Body: "-"
104.23.170.57 - - [19/Sep/2026:10:52:31 +0800] "www.49ersjersey.com" "GET /wp/index.php?rest_route=/batch/v1 HTTP/1.1" 403 552 "https://49ersjersey.com/wp/wp-admin/" "Mozilla/5.0 (Windows NT 10.0; Win64; x64) AppleWebKit/537.36 (KHTML, like Gecko) Chrome/120.0.0.0 Safari/537.36" "127.0.0.1,45.148.10.119" [-,-,-|0.000]Request_Body: "-"
162.159.113.135 - - [19/Sep/2026:10:52:31 +0800] "49ersjersey.com" "POST /wp/index.php?rest_route=%2Fbatch%2Fv1 HTTP/1.1" 301 166 "https://49ersjersey.com/wp/wp-admin/" "Mozilla/5.0 (Windows NT 10.0; Win64; x64) AppleWebKit/537.36 (KHTML, like Gecko) Chrome/120.0.0.0 Safari/537.36" "127.0.0.1,45.148.10.119" [-,-,-|0.001]Request_Body: "-"
104.23.170.57 - - [19/Sep/2026:10:52:31 +0800] "www.49ersjersey.com" "GET /wp/index.php?rest_route=%2Fbatch%2Fv1 HTTP/1.1" 403 552 "https://49ersjersey.com/wp/wp-admin/" "Mozilla/5.0 (Windows NT 10.0; Win64; x64) AppleWebKit/537.36 (KHTML, like Gecko) Chrome/120.0.0.0 Safari/537.36" "127.0.0.1,45.148.10.119" [-,-,-|0.000]Request_Body: "-"
162.159.113.134 - - [19/Sep/2026:10:52:31 +0800] "49ersjersey.com" "POST /wp/?rest_route=%2Fbatch%2Fv1 HTTP/1.1" 301 166 "https://49ersjersey.com/wp/wp-admin/" "Mozilla/5.0 (Windows NT 10.0; Win64; x64) AppleWebKit/537.36 (KHTML, like Gecko) Chrome/120.0.0.0 Safari/537.36" "127.0.0.1,45.148.10.119" [-,-,-|0.000]Request_Body: "-"
172.71.95.77 - - [19/Sep/2026:10:52:32 +0800] "www.49ersjersey.com" "GET /blog/?rest_route=%2Fbatch%2Fv1 HTTP/1.1" 404 125 "https://49ersjersey.com/blog/wp-admin/" "Mozilla/5.0 (Windows NT 10.0; Win64; x64) AppleWebKit/537.36 (KHTML, like Gecko) Chrome/120.0.0.0 Safari/537.36" "127.0.0.1,45.148.10.119" [0.002,1.313,1.313|1.313]Request_Body: "-"
162.159.113.135 - - [19/Sep/2026:10:52:32 +0800] "49ersjersey.com" "POST /blog/?rest_route=/batch%2Fv1 HTTP/1.1" 301 166 "https://49ersjersey.com/blog/wp-admin/" "Mozilla/5.0 (Windows NT 10.0; Win64; x64) AppleWebKit/537.36 (KHTML, like Gecko) Chrome/120.0.0.0 Safari/537.36" "127.0.0.1,45.148.10.119" [-,-,-|0.000]Request_Body: "-"
104.23.170.57 - - [19/Sep/2026:10:52:33 +0800] "www.49ersjersey.com" "GET /wp/?rest_route=%2Fbatch%2Fv1 HTTP/1.1" 404 125 "https://49ersjersey.com/wp/wp-admin/" "Mozilla/5.0 (Windows NT 10.0; Win64; x64) AppleWebKit/537.36 (KHTML, like Gecko) Chrome/120.0.0.0 Safari/537.36" "127.0.0.1,45.148.10.119" [0.001,1.547,1.547|1.547]Request_Body: "-"
162.159.113.134 - - [19/Sep/2026:10:52:33 +0800] "49ersjersey.com" "POST /wp/?rest_route=/batch%2Fv1 HTTP/1.1" 301 166 "https://49ersjersey.com/wp/wp-admin/" "Mozilla/5.0 (Windows NT 10.0; Win64; x64) AppleWebKit/537.36 (KHTML, like Gecko) Chrome/120.0.0.0 Safari/537.36" "127.0.0.1,45.148.10.119" [-,-,-|0.000]Request_Body: "-"
172.71.95.77 - - [19/Sep/2026:10:52:34 +0800] "www.49ersjersey.com" "GET /blog/?rest_route=/batch%2Fv1 HTTP/1.1" 404 125 "https://49ersjersey.com/blog/wp-admin/" "Mozilla/5.0 (Windows NT 10.0; Win64; x64) AppleWebKit/537.36 (KHTML, like Gecko) Chrome/120.0.0.0 Safari/537.36" "127.0.0.1,45.148.10.119" [0.001,1.918,1.918|1.918]Request_Body: "-"
162.159.113.135 - - [19/Sep/2026:10:52:34 +0800] "49ersjersey.com" "POST /blog/?rest_route=/batch/v1 HTTP/1.1" 301 166 "https://49ersjersey.com/blog/wp-admin/" "Mozilla/5.0 (Windows NT 10.0; Win64; x64) AppleWebKit/537.36 (KHTML, like Gecko) Chrome/120.0.0.0 Safari/537.36" "127.0.0.1,45.148.10.119" [-,-,-|0.000]Request_Body: "-"
104.23.170.57 - - [19/Sep/2026:10:52:35 +0800] "www.49ersjersey.com" "GET /wp/?rest_route=/batch%2Fv1 HTTP/1.1" 404 125 "https://49ersjersey.com/wp/wp-admin/" "Mozilla/5.0 (Windows NT 10.0; Win64; x64) AppleWebKit/537.36 (KHTML, like Gecko) Chrome/120.0.0.0 Safari/537.36" "127.0.0.1,45.148.10.119" [0.001,1.806,1.807|1.807]Request_Body: "-"
162.159.113.134 - - [19/Sep/2026:10:52:36 +0800] "49ersjersey.com" "POST /wp/?rest_route=/batch/v1 HTTP/1.1" 301 166 "https://49ersjersey.com/wp/wp-admin/" "Mozilla/5.0 (Windows NT 10.0; Win64; x64) AppleWebKit/537.36 (KHTML, like Gecko) Chrome/120.0.0.0 Safari/537.36" "127.0.0.1,45.148.10.119" [-,-,-|0.000]Request_Body: "-"
172.71.95.77 - - [19/Sep/2026:10:52:36 +0800] "www.49ersjersey.com" "GET /blog/?rest_route=/batch/v1 HTTP/1.1" 404 125 "https://49ersjersey.com/blog/wp-admin/" "Mozilla/5.0 (Windows NT 10.0; Win64; x64) AppleWebKit/537.36 (KHTML, like Gecko) Chrome/120.0.0.0 Safari/537.36" "127.0.0.1,45.148.10.119" [0.001,1.968,1.968|1.968]Request_Body: "-"
162.159.113.135 - - [19/Sep/2026:10:52:36 +0800] "49ersjersey.com" "POST /blog/wp-json/batch/v1 HTTP/1.1" 301 166 "https://49ersjersey.com/blog/wp-admin/" "Mozilla/5.0 (Windows NT 10.0; Win64; x64) AppleWebKit/537.36 (KHTML, like Gecko) Chrome/120.0.0.0 Safari/537.36" "127.0.0.1,45.148.10.119" [-,-,-|0.000]Request_Body: "-"
104.23.170.57 - - [19/Sep/2026:10:52:38 +0800] "www.49ersjersey.com" "GET /wp/?rest_route=/batch/v1 HTTP/1.1" 404 125 "https://49ersjersey.com/wp/wp-admin/" "Mozilla/5.0 (Windows NT 10.0; Win64; x64) AppleWebKit/537.36 (KHTML, like Gecko) Chrome/120.0.0.0 Safari/537.36" "127.0.0.1,45.148.10.119" [0.000,2.201,2.201|2.202]Request_Body: "-"
162.159.113.134 - - [19/Sep/2026:10:52:38 +0800] "49ersjersey.com" "POST /wp/wp-json/batch/v1 HTTP/1.1" 301 166 "https://49ersjersey.com/wp/wp-admin/" "Mozilla/5.0 (Windows NT 10.0; Win64; x64) AppleWebKit/537.36 (KHTML, like Gecko) Chrome/120.0.0.0 Safari/537.36" "127.0.0.1,45.148.10.119" [-,-,-|0.000]Request_Body: "-"
172.71.95.77 - - [19/Sep/2026:10:52:39 +0800] "www.49ersjersey.com" "GET /blog/wp-json/batch/v1 HTTP/1.1" 404 30019 "https://49ersjersey.com/blog/wp-admin/" "Mozilla/5.0 (Windows NT 10.0; Win64; x64) AppleWebKit/537.36 (KHTML, like Gecko) Chrome/120.0.0.0 Safari/537.36" "127.0.0.1,45.148.10.119" [0.001,2.729,2.738|2.738]Request_Body: "-"
162.159.113.135 - - [19/Sep/2026:10:52:40 +0800] "49ersjersey.com" "POST /blog/wp-json/Batch/v1 HTTP/1.1" 301 166 "https://49ersjersey.com/blog/wp-admin/" "Mozilla/5.0 (Windows NT 10.0; Win64; x64) AppleWebKit/537.36 (KHTML, like Gecko) Chrome/120.0.0.0 Safari/537.36" "127.0.0.1,45.148.10.119" [-,-,-|0.000]Request_Body: "-"
104.23.170.57 - - [19/Sep/2026:10:52:40 +0800] "www.49ersjersey.com" "GET /wp/wp-json/batch/v1 HTTP/1.1" 404 30017 "https://49ersjersey.com/wp/wp-admin/" "Mozilla/5.0 (Windows NT 10.0; Win64; x64) AppleWebKit/537.36 (KHTML, like Gecko) Chrome/120.0.0.0 Safari/537.36" "127.0.0.1,45.148.10.119" [0.001,2.117,2.120|2.120]Request_Body: "-"
162.159.113.134 - - [19/Sep/2026:10:52:41 +0800] "49ersjersey.com" "POST /wp/wp-json/Batch/v1 HTTP/1.1" 301 166 "https://49ersjersey.com/wp/wp-admin/" "Mozilla/5.0 (Windows NT 10.0; Win64; x64) AppleWebKit/537.36 (KHTML, like Gecko) Chrome/120.0.0.0 Safari/537.36" "127.0.0.1,45.148.10.119" [-,-,-|0.000]Request_Body: "-"
162.158.78.90 - - [19/Sep/2026:10:52:43 +0800] "www.49ersjersey.com" "GET /product/highland-mint-san-francisco-49ers-super-bowl-xxiii-flip-coin/ HTTP/1.1" 200 44338 "-" "Mozilla/5.0 (Macintosh; Intel Mac OS X 10_15_7) AppleWebKit/605.1.15 (KHTML, like Gecko) Chrome/139.0.0.0 Safari/605.1.15" "100.50.190.51" [0.001,3.607,3.611|3.612]Request_Body: "-"
172.71.95.77 - - [19/Sep/2026:10:52:43 +0800] "www.49ersjersey.com" "GET /blog/wp-json/Batch/v1 HTTP/1.1" 404 30019 "https://49ersjersey.com/blog/wp-admin/" "Mozilla/5.0 (Windows NT 10.0; Win64; x64) AppleWebKit/537.36 (KHTML, like Gecko) Chrome/120.0.0.0 Safari/537.36" "127.0.0.1,45.148.10.119" [0.001,3.114,3.122|3.122]Request_Body: "-"
162.159.113.135 - - [19/Sep/2026:10:52:43 +0800] "49ersjersey.com" "POST /blog//wp-json/batch/v1 HTTP/1.1" 301 166 "https://49ersjersey.com/blog/wp-admin/" "Mozilla/5.0 (Windows NT 10.0; Win64; x64) AppleWebKit/537.36 (KHTML, like Gecko) Chrome/120.0.0.0 Safari/537.36" "127.0.0.1,45.148.10.119" [-,-,-|0.000]Request_Body: "-"
104.23.170.57 - - [19/Sep/2026:10:52:44 +0800] "www.49ersjersey.com" "GET /wp/wp-json/Batch/v1 HTTP/1.1" 404 30017 "https://49ersjersey.com/wp/wp-admin/" "Mozilla/5.0 (Windows NT 10.0; Win64; x64) AppleWebKit/537.36 (KHTML, like Gecko) Chrome/120.0.0.0 Safari/537.36" "127.0.0.1,45.148.10.119" [0.001,3.144,3.148|3.148]Request_Body: "-"
162.159.113.134 - - [19/Sep/2026:10:52:44 +0800] "49ersjersey.com" "POST /wp//wp-json/batch/v1 HTTP/1.1" 301 166 "https://49ersjersey.com/wp/wp-admin/" "Mozilla/5.0 (Windows NT 10.0; Win64; x64) AppleWebKit/537.36 (KHTML, like Gecko) Chrome/120.0.0.0 Safari/537.36" "127.0.0.1,45.148.10.119" [-,-,-|0.001]Request_Body: "-"
172.71.95.77 - - [19/Sep/2026:10:52:45 +0800] "www.49ersjersey.com" "GET /blog//wp-json/batch/v1 HTTP/1.1" 301 5 "https://49ersjersey.com/blog/wp-admin/" "Mozilla/5.0 (Windows NT 10.0; Win64; x64) AppleWebKit/537.36 (KHTML, like Gecko) Chrome/120.0.0.0 Safari/537.36" "127.0.0.1,45.148.10.119" [0.002,1.809,1.809|1.809]Request_Body: "-"
104.23.170.57 - - [19/Sep/2026:10:52:47 +0800] "www.49ersjersey.com" "GET /wp//wp-json/batch/v1 HTTP/1.1" 301 5 "https://49ersjersey.com/wp/wp-admin/" "Mozilla/5.0 (Windows NT 10.0; Win64; x64) AppleWebKit/537.36 (KHTML, like Gecko) Chrome/120.0.0.0 Safari/537.36" "127.0.0.1,45.148.10.119" [0.000,3.009,3.009|3.009]Request_Body: "-"
