172.71.151.220 - - [19/Sep/2026:23:43:52 +0800] "www.athleticsclothingit.com" "GET /wp-content/themes/woodmart/css/parts/woo-single-prod-el-navigation.min.css?ver=8.2.7 HTTP/1.1" 200 480 "https://www.athleticsclothingit.com/product/reggiseno-lina-corallo-neon/" "Mozilla/5.0 (Linux; Android 6.0.1; Nexus 5X Build/MMB29P) AppleWebKit/537.36 (KHTML, like Gecko) Chrome/153.0.8010.47 Mobile Safari/537.36 (compatible; Googlebot/2.1; +http://www.google.com/bot.html)" "66.249.79.72" [-,-,-|0.000]Request_Body: "-"
172.71.146.42 - - [19/Sep/2026:23:43:53 +0800] "www.athleticsclothingit.com" "GET /wp-content/uploads/2021/08/wd-cursor-dark.svg HTTP/1.1" 304 0 "https://www.athleticsclothingit.com/product/reggiseno-lina-corallo-neon/" "Mozilla/5.0 (Linux; Android 6.0.1; Nexus 5X Build/MMB29P) AppleWebKit/537.36 (KHTML, like Gecko) Chrome/153.0.8010.47 Mobile Safari/537.36 (compatible; Googlebot/2.1; +http://www.google.com/bot.html)" "66.249.79.72" [-,-,-|0.000]Request_Body: "-"
172.71.151.207 - - [19/Sep/2026:23:44:03 +0800] "www.athleticsclothingit.com" "GET /wp-content/plugins/elementor/assets/js/webpack.runtime.min.js?ver=3.31.1 HTTP/1.1" 304 0 "https://www.athleticsclothingit.com/product/reggiseno-lina-corallo-neon/" "Mozilla/5.0 (Linux; Android 6.0.1; Nexus 5X Build/MMB29P) AppleWebKit/537.36 (KHTML, like Gecko) Chrome/153.0.8010.47 Mobile Safari/537.36 (compatible; Googlebot/2.1; +http://www.google.com/bot.html)" "66.249.79.74" [-,-,-|0.000]Request_Body: "-"
172.68.23.132 - - [19/Sep/2026:23:44:04 +0800] "www.athleticsclothingit.com" "GET /wp-content/plugins/woocommerce/assets/js/zoom/jquery.zoom.min.js?ver=1.7.21-wc.10.0.4 HTTP/1.1" 304 0 "https://www.athleticsclothingit.com/product/reggiseno-lina-corallo-neon/" "Mozilla/5.0 (Linux; Android 6.0.1; Nexus 5X Build/MMB29P) AppleWebKit/537.36 (KHTML, like Gecko) Chrome/153.0.8010.47 Mobile Safari/537.36 (compatible; Googlebot/2.1; +http://www.google.com/bot.html)" "66.249.79.72" [-,-,-|0.000]Request_Body: "-"
172.68.22.2 - - [19/Sep/2026:23:45:26 +0800] "www.athleticsclothingit.com" "GET /wp-content/themes/woodmart/css/parts/woo-widget-shopping-cart.min.css?ver=8.2.7 HTTP/1.1" 304 0 "https://www.athleticsclothingit.com/product/reggiseno-lina-corallo-neon/" "Mozilla/5.0 (Linux; Android 6.0.1; Nexus 5X Build/MMB29P) AppleWebKit/537.36 (KHTML, like Gecko) Chrome/153.0.8010.47 Mobile Safari/537.36 (compatible; Googlebot/2.1; +http://www.google.com/bot.html)" "66.249.79.74" [-,-,-|0.000]Request_Body: "-"
162.158.41.246 - - [19/Sep/2026:23:45:44 +0800] "www.athleticsclothingit.com" "GET /images/8052/05ae4c105a92f1247c60326a77307da05dbcd416afd015208b392671f619c644.jpg HTTP/1.1" 200 94637 "-" "Googlebot-Image/1.0" "66.249.79.73" [0.065,0.293,0.491|0.492]Request_Body: "-"
104.23.251.45 - - [19/Sep/2026:23:46:03 +0800] "athleticsclothingit.com" "GET /wp-login.php HTTP/1.1" 301 166 "-" "Mozilla/5.0 (Windows NT 10.0; Win64; rv:143.0) Gecko/20100101 Firefox/143.0" "185.223.152.34" [-,-,-|0.000]Request_Body: "-"
104.23.251.78 - - [19/Sep/2026:23:46:04 +0800] "athleticsclothingit.com" "GET /wp-admin/ HTTP/1.1" 301 166 "-" "Mozilla/5.0 (Macintosh; Intel Mac OS X 10_15_7) AppleWebKit/605.1.15 Version/17.0 Safari/605.1.15" "185.223.152.34" [-,-,-|0.000]Request_Body: "-"
162.158.48.158 - - [20/Sep/2026:00:05:39 +0800] "athleticsclothingit.com" "GET /wp-login.php HTTP/1.1" 301 166 "-" "Mozilla/5.0 (X11; Linux x86_64) AppleWebKit/537.36 (KHTML, like Gecko) Chrome/150.0.0.0 Safari/537.36" "91.244.197.105" [-,-,-|0.000]Request_Body: "-"
162.158.48.200 - - [20/Sep/2026:00:05:43 +0800] "www.athleticsclothingit.com" "GET /wp-login.php HTTP/1.1" 200 2155 "http://www.athleticsclothingit.com/" "Mozilla/5.0 (X11; Linux x86_64) AppleWebKit/537.36 (KHTML, like Gecko) Chrome/150.0.0.0 Safari/537.36" "91.244.197.105" [0.000,3.353,3.353|3.353]Request_Body: "-"
162.158.48.200 - - [20/Sep/2026:00:05:49 +0800] "www.athleticsclothingit.com" "POST /wp-login.php HTTP/1.1" 200 2303 "https://athleticsclothingit.com/wp-login.php" "Mozilla/5.0 (X11; Linux x86_64) AppleWebKit/537.36 (KHTML, like Gecko) Chrome/150.0.0.0 Safari/537.36" "91.244.197.105" [0.000,5.603,5.603|5.603]Request_Body: "log=admin&pwd=adminpass&redirect_to=https%3A%2F%2Fwww.athleticsclothingit.com%2Fwp-admin%2F&rememberme=forever&testcookie=1&wp-submit=Log+In"
104.22.177.27 - - [20/Sep/2026:00:06:31 +0800] "athleticsclothingit.com" "GET / HTTP/1.1" 301 166 "-" "Mozilla/5.0 (Windows NT 10.0; Win64; x64) AppleWebKit/537.36 (KHTML, like Gecko) Chrome/120.0.6099.130 Safari/537.36" "49.13.215.181" [-,-,-|0.000]Request_Body: "-"
172.70.108.96 - - [20/Sep/2026:00:06:38 +0800] "www.athleticsclothingit.com" "GET / HTTP/1.1" 200 46301 "-" "Mozilla/5.0 (Windows NT 10.0; Win64; x64) AppleWebKit/537.36 (KHTML, like Gecko) Chrome/120.0.6099.130 Safari/537.36" "49.13.215.181" [0.001,6.318,6.323|6.323]Request_Body: "-"
162.159.122.197 - - [20/Sep/2026:00:06:43 +0800] "www.athleticsclothingit.com" "POST /wp-json/batch/v1 HTTP/1.1" 207 27 "-" "Mozilla/5.0 (Windows NT 10.0; Win64; x64) AppleWebKit/537.36 (KHTML, like Gecko) Chrome/112.0.0.0 Safari/537.36" "49.13.215.181" [0.000,3.316,3.316|3.317]Request_Body: "{\x22requests\x22: []}"
104.22.177.17 - - [20/Sep/2026:00:06:50 +0800] "www.athleticsclothingit.com" "POST /?rest_route=/batch/v1 HTTP/1.1" 207 27 "-" "Mozilla/5.0 (Windows NT 10.0; Win64; x64) AppleWebKit/537.36 (KHTML, like Gecko) Chrome/112.0.0.0 Safari/537.36" "49.13.215.181" [0.001,6.361,6.361|6.361]Request_Body: "{\x22requests\x22: []}"
104.23.223.82 - - [20/Sep/2026:00:08:07 +0800] "www.athleticsclothingit.com" "GET /wp-json/wp/v2/users HTTP/1.1" 200 1570 "-" "Mozilla/5.0 (Windows NT 10.0; Win64; x64; rv:81.0) Gecko/20100101 Firefox/81.0" "94.254.95.43" [0.000,9.357,9.357|9.357]Request_Body: "-"
104.23.217.137 - - [20/Sep/2026:00:08:17 +0800] "www.athleticsclothingit.com" "GET /wp-json/wp/v2/users?search=xtw HTTP/1.1" 200 12 "-" "Mozilla/5.0 (Windows NT 10.0; Win64; x64; rv:81.0) Gecko/20100101 Firefox/81.0" "94.254.95.43" [0.001,8.352,8.352|8.352]Request_Body: "-"
104.23.172.73 - - [20/Sep/2026:00:11:11 +0800] "athleticsclothingit.com" "POST /?rest_route=/batch/v1 HTTP/1.1" 301 166 "-" "Mozilla/5.0 (Windows NT 10.0; Win64; x64) AppleWebKit/537.36 (KHTML, like Gecko) Chrome/120.0.0.0 Safari/537.36" "195.178.110.101" [-,-,-|0.000]Request_Body: "-"
141.101.76.41 - - [20/Sep/2026:00:11:14 +0800] "www.athleticsclothingit.com" "GET /?rest_route=/batch/v1 HTTP/1.1" 404 125 "http://www.athleticsclothingit.com/?rest_route=/batch/v1" "Mozilla/5.0 (Windows NT 10.0; Win64; x64) AppleWebKit/537.36 (KHTML, like Gecko) Chrome/120.0.0.0 Safari/537.36" "195.178.110.101" [0.000,3.614,3.614|3.614]Request_Body: "-"
104.23.172.73 - - [20/Sep/2026:00:11:15 +0800] "athleticsclothingit.com" "POST /index.php?rest_route=/batch/v1 HTTP/1.1" 301 166 "-" "Mozilla/5.0 (Windows NT 10.0; Win64; x64) AppleWebKit/537.36 (KHTML, like Gecko) Chrome/120.0.0.0 Safari/537.36" "195.178.110.101" [-,-,-|0.000]Request_Body: "-"
141.101.76.119 - - [20/Sep/2026:00:11:17 +0800] "www.athleticsclothingit.com" "GET /index.php?rest_route=/batch/v1 HTTP/1.1" 404 125 "http://www.athleticsclothingit.com/index.php?rest_route=/batch/v1" "Mozilla/5.0 (Windows NT 10.0; Win64; x64) AppleWebKit/537.36 (KHTML, like Gecko) Chrome/120.0.0.0 Safari/537.36" "195.178.110.101" [0.000,2.259,2.259|2.259]Request_Body: "-"
104.23.172.81 - - [20/Sep/2026:00:11:18 +0800] "athleticsclothingit.com" "POST /index.php?rest_route=%2Fbatch%2Fv1 HTTP/1.1" 301 166 "-" "Mozilla/5.0 (Windows NT 10.0; Win64; x64) AppleWebKit/537.36 (KHTML, like Gecko) Chrome/120.0.0.0 Safari/537.36" "195.178.110.101" [-,-,-|0.000]Request_Body: "-"
141.101.76.119 - - [20/Sep/2026:00:11:20 +0800] "www.athleticsclothingit.com" "GET /index.php?rest_route=%2Fbatch%2Fv1 HTTP/1.1" 404 125 "http://www.athleticsclothingit.com/index.php?rest_route=%2Fbatch%2Fv1" "Mozilla/5.0 (Windows NT 10.0; Win64; x64) AppleWebKit/537.36 (KHTML, like Gecko) Chrome/120.0.0.0 Safari/537.36" "195.178.110.101" [0.000,2.575,2.576|2.576]Request_Body: "-"
104.23.172.81 - - [20/Sep/2026:00:11:22 +0800] "athleticsclothingit.com" "POST /?rest_route=%2Fbatch%2Fv1 HTTP/1.1" 301 166 "-" "Mozilla/5.0 (Windows NT 10.0; Win64; x64) AppleWebKit/537.36 (KHTML, like Gecko) Chrome/120.0.0.0 Safari/537.36" "195.178.110.101" [-,-,-|0.000]Request_Body: "-"
141.101.76.41 - - [20/Sep/2026:00:11:25 +0800] "www.athleticsclothingit.com" "GET /?rest_route=%2Fbatch%2Fv1 HTTP/1.1" 404 125 "http://www.athleticsclothingit.com/?rest_route=%2Fbatch%2Fv1" "Mozilla/5.0 (Windows NT 10.0; Win64; x64) AppleWebKit/537.36 (KHTML, like Gecko) Chrome/120.0.0.0 Safari/537.36" "195.178.110.101" [0.001,2.230,2.230|2.230]Request_Body: "-"
104.23.172.73 - - [20/Sep/2026:00:11:25 +0800] "athleticsclothingit.com" "POST /?rest_route=/batch%2Fv1 HTTP/1.1" 301 166 "-" "Mozilla/5.0 (Windows NT 10.0; Win64; x64) AppleWebKit/537.36 (KHTML, like Gecko) Chrome/120.0.0.0 Safari/537.36" "195.178.110.101" [-,-,-|0.000]Request_Body: "-"
141.101.76.41 - - [20/Sep/2026:00:11:30 +0800] "www.athleticsclothingit.com" "GET /?rest_route=/batch%2Fv1 HTTP/1.1" 404 125 "http://www.athleticsclothingit.com/?rest_route=/batch%2Fv1" "Mozilla/5.0 (Windows NT 10.0; Win64; x64) AppleWebKit/537.36 (KHTML, like Gecko) Chrome/120.0.0.0 Safari/537.36" "195.178.110.101" [0.000,5.410,5.410|5.410]Request_Body: "-"
104.23.172.73 - - [20/Sep/2026:00:11:30 +0800] "athleticsclothingit.com" "POST /?rest_route=/batch/v1 HTTP/1.1" 301 166 "-" "Mozilla/5.0 (Windows NT 10.0; Win64; x64) AppleWebKit/537.36 (KHTML, like Gecko) Chrome/120.0.0.0 Safari/537.36" "195.178.110.101" [-,-,-|0.000]Request_Body: "-"
141.101.76.41 - - [20/Sep/2026:00:11:34 +0800] "www.athleticsclothingit.com" "GET /?rest_route=/batch/v1 HTTP/1.1" 404 125 "http://www.athleticsclothingit.com/?rest_route=/batch/v1" "Mozilla/5.0 (Windows NT 10.0; Win64; x64) AppleWebKit/537.36 (KHTML, like Gecko) Chrome/120.0.0.0 Safari/537.36" "195.178.110.101" [0.001,3.634,3.634|3.634]Request_Body: "-"
104.23.172.73 - - [20/Sep/2026:00:11:34 +0800] "athleticsclothingit.com" "POST /wp-json/batch/v1 HTTP/1.1" 301 166 "-" "Mozilla/5.0 (Windows NT 10.0; Win64; x64) AppleWebKit/537.36 (KHTML, like Gecko) Chrome/120.0.0.0 Safari/537.36" "195.178.110.101" [-,-,-|0.000]Request_Body: "-"
141.101.76.41 - - [20/Sep/2026:00:11:39 +0800] "www.athleticsclothingit.com" "GET /wp-json/batch/v1 HTTP/1.1" 404 125 "http://www.athleticsclothingit.com/wp-json/batch/v1" "Mozilla/5.0 (Windows NT 10.0; Win64; x64) AppleWebKit/537.36 (KHTML, like Gecko) Chrome/120.0.0.0 Safari/537.36" "195.178.110.101" [0.001,4.561,4.561|4.561]Request_Body: "-"
104.23.172.73 - - [20/Sep/2026:00:11:39 +0800] "athleticsclothingit.com" "POST /wp-json/Batch/v1 HTTP/1.1" 301 166 "-" "Mozilla/5.0 (Windows NT 10.0; Win64; x64) AppleWebKit/537.36 (KHTML, like Gecko) Chrome/120.0.0.0 Safari/537.36" "195.178.110.101" [-,-,-|0.000]Request_Body: "-"
141.101.76.41 - - [20/Sep/2026:00:11:45 +0800] "www.athleticsclothingit.com" "GET /wp-json/Batch/v1 HTTP/1.1" 404 125 "http://www.athleticsclothingit.com/wp-json/Batch/v1" "Mozilla/5.0 (Windows NT 10.0; Win64; x64) AppleWebKit/537.36 (KHTML, like Gecko) Chrome/120.0.0.0 Safari/537.36" "195.178.110.101" [0.001,5.737,5.737|5.736]Request_Body: "-"
104.23.172.73 - - [20/Sep/2026:00:11:45 +0800] "athleticsclothingit.com" "POST //wp-json/batch/v1 HTTP/1.1" 301 166 "-" "Mozilla/5.0 (Windows NT 10.0; Win64; x64) AppleWebKit/537.36 (KHTML, like Gecko) Chrome/120.0.0.0 Safari/537.36" "195.178.110.101" [-,-,-|0.000]Request_Body: "-"
141.101.76.41 - - [20/Sep/2026:00:11:50 +0800] "www.athleticsclothingit.com" "GET //wp-json/batch/v1 HTTP/1.1" 404 125 "http://www.athleticsclothingit.com//wp-json/batch/v1" "Mozilla/5.0 (Windows NT 10.0; Win64; x64) AppleWebKit/537.36 (KHTML, like Gecko) Chrome/120.0.0.0 Safari/537.36" "195.178.110.101" [0.001,4.220,4.220|4.220]Request_Body: "-"
104.23.172.73 - - [20/Sep/2026:00:11:50 +0800] "athleticsclothingit.com" "POST /wp-json/batch/v1/ HTTP/1.1" 301 166 "-" "Mozilla/5.0 (Windows NT 10.0; Win64; x64) AppleWebKit/537.36 (KHTML, like Gecko) Chrome/120.0.0.0 Safari/537.36" "195.178.110.101" [-,-,-|0.000]Request_Body: "-"
141.101.76.41 - - [20/Sep/2026:00:11:54 +0800] "www.athleticsclothingit.com" "GET /wp-json/batch/v1/ HTTP/1.1" 404 125 "http://www.athleticsclothingit.com/wp-json/batch/v1/" "Mozilla/5.0 (Windows NT 10.0; Win64; x64) AppleWebKit/537.36 (KHTML, like Gecko) Chrome/120.0.0.0 Safari/537.36" "195.178.110.101" [0.001,3.131,3.131|3.131]Request_Body: "-"
104.23.172.73 - - [20/Sep/2026:00:11:57 +0800] "athleticsclothingit.com" "POST /blog/wp-json/batch/v1 HTTP/1.1" 301 166 "-" "Mozilla/5.0 (Windows NT 10.0; Win64; x64) AppleWebKit/537.36 (KHTML, like Gecko) Chrome/120.0.0.0 Safari/537.36" "195.178.110.101" [-,-,-|0.000]Request_Body: "-"
141.101.76.41 - - [20/Sep/2026:00:12:00 +0800] "www.athleticsclothingit.com" "GET /blog/wp-json/batch/v1 HTTP/1.1" 404 28179 "http://www.athleticsclothingit.com/blog/wp-json/batch/v1" "Mozilla/5.0 (Windows NT 10.0; Win64; x64) AppleWebKit/537.36 (KHTML, like Gecko) Chrome/120.0.0.0 Safari/537.36" "195.178.110.101" [0.001,3.516,3.520|3.521]Request_Body: "-"
104.23.172.73 - - [20/Sep/2026:00:12:01 +0800] "athleticsclothingit.com" "POST /index.php?rest_route=/batch/v1 HTTP/1.1" 301 166 "https://athleticsclothingit.com/wp-admin/" "Mozilla/5.0 (Windows NT 10.0; Win64; x64) AppleWebKit/537.36 (KHTML, like Gecko) Chrome/120.0.0.0 Safari/537.36" "127.0.0.1,195.178.110.101" [-,-,-|0.001]Request_Body: "-"
141.101.76.41 - - [20/Sep/2026:00:12:04 +0800] "www.athleticsclothingit.com" "GET /index.php?rest_route=/batch/v1 HTTP/1.1" 404 125 "https://athleticsclothingit.com/wp-admin/" "Mozilla/5.0 (Windows NT 10.0; Win64; x64) AppleWebKit/537.36 (KHTML, like Gecko) Chrome/120.0.0.0 Safari/537.36" "127.0.0.1,195.178.110.101" [0.000,3.449,3.449|3.449]Request_Body: "-"
104.23.172.73 - - [20/Sep/2026:00:12:04 +0800] "athleticsclothingit.com" "POST /index.php?rest_route=%2Fbatch%2Fv1 HTTP/1.1" 301 166 "https://athleticsclothingit.com/wp-admin/" "Mozilla/5.0 (Windows NT 10.0; Win64; x64) AppleWebKit/537.36 (KHTML, like Gecko) Chrome/120.0.0.0 Safari/537.36" "127.0.0.1,195.178.110.101" [-,-,-|0.000]Request_Body: "-"
141.101.76.41 - - [20/Sep/2026:00:12:08 +0800] "www.athleticsclothingit.com" "GET /index.php?rest_route=%2Fbatch%2Fv1 HTTP/1.1" 404 125 "https://athleticsclothingit.com/wp-admin/" "Mozilla/5.0 (Windows NT 10.0; Win64; x64) AppleWebKit/537.36 (KHTML, like Gecko) Chrome/120.0.0.0 Safari/537.36" "127.0.0.1,195.178.110.101" [0.000,3.022,3.022|3.022]Request_Body: "-"
104.23.172.73 - - [20/Sep/2026:00:12:08 +0800] "athleticsclothingit.com" "POST /?rest_route=%2Fbatch%2Fv1 HTTP/1.1" 301 166 "https://athleticsclothingit.com/wp-admin/" "Mozilla/5.0 (Windows NT 10.0; Win64; x64) AppleWebKit/537.36 (KHTML, like Gecko) Chrome/120.0.0.0 Safari/537.36" "127.0.0.1,195.178.110.101" [-,-,-|0.000]Request_Body: "-"
141.101.76.41 - - [20/Sep/2026:00:12:12 +0800] "www.athleticsclothingit.com" "GET /?rest_route=%2Fbatch%2Fv1 HTTP/1.1" 404 125 "https://athleticsclothingit.com/wp-admin/" "Mozilla/5.0 (Windows NT 10.0; Win64; x64) AppleWebKit/537.36 (KHTML, like Gecko) Chrome/120.0.0.0 Safari/537.36" "127.0.0.1,195.178.110.101" [0.003,3.992,3.992|3.992]Request_Body: "-"
104.23.172.73 - - [20/Sep/2026:00:12:13 +0800] "athleticsclothingit.com" "POST /?rest_route=/batch%2Fv1 HTTP/1.1" 301 166 "https://athleticsclothingit.com/wp-admin/" "Mozilla/5.0 (Windows NT 10.0; Win64; x64) AppleWebKit/537.36 (KHTML, like Gecko) Chrome/120.0.0.0 Safari/537.36" "127.0.0.1,195.178.110.101" [-,-,-|0.000]Request_Body: "-"
141.101.76.41 - - [20/Sep/2026:00:12:17 +0800] "www.athleticsclothingit.com" "GET /?rest_route=/batch%2Fv1 HTTP/1.1" 404 125 "https://athleticsclothingit.com/wp-admin/" "Mozilla/5.0 (Windows NT 10.0; Win64; x64) AppleWebKit/537.36 (KHTML, like Gecko) Chrome/120.0.0.0 Safari/537.36" "127.0.0.1,195.178.110.101" [0.001,3.688,3.689|3.688]Request_Body: "-"
104.23.172.73 - - [20/Sep/2026:00:12:17 +0800] "athleticsclothingit.com" "POST /?rest_route=/batch/v1 HTTP/1.1" 301 166 "https://athleticsclothingit.com/wp-admin/" "Mozilla/5.0 (Windows NT 10.0; Win64; x64) AppleWebKit/537.36 (KHTML, like Gecko) Chrome/120.0.0.0 Safari/537.36" "127.0.0.1,195.178.110.101" [-,-,-|0.000]Request_Body: "-"
141.101.76.41 - - [20/Sep/2026:00:12:21 +0800] "www.athleticsclothingit.com" "GET /?rest_route=/batch/v1 HTTP/1.1" 404 125 "https://athleticsclothingit.com/wp-admin/" "Mozilla/5.0 (Windows NT 10.0; Win64; x64) AppleWebKit/537.36 (KHTML, like Gecko) Chrome/120.0.0.0 Safari/537.36" "127.0.0.1,195.178.110.101" [0.001,3.822,3.822|3.821]Request_Body: "-"
104.23.172.73 - - [20/Sep/2026:00:12:21 +0800] "athleticsclothingit.com" "POST /wp-json/batch/v1 HTTP/1.1" 301 166 "https://athleticsclothingit.com/wp-admin/" "Mozilla/5.0 (Windows NT 10.0; Win64; x64) AppleWebKit/537.36 (KHTML, like Gecko) Chrome/120.0.0.0 Safari/537.36" "127.0.0.1,195.178.110.101" [-,-,-|0.000]Request_Body: "-"
141.101.76.41 - - [20/Sep/2026:00:12:25 +0800] "www.athleticsclothingit.com" "GET /wp-json/batch/v1 HTTP/1.1" 404 125 "https://athleticsclothingit.com/wp-admin/" "Mozilla/5.0 (Windows NT 10.0; Win64; x64) AppleWebKit/537.36 (KHTML, like Gecko) Chrome/120.0.0.0 Safari/537.36" "127.0.0.1,195.178.110.101" [0.001,3.146,3.146|3.147]Request_Body: "-"
104.23.172.73 - - [20/Sep/2026:00:12:25 +0800] "athleticsclothingit.com" "POST /wp-json/Batch/v1 HTTP/1.1" 301 166 "https://athleticsclothingit.com/wp-admin/" "Mozilla/5.0 (Windows NT 10.0; Win64; x64) AppleWebKit/537.36 (KHTML, like Gecko) Chrome/120.0.0.0 Safari/537.36" "127.0.0.1,195.178.110.101" [-,-,-|0.000]Request_Body: "-"
141.101.76.41 - - [20/Sep/2026:00:12:30 +0800] "www.athleticsclothingit.com" "GET /wp-json/Batch/v1 HTTP/1.1" 404 125 "https://athleticsclothingit.com/wp-admin/" "Mozilla/5.0 (Windows NT 10.0; Win64; x64) AppleWebKit/537.36 (KHTML, like Gecko) Chrome/120.0.0.0 Safari/537.36" "127.0.0.1,195.178.110.101" [0.001,5.173,5.173|5.173]Request_Body: "-"
104.23.172.73 - - [20/Sep/2026:00:12:30 +0800] "athleticsclothingit.com" "POST //wp-json/batch/v1 HTTP/1.1" 301 166 "https://athleticsclothingit.com/wp-admin/" "Mozilla/5.0 (Windows NT 10.0; Win64; x64) AppleWebKit/537.36 (KHTML, like Gecko) Chrome/120.0.0.0 Safari/537.36" "127.0.0.1,195.178.110.101" [-,-,-|0.001]Request_Body: "-"
141.101.76.41 - - [20/Sep/2026:00:12:35 +0800] "www.athleticsclothingit.com" "GET //wp-json/batch/v1 HTTP/1.1" 404 125 "https://athleticsclothingit.com/wp-admin/" "Mozilla/5.0 (Windows NT 10.0; Win64; x64) AppleWebKit/537.36 (KHTML, like Gecko) Chrome/120.0.0.0 Safari/537.36" "127.0.0.1,195.178.110.101" [0.001,4.765,4.765|4.764]Request_Body: "-"
104.23.172.73 - - [20/Sep/2026:00:12:46 +0800] "athleticsclothingit.com" "GET /wp-json/gravitysmtp/v1/tests/mock-data?page=gravitysmtp-settings HTTP/1.1" 301 166 "-" "Mozilla/5.0 (Windows NT 10.0; Win64; x64) AppleWebKit/537.36 (KHTML, like Gecko) Chrome/120.0.0.0 Safari/537.36" "195.178.110.101" [-,-,-|0.000]Request_Body: "-"
104.23.172.73 - - [20/Sep/2026:00:12:54 +0800] "athleticsclothingit.com" "GET /?rest_route=/gravitysmtp/v1/tests/mock-data&page=gravitysmtp-settings HTTP/1.1" 301 166 "-" "Mozilla/5.0 (Macintosh; Intel Mac OS X 10_15_7) AppleWebKit/605.1.15 (KHTML, like Gecko) Version/17.0 Safari/605.1.15" "195.178.110.101" [-,-,-|0.000]Request_Body: "-"
141.101.76.41 - - [20/Sep/2026:00:12:55 +0800] "www.athleticsclothingit.com" "GET /wp-json/gravitysmtp/v1/tests/mock-data?page=gravitysmtp-settings HTTP/1.1" 404 125 "http://www.athleticsclothingit.com/wp-json/gravitysmtp/v1/tests/mock-data?page=gravitysmtp-settings" "Mozilla/5.0 (Windows NT 10.0; Win64; x64) AppleWebKit/537.36 (KHTML, like Gecko) Chrome/120.0.0.0 Safari/537.36" "195.178.110.101" [0.001,8.928,8.928|8.928]Request_Body: "-"
104.23.172.73 - - [20/Sep/2026:00:13:03 +0800] "athleticsclothingit.com" "GET /wp-json/gravitysmtp/v1/tests/mock-data?page=gravitysmtp-connections HTTP/1.1" 301 166 "-" "Mozilla/5.0 (X11; Linux x86_64; rv:121.0) Gecko/20100101 Firefox/121.0" "195.178.110.101" [-,-,-|0.000]Request_Body: "-"
172.71.241.60 - - [20/Sep/2026:00:13:03 +0800] "www.athleticsclothingit.com" "GET /?rest_route=/gravitysmtp/v1/tests/mock-data&page=gravitysmtp-settings HTTP/1.1" 404 125 "http://www.athleticsclothingit.com/?rest_route=/gravitysmtp/v1/tests/mock-data&page=gravitysmtp-settings" "Mozilla/5.0 (Macintosh; Intel Mac OS X 10_15_7) AppleWebKit/605.1.15 (KHTML, like Gecko) Version/17.0 Safari/605.1.15" "195.178.110.101" [0.001,8.493,8.493|8.493]Request_Body: "-"
172.69.195.64 - - [20/Sep/2026:00:13:09 +0800] "www.athleticsclothingit.com" "GET /wp-json/gravitysmtp/v1/tests/mock-data?page=gravitysmtp-connections HTTP/1.1" 404 125 "http://www.athleticsclothingit.com/wp-json/gravitysmtp/v1/tests/mock-data?page=gravitysmtp-connections" "Mozilla/5.0 (X11; Linux x86_64; rv:121.0) Gecko/20100101 Firefox/121.0" "195.178.110.101" [0.001,5.515,5.515|5.515]Request_Body: "-"
104.23.172.73 - - [20/Sep/2026:00:13:09 +0800] "athleticsclothingit.com" "GET /?rest_route=/gravitysmtp/v1/tests/mock-data&page=gravitysmtp-connections HTTP/1.1" 301 166 "-" "Mozilla/5.0 (Windows NT 10.0; Win64; x64; rv:121.0) Gecko/20100101 Firefox/121.0" "195.178.110.101" [-,-,-|0.000]Request_Body: "-"
172.69.195.231 - - [20/Sep/2026:00:13:15 +0800] "www.athleticsclothingit.com" "GET /?rest_route=/gravitysmtp/v1/tests/mock-data&page=gravitysmtp-connections HTTP/1.1" 404 125 "http://www.athleticsclothingit.com/?rest_route=/gravitysmtp/v1/tests/mock-data&page=gravitysmtp-connections" "Mozilla/5.0 (Windows NT 10.0; Win64; x64; rv:121.0) Gecko/20100101 Firefox/121.0" "195.178.110.101" [0.001,6.222,6.222|6.223]Request_Body: "-"
104.23.172.73 - - [20/Sep/2026:00:13:19 +0800] "athleticsclothingit.com" "GET /blog/wp-login.php HTTP/1.1" 301 166 "-" "Mozilla/5.0 (Windows NT 10.0; Win64; x64) AppleWebKit/537.36 (KHTML, like Gecko) Chrome/120.0.0.0 Safari/537.36" "195.178.110.101" [-,-,-|0.000]Request_Body: "-"
104.23.168.68 - - [20/Sep/2026:00:13:19 +0800] "athleticsclothingit.com" "GET /wp/wp-login.php HTTP/1.1" 301 166 "-" "Mozilla/5.0 (Windows NT 10.0; Win64; x64) AppleWebKit/537.36 (KHTML, like Gecko) Chrome/120.0.0.0 Safari/537.36" "195.178.110.101" [-,-,-|0.000]Request_Body: "-"
172.64.192.192 - - [20/Sep/2026:00:13:19 +0800] "www.athleticsclothingit.com" "GET /blog/wp-login.php HTTP/1.1" 403 552 "http://www.athleticsclothingit.com/blog/wp-login.php" "Mozilla/5.0 (Windows NT 10.0; Win64; x64) AppleWebKit/537.36 (KHTML, like Gecko) Chrome/120.0.0.0 Safari/537.36" "195.178.110.101" [-,-,-|0.000]Request_Body: "-"
172.70.85.17 - - [20/Sep/2026:00:13:19 +0800] "www.athleticsclothingit.com" "GET /wp/wp-login.php HTTP/1.1" 403 552 "http://www.athleticsclothingit.com/wp/wp-login.php" "Mozilla/5.0 (Windows NT 10.0; Win64; x64) AppleWebKit/537.36 (KHTML, like Gecko) Chrome/120.0.0.0 Safari/537.36" "195.178.110.101" [-,-,-|0.000]Request_Body: "-"
104.23.168.78 - - [20/Sep/2026:00:13:20 +0800] "athleticsclothingit.com" "GET /blog/feed/ HTTP/1.1" 301 166 "-" "Mozilla/5.0 (Windows NT 10.0; Win64; x64) AppleWebKit/537.36 (KHTML, like Gecko) Chrome/120.0.0.0 Safari/537.36" "195.178.110.101" [-,-,-|0.000]Request_Body: "-"
104.23.172.73 - - [20/Sep/2026:00:13:20 +0800] "athleticsclothingit.com" "GET /wp/feed/ HTTP/1.1" 301 166 "-" "Mozilla/5.0 (Windows NT 10.0; Win64; x64) AppleWebKit/537.36 (KHTML, like Gecko) Chrome/120.0.0.0 Safari/537.36" "195.178.110.101" [-,-,-|0.000]Request_Body: "-"
172.64.192.90 - - [20/Sep/2026:00:13:22 +0800] "www.athleticsclothingit.com" "GET /wp/feed/ HTTP/1.1" 200 708 "http://www.athleticsclothingit.com/wp/feed/" "Mozilla/5.0 (Windows NT 10.0; Win64; x64) AppleWebKit/537.36 (KHTML, like Gecko) Chrome/120.0.0.0 Safari/537.36" "195.178.110.101" [0.000,2.413,2.413|2.413]Request_Body: "-"
104.23.172.73 - - [20/Sep/2026:00:13:22 +0800] "athleticsclothingit.com" "GET /wp/ HTTP/1.1" 301 166 "-" "Mozilla/5.0 (Windows NT 10.0; Win64; x64) AppleWebKit/537.36 (KHTML, like Gecko) Chrome/120.0.0.0 Safari/537.36" "195.178.110.101" [-,-,-|0.000]Request_Body: "-"
172.70.85.17 - - [20/Sep/2026:00:13:26 +0800] "www.athleticsclothingit.com" "GET /blog/feed/ HTTP/1.1" 200 897 "http://www.athleticsclothingit.com/blog/feed/" "Mozilla/5.0 (Windows NT 10.0; Win64; x64) AppleWebKit/537.36 (KHTML, like Gecko) Chrome/120.0.0.0 Safari/537.36" "195.178.110.101" [0.001,6.614,6.614|6.614]Request_Body: "-"
104.23.172.73 - - [20/Sep/2026:00:13:26 +0800] "athleticsclothingit.com" "GET /blog/ HTTP/1.1" 301 166 "-" "Mozilla/5.0 (Windows NT 10.0; Win64; x64) AppleWebKit/537.36 (KHTML, like Gecko) Chrome/120.0.0.0 Safari/537.36" "195.178.110.101" [-,-,-|0.000]Request_Body: "-"
104.23.172.73 - - [20/Sep/2026:00:13:31 +0800] "athleticsclothingit.com" "POST /wp/index.php?rest_route=/batch/v1 HTTP/1.1" 301 166 "-" "Mozilla/5.0 (Windows NT 10.0; Win64; x64) AppleWebKit/537.36 (KHTML, like Gecko) Chrome/120.0.0.0 Safari/537.36" "195.178.110.101" [-,-,-|0.001]Request_Body: "-"
172.69.195.64 - - [20/Sep/2026:00:13:31 +0800] "www.athleticsclothingit.com" "GET /wp/index.php?rest_route=/batch/v1 HTTP/1.1" 403 552 "http://www.athleticsclothingit.com/wp/index.php?rest_route=/batch/v1" "Mozilla/5.0 (Windows NT 10.0; Win64; x64) AppleWebKit/537.36 (KHTML, like Gecko) Chrome/120.0.0.0 Safari/537.36" "195.178.110.101" [-,-,-|0.000]Request_Body: "-"
104.23.172.73 - - [20/Sep/2026:00:13:31 +0800] "athleticsclothingit.com" "POST /wp/index.php?rest_route=%2Fbatch%2Fv1 HTTP/1.1" 301 166 "-" "Mozilla/5.0 (Windows NT 10.0; Win64; x64) AppleWebKit/537.36 (KHTML, like Gecko) Chrome/120.0.0.0 Safari/537.36" "195.178.110.101" [-,-,-|0.000]Request_Body: "-"
172.69.195.64 - - [20/Sep/2026:00:13:31 +0800] "www.athleticsclothingit.com" "GET /wp/index.php?rest_route=%2Fbatch%2Fv1 HTTP/1.1" 403 552 "http://www.athleticsclothingit.com/wp/index.php?rest_route=%2Fbatch%2Fv1" "Mozilla/5.0 (Windows NT 10.0; Win64; x64) AppleWebKit/537.36 (KHTML, like Gecko) Chrome/120.0.0.0 Safari/537.36" "195.178.110.101" [-,-,-|0.000]Request_Body: "-"
104.23.172.73 - - [20/Sep/2026:00:13:31 +0800] "athleticsclothingit.com" "POST /wp/?rest_route=%2Fbatch%2Fv1 HTTP/1.1" 301 166 "-" "Mozilla/5.0 (Windows NT 10.0; Win64; x64) AppleWebKit/537.36 (KHTML, like Gecko) Chrome/120.0.0.0 Safari/537.36" "195.178.110.101" [-,-,-|0.000]Request_Body: "-"
172.64.192.90 - - [20/Sep/2026:00:13:32 +0800] "www.athleticsclothingit.com" "GET /wp/ HTTP/1.1" 404 28466 "http://www.athleticsclothingit.com/wp/" "Mozilla/5.0 (Windows NT 10.0; Win64; x64) AppleWebKit/537.36 (KHTML, like Gecko) Chrome/120.0.0.0 Safari/537.36" "195.178.110.101" [0.001,9.519,9.543|9.543]Request_Body: "-"
172.70.85.17 - - [20/Sep/2026:00:13:33 +0800] "www.athleticsclothingit.com" "GET /blog/ HTTP/1.1" 200 28974 "http://www.athleticsclothingit.com/blog/" "Mozilla/5.0 (Windows NT 10.0; Win64; x64) AppleWebKit/537.36 (KHTML, like Gecko) Chrome/120.0.0.0 Safari/537.36" "195.178.110.101" [0.001,6.453,6.457|6.456]Request_Body: "-"
104.23.172.73 - - [20/Sep/2026:00:13:35 +0800] "athleticsclothingit.com" "POST /blog/index.php?rest_route=/batch/v1 HTTP/1.1" 301 166 "-" "Mozilla/5.0 (Windows NT 10.0; Win64; x64) AppleWebKit/537.36 (KHTML, like Gecko) Chrome/120.0.0.0 Safari/537.36" "195.178.110.101" [-,-,-|0.001]Request_Body: "-"
172.70.46.172 - - [20/Sep/2026:00:13:36 +0800] "www.athleticsclothingit.com" "GET /blog/index.php?rest_route=/batch/v1 HTTP/1.1" 403 552 "http://www.athleticsclothingit.com/blog/index.php?rest_route=/batch/v1" "Mozilla/5.0 (Windows NT 10.0; Win64; x64) AppleWebKit/537.36 (KHTML, like Gecko) Chrome/120.0.0.0 Safari/537.36" "195.178.110.101" [-,-,-|0.000]Request_Body: "-"
104.23.172.73 - - [20/Sep/2026:00:13:36 +0800] "athleticsclothingit.com" "POST /blog/index.php?rest_route=%2Fbatch%2Fv1 HTTP/1.1" 301 166 "-" "Mozilla/5.0 (Windows NT 10.0; Win64; x64) AppleWebKit/537.36 (KHTML, like Gecko) Chrome/120.0.0.0 Safari/537.36" "195.178.110.101" [-,-,-|0.000]Request_Body: "-"
172.70.46.172 - - [20/Sep/2026:00:13:36 +0800] "www.athleticsclothingit.com" "GET /blog/index.php?rest_route=%2Fbatch%2Fv1 HTTP/1.1" 403 552 "http://www.athleticsclothingit.com/blog/index.php?rest_route=%2Fbatch%2Fv1" "Mozilla/5.0 (Windows NT 10.0; Win64; x64) AppleWebKit/537.36 (KHTML, like Gecko) Chrome/120.0.0.0 Safari/537.36" "195.178.110.101" [-,-,-|0.000]Request_Body: "-"
104.23.172.73 - - [20/Sep/2026:00:13:36 +0800] "athleticsclothingit.com" "POST /blog/?rest_route=%2Fbatch%2Fv1 HTTP/1.1" 301 166 "-" "Mozilla/5.0 (Windows NT 10.0; Win64; x64) AppleWebKit/537.36 (KHTML, like Gecko) Chrome/120.0.0.0 Safari/537.36" "195.178.110.101" [-,-,-|0.000]Request_Body: "-"
172.69.195.64 - - [20/Sep/2026:00:13:37 +0800] "www.athleticsclothingit.com" "GET /wp/?rest_route=%2Fbatch%2Fv1 HTTP/1.1" 404 125 "http://www.athleticsclothingit.com/wp/?rest_route=%2Fbatch%2Fv1" "Mozilla/5.0 (Windows NT 10.0; Win64; x64) AppleWebKit/537.36 (KHTML, like Gecko) Chrome/120.0.0.0 Safari/537.36" "195.178.110.101" [0.001,5.254,5.254|5.254]Request_Body: "-"
104.23.172.73 - - [20/Sep/2026:00:13:37 +0800] "athleticsclothingit.com" "POST /wp/?rest_route=/batch%2Fv1 HTTP/1.1" 301 166 "-" "Mozilla/5.0 (Windows NT 10.0; Win64; x64) AppleWebKit/537.36 (KHTML, like Gecko) Chrome/120.0.0.0 Safari/537.36" "195.178.110.101" [-,-,-|0.000]Request_Body: "-"
172.70.46.172 - - [20/Sep/2026:00:13:41 +0800] "www.athleticsclothingit.com" "GET /blog/?rest_route=%2Fbatch%2Fv1 HTTP/1.1" 404 125 "http://www.athleticsclothingit.com/blog/?rest_route=%2Fbatch%2Fv1" "Mozilla/5.0 (Windows NT 10.0; Win64; x64) AppleWebKit/537.36 (KHTML, like Gecko) Chrome/120.0.0.0 Safari/537.36" "195.178.110.101" [0.002,4.685,4.685|4.686]Request_Body: "-"
104.23.172.73 - - [20/Sep/2026:00:13:41 +0800] "athleticsclothingit.com" "POST /blog/?rest_route=/batch%2Fv1 HTTP/1.1" 301 166 "-" "Mozilla/5.0 (Windows NT 10.0; Win64; x64) AppleWebKit/537.36 (KHTML, like Gecko) Chrome/120.0.0.0 Safari/537.36" "195.178.110.101" [-,-,-|0.000]Request_Body: "-"
172.69.195.64 - - [20/Sep/2026:00:13:42 +0800] "www.athleticsclothingit.com" "GET /wp/?rest_route=/batch%2Fv1 HTTP/1.1" 404 125 "http://www.athleticsclothingit.com/wp/?rest_route=/batch%2Fv1" "Mozilla/5.0 (Windows NT 10.0; Win64; x64) AppleWebKit/537.36 (KHTML, like Gecko) Chrome/120.0.0.0 Safari/537.36" "195.178.110.101" [0.001,5.250,5.250|5.250]Request_Body: "-"
104.23.172.73 - - [20/Sep/2026:00:13:42 +0800] "athleticsclothingit.com" "POST /wp/?rest_route=/batch/v1 HTTP/1.1" 301 166 "-" "Mozilla/5.0 (Windows NT 10.0; Win64; x64) AppleWebKit/537.36 (KHTML, like Gecko) Chrome/120.0.0.0 Safari/537.36" "195.178.110.101" [-,-,-|0.000]Request_Body: "-"
172.69.195.64 - - [20/Sep/2026:00:13:48 +0800] "www.athleticsclothingit.com" "GET /wp/?rest_route=/batch/v1 HTTP/1.1" 404 125 "http://www.athleticsclothingit.com/wp/?rest_route=/batch/v1" "Mozilla/5.0 (Windows NT 10.0; Win64; x64) AppleWebKit/537.36 (KHTML, like Gecko) Chrome/120.0.0.0 Safari/537.36" "195.178.110.101" [0.001,5.660,5.660|5.661]Request_Body: "-"
172.70.46.172 - - [20/Sep/2026:00:13:48 +0800] "www.athleticsclothingit.com" "GET /blog/?rest_route=/batch%2Fv1 HTTP/1.1" 404 125 "http://www.athleticsclothingit.com/blog/?rest_route=/batch%2Fv1" "Mozilla/5.0 (Windows NT 10.0; Win64; x64) AppleWebKit/537.36 (KHTML, like Gecko) Chrome/120.0.0.0 Safari/537.36" "195.178.110.101" [0.001,6.702,6.702|6.703]Request_Body: "-"
104.23.172.73 - - [20/Sep/2026:00:13:52 +0800] "athleticsclothingit.com" "POST /wp/wp-json/batch/v1 HTTP/1.1" 301 166 "-" "Mozilla/5.0 (Windows NT 10.0; Win64; x64) AppleWebKit/537.36 (KHTML, like Gecko) Chrome/120.0.0.0 Safari/537.36" "195.178.110.101" [-,-,-|0.000]Request_Body: "-"
104.23.166.31 - - [20/Sep/2026:00:13:53 +0800] "athleticsclothingit.com" "POST /blog/?rest_route=/batch/v1 HTTP/1.1" 301 166 "-" "Mozilla/5.0 (Windows NT 10.0; Win64; x64) AppleWebKit/537.36 (KHTML, like Gecko) Chrome/120.0.0.0 Safari/537.36" "195.178.110.101" [-,-,-|0.000]Request_Body: "-"
172.71.183.157 - - [20/Sep/2026:00:13:58 +0800] "www.athleticsclothingit.com" "GET /wp/wp-json/batch/v1 HTTP/1.1" 404 28176 "http://www.athleticsclothingit.com/wp/wp-json/batch/v1" "Mozilla/5.0 (Windows NT 10.0; Win64; x64) AppleWebKit/537.36 (KHTML, like Gecko) Chrome/120.0.0.0 Safari/537.36" "195.178.110.101" [0.000,5.531,5.537|5.537]Request_Body: "-"
172.71.241.60 - - [20/Sep/2026:00:13:58 +0800] "www.athleticsclothingit.com" "GET /blog/?rest_route=/batch/v1 HTTP/1.1" 404 125 "http://www.athleticsclothingit.com/blog/?rest_route=/batch/v1" "Mozilla/5.0 (Windows NT 10.0; Win64; x64) AppleWebKit/537.36 (KHTML, like Gecko) Chrome/120.0.0.0 Safari/537.36" "195.178.110.101" [0.001,5.710,5.710|5.710]Request_Body: "-"
104.23.172.73 - - [20/Sep/2026:00:13:59 +0800] "athleticsclothingit.com" "POST /blog/wp-json/batch/v1 HTTP/1.1" 301 166 "-" "Mozilla/5.0 (Windows NT 10.0; Win64; x64) AppleWebKit/537.36 (KHTML, like Gecko) Chrome/120.0.0.0 Safari/537.36" "195.178.110.101" [-,-,-|0.000]Request_Body: "-"
104.23.166.81 - - [20/Sep/2026:00:13:59 +0800] "athleticsclothingit.com" "POST /wp/wp-json/Batch/v1 HTTP/1.1" 301 166 "-" "Mozilla/5.0 (Windows NT 10.0; Win64; x64) AppleWebKit/537.36 (KHTML, like Gecko) Chrome/120.0.0.0 Safari/537.36" "195.178.110.101" [-,-,-|0.000]Request_Body: "-"
172.71.183.195 - - [20/Sep/2026:00:14:02 +0800] "www.athleticsclothingit.com" "GET /wp/wp-json/Batch/v1 HTTP/1.1" 404 28176 "http://www.athleticsclothingit.com/wp/wp-json/Batch/v1" "Mozilla/5.0 (Windows NT 10.0; Win64; x64) AppleWebKit/537.36 (KHTML, like Gecko) Chrome/120.0.0.0 Safari/537.36" "195.178.110.101" [0.001,3.297,3.310|3.310]Request_Body: "-"
172.71.241.60 - - [20/Sep/2026:00:14:03 +0800] "www.athleticsclothingit.com" "GET /blog/wp-json/batch/v1 HTTP/1.1" 404 28179 "http://www.athleticsclothingit.com/blog/wp-json/batch/v1" "Mozilla/5.0 (Windows NT 10.0; Win64; x64) AppleWebKit/537.36 (KHTML, like Gecko) Chrome/120.0.0.0 Safari/537.36" "195.178.110.101" [0.000,3.819,3.834|3.834]Request_Body: "-"
104.23.166.31 - - [20/Sep/2026:00:14:03 +0800] "athleticsclothingit.com" "POST /wp//wp-json/batch/v1 HTTP/1.1" 301 166 "-" "Mozilla/5.0 (Windows NT 10.0; Win64; x64) AppleWebKit/537.36 (KHTML, like Gecko) Chrome/120.0.0.0 Safari/537.36" "195.178.110.101" [-,-,-|0.000]Request_Body: "-"
104.23.166.81 - - [20/Sep/2026:00:14:03 +0800] "athleticsclothingit.com" "POST /blog/wp-json/Batch/v1 HTTP/1.1" 301 166 "-" "Mozilla/5.0 (Windows NT 10.0; Win64; x64) AppleWebKit/537.36 (KHTML, like Gecko) Chrome/120.0.0.0 Safari/537.36" "195.178.110.101" [-,-,-|0.000]Request_Body: "-"
172.71.183.157 - - [20/Sep/2026:00:14:06 +0800] "www.athleticsclothingit.com" "GET /wp//wp-json/batch/v1 HTTP/1.1" 301 5 "http://www.athleticsclothingit.com/wp//wp-json/batch/v1" "Mozilla/5.0 (Windows NT 10.0; Win64; x64) AppleWebKit/537.36 (KHTML, like Gecko) Chrome/120.0.0.0 Safari/537.36" "195.178.110.101" [0.000,3.651,3.651|3.652]Request_Body: "-"
172.71.241.60 - - [20/Sep/2026:00:14:08 +0800] "www.athleticsclothingit.com" "GET /blog/wp-json/Batch/v1 HTTP/1.1" 404 28180 "http://www.athleticsclothingit.com/blog/wp-json/Batch/v1" "Mozilla/5.0 (Windows NT 10.0; Win64; x64) AppleWebKit/537.36 (KHTML, like Gecko) Chrome/120.0.0.0 Safari/537.36" "195.178.110.101" [0.001,5.251,5.260|5.260]Request_Body: "-"
104.23.166.31 - - [20/Sep/2026:00:14:09 +0800] "athleticsclothingit.com" "POST /blog//wp-json/batch/v1 HTTP/1.1" 301 166 "-" "Mozilla/5.0 (Windows NT 10.0; Win64; x64) AppleWebKit/537.36 (KHTML, like Gecko) Chrome/120.0.0.0 Safari/537.36" "195.178.110.101" [-,-,-|0.000]Request_Body: "-"
172.71.241.60 - - [20/Sep/2026:00:14:13 +0800] "www.athleticsclothingit.com" "GET /blog//wp-json/batch/v1 HTTP/1.1" 301 5 "http://www.athleticsclothingit.com/blog//wp-json/batch/v1" "Mozilla/5.0 (Windows NT 10.0; Win64; x64) AppleWebKit/537.36 (KHTML, like Gecko) Chrome/120.0.0.0 Safari/537.36" "195.178.110.101" [0.001,3.546,3.546|3.545]Request_Body: "-"
172.71.183.157 - - [20/Sep/2026:00:14:13 +0800] "www.athleticsclothingit.com" "GET /wp/wp-json/batch/v1 HTTP/1.1" 404 28176 "https://www.athleticsclothingit.com/wp//wp-json/batch/v1" "Mozilla/5.0 (Windows NT 10.0; Win64; x64) AppleWebKit/537.36 (KHTML, like Gecko) Chrome/120.0.0.0 Safari/537.36" "195.178.110.101" [0.001,4.723,4.726|4.727]Request_Body: "-"
104.23.166.31 - - [20/Sep/2026:00:14:14 +0800] "athleticsclothingit.com" "POST /wp/wp-json/batch/v1/ HTTP/1.1" 301 166 "-" "Mozilla/5.0 (Windows NT 10.0; Win64; x64) AppleWebKit/537.36 (KHTML, like Gecko) Chrome/120.0.0.0 Safari/537.36" "195.178.110.101" [-,-,-|0.000]Request_Body: "-"
172.71.241.61 - - [20/Sep/2026:00:14:15 +0800] "www.athleticsclothingit.com" "GET /blog/wp-json/batch/v1 HTTP/1.1" 404 28179 "https://www.athleticsclothingit.com/blog//wp-json/batch/v1" "Mozilla/5.0 (Windows NT 10.0; Win64; x64) AppleWebKit/537.36 (KHTML, like Gecko) Chrome/120.0.0.0 Safari/537.36" "195.178.110.101" [0.000,2.630,2.633|2.633]Request_Body: "-"
104.23.166.31 - - [20/Sep/2026:00:14:16 +0800] "athleticsclothingit.com" "POST /blog/wp-json/batch/v1/ HTTP/1.1" 301 166 "-" "Mozilla/5.0 (Windows NT 10.0; Win64; x64) AppleWebKit/537.36 (KHTML, like Gecko) Chrome/120.0.0.0 Safari/537.36" "195.178.110.101" [-,-,-|0.000]Request_Body: "-"
172.71.183.157 - - [20/Sep/2026:00:14:17 +0800] "www.athleticsclothingit.com" "GET /wp/wp-json/batch/v1/ HTTP/1.1" 404 28177 "http://www.athleticsclothingit.com/wp/wp-json/batch/v1/" "Mozilla/5.0 (Windows NT 10.0; Win64; x64) AppleWebKit/537.36 (KHTML, like Gecko) Chrome/120.0.0.0 Safari/537.36" "195.178.110.101" [0.001,2.768,2.771|2.770]Request_Body: "-"
104.23.166.31 - - [20/Sep/2026:00:14:17 +0800] "athleticsclothingit.com" "POST /wp/blog/wp-json/batch/v1 HTTP/1.1" 301 166 "-" "Mozilla/5.0 (Windows NT 10.0; Win64; x64) AppleWebKit/537.36 (KHTML, like Gecko) Chrome/120.0.0.0 Safari/537.36" "195.178.110.101" [-,-,-|0.001]Request_Body: "-"
172.71.241.60 - - [20/Sep/2026:00:14:19 +0800] "www.athleticsclothingit.com" "GET /blog/wp-json/batch/v1/ HTTP/1.1" 404 28181 "http://www.athleticsclothingit.com/blog/wp-json/batch/v1/" "Mozilla/5.0 (Windows NT 10.0; Win64; x64) AppleWebKit/537.36 (KHTML, like Gecko) Chrome/120.0.0.0 Safari/537.36" "195.178.110.101" [0.001,3.241,3.244|3.244]Request_Body: "-"
172.71.183.157 - - [20/Sep/2026:00:14:19 +0800] "www.athleticsclothingit.com" "GET /wp/blog/wp-json/batch/v1 HTTP/1.1" 404 28180 "http://www.athleticsclothingit.com/wp/blog/wp-json/batch/v1" "Mozilla/5.0 (Windows NT 10.0; Win64; x64) AppleWebKit/537.36 (KHTML, like Gecko) Chrome/120.0.0.0 Safari/537.36" "195.178.110.101" [0.001,2.209,2.212|2.213]Request_Body: "-"
104.23.166.31 - - [20/Sep/2026:00:14:19 +0800] "athleticsclothingit.com" "POST /blog/blog/wp-json/batch/v1 HTTP/1.1" 301 166 "-" "Mozilla/5.0 (Windows NT 10.0; Win64; x64) AppleWebKit/537.36 (KHTML, like Gecko) Chrome/120.0.0.0 Safari/537.36" "195.178.110.101" [-,-,-|0.000]Request_Body: "-"
104.23.172.73 - - [20/Sep/2026:00:14:20 +0800] "athleticsclothingit.com" "POST /wp/index.php?rest_route=/batch/v1 HTTP/1.1" 301 166 "https://athleticsclothingit.com/wp/wp-admin/" "Mozilla/5.0 (Windows NT 10.0; Win64; x64) AppleWebKit/537.36 (KHTML, like Gecko) Chrome/120.0.0.0 Safari/537.36" "127.0.0.1,195.178.110.101" [-,-,-|0.000]Request_Body: "-"
172.71.241.61 - - [20/Sep/2026:00:14:20 +0800] "www.athleticsclothingit.com" "GET /wp/index.php?rest_route=/batch/v1 HTTP/1.1" 403 552 "https://athleticsclothingit.com/wp/wp-admin/" "Mozilla/5.0 (Windows NT 10.0; Win64; x64) AppleWebKit/537.36 (KHTML, like Gecko) Chrome/120.0.0.0 Safari/537.36" "127.0.0.1,195.178.110.101" [-,-,-|0.000]Request_Body: "-"
104.23.172.73 - - [20/Sep/2026:00:14:20 +0800] "athleticsclothingit.com" "POST /wp/index.php?rest_route=%2Fbatch%2Fv1 HTTP/1.1" 301 166 "https://athleticsclothingit.com/wp/wp-admin/" "Mozilla/5.0 (Windows NT 10.0; Win64; x64) AppleWebKit/537.36 (KHTML, like Gecko) Chrome/120.0.0.0 Safari/537.36" "127.0.0.1,195.178.110.101" [-,-,-|0.000]Request_Body: "-"
172.71.241.60 - - [20/Sep/2026:00:14:20 +0800] "www.athleticsclothingit.com" "GET /wp/index.php?rest_route=%2Fbatch%2Fv1 HTTP/1.1" 403 552 "https://athleticsclothingit.com/wp/wp-admin/" "Mozilla/5.0 (Windows NT 10.0; Win64; x64) AppleWebKit/537.36 (KHTML, like Gecko) Chrome/120.0.0.0 Safari/537.36" "127.0.0.1,195.178.110.101" [-,-,-|0.000]Request_Body: "-"
104.23.172.73 - - [20/Sep/2026:00:14:21 +0800] "athleticsclothingit.com" "POST /wp/?rest_route=%2Fbatch%2Fv1 HTTP/1.1" 301 166 "https://athleticsclothingit.com/wp/wp-admin/" "Mozilla/5.0 (Windows NT 10.0; Win64; x64) AppleWebKit/537.36 (KHTML, like Gecko) Chrome/120.0.0.0 Safari/537.36" "127.0.0.1,195.178.110.101" [-,-,-|0.001]Request_Body: "-"
172.71.183.157 - - [20/Sep/2026:00:14:22 +0800] "www.athleticsclothingit.com" "GET /blog/blog/wp-json/batch/v1 HTTP/1.1" 404 28181 "http://www.athleticsclothingit.com/blog/blog/wp-json/batch/v1" "Mozilla/5.0 (Windows NT 10.0; Win64; x64) AppleWebKit/537.36 (KHTML, like Gecko) Chrome/120.0.0.0 Safari/537.36" "195.178.110.101" [0.001,2.021,2.024|2.024]Request_Body: "-"
104.23.172.73 - - [20/Sep/2026:00:14:22 +0800] "athleticsclothingit.com" "POST /blog/index.php?rest_route=/batch/v1 HTTP/1.1" 301 166 "https://athleticsclothingit.com/blog/wp-admin/" "Mozilla/5.0 (Windows NT 10.0; Win64; x64) AppleWebKit/537.36 (KHTML, like Gecko) Chrome/120.0.0.0 Safari/537.36" "127.0.0.1,195.178.110.101" [-,-,-|0.000]Request_Body: "-"
172.71.241.61 - - [20/Sep/2026:00:14:23 +0800] "www.athleticsclothingit.com" "GET /wp/?rest_route=%2Fbatch%2Fv1 HTTP/1.1" 404 125 "https://athleticsclothingit.com/wp/wp-admin/" "Mozilla/5.0 (Windows NT 10.0; Win64; x64) AppleWebKit/537.36 (KHTML, like Gecko) Chrome/120.0.0.0 Safari/537.36" "127.0.0.1,195.178.110.101" [0.000,2.110,2.110|2.110]Request_Body: "-"
172.71.183.157 - - [20/Sep/2026:00:14:26 +0800] "www.athleticsclothingit.com" "GET /blog/index.php?rest_route=/batch/v1 HTTP/1.1" 403 552 "https://athleticsclothingit.com/blog/wp-admin/" "Mozilla/5.0 (Windows NT 10.0; Win64; x64) AppleWebKit/537.36 (KHTML, like Gecko) Chrome/120.0.0.0 Safari/537.36" "127.0.0.1,195.178.110.101" [-,-,-|0.000]Request_Body: "-"
104.23.172.73 - - [20/Sep/2026:00:14:26 +0800] "athleticsclothingit.com" "POST /wp/?rest_route=/batch%2Fv1 HTTP/1.1" 301 166 "https://athleticsclothingit.com/wp/wp-admin/" "Mozilla/5.0 (Windows NT 10.0; Win64; x64) AppleWebKit/537.36 (KHTML, like Gecko) Chrome/120.0.0.0 Safari/537.36" "127.0.0.1,195.178.110.101" [-,-,-|0.000]Request_Body: "-"
104.23.172.73 - - [20/Sep/2026:00:14:26 +0800] "athleticsclothingit.com" "POST /blog/index.php?rest_route=%2Fbatch%2Fv1 HTTP/1.1" 301 166 "https://athleticsclothingit.com/blog/wp-admin/" "Mozilla/5.0 (Windows NT 10.0; Win64; x64) AppleWebKit/537.36 (KHTML, like Gecko) Chrome/120.0.0.0 Safari/537.36" "127.0.0.1,195.178.110.101" [-,-,-|0.000]Request_Body: "-"
172.71.241.60 - - [20/Sep/2026:00:14:27 +0800] "www.athleticsclothingit.com" "GET /blog/index.php?rest_route=%2Fbatch%2Fv1 HTTP/1.1" 403 552 "https://athleticsclothingit.com/blog/wp-admin/" "Mozilla/5.0 (Windows NT 10.0; Win64; x64) AppleWebKit/537.36 (KHTML, like Gecko) Chrome/120.0.0.0 Safari/537.36" "127.0.0.1,195.178.110.101" [-,-,-|0.000]Request_Body: "-"
104.23.172.73 - - [20/Sep/2026:00:14:27 +0800] "athleticsclothingit.com" "POST /blog/?rest_route=%2Fbatch%2Fv1 HTTP/1.1" 301 166 "https://athleticsclothingit.com/blog/wp-admin/" "Mozilla/5.0 (Windows NT 10.0; Win64; x64) AppleWebKit/537.36 (KHTML, like Gecko) Chrome/120.0.0.0 Safari/537.36" "127.0.0.1,195.178.110.101" [-,-,-|0.000]Request_Body: "-"
172.71.241.61 - - [20/Sep/2026:00:14:32 +0800] "www.athleticsclothingit.com" "GET /blog/?rest_route=%2Fbatch%2Fv1 HTTP/1.1" 404 125 "https://athleticsclothingit.com/blog/wp-admin/" "Mozilla/5.0 (Windows NT 10.0; Win64; x64) AppleWebKit/537.36 (KHTML, like Gecko) Chrome/120.0.0.0 Safari/537.36" "127.0.0.1,195.178.110.101" [0.001,5.297,5.297|5.297]Request_Body: "-"
104.23.172.73 - - [20/Sep/2026:00:14:32 +0800] "athleticsclothingit.com" "POST /blog/?rest_route=/batch%2Fv1 HTTP/1.1" 301 166 "https://athleticsclothingit.com/blog/wp-admin/" "Mozilla/5.0 (Windows NT 10.0; Win64; x64) AppleWebKit/537.36 (KHTML, like Gecko) Chrome/120.0.0.0 Safari/537.36" "127.0.0.1,195.178.110.101" [-,-,-|0.001]Request_Body: "-"
172.71.183.157 - - [20/Sep/2026:00:14:32 +0800] "www.athleticsclothingit.com" "GET /wp/?rest_route=/batch%2Fv1 HTTP/1.1" 404 125 "https://athleticsclothingit.com/wp/wp-admin/" "Mozilla/5.0 (Windows NT 10.0; Win64; x64) AppleWebKit/537.36 (KHTML, like Gecko) Chrome/120.0.0.0 Safari/537.36" "127.0.0.1,195.178.110.101" [0.001,6.011,6.011|6.011]Request_Body: "-"
104.23.172.73 - - [20/Sep/2026:00:14:33 +0800] "athleticsclothingit.com" "POST /wp/?rest_route=/batch/v1 HTTP/1.1" 301 166 "https://athleticsclothingit.com/wp/wp-admin/" "Mozilla/5.0 (Windows NT 10.0; Win64; x64) AppleWebKit/537.36 (KHTML, like Gecko) Chrome/120.0.0.0 Safari/537.36" "127.0.0.1,195.178.110.101" [-,-,-|0.000]Request_Body: "-"
172.71.241.60 - - [20/Sep/2026:00:14:39 +0800] "www.athleticsclothingit.com" "GET /blog/?rest_route=/batch%2Fv1 HTTP/1.1" 404 125 "https://athleticsclothingit.com/blog/wp-admin/" "Mozilla/5.0 (Windows NT 10.0; Win64; x64) AppleWebKit/537.36 (KHTML, like Gecko) Chrome/120.0.0.0 Safari/537.36" "127.0.0.1,195.178.110.101" [0.001,6.808,6.808|6.808]Request_Body: "-"
172.71.183.157 - - [20/Sep/2026:00:14:40 +0800] "www.athleticsclothingit.com" "GET /wp/?rest_route=/batch/v1 HTTP/1.1" 404 125 "https://athleticsclothingit.com/wp/wp-admin/" "Mozilla/5.0 (Windows NT 10.0; Win64; x64) AppleWebKit/537.36 (KHTML, like Gecko) Chrome/120.0.0.0 Safari/537.36" "127.0.0.1,195.178.110.101" [0.001,7.541,7.541|7.540]Request_Body: "-"
104.23.172.73 - - [20/Sep/2026:00:14:43 +0800] "athleticsclothingit.com" "POST /blog/?rest_route=/batch/v1 HTTP/1.1" 301 166 "https://athleticsclothingit.com/blog/wp-admin/" "Mozilla/5.0 (Windows NT 10.0; Win64; x64) AppleWebKit/537.36 (KHTML, like Gecko) Chrome/120.0.0.0 Safari/537.36" "127.0.0.1,195.178.110.101" [-,-,-|0.000]Request_Body: "-"
104.23.166.31 - - [20/Sep/2026:00:14:43 +0800] "athleticsclothingit.com" "POST /wp/wp-json/batch/v1 HTTP/1.1" 301 166 "https://athleticsclothingit.com/wp/wp-admin/" "Mozilla/5.0 (Windows NT 10.0; Win64; x64) AppleWebKit/537.36 (KHTML, like Gecko) Chrome/120.0.0.0 Safari/537.36" "127.0.0.1,195.178.110.101" [-,-,-|0.000]Request_Body: "-"
141.101.76.40 - - [20/Sep/2026:00:14:49 +0800] "www.athleticsclothingit.com" "GET /wp/wp-json/batch/v1 HTTP/1.1" 404 28176 "https://athleticsclothingit.com/wp/wp-admin/" "Mozilla/5.0 (Windows NT 10.0; Win64; x64) AppleWebKit/537.36 (KHTML, like Gecko) Chrome/120.0.0.0 Safari/537.36" "127.0.0.1,195.178.110.101" [0.001,5.460,5.463|5.463]Request_Body: "-"
104.23.170.81 - - [20/Sep/2026:00:14:49 +0800] "www.athleticsclothingit.com" "GET /blog/?rest_route=/batch/v1 HTTP/1.1" 404 125 "https://athleticsclothingit.com/blog/wp-admin/" "Mozilla/5.0 (Windows NT 10.0; Win64; x64) AppleWebKit/537.36 (KHTML, like Gecko) Chrome/120.0.0.0 Safari/537.36" "127.0.0.1,195.178.110.101" [0.000,5.666,5.666|5.666]Request_Body: "-"
104.23.166.31 - - [20/Sep/2026:00:14:49 +0800] "athleticsclothingit.com" "POST /blog/wp-json/batch/v1 HTTP/1.1" 301 166 "https://athleticsclothingit.com/blog/wp-admin/" "Mozilla/5.0 (Windows NT 10.0; Win64; x64) AppleWebKit/537.36 (KHTML, like Gecko) Chrome/120.0.0.0 Safari/537.36" "127.0.0.1,195.178.110.101" [-,-,-|0.000]Request_Body: "-"
104.23.172.73 - - [20/Sep/2026:00:14:49 +0800] "athleticsclothingit.com" "POST /wp/wp-json/Batch/v1 HTTP/1.1" 301 166 "https://athleticsclothingit.com/wp/wp-admin/" "Mozilla/5.0 (Windows NT 10.0; Win64; x64) AppleWebKit/537.36 (KHTML, like Gecko) Chrome/120.0.0.0 Safari/537.36" "127.0.0.1,195.178.110.101" [-,-,-|0.000]Request_Body: "-"
104.23.170.42 - - [20/Sep/2026:00:14:53 +0800] "www.athleticsclothingit.com" "GET /wp/wp-json/Batch/v1 HTTP/1.1" 404 28176 "https://athleticsclothingit.com/wp/wp-admin/" "Mozilla/5.0 (Windows NT 10.0; Win64; x64) AppleWebKit/537.36 (KHTML, like Gecko) Chrome/120.0.0.0 Safari/537.36" "127.0.0.1,195.178.110.101" [0.001,3.647,3.650|3.650]Request_Body: "-"
104.23.172.73 - - [20/Sep/2026:00:14:53 +0800] "athleticsclothingit.com" "POST /wp//wp-json/batch/v1 HTTP/1.1" 301 166 "https://athleticsclothingit.com/wp/wp-admin/" "Mozilla/5.0 (Windows NT 10.0; Win64; x64) AppleWebKit/537.36 (KHTML, like Gecko) Chrome/120.0.0.0 Safari/537.36" "127.0.0.1,195.178.110.101" [-,-,-|0.000]Request_Body: "-"
141.101.76.40 - - [20/Sep/2026:00:14:55 +0800] "www.athleticsclothingit.com" "GET /blog/wp-json/batch/v1 HTTP/1.1" 404 28179 "https://athleticsclothingit.com/blog/wp-admin/" "Mozilla/5.0 (Windows NT 10.0; Win64; x64) AppleWebKit/537.36 (KHTML, like Gecko) Chrome/120.0.0.0 Safari/537.36" "127.0.0.1,195.178.110.101" [0.001,6.375,6.388|6.388]Request_Body: "-"
104.23.172.73 - - [20/Sep/2026:00:14:56 +0800] "athleticsclothingit.com" "POST /blog/wp-json/Batch/v1 HTTP/1.1" 301 166 "https://athleticsclothingit.com/blog/wp-admin/" "Mozilla/5.0 (Windows NT 10.0; Win64; x64) AppleWebKit/537.36 (KHTML, like Gecko) Chrome/120.0.0.0 Safari/537.36" "127.0.0.1,195.178.110.101" [-,-,-|0.000]Request_Body: "-"
104.23.170.42 - - [20/Sep/2026:00:14:57 +0800] "www.athleticsclothingit.com" "GET /wp//wp-json/batch/v1 HTTP/1.1" 301 5 "https://athleticsclothingit.com/wp/wp-admin/" "Mozilla/5.0 (Windows NT 10.0; Win64; x64) AppleWebKit/537.36 (KHTML, like Gecko) Chrome/120.0.0.0 Safari/537.36" "127.0.0.1,195.178.110.101" [0.000,3.280,3.280|3.280]Request_Body: "-"
141.101.76.40 - - [20/Sep/2026:00:15:02 +0800] "www.athleticsclothingit.com" "GET /blog/wp-json/Batch/v1 HTTP/1.1" 404 28180 "https://athleticsclothingit.com/blog/wp-admin/" "Mozilla/5.0 (Windows NT 10.0; Win64; x64) AppleWebKit/537.36 (KHTML, like Gecko) Chrome/120.0.0.0 Safari/537.36" "127.0.0.1,195.178.110.101" [0.003,5.494,5.497|5.497]Request_Body: "-"
