172.71.99.229 - - [19/Sep/2026:20:10:41 +0800] "www.athleticsclothingit.com" "GET /wp/index.php?rest_route=/batch/v1 HTTP/1.1" 403 552 "https://athleticsclothingit.com/wp/wp-admin/" "Mozilla/5.0 (Windows NT 10.0; Win64; x64) AppleWebKit/537.36 (KHTML, like Gecko) Chrome/120.0.0.0 Safari/537.36" "127.0.0.1,45.148.10.119" [-,-,-|0.000]Request_Body: "-"
172.71.102.196 - - [19/Sep/2026:20:10:41 +0800] "www.athleticsclothingit.com" "GET /blog/?rest_route=%2Fbatch%2Fv1 HTTP/1.1" 404 125 "https://athleticsclothingit.com/blog/wp-admin/" "Mozilla/5.0 (Windows NT 10.0; Win64; x64) AppleWebKit/537.36 (KHTML, like Gecko) Chrome/120.0.0.0 Safari/537.36" "127.0.0.1,45.148.10.119" [0.001,1.581,1.581|1.581]Request_Body: "-"
172.71.99.236 - - [19/Sep/2026:20:10:46 +0800] "athleticsclothingit.com" "POST /wp/index.php?rest_route=%2Fbatch%2Fv1 HTTP/1.1" 301 166 "https://athleticsclothingit.com/wp/wp-admin/" "Mozilla/5.0 (Windows NT 10.0; Win64; x64) AppleWebKit/537.36 (KHTML, like Gecko) Chrome/120.0.0.0 Safari/537.36" "127.0.0.1,45.148.10.119" [-,-,-|0.000]Request_Body: "-"
162.159.113.98 - - [19/Sep/2026:20:10:46 +0800] "athleticsclothingit.com" "POST /blog/?rest_route=/batch%2Fv1 HTTP/1.1" 301 166 "https://athleticsclothingit.com/blog/wp-admin/" "Mozilla/5.0 (Windows NT 10.0; Win64; x64) AppleWebKit/537.36 (KHTML, like Gecko) Chrome/120.0.0.0 Safari/537.36" "127.0.0.1,45.148.10.119" [-,-,-|0.001]Request_Body: "-"
172.71.102.196 - - [19/Sep/2026:20:10:46 +0800] "www.athleticsclothingit.com" "GET /wp/index.php?rest_route=%2Fbatch%2Fv1 HTTP/1.1" 403 552 "https://athleticsclothingit.com/wp/wp-admin/" "Mozilla/5.0 (Windows NT 10.0; Win64; x64) AppleWebKit/537.36 (KHTML, like Gecko) Chrome/120.0.0.0 Safari/537.36" "127.0.0.1,45.148.10.119" [-,-,-|0.000]Request_Body: "-"
162.159.113.98 - - [19/Sep/2026:20:10:46 +0800] "athleticsclothingit.com" "POST /wp/?rest_route=%2Fbatch%2Fv1 HTTP/1.1" 301 166 "https://athleticsclothingit.com/wp/wp-admin/" "Mozilla/5.0 (Windows NT 10.0; Win64; x64) AppleWebKit/537.36 (KHTML, like Gecko) Chrome/120.0.0.0 Safari/537.36" "127.0.0.1,45.148.10.119" [-,-,-|0.000]Request_Body: "-"
172.71.99.229 - - [19/Sep/2026:20:10:48 +0800] "www.athleticsclothingit.com" "GET /blog/?rest_route=/batch%2Fv1 HTTP/1.1" 404 125 "https://athleticsclothingit.com/blog/wp-admin/" "Mozilla/5.0 (Windows NT 10.0; Win64; x64) AppleWebKit/537.36 (KHTML, like Gecko) Chrome/120.0.0.0 Safari/537.36" "127.0.0.1,45.148.10.119" [0.004,1.494,1.495|1.495]Request_Body: "-"
162.159.113.98 - - [19/Sep/2026:20:10:48 +0800] "athleticsclothingit.com" "POST /blog/?rest_route=/batch/v1 HTTP/1.1" 301 166 "https://athleticsclothingit.com/blog/wp-admin/" "Mozilla/5.0 (Windows NT 10.0; Win64; x64) AppleWebKit/537.36 (KHTML, like Gecko) Chrome/120.0.0.0 Safari/537.36" "127.0.0.1,45.148.10.119" [-,-,-|0.000]Request_Body: "-"
172.71.102.196 - - [19/Sep/2026:20:10:48 +0800] "www.athleticsclothingit.com" "GET /wp/?rest_route=%2Fbatch%2Fv1 HTTP/1.1" 404 125 "https://athleticsclothingit.com/wp/wp-admin/" "Mozilla/5.0 (Windows NT 10.0; Win64; x64) AppleWebKit/537.36 (KHTML, like Gecko) Chrome/120.0.0.0 Safari/537.36" "127.0.0.1,45.148.10.119" [0.000,1.577,1.577|1.577]Request_Body: "-"
162.159.113.98 - - [19/Sep/2026:20:10:48 +0800] "athleticsclothingit.com" "POST /wp/?rest_route=/batch%2Fv1 HTTP/1.1" 301 166 "https://athleticsclothingit.com/wp/wp-admin/" "Mozilla/5.0 (Windows NT 10.0; Win64; x64) AppleWebKit/537.36 (KHTML, like Gecko) Chrome/120.0.0.0 Safari/537.36" "127.0.0.1,45.148.10.119" [-,-,-|0.000]Request_Body: "-"
172.71.102.196 - - [19/Sep/2026:20:10:54 +0800] "www.athleticsclothingit.com" "GET /blog/?rest_route=/batch/v1 HTTP/1.1" 404 125 "https://athleticsclothingit.com/blog/wp-admin/" "Mozilla/5.0 (Windows NT 10.0; Win64; x64) AppleWebKit/537.36 (KHTML, like Gecko) Chrome/120.0.0.0 Safari/537.36" "127.0.0.1,45.148.10.119" [0.001,1.765,1.765|1.765]Request_Body: "-"
172.71.99.229 - - [19/Sep/2026:20:10:54 +0800] "www.athleticsclothingit.com" "GET /wp/?rest_route=/batch%2Fv1 HTTP/1.1" 404 125 "https://athleticsclothingit.com/wp/wp-admin/" "Mozilla/5.0 (Windows NT 10.0; Win64; x64) AppleWebKit/537.36 (KHTML, like Gecko) Chrome/120.0.0.0 Safari/537.36" "127.0.0.1,45.148.10.119" [0.001,1.863,1.863|1.863]Request_Body: "-"
162.159.113.98 - - [19/Sep/2026:20:10:54 +0800] "athleticsclothingit.com" "POST /blog/wp-json/batch/v1 HTTP/1.1" 301 166 "https://athleticsclothingit.com/blog/wp-admin/" "Mozilla/5.0 (Windows NT 10.0; Win64; x64) AppleWebKit/537.36 (KHTML, like Gecko) Chrome/120.0.0.0 Safari/537.36" "127.0.0.1,45.148.10.119" [-,-,-|0.000]Request_Body: "-"
162.159.113.98 - - [19/Sep/2026:20:10:54 +0800] "athleticsclothingit.com" "POST /wp/?rest_route=/batch/v1 HTTP/1.1" 301 166 "https://athleticsclothingit.com/wp/wp-admin/" "Mozilla/5.0 (Windows NT 10.0; Win64; x64) AppleWebKit/537.36 (KHTML, like Gecko) Chrome/120.0.0.0 Safari/537.36" "127.0.0.1,45.148.10.119" [-,-,-|0.000]Request_Body: "-"
172.71.99.229 - - [19/Sep/2026:20:10:56 +0800] "www.athleticsclothingit.com" "GET /blog/wp-json/batch/v1 HTTP/1.1" 404 28179 "https://athleticsclothingit.com/blog/wp-admin/" "Mozilla/5.0 (Windows NT 10.0; Win64; x64) AppleWebKit/537.36 (KHTML, like Gecko) Chrome/120.0.0.0 Safari/537.36" "127.0.0.1,45.148.10.119" [0.001,1.898,1.903|1.903]Request_Body: "-"
172.71.102.196 - - [19/Sep/2026:20:10:56 +0800] "www.athleticsclothingit.com" "GET /wp/?rest_route=/batch/v1 HTTP/1.1" 404 125 "https://athleticsclothingit.com/wp/wp-admin/" "Mozilla/5.0 (Windows NT 10.0; Win64; x64) AppleWebKit/537.36 (KHTML, like Gecko) Chrome/120.0.0.0 Safari/537.36" "127.0.0.1,45.148.10.119" [0.001,1.764,1.764|1.764]Request_Body: "-"
162.159.113.98 - - [19/Sep/2026:20:10:56 +0800] "athleticsclothingit.com" "POST /wp/wp-json/batch/v1 HTTP/1.1" 301 166 "https://athleticsclothingit.com/wp/wp-admin/" "Mozilla/5.0 (Windows NT 10.0; Win64; x64) AppleWebKit/537.36 (KHTML, like Gecko) Chrome/120.0.0.0 Safari/537.36" "127.0.0.1,45.148.10.119" [-,-,-|0.000]Request_Body: "-"
172.71.99.236 - - [19/Sep/2026:20:10:57 +0800] "athleticsclothingit.com" "POST /blog/wp-json/Batch/v1 HTTP/1.1" 301 166 "https://athleticsclothingit.com/blog/wp-admin/" "Mozilla/5.0 (Windows NT 10.0; Win64; x64) AppleWebKit/537.36 (KHTML, like Gecko) Chrome/120.0.0.0 Safari/537.36" "127.0.0.1,45.148.10.119" [-,-,-|0.000]Request_Body: "-"
172.71.99.229 - - [19/Sep/2026:20:10:58 +0800] "www.athleticsclothingit.com" "GET /wp/wp-json/batch/v1 HTTP/1.1" 404 28176 "https://athleticsclothingit.com/wp/wp-admin/" "Mozilla/5.0 (Windows NT 10.0; Win64; x64) AppleWebKit/537.36 (KHTML, like Gecko) Chrome/120.0.0.0 Safari/537.36" "127.0.0.1,45.148.10.119" [0.001,1.598,1.602|1.602]Request_Body: "-"
172.71.102.196 - - [19/Sep/2026:20:10:58 +0800] "www.athleticsclothingit.com" "GET /blog/wp-json/Batch/v1 HTTP/1.1" 404 28180 "https://athleticsclothingit.com/blog/wp-admin/" "Mozilla/5.0 (Windows NT 10.0; Win64; x64) AppleWebKit/537.36 (KHTML, like Gecko) Chrome/120.0.0.0 Safari/537.36" "127.0.0.1,45.148.10.119" [0.001,1.519,1.521|1.521]Request_Body: "-"
172.71.99.236 - - [19/Sep/2026:20:10:59 +0800] "athleticsclothingit.com" "POST /wp/wp-json/Batch/v1 HTTP/1.1" 301 166 "https://athleticsclothingit.com/wp/wp-admin/" "Mozilla/5.0 (Windows NT 10.0; Win64; x64) AppleWebKit/537.36 (KHTML, like Gecko) Chrome/120.0.0.0 Safari/537.36" "127.0.0.1,45.148.10.119" [-,-,-|0.000]Request_Body: "-"
162.159.113.98 - - [19/Sep/2026:20:10:59 +0800] "athleticsclothingit.com" "POST /blog//wp-json/batch/v1 HTTP/1.1" 301 166 "https://athleticsclothingit.com/blog/wp-admin/" "Mozilla/5.0 (Windows NT 10.0; Win64; x64) AppleWebKit/537.36 (KHTML, like Gecko) Chrome/120.0.0.0 Safari/537.36" "127.0.0.1,45.148.10.119" [-,-,-|0.000]Request_Body: "-"
172.71.99.229 - - [19/Sep/2026:20:11:00 +0800] "www.athleticsclothingit.com" "GET /blog//wp-json/batch/v1 HTTP/1.1" 301 5 "https://athleticsclothingit.com/blog/wp-admin/" "Mozilla/5.0 (Windows NT 10.0; Win64; x64) AppleWebKit/537.36 (KHTML, like Gecko) Chrome/120.0.0.0 Safari/537.36" "127.0.0.1,45.148.10.119" [0.001,1.351,1.351|1.351]Request_Body: "-"
172.71.102.196 - - [19/Sep/2026:20:11:00 +0800] "www.athleticsclothingit.com" "GET /wp/wp-json/Batch/v1 HTTP/1.1" 404 28176 "https://athleticsclothingit.com/wp/wp-admin/" "Mozilla/5.0 (Windows NT 10.0; Win64; x64) AppleWebKit/537.36 (KHTML, like Gecko) Chrome/120.0.0.0 Safari/537.36" "127.0.0.1,45.148.10.119" [0.001,1.538,1.541|1.541]Request_Body: "-"
162.159.113.98 - - [19/Sep/2026:20:11:01 +0800] "athleticsclothingit.com" "POST /wp//wp-json/batch/v1 HTTP/1.1" 301 166 "https://athleticsclothingit.com/wp/wp-admin/" "Mozilla/5.0 (Windows NT 10.0; Win64; x64) AppleWebKit/537.36 (KHTML, like Gecko) Chrome/120.0.0.0 Safari/537.36" "127.0.0.1,45.148.10.119" [-,-,-|0.000]Request_Body: "-"
172.71.99.229 - - [19/Sep/2026:20:11:02 +0800] "www.athleticsclothingit.com" "GET /blog/wp-json/batch/v1 HTTP/1.1" 404 28179 "https://athleticsclothingit.com/blog/wp-admin/" "Mozilla/5.0 (Windows NT 10.0; Win64; x64) AppleWebKit/537.36 (KHTML, like Gecko) Chrome/120.0.0.0 Safari/537.36" "127.0.0.1,45.148.10.119" [0.001,1.458,1.461|1.462]Request_Body: "-"
162.159.113.98 - - [19/Sep/2026:20:11:02 +0800] "athleticsclothingit.com" "POST /blog/wp-json/batch/v1/ HTTP/1.1" 301 166 "https://athleticsclothingit.com/blog/wp-admin/" "Mozilla/5.0 (Windows NT 10.0; Win64; x64) AppleWebKit/537.36 (KHTML, like Gecko) Chrome/120.0.0.0 Safari/537.36" "127.0.0.1,45.148.10.119" [-,-,-|0.000]Request_Body: "-"
172.71.102.196 - - [19/Sep/2026:20:11:02 +0800] "www.athleticsclothingit.com" "GET /wp//wp-json/batch/v1 HTTP/1.1" 301 5 "https://athleticsclothingit.com/wp/wp-admin/" "Mozilla/5.0 (Windows NT 10.0; Win64; x64) AppleWebKit/537.36 (KHTML, like Gecko) Chrome/120.0.0.0 Safari/537.36" "127.0.0.1,45.148.10.119" [0.001,1.486,1.487|1.487]Request_Body: "-"
172.71.99.229 - - [19/Sep/2026:20:11:04 +0800] "www.athleticsclothingit.com" "GET /blog/wp-json/batch/v1/ HTTP/1.1" 404 28181 "https://athleticsclothingit.com/blog/wp-admin/" "Mozilla/5.0 (Windows NT 10.0; Win64; x64) AppleWebKit/537.36 (KHTML, like Gecko) Chrome/120.0.0.0 Safari/537.36" "127.0.0.1,45.148.10.119" [0.001,1.422,1.424|1.424]Request_Body: "-"
162.159.113.98 - - [19/Sep/2026:20:11:04 +0800] "athleticsclothingit.com" "POST /blog/blog/wp-json/batch/v1 HTTP/1.1" 301 166 "https://athleticsclothingit.com/blog/wp-admin/" "Mozilla/5.0 (Windows NT 10.0; Win64; x64) AppleWebKit/537.36 (KHTML, like Gecko) Chrome/120.0.0.0 Safari/537.36" "127.0.0.1,45.148.10.119" [-,-,-|0.000]Request_Body: "-"
172.71.102.196 - - [19/Sep/2026:20:11:04 +0800] "www.athleticsclothingit.com" "GET /wp/wp-json/batch/v1 HTTP/1.1" 404 28176 "https://athleticsclothingit.com/wp/wp-admin/" "Mozilla/5.0 (Windows NT 10.0; Win64; x64) AppleWebKit/537.36 (KHTML, like Gecko) Chrome/120.0.0.0 Safari/537.36" "127.0.0.1,45.148.10.119" [0.001,1.612,1.615|1.615]Request_Body: "-"
162.159.113.98 - - [19/Sep/2026:20:11:04 +0800] "athleticsclothingit.com" "POST /wp/wp-json/batch/v1/ HTTP/1.1" 301 166 "https://athleticsclothingit.com/wp/wp-admin/" "Mozilla/5.0 (Windows NT 10.0; Win64; x64) AppleWebKit/537.36 (KHTML, like Gecko) Chrome/120.0.0.0 Safari/537.36" "127.0.0.1,45.148.10.119" [-,-,-|0.000]Request_Body: "-"
172.71.99.229 - - [19/Sep/2026:20:11:06 +0800] "www.athleticsclothingit.com" "GET /blog/blog/wp-json/batch/v1 HTTP/1.1" 404 28181 "https://athleticsclothingit.com/blog/wp-admin/" "Mozilla/5.0 (Windows NT 10.0; Win64; x64) AppleWebKit/537.36 (KHTML, like Gecko) Chrome/120.0.0.0 Safari/537.36" "127.0.0.1,45.148.10.119" [0.001,1.838,1.848|1.848]Request_Body: "-"
172.71.102.196 - - [19/Sep/2026:20:11:06 +0800] "www.athleticsclothingit.com" "GET /wp/wp-json/batch/v1/ HTTP/1.1" 404 28177 "https://athleticsclothingit.com/wp/wp-admin/" "Mozilla/5.0 (Windows NT 10.0; Win64; x64) AppleWebKit/537.36 (KHTML, like Gecko) Chrome/120.0.0.0 Safari/537.36" "127.0.0.1,45.148.10.119" [0.001,1.778,1.782|1.782]Request_Body: "-"
162.159.113.98 - - [19/Sep/2026:20:11:07 +0800] "athleticsclothingit.com" "POST /blog/index.php?rest_route=/batch/v1 HTTP/1.1" 301 166 "https://athleticsclothingit.com/blog/wp-admin/" "WordPress/6.4.3" "127.0.0.1,45.148.10.119" [-,-,-|0.000]Request_Body: "-"
172.71.99.229 - - [19/Sep/2026:20:11:07 +0800] "www.athleticsclothingit.com" "GET /blog/index.php?rest_route=/batch/v1 HTTP/1.1" 403 150 "https://athleticsclothingit.com/blog/wp-admin/" "WordPress/6.4.3" "127.0.0.1,45.148.10.119" [-,-,-|0.000]Request_Body: "-"
162.159.113.98 - - [19/Sep/2026:20:11:07 +0800] "athleticsclothingit.com" "POST /blog/index.php?rest_route=%2Fbatch%2Fv1 HTTP/1.1" 301 166 "https://athleticsclothingit.com/blog/wp-admin/" "WordPress/6.4.3" "127.0.0.1,45.148.10.119" [-,-,-|0.000]Request_Body: "-"
172.71.99.229 - - [19/Sep/2026:20:11:07 +0800] "www.athleticsclothingit.com" "GET /blog/index.php?rest_route=%2Fbatch%2Fv1 HTTP/1.1" 403 150 "https://athleticsclothingit.com/blog/wp-admin/" "WordPress/6.4.3" "127.0.0.1,45.148.10.119" [-,-,-|0.000]Request_Body: "-"
162.159.113.98 - - [19/Sep/2026:20:11:07 +0800] "athleticsclothingit.com" "POST /blog/?rest_route=%2Fbatch%2Fv1 HTTP/1.1" 301 166 "https://athleticsclothingit.com/blog/wp-admin/" "WordPress/6.4.3" "127.0.0.1,45.148.10.119" [-,-,-|0.001]Request_Body: "-"
162.159.113.98 - - [19/Sep/2026:20:11:08 +0800] "athleticsclothingit.com" "POST /wp/blog/wp-json/batch/v1 HTTP/1.1" 301 166 "https://athleticsclothingit.com/wp/wp-admin/" "Mozilla/5.0 (Windows NT 10.0; Win64; x64) AppleWebKit/537.36 (KHTML, like Gecko) Chrome/120.0.0.0 Safari/537.36" "127.0.0.1,45.148.10.119" [-,-,-|0.000]Request_Body: "-"
172.71.99.229 - - [19/Sep/2026:20:11:09 +0800] "www.athleticsclothingit.com" "GET /blog/?rest_route=%2Fbatch%2Fv1 HTTP/1.1" 404 125 "https://athleticsclothingit.com/blog/wp-admin/" "WordPress/6.4.3" "127.0.0.1,45.148.10.119" [0.001,1.431,1.431|1.431]Request_Body: "-"
162.159.113.98 - - [19/Sep/2026:20:11:09 +0800] "athleticsclothingit.com" "POST /blog/?rest_route=/batch%2Fv1 HTTP/1.1" 301 166 "https://athleticsclothingit.com/blog/wp-admin/" "WordPress/6.4.3" "127.0.0.1,45.148.10.119" [-,-,-|0.000]Request_Body: "-"
172.71.102.196 - - [19/Sep/2026:20:11:10 +0800] "www.athleticsclothingit.com" "GET /wp/blog/wp-json/batch/v1 HTTP/1.1" 404 28180 "https://athleticsclothingit.com/wp/wp-admin/" "Mozilla/5.0 (Windows NT 10.0; Win64; x64) AppleWebKit/537.36 (KHTML, like Gecko) Chrome/120.0.0.0 Safari/537.36" "127.0.0.1,45.148.10.119" [0.001,1.441,1.448|1.448]Request_Body: "-"
172.71.99.229 - - [19/Sep/2026:20:11:11 +0800] "www.athleticsclothingit.com" "GET /blog/?rest_route=/batch%2Fv1 HTTP/1.1" 404 125 "https://athleticsclothingit.com/blog/wp-admin/" "WordPress/6.4.3" "127.0.0.1,45.148.10.119" [0.000,1.431,1.431|1.432]Request_Body: "-"
172.71.99.236 - - [19/Sep/2026:20:11:11 +0800] "athleticsclothingit.com" "POST /blog/?rest_route=/batch/v1 HTTP/1.1" 301 166 "https://athleticsclothingit.com/blog/wp-admin/" "WordPress/6.4.3" "127.0.0.1,45.148.10.119" [-,-,-|0.000]Request_Body: "-"
162.159.113.98 - - [19/Sep/2026:20:11:12 +0800] "athleticsclothingit.com" "POST /wp/index.php?rest_route=/batch/v1 HTTP/1.1" 301 166 "https://athleticsclothingit.com/wp/wp-admin/" "WordPress/6.4.3" "127.0.0.1,45.148.10.119" [-,-,-|0.000]Request_Body: "-"
172.71.102.196 - - [19/Sep/2026:20:11:12 +0800] "www.athleticsclothingit.com" "GET /wp/index.php?rest_route=/batch/v1 HTTP/1.1" 403 150 "https://athleticsclothingit.com/wp/wp-admin/" "WordPress/6.4.3" "127.0.0.1,45.148.10.119" [-,-,-|0.000]Request_Body: "-"
172.71.99.229 - - [19/Sep/2026:20:11:12 +0800] "www.athleticsclothingit.com" "GET /blog/?rest_route=/batch/v1 HTTP/1.1" 404 125 "https://athleticsclothingit.com/blog/wp-admin/" "WordPress/6.4.3" "127.0.0.1,45.148.10.119" [0.002,1.362,1.362|1.361]Request_Body: "-"
162.159.113.98 - - [19/Sep/2026:20:11:13 +0800] "athleticsclothingit.com" "POST /wp/index.php?rest_route=%2Fbatch%2Fv1 HTTP/1.1" 301 166 "https://athleticsclothingit.com/wp/wp-admin/" "WordPress/6.4.3" "127.0.0.1,45.148.10.119" [-,-,-|0.000]Request_Body: "-"
172.71.99.236 - - [19/Sep/2026:20:11:13 +0800] "athleticsclothingit.com" "POST /blog/wp-json/batch/v1 HTTP/1.1" 301 166 "https://athleticsclothingit.com/blog/wp-admin/" "WordPress/6.4.3" "127.0.0.1,45.148.10.119" [-,-,-|0.001]Request_Body: "-"
172.71.99.229 - - [19/Sep/2026:20:11:13 +0800] "www.athleticsclothingit.com" "GET /wp/index.php?rest_route=%2Fbatch%2Fv1 HTTP/1.1" 403 150 "https://athleticsclothingit.com/wp/wp-admin/" "WordPress/6.4.3" "127.0.0.1,45.148.10.119" [-,-,-|0.000]Request_Body: "-"
172.71.99.236 - - [19/Sep/2026:20:11:13 +0800] "athleticsclothingit.com" "POST /wp/?rest_route=%2Fbatch%2Fv1 HTTP/1.1" 301 166 "https://athleticsclothingit.com/wp/wp-admin/" "WordPress/6.4.3" "127.0.0.1,45.148.10.119" [-,-,-|0.000]Request_Body: "-"
172.71.102.196 - - [19/Sep/2026:20:11:14 +0800] "www.athleticsclothingit.com" "GET /blog/wp-json/batch/v1 HTTP/1.1" 404 28179 "https://athleticsclothingit.com/blog/wp-admin/" "WordPress/6.4.3" "127.0.0.1,45.148.10.119" [0.001,1.428,1.430|1.430]Request_Body: "-"
172.71.99.236 - - [19/Sep/2026:20:11:15 +0800] "athleticsclothingit.com" "POST /blog/wp-json/Batch/v1 HTTP/1.1" 301 166 "https://athleticsclothingit.com/blog/wp-admin/" "WordPress/6.4.3" "127.0.0.1,45.148.10.119" [-,-,-|0.000]Request_Body: "-"
172.71.99.229 - - [19/Sep/2026:20:11:15 +0800] "www.athleticsclothingit.com" "GET /wp/?rest_route=%2Fbatch%2Fv1 HTTP/1.1" 404 125 "https://athleticsclothingit.com/wp/wp-admin/" "WordPress/6.4.3" "127.0.0.1,45.148.10.119" [0.001,1.452,1.452|1.452]Request_Body: "-"
172.71.99.236 - - [19/Sep/2026:20:11:15 +0800] "athleticsclothingit.com" "POST /wp/?rest_route=/batch%2Fv1 HTTP/1.1" 301 166 "https://athleticsclothingit.com/wp/wp-admin/" "WordPress/6.4.3" "127.0.0.1,45.148.10.119" [-,-,-|0.000]Request_Body: "-"
172.71.102.196 - - [19/Sep/2026:20:11:16 +0800] "www.athleticsclothingit.com" "GET /blog/wp-json/Batch/v1 HTTP/1.1" 404 28180 "https://athleticsclothingit.com/blog/wp-admin/" "WordPress/6.4.3" "127.0.0.1,45.148.10.119" [0.001,1.467,1.474|1.474]Request_Body: "-"
172.71.99.229 - - [19/Sep/2026:20:11:16 +0800] "www.athleticsclothingit.com" "GET /wp/?rest_route=/batch%2Fv1 HTTP/1.1" 404 125 "https://athleticsclothingit.com/wp/wp-admin/" "WordPress/6.4.3" "127.0.0.1,45.148.10.119" [0.001,1.316,1.316|1.316]Request_Body: "-"
172.71.99.236 - - [19/Sep/2026:20:11:16 +0800] "athleticsclothingit.com" "POST /wp/?rest_route=/batch/v1 HTTP/1.1" 301 166 "https://athleticsclothingit.com/wp/wp-admin/" "WordPress/6.4.3" "127.0.0.1,45.148.10.119" [-,-,-|0.000]Request_Body: "-"
162.159.113.98 - - [19/Sep/2026:20:11:17 +0800] "athleticsclothingit.com" "POST /blog//wp-json/batch/v1 HTTP/1.1" 301 166 "https://athleticsclothingit.com/blog/wp-admin/" "WordPress/6.4.3" "127.0.0.1,45.148.10.119" [-,-,-|0.000]Request_Body: "-"
172.71.102.196 - - [19/Sep/2026:20:11:18 +0800] "www.athleticsclothingit.com" "GET /wp/?rest_route=/batch/v1 HTTP/1.1" 404 125 "https://athleticsclothingit.com/wp/wp-admin/" "WordPress/6.4.3" "127.0.0.1,45.148.10.119" [0.001,1.304,1.304|1.304]Request_Body: "-"
172.71.99.229 - - [19/Sep/2026:20:11:18 +0800] "www.athleticsclothingit.com" "GET /blog//wp-json/batch/v1 HTTP/1.1" 301 5 "https://athleticsclothingit.com/blog/wp-admin/" "WordPress/6.4.3" "127.0.0.1,45.148.10.119" [0.001,1.350,1.350|1.350]Request_Body: "-"
162.159.113.98 - - [19/Sep/2026:20:11:18 +0800] "athleticsclothingit.com" "POST /wp/wp-json/batch/v1 HTTP/1.1" 301 166 "https://athleticsclothingit.com/wp/wp-admin/" "WordPress/6.4.3" "127.0.0.1,45.148.10.119" [-,-,-|0.000]Request_Body: "-"
172.71.99.229 - - [19/Sep/2026:20:11:20 +0800] "www.athleticsclothingit.com" "GET /blog/wp-json/batch/v1 HTTP/1.1" 404 28179 "https://athleticsclothingit.com/blog/wp-admin/" "WordPress/6.4.3" "127.0.0.1,45.148.10.119" [0.001,1.280,1.283|1.284]Request_Body: "-"
172.71.102.196 - - [19/Sep/2026:20:11:20 +0800] "www.athleticsclothingit.com" "GET /wp/wp-json/batch/v1 HTTP/1.1" 404 28176 "https://athleticsclothingit.com/wp/wp-admin/" "WordPress/6.4.3" "127.0.0.1,45.148.10.119" [0.000,1.330,1.333|1.333]Request_Body: "-"
162.159.113.98 - - [19/Sep/2026:20:11:20 +0800] "athleticsclothingit.com" "POST /blog/wp-json/batch/v1/ HTTP/1.1" 301 166 "https://athleticsclothingit.com/blog/wp-admin/" "WordPress/6.4.3" "127.0.0.1,45.148.10.119" [-,-,-|0.000]Request_Body: "-"
172.71.99.236 - - [19/Sep/2026:20:11:20 +0800] "athleticsclothingit.com" "POST /wp/wp-json/Batch/v1 HTTP/1.1" 301 166 "https://athleticsclothingit.com/wp/wp-admin/" "WordPress/6.4.3" "127.0.0.1,45.148.10.119" [-,-,-|0.000]Request_Body: "-"
172.71.102.196 - - [19/Sep/2026:20:11:22 +0800] "www.athleticsclothingit.com" "GET /wp/wp-json/Batch/v1 HTTP/1.1" 404 28176 "https://athleticsclothingit.com/wp/wp-admin/" "WordPress/6.4.3" "127.0.0.1,45.148.10.119" [0.001,1.395,1.402|1.402]Request_Body: "-"
162.159.113.98 - - [19/Sep/2026:20:11:22 +0800] "athleticsclothingit.com" "POST /wp//wp-json/batch/v1 HTTP/1.1" 301 166 "https://athleticsclothingit.com/wp/wp-admin/" "WordPress/6.4.3" "127.0.0.1,45.148.10.119" [-,-,-|0.000]Request_Body: "-"
172.71.99.229 - - [19/Sep/2026:20:11:22 +0800] "www.athleticsclothingit.com" "GET /blog/wp-json/batch/v1/ HTTP/1.1" 404 28181 "https://athleticsclothingit.com/blog/wp-admin/" "WordPress/6.4.3" "127.0.0.1,45.148.10.119" [0.001,1.672,1.675|1.675]Request_Body: "-"
162.159.113.98 - - [19/Sep/2026:20:11:22 +0800] "athleticsclothingit.com" "POST /blog/blog/wp-json/batch/v1 HTTP/1.1" 301 166 "https://athleticsclothingit.com/blog/wp-admin/" "WordPress/6.4.3" "127.0.0.1,45.148.10.119" [-,-,-|0.001]Request_Body: "-"
172.71.102.196 - - [19/Sep/2026:20:11:24 +0800] "www.athleticsclothingit.com" "GET /wp//wp-json/batch/v1 HTTP/1.1" 301 5 "https://athleticsclothingit.com/wp/wp-admin/" "WordPress/6.4.3" "127.0.0.1,45.148.10.119" [0.000,1.206,1.206|1.206]Request_Body: "-"
172.71.99.229 - - [19/Sep/2026:20:11:24 +0800] "www.athleticsclothingit.com" "GET /blog/blog/wp-json/batch/v1 HTTP/1.1" 404 28181 "https://athleticsclothingit.com/blog/wp-admin/" "WordPress/6.4.3" "127.0.0.1,45.148.10.119" [0.001,1.526,1.528|1.529]Request_Body: "-"
162.159.113.98 - - [19/Sep/2026:20:11:25 +0800] "athleticsclothingit.com" "GET /blog/wp/v2/posts/999999 HTTP/1.1" 301 166 "-" "Mozilla/5.0 (Windows NT 10.0; Win64; x64) AppleWebKit/537.36 (KHTML, like Gecko) Chrome/120.0.0.0 Safari/537.36" "45.148.10.119" [-,-,-|0.000]Request_Body: "-"
172.71.102.196 - - [19/Sep/2026:20:11:25 +0800] "www.athleticsclothingit.com" "GET /wp/wp-json/batch/v1 HTTP/1.1" 404 28176 "https://athleticsclothingit.com/wp/wp-admin/" "WordPress/6.4.3" "127.0.0.1,45.148.10.119" [0.001,1.411,1.415|1.415]Request_Body: "-"
162.159.113.98 - - [19/Sep/2026:20:11:25 +0800] "athleticsclothingit.com" "POST /wp/wp-json/batch/v1/ HTTP/1.1" 301 166 "https://athleticsclothingit.com/wp/wp-admin/" "WordPress/6.4.3" "127.0.0.1,45.148.10.119" [-,-,-|0.000]Request_Body: "-"
172.71.99.229 - - [19/Sep/2026:20:11:26 +0800] "www.athleticsclothingit.com" "GET /blog/wp/v2/posts/999999 HTTP/1.1" 404 28479 "http://www.athleticsclothingit.com/blog/wp/v2/posts/999999" "Mozilla/5.0 (Windows NT 10.0; Win64; x64) AppleWebKit/537.36 (KHTML, like Gecko) Chrome/120.0.0.0 Safari/537.36" "45.148.10.119" [0.001,1.457,1.461|1.461]Request_Body: "-"
162.159.113.98 - - [19/Sep/2026:20:11:27 +0800] "athleticsclothingit.com" "GET /blog/?rest_route=/wp/v2/posts/999999 HTTP/1.1" 301 166 "-" "Mozilla/5.0 (Windows NT 10.0; Win64; x64) AppleWebKit/537.36 (KHTML, like Gecko) Chrome/120.0.0.0 Safari/537.36" "45.148.10.119" [-,-,-|0.000]Request_Body: "-"
172.71.102.196 - - [19/Sep/2026:20:11:27 +0800] "www.athleticsclothingit.com" "GET /wp/wp-json/batch/v1/ HTTP/1.1" 404 28177 "https://athleticsclothingit.com/wp/wp-admin/" "WordPress/6.4.3" "127.0.0.1,45.148.10.119" [0.000,1.402,1.405|1.405]Request_Body: "-"
162.159.113.98 - - [19/Sep/2026:20:11:27 +0800] "athleticsclothingit.com" "POST /wp/blog/wp-json/batch/v1 HTTP/1.1" 301 166 "https://athleticsclothingit.com/wp/wp-admin/" "WordPress/6.4.3" "127.0.0.1,45.148.10.119" [-,-,-|0.001]Request_Body: "-"
172.71.99.229 - - [19/Sep/2026:20:11:28 +0800] "www.athleticsclothingit.com" "GET /blog/?rest_route=/wp/v2/posts/999999 HTTP/1.1" 404 93 "http://www.athleticsclothingit.com/blog/?rest_route=/wp/v2/posts/999999" "Mozilla/5.0 (Windows NT 10.0; Win64; x64) AppleWebKit/537.36 (KHTML, like Gecko) Chrome/120.0.0.0 Safari/537.36" "45.148.10.119" [0.000,1.459,1.459|1.459]Request_Body: "-"
162.159.113.98 - - [19/Sep/2026:20:11:28 +0800] "athleticsclothingit.com" "GET /blog/wp/v2/pages HTTP/1.1" 301 166 "-" "Mozilla/5.0 (Windows NT 10.0; Win64; x64) AppleWebKit/537.36 (KHTML, like Gecko) Chrome/120.0.0.0 Safari/537.36" "45.148.10.119" [-,-,-|0.000]Request_Body: "-"
172.71.102.196 - - [19/Sep/2026:20:11:29 +0800] "www.athleticsclothingit.com" "GET /wp/blog/wp-json/batch/v1 HTTP/1.1" 404 28180 "https://athleticsclothingit.com/wp/wp-admin/" "WordPress/6.4.3" "127.0.0.1,45.148.10.119" [0.000,1.244,1.251|1.251]Request_Body: "-"
162.159.113.98 - - [19/Sep/2026:20:11:29 +0800] "athleticsclothingit.com" "GET /wp/wp/v2/posts/999999 HTTP/1.1" 301 166 "-" "Mozilla/5.0 (Windows NT 10.0; Win64; x64) AppleWebKit/537.36 (KHTML, like Gecko) Chrome/120.0.0.0 Safari/537.36" "45.148.10.119" [-,-,-|0.000]Request_Body: "-"
172.71.99.229 - - [19/Sep/2026:20:11:30 +0800] "www.athleticsclothingit.com" "GET /blog/wp/v2/pages HTTP/1.1" 404 28477 "http://www.athleticsclothingit.com/blog/wp/v2/pages" "Mozilla/5.0 (Windows NT 10.0; Win64; x64) AppleWebKit/537.36 (KHTML, like Gecko) Chrome/120.0.0.0 Safari/537.36" "45.148.10.119" [0.001,1.487,1.491|1.491]Request_Body: "-"
162.159.113.98 - - [19/Sep/2026:20:11:31 +0800] "athleticsclothingit.com" "GET /blog/?rest_route=/wp/v2/pages HTTP/1.1" 301 166 "-" "Mozilla/5.0 (Windows NT 10.0; Win64; x64) AppleWebKit/537.36 (KHTML, like Gecko) Chrome/120.0.0.0 Safari/537.36" "45.148.10.119" [-,-,-|0.000]Request_Body: "-"
172.71.102.196 - - [19/Sep/2026:20:11:31 +0800] "www.athleticsclothingit.com" "GET /wp/wp/v2/posts/999999 HTTP/1.1" 404 28474 "http://www.athleticsclothingit.com/wp/wp/v2/posts/999999" "Mozilla/5.0 (Windows NT 10.0; Win64; x64) AppleWebKit/537.36 (KHTML, like Gecko) Chrome/120.0.0.0 Safari/537.36" "45.148.10.119" [0.002,1.378,1.381|1.381]Request_Body: "-"
162.159.113.98 - - [19/Sep/2026:20:11:31 +0800] "athleticsclothingit.com" "GET /wp/?rest_route=/wp/v2/posts/999999 HTTP/1.1" 301 166 "-" "Mozilla/5.0 (Windows NT 10.0; Win64; x64) AppleWebKit/537.36 (KHTML, like Gecko) Chrome/120.0.0.0 Safari/537.36" "45.148.10.119" [-,-,-|0.000]Request_Body: "-"
172.71.99.229 - - [19/Sep/2026:20:11:32 +0800] "www.athleticsclothingit.com" "GET /blog/?rest_route=/wp/v2/pages HTTP/1.1" 200 157268 "http://www.athleticsclothingit.com/blog/?rest_route=/wp/v2/pages" "Mozilla/5.0 (Windows NT 10.0; Win64; x64) AppleWebKit/537.36 (KHTML, like Gecko) Chrome/120.0.0.0 Safari/537.36" "45.148.10.119" [0.001,1.523,1.525|1.659]Request_Body: "-"
172.71.102.196 - - [19/Sep/2026:20:11:33 +0800] "www.athleticsclothingit.com" "GET /wp/?rest_route=/wp/v2/posts/999999 HTTP/1.1" 404 93 "http://www.athleticsclothingit.com/wp/?rest_route=/wp/v2/posts/999999" "Mozilla/5.0 (Windows NT 10.0; Win64; x64) AppleWebKit/537.36 (KHTML, like Gecko) Chrome/120.0.0.0 Safari/537.36" "45.148.10.119" [0.001,1.486,1.486|1.486]Request_Body: "-"
162.159.113.98 - - [19/Sep/2026:20:11:33 +0800] "athleticsclothingit.com" "GET /wp/wp/v2/pages HTTP/1.1" 301 166 "-" "Mozilla/5.0 (Windows NT 10.0; Win64; x64) AppleWebKit/537.36 (KHTML, like Gecko) Chrome/120.0.0.0 Safari/537.36" "45.148.10.119" [-,-,-|0.000]Request_Body: "-"
172.71.102.196 - - [19/Sep/2026:20:11:34 +0800] "www.athleticsclothingit.com" "GET /wp/wp/v2/pages HTTP/1.1" 404 28473 "http://www.athleticsclothingit.com/wp/wp/v2/pages" "Mozilla/5.0 (Windows NT 10.0; Win64; x64) AppleWebKit/537.36 (KHTML, like Gecko) Chrome/120.0.0.0 Safari/537.36" "45.148.10.119" [0.001,1.402,1.405|1.405]Request_Body: "-"
162.159.113.98 - - [19/Sep/2026:20:11:35 +0800] "athleticsclothingit.com" "GET /wp/?rest_route=/wp/v2/pages HTTP/1.1" 301 166 "-" "Mozilla/5.0 (Windows NT 10.0; Win64; x64) AppleWebKit/537.36 (KHTML, like Gecko) Chrome/120.0.0.0 Safari/537.36" "45.148.10.119" [-,-,-|0.000]Request_Body: "-"
162.159.113.98 - - [19/Sep/2026:20:11:35 +0800] "athleticsclothingit.com" "GET /blog/wp/v2/posts/999999?author_exclude=1&orderby=none&per_page=5 HTTP/1.1" 301 166 "-" "Mozilla/5.0 (Windows NT 10.0; Win64; x64) AppleWebKit/537.36 (KHTML, like Gecko) Chrome/120.0.0.0 Safari/537.36" "45.148.10.119" [-,-,-|0.000]Request_Body: "-"
172.71.102.196 - - [19/Sep/2026:20:11:36 +0800] "www.athleticsclothingit.com" "GET /wp/?rest_route=/wp/v2/pages HTTP/1.1" 200 157308 "http://www.athleticsclothingit.com/wp/?rest_route=/wp/v2/pages" "Mozilla/5.0 (Windows NT 10.0; Win64; x64) AppleWebKit/537.36 (KHTML, like Gecko) Chrome/120.0.0.0 Safari/537.36" "45.148.10.119" [0.002,1.402,1.405|1.673]Request_Body: "-"
172.71.99.229 - - [19/Sep/2026:20:11:37 +0800] "www.athleticsclothingit.com" "GET /blog/wp/v2/posts/999999?author_exclude=1&orderby=none&per_page=5 HTTP/1.1" 404 28509 "http://www.athleticsclothingit.com/blog/wp/v2/posts/999999?author_exclude=1&orderby=none&per_page=5" "Mozilla/5.0 (Windows NT 10.0; Win64; x64) AppleWebKit/537.36 (KHTML, like Gecko) Chrome/120.0.0.0 Safari/537.36" "45.148.10.119" [0.001,1.463,1.466|1.466]Request_Body: "-"
162.159.113.98 - - [19/Sep/2026:20:11:37 +0800] "athleticsclothingit.com" "GET /wp/wp/v2/posts/999999?author_exclude=1&orderby=none&per_page=5 HTTP/1.1" 301 166 "-" "Mozilla/5.0 (Windows NT 10.0; Win64; x64) AppleWebKit/537.36 (KHTML, like Gecko) Chrome/120.0.0.0 Safari/537.36" "45.148.10.119" [-,-,-|0.000]Request_Body: "-"
172.71.99.236 - - [19/Sep/2026:20:11:37 +0800] "athleticsclothingit.com" "GET /blog/?rest_route=/wp/v2/posts/999999&author_exclude=1&orderby=none&per_page=5 HTTP/1.1" 301 166 "-" "Mozilla/5.0 (Windows NT 10.0; Win64; x64) AppleWebKit/537.36 (KHTML, like Gecko) Chrome/120.0.0.0 Safari/537.36" "45.148.10.119" [-,-,-|0.000]Request_Body: "-"
172.71.99.229 - - [19/Sep/2026:20:11:39 +0800] "www.athleticsclothingit.com" "GET /wp/wp/v2/posts/999999?author_exclude=1&orderby=none&per_page=5 HTTP/1.1" 404 28505 "http://www.athleticsclothingit.com/wp/wp/v2/posts/999999?author_exclude=1&orderby=none&per_page=5" "Mozilla/5.0 (Windows NT 10.0; Win64; x64) AppleWebKit/537.36 (KHTML, like Gecko) Chrome/120.0.0.0 Safari/537.36" "45.148.10.119" [0.001,2.031,2.034|2.033]Request_Body: "-"
172.71.102.196 - - [19/Sep/2026:20:11:39 +0800] "www.athleticsclothingit.com" "GET /blog/?rest_route=/wp/v2/posts/999999&author_exclude=1&orderby=none&per_page=5 HTTP/1.1" 404 93 "http://www.athleticsclothingit.com/blog/?rest_route=/wp/v2/posts/999999&author_exclude=1&orderby=none&per_page=5" "Mozilla/5.0 (Windows NT 10.0; Win64; x64) AppleWebKit/537.36 (KHTML, like Gecko) Chrome/120.0.0.0 Safari/537.36" "45.148.10.119" [0.001,1.997,1.997|1.997]Request_Body: "-"
162.159.113.98 - - [19/Sep/2026:20:11:39 +0800] "athleticsclothingit.com" "GET /wp/?rest_route=/wp/v2/posts/999999&author_exclude=1&orderby=none&per_page=5 HTTP/1.1" 301 166 "-" "Mozilla/5.0 (Windows NT 10.0; Win64; x64) AppleWebKit/537.36 (KHTML, like Gecko) Chrome/120.0.0.0 Safari/537.36" "45.148.10.119" [-,-,-|0.000]Request_Body: "-"
172.71.99.229 - - [19/Sep/2026:20:11:41 +0800] "www.athleticsclothingit.com" "GET /wp/?rest_route=/wp/v2/posts/999999&author_exclude=1&orderby=none&per_page=5 HTTP/1.1" 404 93 "http://www.athleticsclothingit.com/wp/?rest_route=/wp/v2/posts/999999&author_exclude=1&orderby=none&per_page=5" "Mozilla/5.0 (Windows NT 10.0; Win64; x64) AppleWebKit/537.36 (KHTML, like Gecko) Chrome/120.0.0.0 Safari/537.36" "45.148.10.119" [0.000,1.499,1.500|1.500]Request_Body: "-"
162.158.42.193 - - [19/Sep/2026:20:15:36 +0800] "www.athleticsclothingit.com" "GET /images/5456/9908d6e9fde894975575c481f3d42677b97ef4527cdf4d5c07aea0d04ad41a60.jpg HTTP/1.1" 200 285151 "-" "Mozilla/5.0 AppleWebKit/537.36 (KHTML, like Gecko; compatible; bingbot/2.0; +http://www.bing.com/bingbot.htm) Chrome/116.0.1938.76 Safari/537.36" "157.55.39.200" [0.063,0.520,0.710|0.710]Request_Body: "-"
104.23.162.32 - - [19/Sep/2026:20:17:55 +0800] "athleticsclothingit.com" "GET / HTTP/1.1" 301 166 "-" "Mozilla/5.0 (Windows NT 10.0; Win64; x64) AppleWebKit/537.36 (KHTML, like Gecko) Chrome/124.0.0.0 Safari/537.36" "178.16.54.246" [-,-,-|0.000]Request_Body: "-"
172.71.232.167 - - [19/Sep/2026:20:35:00 +0800] "www.athleticsclothingit.com" "GET / HTTP/1.1" 200 46301 "-" "Mozilla/5.0 (Windows NT 10.0; Win64; x64) AppleWebKit/537.36 (KHTML, like Gecko) Chrome/126.0.0.0 Safari/537.36" "169.40.142.172" [0.001,40.234,40.242|40.242]Request_Body: "-"
172.71.232.167 - - [19/Sep/2026:20:35:18 +0800] "www.athleticsclothingit.com" "GET / HTTP/1.1" 200 46301 "-" "Mozilla/5.0 (Windows NT 10.0; Win64; x64) AppleWebKit/537.36 (KHTML, like Gecko) Chrome/126.0.0.0 Safari/537.36" "169.40.142.172" [0.000,38.632,38.655|38.655]Request_Body: "-"
104.22.104.87 - - [19/Sep/2026:20:44:59 +0800] "www.athleticsclothingit.com" "GET /category/donne/set-per-il-fitness/page/7/?per_page=24&shop_view=grid&per_row=3 HTTP/1.1" 200 42938 "-" "Mozilla/5.0 AppleWebKit/537.36 (KHTML, like Gecko; compatible; bingbot/2.0; +http://www.bing.com/bingbot.htm) Chrome/116.0.1938.76 Safari/537.36" "40.77.167.1" [0.001,45.669,45.697|45.697]Request_Body: "-"
172.69.234.168 - - [19/Sep/2026:20:46:55 +0800] "athleticsclothingit.com" "GET /readme.html HTTP/1.1" 301 166 "-" "Mozilla/5.0 (Windows NT 10.0; Win64; x64) AppleWebKit/537.36 (KHTML, like Gecko) Chrome/151.0.0.0 Safari/537.36" "195.250.26.237" [-,-,-|0.000]Request_Body: "-"
172.69.234.168 - - [19/Sep/2026:20:47:25 +0800] "athleticsclothingit.com" "GET /readme.html HTTP/1.1" 301 166 "-" "Mozilla/5.0 (Windows NT 10.0; Win64; x64) AppleWebKit/537.36 (KHTML, like Gecko) Chrome/151.0.0.0 Safari/537.36" "195.250.26.237" [-,-,-|0.000]Request_Body: "-"
172.69.234.168 - - [19/Sep/2026:20:47:55 +0800] "athleticsclothingit.com" "GET /wp-json/ HTTP/1.1" 301 166 "-" "Mozilla/5.0 (Windows NT 10.0; Win64; x64) AppleWebKit/537.36 (KHTML, like Gecko) Chrome/151.0.0.0 Safari/537.36" "195.250.26.237" [-,-,-|0.000]Request_Body: "-"
172.69.234.168 - - [19/Sep/2026:20:48:25 +0800] "athleticsclothingit.com" "GET /wp-json/ HTTP/1.1" 301 166 "-" "Mozilla/5.0 (Windows NT 10.0; Win64; x64) AppleWebKit/537.36 (KHTML, like Gecko) Chrome/151.0.0.0 Safari/537.36" "195.250.26.237" [-,-,-|0.000]Request_Body: "-"
172.69.234.148 - - [19/Sep/2026:20:48:55 +0800] "athleticsclothingit.com" "GET / HTTP/1.1" 301 166 "-" "Mozilla/5.0 (Windows NT 10.0; Win64; x64) AppleWebKit/537.36 (KHTML, like Gecko) Chrome/151.0.0.0 Safari/537.36" "195.250.26.237" [-,-,-|0.000]Request_Body: "-"
172.69.234.158 - - [19/Sep/2026:20:48:57 +0800] "www.athleticsclothingit.com" "GET /wp-json/ HTTP/1.1" 200 143912 "-" "Mozilla/5.0 (Windows NT 10.0; Win64; x64) AppleWebKit/537.36 (KHTML, like Gecko) Chrome/151.0.0.0 Safari/537.36" "195.250.26.237" [0.000,30.850,30.889|30.906]Request_Body: "-"
172.69.234.170 - - [19/Sep/2026:20:49:17 +0800] "www.athleticsclothingit.com" "GET / HTTP/1.1" 200 46301 "-" "Mozilla/5.0 (Windows NT 10.0; Win64; x64) AppleWebKit/537.36 (KHTML, like Gecko) Chrome/151.0.0.0 Safari/537.36" "195.250.26.237" [0.000,21.306,21.333|21.334]Request_Body: "-"
172.69.234.168 - - [19/Sep/2026:20:49:17 +0800] "athleticsclothingit.com" "GET /wp-json/wp/v2/users?_fields=slug&per_page=100&page=1 HTTP/1.1" 301 166 "-" "Mozilla/5.0 (Windows NT 10.0; Win64; x64) AppleWebKit/537.36 (KHTML, like Gecko) Chrome/151.0.0.0 Safari/537.36" "195.250.26.237" [-,-,-|0.000]Request_Body: "-"
172.69.234.158 - - [19/Sep/2026:20:49:36 +0800] "www.athleticsclothingit.com" "GET /wp-json/wp/v2/users?_fields=slug&per_page=100&page=1 HTTP/1.1" 200 29 "-" "Mozilla/5.0 (Windows NT 10.0; Win64; x64) AppleWebKit/537.36 (KHTML, like Gecko) Chrome/151.0.0.0 Safari/537.36" "195.250.26.237" [0.001,17.854,17.854|17.853]Request_Body: "-"
172.69.234.168 - - [19/Sep/2026:20:49:36 +0800] "athleticsclothingit.com" "GET /?rest_route=/wp/v2/users&_fields=slug&per_page=100&page=1 HTTP/1.1" 301 166 "-" "Mozilla/5.0 (Windows NT 10.0; Win64; x64) AppleWebKit/537.36 (KHTML, like Gecko) Chrome/151.0.0.0 Safari/537.36" "195.250.26.237" [-,-,-|0.000]Request_Body: "-"
172.69.234.158 - - [19/Sep/2026:20:49:47 +0800] "www.athleticsclothingit.com" "GET /?rest_route=/wp/v2/users&_fields=slug&per_page=100&page=1 HTTP/1.1" 200 29 "-" "Mozilla/5.0 (Windows NT 10.0; Win64; x64) AppleWebKit/537.36 (KHTML, like Gecko) Chrome/151.0.0.0 Safari/537.36" "195.250.26.237" [0.007,10.278,10.278|10.278]Request_Body: "-"
172.69.234.168 - - [19/Sep/2026:20:49:47 +0800] "athleticsclothingit.com" "GET /feed/ HTTP/1.1" 301 166 "-" "Mozilla/5.0 (Windows NT 10.0; Win64; x64) AppleWebKit/537.36 (KHTML, like Gecko) Chrome/151.0.0.0 Safari/537.36" "195.250.26.237" [-,-,-|0.000]Request_Body: "-"
172.69.234.158 - - [19/Sep/2026:20:49:55 +0800] "www.athleticsclothingit.com" "GET /feed/ HTTP/1.1" 200 879 "-" "Mozilla/5.0 (Windows NT 10.0; Win64; x64) AppleWebKit/537.36 (KHTML, like Gecko) Chrome/151.0.0.0 Safari/537.36" "195.250.26.237" [0.000,7.422,7.422|7.422]Request_Body: "-"
172.69.234.168 - - [19/Sep/2026:20:49:55 +0800] "athleticsclothingit.com" "GET /feed/atom/ HTTP/1.1" 301 166 "-" "Mozilla/5.0 (Windows NT 10.0; Win64; x64) AppleWebKit/537.36 (KHTML, like Gecko) Chrome/151.0.0.0 Safari/537.36" "195.250.26.237" [-,-,-|0.000]Request_Body: "-"
172.69.234.158 - - [19/Sep/2026:20:49:59 +0800] "www.athleticsclothingit.com" "GET /feed/atom/ HTTP/1.1" 200 641 "-" "Mozilla/5.0 (Windows NT 10.0; Win64; x64) AppleWebKit/537.36 (KHTML, like Gecko) Chrome/151.0.0.0 Safari/537.36" "195.250.26.237" [0.001,3.302,3.303|3.303]Request_Body: "-"
172.69.234.168 - - [19/Sep/2026:20:49:59 +0800] "athleticsclothingit.com" "GET /rss/ HTTP/1.1" 301 166 "-" "Mozilla/5.0 (Windows NT 10.0; Win64; x64) AppleWebKit/537.36 (KHTML, like Gecko) Chrome/151.0.0.0 Safari/537.36" "195.250.26.237" [-,-,-|0.000]Request_Body: "-"
172.69.234.158 - - [19/Sep/2026:20:50:02 +0800] "www.athleticsclothingit.com" "GET /rss/ HTTP/1.1" 301 5 "-" "Mozilla/5.0 (Windows NT 10.0; Win64; x64) AppleWebKit/537.36 (KHTML, like Gecko) Chrome/151.0.0.0 Safari/537.36" "195.250.26.237" [0.001,2.282,2.282|2.282]Request_Body: "-"
172.69.234.158 - - [19/Sep/2026:20:50:04 +0800] "www.athleticsclothingit.com" "GET /feed/ HTTP/1.1" 200 879 "-" "Mozilla/5.0 (Windows NT 10.0; Win64; x64) AppleWebKit/537.36 (KHTML, like Gecko) Chrome/151.0.0.0 Safari/537.36" "195.250.26.237" [0.000,1.839,1.839|1.839]Request_Body: "-"
172.69.234.168 - - [19/Sep/2026:20:50:04 +0800] "athleticsclothingit.com" "GET /wp-sitemap-users-1.xml HTTP/1.1" 301 166 "-" "Mozilla/5.0 (Windows NT 10.0; Win64; x64) AppleWebKit/537.36 (KHTML, like Gecko) Chrome/151.0.0.0 Safari/537.36" "195.250.26.237" [-,-,-|0.000]Request_Body: "-"
172.69.234.158 - - [19/Sep/2026:20:50:06 +0800] "www.athleticsclothingit.com" "GET /wp-sitemap-users-1.xml HTTP/1.1" 301 5 "-" "Mozilla/5.0 (Windows NT 10.0; Win64; x64) AppleWebKit/537.36 (KHTML, like Gecko) Chrome/151.0.0.0 Safari/537.36" "195.250.26.237" [0.008,1.413,1.413|1.412]Request_Body: "-"
172.69.234.158 - - [19/Sep/2026:20:50:08 +0800] "www.athleticsclothingit.com" "GET /author-sitemap.xml HTTP/1.1" 404 25100 "-" "Mozilla/5.0 (Windows NT 10.0; Win64; x64) AppleWebKit/537.36 (KHTML, like Gecko) Chrome/151.0.0.0 Safari/537.36" "195.250.26.237" [0.009,1.229,1.231|1.231]Request_Body: "-"
172.69.234.168 - - [19/Sep/2026:20:50:09 +0800] "athleticsclothingit.com" "GET /author-sitemap.xml HTTP/1.1" 301 166 "-" "Mozilla/5.0 (Windows NT 10.0; Win64; x64) AppleWebKit/537.36 (KHTML, like Gecko) Chrome/151.0.0.0 Safari/537.36" "195.250.26.237" [-,-,-|0.000]Request_Body: "-"
172.69.234.158 - - [19/Sep/2026:20:50:11 +0800] "www.athleticsclothingit.com" "GET /author-sitemap.xml HTTP/1.1" 404 25100 "-" "Mozilla/5.0 (Windows NT 10.0; Win64; x64) AppleWebKit/537.36 (KHTML, like Gecko) Chrome/151.0.0.0 Safari/537.36" "195.250.26.237" [0.001,1.700,1.703|1.702]Request_Body: "-"
172.69.234.168 - - [19/Sep/2026:20:50:11 +0800] "athleticsclothingit.com" "GET /sitemap.xml HTTP/1.1" 301 166 "-" "Mozilla/5.0 (Windows NT 10.0; Win64; x64) AppleWebKit/537.36 (KHTML, like Gecko) Chrome/151.0.0.0 Safari/537.36" "195.250.26.237" [-,-,-|0.000]Request_Body: "-"
172.69.234.158 - - [19/Sep/2026:20:50:13 +0800] "www.athleticsclothingit.com" "GET /sitemap.xml HTTP/1.1" 301 5 "-" "Mozilla/5.0 (Windows NT 10.0; Win64; x64) AppleWebKit/537.36 (KHTML, like Gecko) Chrome/151.0.0.0 Safari/537.36" "195.250.26.237" [0.000,1.323,1.323|1.323]Request_Body: "-"
172.69.234.158 - - [19/Sep/2026:20:50:15 +0800] "www.athleticsclothingit.com" "GET /sitemap_index.xml HTTP/1.1" 200 865 "-" "Mozilla/5.0 (Windows NT 10.0; Win64; x64) AppleWebKit/537.36 (KHTML, like Gecko) Chrome/151.0.0.0 Safari/537.36" "195.250.26.237" [0.000,1.525,1.525|1.525]Request_Body: "-"
172.69.234.168 - - [19/Sep/2026:20:50:15 +0800] "athleticsclothingit.com" "GET /wp-json/wp/v2/posts?per_page=20&_embed=author&_fields=_embedded HTTP/1.1" 301 166 "-" "Mozilla/5.0 (Windows NT 10.0; Win64; x64) AppleWebKit/537.36 (KHTML, like Gecko) Chrome/151.0.0.0 Safari/537.36" "195.250.26.237" [-,-,-|0.000]Request_Body: "-"
172.69.234.158 - - [19/Sep/2026:20:50:17 +0800] "www.athleticsclothingit.com" "GET /wp-json/wp/v2/posts?per_page=20&_embed=author&_fields=_embedded HTTP/1.1" 200 12 "-" "Mozilla/5.0 (Windows NT 10.0; Win64; x64) AppleWebKit/537.36 (KHTML, like Gecko) Chrome/151.0.0.0 Safari/537.36" "195.250.26.237" [0.001,1.376,1.376|1.376]Request_Body: "-"
172.69.234.168 - - [19/Sep/2026:20:50:17 +0800] "athleticsclothingit.com" "GET /wp-json/oembed/1.0/embed?url=https%3A%2F%2Fathleticsclothingit.com&format=json HTTP/1.1" 301 166 "-" "Mozilla/5.0 (Windows NT 10.0; Win64; x64) AppleWebKit/537.36 (KHTML, like Gecko) Chrome/151.0.0.0 Safari/537.36" "195.250.26.237" [-,-,-|0.000]Request_Body: "-"
172.69.234.158 - - [19/Sep/2026:20:50:19 +0800] "www.athleticsclothingit.com" "GET /wp-json/oembed/1.0/embed?url=https%3A%2F%2Fathleticsclothingit.com&format=json HTTP/1.1" 200 2363 "-" "Mozilla/5.0 (Windows NT 10.0; Win64; x64) AppleWebKit/537.36 (KHTML, like Gecko) Chrome/151.0.0.0 Safari/537.36" "195.250.26.237" [0.001,1.690,1.690|1.690]Request_Body: "-"
172.69.234.168 - - [19/Sep/2026:20:50:19 +0800] "athleticsclothingit.com" "POST /graphql HTTP/1.1" 301 166 "-" "Mozilla/5.0 (Windows NT 10.0; Win64; x64) AppleWebKit/537.36 (KHTML, like Gecko) Chrome/151.0.0.0 Safari/537.36" "195.250.26.237" [-,-,-|0.000]Request_Body: "-"
172.69.234.158 - - [19/Sep/2026:20:50:21 +0800] "www.athleticsclothingit.com" "GET /graphql HTTP/1.1" 404 28468 "-" "Mozilla/5.0 (Windows NT 10.0; Win64; x64) AppleWebKit/537.36 (KHTML, like Gecko) Chrome/151.0.0.0 Safari/537.36" "195.250.26.237" [0.001,1.802,1.805|1.804]Request_Body: "-"
172.69.234.168 - - [19/Sep/2026:20:50:22 +0800] "athleticsclothingit.com" "POST /api/graphql HTTP/1.1" 301 166 "-" "Mozilla/5.0 (Windows NT 10.0; Win64; x64) AppleWebKit/537.36 (KHTML, like Gecko) Chrome/151.0.0.0 Safari/537.36" "195.250.26.237" [-,-,-|0.000]Request_Body: "-"
172.69.234.158 - - [19/Sep/2026:20:50:24 +0800] "www.athleticsclothingit.com" "GET /api/graphql HTTP/1.1" 404 28471 "-" "Mozilla/5.0 (Windows NT 10.0; Win64; x64) AppleWebKit/537.36 (KHTML, like Gecko) Chrome/151.0.0.0 Safari/537.36" "195.250.26.237" [0.001,1.607,1.610|1.610]Request_Body: "-"
172.69.234.168 - - [19/Sep/2026:20:50:24 +0800] "athleticsclothingit.com" "GET /?rest_route=/wp/v2/users&_jsonp=callback&per_page=100&_fields=id,slug HTTP/1.1" 301 166 "-" "Mozilla/5.0 (Windows NT 10.0; Win64; x64) AppleWebKit/537.36 (KHTML, like Gecko) Chrome/151.0.0.0 Safari/537.36" "195.250.26.237" [-,-,-|0.000]Request_Body: "-"
172.69.234.158 - - [19/Sep/2026:20:50:27 +0800] "www.athleticsclothingit.com" "GET /?rest_route=/wp/v2/users&_jsonp=callback&per_page=100&_fields=id,slug HTTP/1.1" 200 70 "-" "Mozilla/5.0 (Windows NT 10.0; Win64; x64) AppleWebKit/537.36 (KHTML, like Gecko) Chrome/151.0.0.0 Safari/537.36" "195.250.26.237" [0.003,1.998,1.998|1.998]Request_Body: "-"
108.162.246.139 - - [19/Sep/2026:20:54:41 +0800] "www.athleticsclothingit.com" "GET /product/ldb-oversized-crop-tee-primrose/ HTTP/1.1" 200 41762 "-" "Mozilla/5.0 (compatible; Googlebot/2.1; +http://www.google.com/bot.html)" "66.249.79.76" [0.000,1.666,1.669|1.670]Request_Body: "-"
162.158.41.45 - - [19/Sep/2026:20:58:02 +0800] "www.athleticsclothingit.com" "GET /shop/page/81/?per_page=9&shop_view=grid&per_row=2 HTTP/1.1" 200 37758 "-" "Mozilla/5.0 AppleWebKit/537.36 (KHTML, like Gecko; compatible; bingbot/2.0; +http://www.bing.com/bingbot.htm) Chrome/116.0.1938.76 Safari/537.36" "207.46.13.51" [0.001,1.840,1.843|1.844]Request_Body: "-"
172.64.200.44 - - [19/Sep/2026:21:10:38 +0800] "athleticsclothingit.com" "POST / HTTP/1.1" 301 166 "-" "Mozilla/5.0 (Windows NT 10.0; Win64; x64) AppleWebKit/537.36 (KHTML, like Gecko) Chrome/131.0.0.0 Safari/537.36" "34.118.1.33" [-,-,-|0.000]Request_Body: "-"
172.64.200.79 - - [19/Sep/2026:21:10:38 +0800] "athleticsclothingit.com" "GET /.env.local HTTP/1.1" 301 166 "-" "Mozilla/5.0 (Windows NT 10.0; Win64; x64) AppleWebKit/537.36 (KHTML, like Gecko) Chrome/131.0.0.0 Safari/537.36" "34.118.1.33" [-,-,-|0.000]Request_Body: "-"
172.64.200.79 - - [19/Sep/2026:21:10:38 +0800] "athleticsclothingit.com" "GET /.env.production HTTP/1.1" 301 166 "-" "Mozilla/5.0 (Windows NT 10.0; Win64; x64) AppleWebKit/537.36 (KHTML, like Gecko) Chrome/131.0.0.0 Safari/537.36" "34.118.1.33" [-,-,-|0.000]Request_Body: "-"
172.64.200.44 - - [19/Sep/2026:21:10:38 +0800] "athleticsclothingit.com" "GET /.env.staging HTTP/1.1" 301 166 "-" "Mozilla/5.0 (Windows NT 10.0; Win64; x64) AppleWebKit/537.36 (KHTML, like Gecko) Chrome/131.0.0.0 Safari/537.36" "34.118.1.33" [-,-,-|0.000]Request_Body: "-"
172.64.200.79 - - [19/Sep/2026:21:10:39 +0800] "athleticsclothingit.com" "GET /.env.development HTTP/1.1" 301 166 "-" "Mozilla/5.0 (Windows NT 10.0; Win64; x64) AppleWebKit/537.36 (KHTML, like Gecko) Chrome/131.0.0.0 Safari/537.36" "34.118.1.33" [-,-,-|0.000]Request_Body: "-"
172.64.200.79 - - [19/Sep/2026:21:10:39 +0800] "athleticsclothingit.com" "GET /.env.test HTTP/1.1" 301 166 "-" "Mozilla/5.0 (Windows NT 10.0; Win64; x64) AppleWebKit/537.36 (KHTML, like Gecko) Chrome/131.0.0.0 Safari/537.36" "34.118.1.33" [-,-,-|0.000]Request_Body: "-"
172.64.200.79 - - [19/Sep/2026:21:10:39 +0800] "athleticsclothingit.com" "GET /.env.remote HTTP/1.1" 301 166 "-" "Mozilla/5.0 (Windows NT 10.0; Win64; x64) AppleWebKit/537.36 (KHTML, like Gecko) Chrome/131.0.0.0 Safari/537.36" "34.118.1.33" [-,-,-|0.000]Request_Body: "-"
172.64.200.44 - - [19/Sep/2026:21:10:39 +0800] "athleticsclothingit.com" "GET /.env.bak HTTP/1.1" 301 166 "-" "Mozilla/5.0 (Windows NT 10.0; Win64; x64) AppleWebKit/537.36 (KHTML, like Gecko) Chrome/131.0.0.0 Safari/537.36" "34.118.1.33" [-,-,-|0.000]Request_Body: "-"
172.64.200.79 - - [19/Sep/2026:21:10:40 +0800] "athleticsclothingit.com" "GET /.env.backup HTTP/1.1" 301 166 "-" "Mozilla/5.0 (Windows NT 10.0; Win64; x64) AppleWebKit/537.36 (KHTML, like Gecko) Chrome/131.0.0.0 Safari/537.36" "34.118.1.33" [-,-,-|0.000]Request_Body: "-"
172.64.200.79 - - [19/Sep/2026:21:10:40 +0800] "athleticsclothingit.com" "GET /.env.save HTTP/1.1" 301 166 "-" "Mozilla/5.0 (Windows NT 10.0; Win64; x64) AppleWebKit/537.36 (KHTML, like Gecko) Chrome/131.0.0.0 Safari/537.36" "34.118.1.33" [-,-,-|0.000]Request_Body: "-"
172.64.200.79 - - [19/Sep/2026:21:10:40 +0800] "athleticsclothingit.com" "GET /.env.old HTTP/1.1" 301 166 "-" "Mozilla/5.0 (Windows NT 10.0; Win64; x64) AppleWebKit/537.36 (KHTML, like Gecko) Chrome/131.0.0.0 Safari/537.36" "34.118.1.33" [-,-,-|0.000]Request_Body: "-"
172.64.200.79 - - [19/Sep/2026:21:10:40 +0800] "athleticsclothingit.com" "GET /.env.sample HTTP/1.1" 301 166 "-" "Mozilla/5.0 (Windows NT 10.0; Win64; x64) AppleWebKit/537.36 (KHTML, like Gecko) Chrome/131.0.0.0 Safari/537.36" "34.118.1.33" [-,-,-|0.000]Request_Body: "-"
172.64.200.44 - - [19/Sep/2026:21:10:40 +0800] "athleticsclothingit.com" "GET /.env.example HTTP/1.1" 301 166 "-" "Mozilla/5.0 (Windows NT 10.0; Win64; x64) AppleWebKit/537.36 (KHTML, like Gecko) Chrome/131.0.0.0 Safari/537.36" "34.118.1.33" [-,-,-|0.000]Request_Body: "-"
172.64.200.79 - - [19/Sep/2026:21:10:41 +0800] "athleticsclothingit.com" "GET /.env.dev HTTP/1.1" 301 166 "-" "Mozilla/5.0 (Windows NT 10.0; Win64; x64) AppleWebKit/537.36 (KHTML, like Gecko) Chrome/131.0.0.0 Safari/537.36" "34.118.1.33" [-,-,-|0.000]Request_Body: "-"
172.64.200.79 - - [19/Sep/2026:21:10:41 +0800] "athleticsclothingit.com" "GET /.env.prod HTTP/1.1" 301 166 "-" "Mozilla/5.0 (Windows NT 10.0; Win64; x64) AppleWebKit/537.36 (KHTML, like Gecko) Chrome/131.0.0.0 Safari/537.36" "34.118.1.33" [-,-,-|0.000]Request_Body: "-"
172.64.200.44 - - [19/Sep/2026:21:10:41 +0800] "athleticsclothingit.com" "GET /.env.stage HTTP/1.1" 301 166 "-" "Mozilla/5.0 (Windows NT 10.0; Win64; x64) AppleWebKit/537.36 (KHTML, like Gecko) Chrome/131.0.0.0 Safari/537.36" "34.118.1.33" [-,-,-|0.000]Request_Body: "-"
172.64.200.79 - - [19/Sep/2026:21:10:41 +0800] "athleticsclothingit.com" "GET /.env.ci HTTP/1.1" 301 166 "-" "Mozilla/5.0 (Windows NT 10.0; Win64; x64) AppleWebKit/537.36 (KHTML, like Gecko) Chrome/131.0.0.0 Safari/537.36" "34.118.1.33" [-,-,-|0.000]Request_Body: "-"
172.64.200.79 - - [19/Sep/2026:21:10:41 +0800] "athleticsclothingit.com" "GET /.env.docker HTTP/1.1" 301 166 "-" "Mozilla/5.0 (Windows NT 10.0; Win64; x64) AppleWebKit/537.36 (KHTML, like Gecko) Chrome/131.0.0.0 Safari/537.36" "34.118.1.33" [-,-,-|0.000]Request_Body: "-"
172.64.200.44 - - [19/Sep/2026:21:10:42 +0800] "athleticsclothingit.com" "GET /.env.live HTTP/1.1" 301 166 "-" "Mozilla/5.0 (Windows NT 10.0; Win64; x64) AppleWebKit/537.36 (KHTML, like Gecko) Chrome/131.0.0.0 Safari/537.36" "34.118.1.33" [-,-,-|0.000]Request_Body: "-"
