104.23.166.134 - - [20/Sep/2026:00:29:51 +0800] "www.blackborgs.com" "GET /blog/feed/ HTTP/1.1" 200 884 "http://www.blackborgs.com/blog/feed/" "Mozilla/5.0 (Windows NT 10.0; Win64; x64) AppleWebKit/537.36 (KHTML, like Gecko) Chrome/120.0.0.0 Safari/537.36" "45.148.10.119" [0.001,1.154,1.154|1.154]Request_Body: "-"
172.71.178.66 - - [20/Sep/2026:00:29:51 +0800] "blackborgs.com" "GET /wp/ HTTP/1.1" 301 166 "-" "Mozilla/5.0 (Windows NT 10.0; Win64; x64) AppleWebKit/537.36 (KHTML, like Gecko) Chrome/120.0.0.0 Safari/537.36" "45.148.10.119" [-,-,-|0.000]Request_Body: "-"
172.70.162.86 - - [20/Sep/2026:00:29:51 +0800] "blackborgs.com" "GET /blog/ HTTP/1.1" 301 166 "-" "Mozilla/5.0 (Windows NT 10.0; Win64; x64) AppleWebKit/537.36 (KHTML, like Gecko) Chrome/120.0.0.0 Safari/537.36" "45.148.10.119" [-,-,-|0.000]Request_Body: "-"
104.23.166.134 - - [20/Sep/2026:00:29:53 +0800] "www.blackborgs.com" "GET /wp/ HTTP/1.1" 404 28227 "http://www.blackborgs.com/wp/" "Mozilla/5.0 (Windows NT 10.0; Win64; x64) AppleWebKit/537.36 (KHTML, like Gecko) Chrome/120.0.0.0 Safari/537.36" "45.148.10.119" [0.001,1.811,1.814|1.814]Request_Body: "-"
104.23.166.134 - - [20/Sep/2026:00:29:53 +0800] "www.blackborgs.com" "GET /blog/ HTTP/1.1" 200 28748 "http://www.blackborgs.com/blog/" "Mozilla/5.0 (Windows NT 10.0; Win64; x64) AppleWebKit/537.36 (KHTML, like Gecko) Chrome/120.0.0.0 Safari/537.36" "45.148.10.119" [0.000,1.820,1.823|1.823]Request_Body: "-"
172.70.160.234 - - [20/Sep/2026:00:29:54 +0800] "blackborgs.com" "POST /blog/index.php?rest_route=/batch/v1 HTTP/1.1" 301 166 "-" "Mozilla/5.0 (Windows NT 10.0; Win64; x64) AppleWebKit/537.36 (KHTML, like Gecko) Chrome/120.0.0.0 Safari/537.36" "45.148.10.119" [-,-,-|0.000]Request_Body: "-"
172.70.160.235 - - [20/Sep/2026:00:29:55 +0800] "blackborgs.com" "POST /wp/index.php?rest_route=/batch/v1 HTTP/1.1" 301 166 "-" "Mozilla/5.0 (Windows NT 10.0; Win64; x64) AppleWebKit/537.36 (KHTML, like Gecko) Chrome/120.0.0.0 Safari/537.36" "45.148.10.119" [-,-,-|0.000]Request_Body: "-"
104.23.166.134 - - [20/Sep/2026:00:29:55 +0800] "www.blackborgs.com" "GET /blog/index.php?rest_route=/batch/v1 HTTP/1.1" 403 552 "http://www.blackborgs.com/blog/index.php?rest_route=/batch/v1" "Mozilla/5.0 (Windows NT 10.0; Win64; x64) AppleWebKit/537.36 (KHTML, like Gecko) Chrome/120.0.0.0 Safari/537.36" "45.148.10.119" [-,-,-|0.000]Request_Body: "-"
104.23.166.134 - - [20/Sep/2026:00:29:55 +0800] "www.blackborgs.com" "GET /wp/index.php?rest_route=/batch/v1 HTTP/1.1" 403 552 "http://www.blackborgs.com/wp/index.php?rest_route=/batch/v1" "Mozilla/5.0 (Windows NT 10.0; Win64; x64) AppleWebKit/537.36 (KHTML, like Gecko) Chrome/120.0.0.0 Safari/537.36" "45.148.10.119" [-,-,-|0.000]Request_Body: "-"
172.70.160.234 - - [20/Sep/2026:00:29:55 +0800] "blackborgs.com" "POST /blog/index.php?rest_route=%2Fbatch%2Fv1 HTTP/1.1" 301 166 "-" "Mozilla/5.0 (Windows NT 10.0; Win64; x64) AppleWebKit/537.36 (KHTML, like Gecko) Chrome/120.0.0.0 Safari/537.36" "45.148.10.119" [-,-,-|0.000]Request_Body: "-"
172.70.160.235 - - [20/Sep/2026:00:29:55 +0800] "blackborgs.com" "POST /wp/index.php?rest_route=%2Fbatch%2Fv1 HTTP/1.1" 301 166 "-" "Mozilla/5.0 (Windows NT 10.0; Win64; x64) AppleWebKit/537.36 (KHTML, like Gecko) Chrome/120.0.0.0 Safari/537.36" "45.148.10.119" [-,-,-|0.000]Request_Body: "-"
104.23.166.134 - - [20/Sep/2026:00:29:55 +0800] "www.blackborgs.com" "GET /blog/index.php?rest_route=%2Fbatch%2Fv1 HTTP/1.1" 403 552 "http://www.blackborgs.com/blog/index.php?rest_route=%2Fbatch%2Fv1" "Mozilla/5.0 (Windows NT 10.0; Win64; x64) AppleWebKit/537.36 (KHTML, like Gecko) Chrome/120.0.0.0 Safari/537.36" "45.148.10.119" [-,-,-|0.000]Request_Body: "-"
172.70.162.86 - - [20/Sep/2026:00:29:55 +0800] "blackborgs.com" "POST /blog/?rest_route=%2Fbatch%2Fv1 HTTP/1.1" 301 166 "-" "Mozilla/5.0 (Windows NT 10.0; Win64; x64) AppleWebKit/537.36 (KHTML, like Gecko) Chrome/120.0.0.0 Safari/537.36" "45.148.10.119" [-,-,-|0.000]Request_Body: "-"
104.23.166.134 - - [20/Sep/2026:00:29:55 +0800] "www.blackborgs.com" "GET /wp/index.php?rest_route=%2Fbatch%2Fv1 HTTP/1.1" 403 552 "http://www.blackborgs.com/wp/index.php?rest_route=%2Fbatch%2Fv1" "Mozilla/5.0 (Windows NT 10.0; Win64; x64) AppleWebKit/537.36 (KHTML, like Gecko) Chrome/120.0.0.0 Safari/537.36" "45.148.10.119" [-,-,-|0.000]Request_Body: "-"
172.70.160.234 - - [20/Sep/2026:00:29:55 +0800] "blackborgs.com" "POST /wp/?rest_route=%2Fbatch%2Fv1 HTTP/1.1" 301 166 "-" "Mozilla/5.0 (Windows NT 10.0; Win64; x64) AppleWebKit/537.36 (KHTML, like Gecko) Chrome/120.0.0.0 Safari/537.36" "45.148.10.119" [-,-,-|0.000]Request_Body: "-"
104.23.166.134 - - [20/Sep/2026:00:29:57 +0800] "www.blackborgs.com" "GET /wp/?rest_route=%2Fbatch%2Fv1 HTTP/1.1" 404 125 "http://www.blackborgs.com/wp/?rest_route=%2Fbatch%2Fv1" "Mozilla/5.0 (Windows NT 10.0; Win64; x64) AppleWebKit/537.36 (KHTML, like Gecko) Chrome/120.0.0.0 Safari/537.36" "45.148.10.119" [0.000,1.596,1.596|1.596]Request_Body: "-"
104.23.166.134 - - [20/Sep/2026:00:29:57 +0800] "www.blackborgs.com" "GET /blog/?rest_route=%2Fbatch%2Fv1 HTTP/1.1" 404 125 "http://www.blackborgs.com/blog/?rest_route=%2Fbatch%2Fv1" "Mozilla/5.0 (Windows NT 10.0; Win64; x64) AppleWebKit/537.36 (KHTML, like Gecko) Chrome/120.0.0.0 Safari/537.36" "45.148.10.119" [0.001,1.778,1.778|1.778]Request_Body: "-"
172.70.160.235 - - [20/Sep/2026:00:29:57 +0800] "blackborgs.com" "POST /wp/?rest_route=/batch%2Fv1 HTTP/1.1" 301 166 "-" "Mozilla/5.0 (Windows NT 10.0; Win64; x64) AppleWebKit/537.36 (KHTML, like Gecko) Chrome/120.0.0.0 Safari/537.36" "45.148.10.119" [-,-,-|0.000]Request_Body: "-"
172.70.160.234 - - [20/Sep/2026:00:29:57 +0800] "blackborgs.com" "POST /blog/?rest_route=/batch%2Fv1 HTTP/1.1" 301 166 "-" "Mozilla/5.0 (Windows NT 10.0; Win64; x64) AppleWebKit/537.36 (KHTML, like Gecko) Chrome/120.0.0.0 Safari/537.36" "45.148.10.119" [-,-,-|0.000]Request_Body: "-"
104.23.166.134 - - [20/Sep/2026:00:29:59 +0800] "www.blackborgs.com" "GET /blog/?rest_route=/batch%2Fv1 HTTP/1.1" 404 125 "http://www.blackborgs.com/blog/?rest_route=/batch%2Fv1" "Mozilla/5.0 (Windows NT 10.0; Win64; x64) AppleWebKit/537.36 (KHTML, like Gecko) Chrome/120.0.0.0 Safari/537.36" "45.148.10.119" [0.000,1.745,1.745|1.745]Request_Body: "-"
104.23.166.134 - - [20/Sep/2026:00:29:59 +0800] "www.blackborgs.com" "GET /wp/?rest_route=/batch%2Fv1 HTTP/1.1" 404 125 "http://www.blackborgs.com/wp/?rest_route=/batch%2Fv1" "Mozilla/5.0 (Windows NT 10.0; Win64; x64) AppleWebKit/537.36 (KHTML, like Gecko) Chrome/120.0.0.0 Safari/537.36" "45.148.10.119" [0.001,1.817,1.817|1.817]Request_Body: "-"
172.70.160.235 - - [20/Sep/2026:00:29:59 +0800] "blackborgs.com" "POST /blog/?rest_route=/batch/v1 HTTP/1.1" 301 166 "-" "Mozilla/5.0 (Windows NT 10.0; Win64; x64) AppleWebKit/537.36 (KHTML, like Gecko) Chrome/120.0.0.0 Safari/537.36" "45.148.10.119" [-,-,-|0.000]Request_Body: "-"
172.70.160.234 - - [20/Sep/2026:00:29:59 +0800] "blackborgs.com" "POST /wp/?rest_route=/batch/v1 HTTP/1.1" 301 166 "-" "Mozilla/5.0 (Windows NT 10.0; Win64; x64) AppleWebKit/537.36 (KHTML, like Gecko) Chrome/120.0.0.0 Safari/537.36" "45.148.10.119" [-,-,-|0.001]Request_Body: "-"
104.23.166.134 - - [20/Sep/2026:00:30:01 +0800] "www.blackborgs.com" "GET /blog/?rest_route=/batch/v1 HTTP/1.1" 404 125 "http://www.blackborgs.com/blog/?rest_route=/batch/v1" "Mozilla/5.0 (Windows NT 10.0; Win64; x64) AppleWebKit/537.36 (KHTML, like Gecko) Chrome/120.0.0.0 Safari/537.36" "45.148.10.119" [0.000,1.303,1.303|1.304]Request_Body: "-"
172.70.160.235 - - [20/Sep/2026:00:30:01 +0800] "blackborgs.com" "POST /blog/wp-json/batch/v1 HTTP/1.1" 301 166 "-" "Mozilla/5.0 (Windows NT 10.0; Win64; x64) AppleWebKit/537.36 (KHTML, like Gecko) Chrome/120.0.0.0 Safari/537.36" "45.148.10.119" [-,-,-|0.000]Request_Body: "-"
104.23.166.134 - - [20/Sep/2026:00:30:01 +0800] "www.blackborgs.com" "GET /wp/?rest_route=/batch/v1 HTTP/1.1" 404 125 "http://www.blackborgs.com/wp/?rest_route=/batch/v1" "Mozilla/5.0 (Windows NT 10.0; Win64; x64) AppleWebKit/537.36 (KHTML, like Gecko) Chrome/120.0.0.0 Safari/537.36" "45.148.10.119" [0.001,1.383,1.383|1.383]Request_Body: "-"
172.70.160.234 - - [20/Sep/2026:00:30:01 +0800] "blackborgs.com" "POST /wp/wp-json/batch/v1 HTTP/1.1" 301 166 "-" "Mozilla/5.0 (Windows NT 10.0; Win64; x64) AppleWebKit/537.36 (KHTML, like Gecko) Chrome/120.0.0.0 Safari/537.36" "45.148.10.119" [-,-,-|0.000]Request_Body: "-"
104.23.166.134 - - [20/Sep/2026:00:30:03 +0800] "www.blackborgs.com" "GET /blog/wp-json/batch/v1 HTTP/1.1" 404 28009 "http://www.blackborgs.com/blog/wp-json/batch/v1" "Mozilla/5.0 (Windows NT 10.0; Win64; x64) AppleWebKit/537.36 (KHTML, like Gecko) Chrome/120.0.0.0 Safari/537.36" "45.148.10.119" [0.000,1.801,1.805|1.805]Request_Body: "-"
104.23.166.134 - - [20/Sep/2026:00:30:03 +0800] "www.blackborgs.com" "GET /wp/wp-json/batch/v1 HTTP/1.1" 404 28006 "http://www.blackborgs.com/wp/wp-json/batch/v1" "Mozilla/5.0 (Windows NT 10.0; Win64; x64) AppleWebKit/537.36 (KHTML, like Gecko) Chrome/120.0.0.0 Safari/537.36" "45.148.10.119" [0.000,1.765,1.768|1.768]Request_Body: "-"
172.70.160.235 - - [20/Sep/2026:00:30:03 +0800] "blackborgs.com" "POST /blog/wp-json/Batch/v1 HTTP/1.1" 301 166 "-" "Mozilla/5.0 (Windows NT 10.0; Win64; x64) AppleWebKit/537.36 (KHTML, like Gecko) Chrome/120.0.0.0 Safari/537.36" "45.148.10.119" [-,-,-|0.000]Request_Body: "-"
172.70.160.234 - - [20/Sep/2026:00:30:03 +0800] "blackborgs.com" "POST /wp/wp-json/Batch/v1 HTTP/1.1" 301 166 "-" "Mozilla/5.0 (Windows NT 10.0; Win64; x64) AppleWebKit/537.36 (KHTML, like Gecko) Chrome/120.0.0.0 Safari/537.36" "45.148.10.119" [-,-,-|0.000]Request_Body: "-"
104.23.166.134 - - [20/Sep/2026:00:30:05 +0800] "www.blackborgs.com" "GET /blog/wp-json/Batch/v1 HTTP/1.1" 404 28009 "http://www.blackborgs.com/blog/wp-json/Batch/v1" "Mozilla/5.0 (Windows NT 10.0; Win64; x64) AppleWebKit/537.36 (KHTML, like Gecko) Chrome/120.0.0.0 Safari/537.36" "45.148.10.119" [0.002,1.657,1.662|1.662]Request_Body: "-"
104.23.166.134 - - [20/Sep/2026:00:30:05 +0800] "www.blackborgs.com" "GET /wp/wp-json/Batch/v1 HTTP/1.1" 404 28006 "http://www.blackborgs.com/wp/wp-json/Batch/v1" "Mozilla/5.0 (Windows NT 10.0; Win64; x64) AppleWebKit/537.36 (KHTML, like Gecko) Chrome/120.0.0.0 Safari/537.36" "45.148.10.119" [0.001,1.608,1.611|1.611]Request_Body: "-"
172.70.160.235 - - [20/Sep/2026:00:30:05 +0800] "blackborgs.com" "POST /blog//wp-json/batch/v1 HTTP/1.1" 301 166 "-" "Mozilla/5.0 (Windows NT 10.0; Win64; x64) AppleWebKit/537.36 (KHTML, like Gecko) Chrome/120.0.0.0 Safari/537.36" "45.148.10.119" [-,-,-|0.000]Request_Body: "-"
172.70.160.234 - - [20/Sep/2026:00:30:06 +0800] "blackborgs.com" "POST /wp//wp-json/batch/v1 HTTP/1.1" 301 166 "-" "Mozilla/5.0 (Windows NT 10.0; Win64; x64) AppleWebKit/537.36 (KHTML, like Gecko) Chrome/120.0.0.0 Safari/537.36" "45.148.10.119" [-,-,-|0.000]Request_Body: "-"
104.23.166.134 - - [20/Sep/2026:00:30:07 +0800] "www.blackborgs.com" "GET /blog//wp-json/batch/v1 HTTP/1.1" 301 5 "http://www.blackborgs.com/blog//wp-json/batch/v1" "Mozilla/5.0 (Windows NT 10.0; Win64; x64) AppleWebKit/537.36 (KHTML, like Gecko) Chrome/120.0.0.0 Safari/537.36" "45.148.10.119" [0.000,1.398,1.398|1.398]Request_Body: "-"
104.23.166.134 - - [20/Sep/2026:00:30:07 +0800] "www.blackborgs.com" "GET /wp//wp-json/batch/v1 HTTP/1.1" 301 5 "http://www.blackborgs.com/wp//wp-json/batch/v1" "Mozilla/5.0 (Windows NT 10.0; Win64; x64) AppleWebKit/537.36 (KHTML, like Gecko) Chrome/120.0.0.0 Safari/537.36" "45.148.10.119" [0.000,1.439,1.439|1.439]Request_Body: "-"
104.23.166.134 - - [20/Sep/2026:00:30:09 +0800] "www.blackborgs.com" "GET /blog/wp-json/batch/v1 HTTP/1.1" 404 28009 "https://www.blackborgs.com/blog//wp-json/batch/v1" "Mozilla/5.0 (Windows NT 10.0; Win64; x64) AppleWebKit/537.36 (KHTML, like Gecko) Chrome/120.0.0.0 Safari/537.36" "45.148.10.119" [0.001,1.402,1.405|1.405]Request_Body: "-"
104.23.166.134 - - [20/Sep/2026:00:30:09 +0800] "www.blackborgs.com" "GET /wp/wp-json/batch/v1 HTTP/1.1" 404 28006 "https://www.blackborgs.com/wp//wp-json/batch/v1" "Mozilla/5.0 (Windows NT 10.0; Win64; x64) AppleWebKit/537.36 (KHTML, like Gecko) Chrome/120.0.0.0 Safari/537.36" "45.148.10.119" [0.001,1.407,1.409|1.409]Request_Body: "-"
172.70.160.235 - - [20/Sep/2026:00:30:09 +0800] "blackborgs.com" "POST /blog/wp-json/batch/v1/ HTTP/1.1" 301 166 "-" "Mozilla/5.0 (Windows NT 10.0; Win64; x64) AppleWebKit/537.36 (KHTML, like Gecko) Chrome/120.0.0.0 Safari/537.36" "45.148.10.119" [-,-,-|0.000]Request_Body: "-"
172.70.160.234 - - [20/Sep/2026:00:30:09 +0800] "blackborgs.com" "POST /wp/wp-json/batch/v1/ HTTP/1.1" 301 166 "-" "Mozilla/5.0 (Windows NT 10.0; Win64; x64) AppleWebKit/537.36 (KHTML, like Gecko) Chrome/120.0.0.0 Safari/537.36" "45.148.10.119" [-,-,-|0.000]Request_Body: "-"
104.23.166.134 - - [20/Sep/2026:00:30:11 +0800] "www.blackborgs.com" "GET /blog/wp-json/batch/v1/ HTTP/1.1" 404 28010 "http://www.blackborgs.com/blog/wp-json/batch/v1/" "Mozilla/5.0 (Windows NT 10.0; Win64; x64) AppleWebKit/537.36 (KHTML, like Gecko) Chrome/120.0.0.0 Safari/537.36" "45.148.10.119" [0.001,1.563,1.566|1.566]Request_Body: "-"
104.23.166.134 - - [20/Sep/2026:00:30:11 +0800] "www.blackborgs.com" "GET /wp/wp-json/batch/v1/ HTTP/1.1" 404 28009 "http://www.blackborgs.com/wp/wp-json/batch/v1/" "Mozilla/5.0 (Windows NT 10.0; Win64; x64) AppleWebKit/537.36 (KHTML, like Gecko) Chrome/120.0.0.0 Safari/537.36" "45.148.10.119" [0.001,1.581,1.584|1.584]Request_Body: "-"
172.70.160.235 - - [20/Sep/2026:00:30:14 +0800] "blackborgs.com" "POST /blog/blog/wp-json/batch/v1 HTTP/1.1" 301 166 "-" "Mozilla/5.0 (Windows NT 10.0; Win64; x64) AppleWebKit/537.36 (KHTML, like Gecko) Chrome/120.0.0.0 Safari/537.36" "45.148.10.119" [-,-,-|0.000]Request_Body: "-"
172.70.160.234 - - [20/Sep/2026:00:30:14 +0800] "blackborgs.com" "POST /wp/blog/wp-json/batch/v1 HTTP/1.1" 301 166 "-" "Mozilla/5.0 (Windows NT 10.0; Win64; x64) AppleWebKit/537.36 (KHTML, like Gecko) Chrome/120.0.0.0 Safari/537.36" "45.148.10.119" [-,-,-|0.000]Request_Body: "-"
104.23.166.134 - - [20/Sep/2026:00:30:15 +0800] "www.blackborgs.com" "GET /wp/blog/wp-json/batch/v1 HTTP/1.1" 404 28011 "http://www.blackborgs.com/wp/blog/wp-json/batch/v1" "Mozilla/5.0 (Windows NT 10.0; Win64; x64) AppleWebKit/537.36 (KHTML, like Gecko) Chrome/120.0.0.0 Safari/537.36" "45.148.10.119" [0.001,1.563,1.566|1.566]Request_Body: "-"
104.23.166.134 - - [20/Sep/2026:00:30:16 +0800] "www.blackborgs.com" "GET /blog/blog/wp-json/batch/v1 HTTP/1.1" 404 28011 "http://www.blackborgs.com/blog/blog/wp-json/batch/v1" "Mozilla/5.0 (Windows NT 10.0; Win64; x64) AppleWebKit/537.36 (KHTML, like Gecko) Chrome/120.0.0.0 Safari/537.36" "45.148.10.119" [0.001,1.722,1.724|1.724]Request_Body: "-"
172.70.160.235 - - [20/Sep/2026:00:30:16 +0800] "blackborgs.com" "POST /blog/index.php?rest_route=/batch/v1 HTTP/1.1" 301 166 "https://blackborgs.com/blog/wp-admin/" "Mozilla/5.0 (Windows NT 10.0; Win64; x64) AppleWebKit/537.36 (KHTML, like Gecko) Chrome/120.0.0.0 Safari/537.36" "127.0.0.1,45.148.10.119" [-,-,-|0.000]Request_Body: "-"
172.70.160.234 - - [20/Sep/2026:00:30:16 +0800] "blackborgs.com" "POST /wp/index.php?rest_route=/batch/v1 HTTP/1.1" 301 166 "https://blackborgs.com/wp/wp-admin/" "Mozilla/5.0 (Windows NT 10.0; Win64; x64) AppleWebKit/537.36 (KHTML, like Gecko) Chrome/120.0.0.0 Safari/537.36" "127.0.0.1,45.148.10.119" [-,-,-|0.000]Request_Body: "-"
104.23.166.134 - - [20/Sep/2026:00:30:16 +0800] "www.blackborgs.com" "GET /blog/index.php?rest_route=/batch/v1 HTTP/1.1" 403 552 "https://blackborgs.com/blog/wp-admin/" "Mozilla/5.0 (Windows NT 10.0; Win64; x64) AppleWebKit/537.36 (KHTML, like Gecko) Chrome/120.0.0.0 Safari/537.36" "127.0.0.1,45.148.10.119" [-,-,-|0.000]Request_Body: "-"
104.23.166.134 - - [20/Sep/2026:00:30:16 +0800] "www.blackborgs.com" "GET /wp/index.php?rest_route=/batch/v1 HTTP/1.1" 403 552 "https://blackborgs.com/wp/wp-admin/" "Mozilla/5.0 (Windows NT 10.0; Win64; x64) AppleWebKit/537.36 (KHTML, like Gecko) Chrome/120.0.0.0 Safari/537.36" "127.0.0.1,45.148.10.119" [-,-,-|0.000]Request_Body: "-"
172.70.160.235 - - [20/Sep/2026:00:30:16 +0800] "blackborgs.com" "POST /blog/index.php?rest_route=%2Fbatch%2Fv1 HTTP/1.1" 301 166 "https://blackborgs.com/blog/wp-admin/" "Mozilla/5.0 (Windows NT 10.0; Win64; x64) AppleWebKit/537.36 (KHTML, like Gecko) Chrome/120.0.0.0 Safari/537.36" "127.0.0.1,45.148.10.119" [-,-,-|0.000]Request_Body: "-"
104.23.166.134 - - [20/Sep/2026:00:30:17 +0800] "www.blackborgs.com" "GET /blog/index.php?rest_route=%2Fbatch%2Fv1 HTTP/1.1" 403 552 "https://blackborgs.com/blog/wp-admin/" "Mozilla/5.0 (Windows NT 10.0; Win64; x64) AppleWebKit/537.36 (KHTML, like Gecko) Chrome/120.0.0.0 Safari/537.36" "127.0.0.1,45.148.10.119" [-,-,-|0.000]Request_Body: "-"
172.70.160.234 - - [20/Sep/2026:00:30:17 +0800] "blackborgs.com" "POST /wp/index.php?rest_route=%2Fbatch%2Fv1 HTTP/1.1" 301 166 "https://blackborgs.com/wp/wp-admin/" "Mozilla/5.0 (Windows NT 10.0; Win64; x64) AppleWebKit/537.36 (KHTML, like Gecko) Chrome/120.0.0.0 Safari/537.36" "127.0.0.1,45.148.10.119" [-,-,-|0.000]Request_Body: "-"
172.70.160.235 - - [20/Sep/2026:00:30:17 +0800] "blackborgs.com" "POST /blog/?rest_route=%2Fbatch%2Fv1 HTTP/1.1" 301 166 "https://blackborgs.com/blog/wp-admin/" "Mozilla/5.0 (Windows NT 10.0; Win64; x64) AppleWebKit/537.36 (KHTML, like Gecko) Chrome/120.0.0.0 Safari/537.36" "127.0.0.1,45.148.10.119" [-,-,-|0.000]Request_Body: "-"
104.23.166.134 - - [20/Sep/2026:00:30:17 +0800] "www.blackborgs.com" "GET /wp/index.php?rest_route=%2Fbatch%2Fv1 HTTP/1.1" 403 552 "https://blackborgs.com/wp/wp-admin/" "Mozilla/5.0 (Windows NT 10.0; Win64; x64) AppleWebKit/537.36 (KHTML, like Gecko) Chrome/120.0.0.0 Safari/537.36" "127.0.0.1,45.148.10.119" [-,-,-|0.000]Request_Body: "-"
172.70.160.234 - - [20/Sep/2026:00:30:17 +0800] "blackborgs.com" "POST /wp/?rest_route=%2Fbatch%2Fv1 HTTP/1.1" 301 166 "https://blackborgs.com/wp/wp-admin/" "Mozilla/5.0 (Windows NT 10.0; Win64; x64) AppleWebKit/537.36 (KHTML, like Gecko) Chrome/120.0.0.0 Safari/537.36" "127.0.0.1,45.148.10.119" [-,-,-|0.000]Request_Body: "-"
104.23.166.134 - - [20/Sep/2026:00:30:19 +0800] "www.blackborgs.com" "GET /blog/?rest_route=%2Fbatch%2Fv1 HTTP/1.1" 404 125 "https://blackborgs.com/blog/wp-admin/" "Mozilla/5.0 (Windows NT 10.0; Win64; x64) AppleWebKit/537.36 (KHTML, like Gecko) Chrome/120.0.0.0 Safari/537.36" "127.0.0.1,45.148.10.119" [0.001,1.574,1.574|1.575]Request_Body: "-"
172.70.160.235 - - [20/Sep/2026:00:30:19 +0800] "blackborgs.com" "POST /blog/?rest_route=/batch%2Fv1 HTTP/1.1" 301 166 "https://blackborgs.com/blog/wp-admin/" "Mozilla/5.0 (Windows NT 10.0; Win64; x64) AppleWebKit/537.36 (KHTML, like Gecko) Chrome/120.0.0.0 Safari/537.36" "127.0.0.1,45.148.10.119" [-,-,-|0.000]Request_Body: "-"
104.23.166.134 - - [20/Sep/2026:00:30:19 +0800] "www.blackborgs.com" "GET /wp/?rest_route=%2Fbatch%2Fv1 HTTP/1.1" 404 125 "https://blackborgs.com/wp/wp-admin/" "Mozilla/5.0 (Windows NT 10.0; Win64; x64) AppleWebKit/537.36 (KHTML, like Gecko) Chrome/120.0.0.0 Safari/537.36" "127.0.0.1,45.148.10.119" [0.001,1.773,1.773|1.773]Request_Body: "-"
172.70.160.234 - - [20/Sep/2026:00:30:19 +0800] "blackborgs.com" "POST /wp/?rest_route=/batch%2Fv1 HTTP/1.1" 301 166 "https://blackborgs.com/wp/wp-admin/" "Mozilla/5.0 (Windows NT 10.0; Win64; x64) AppleWebKit/537.36 (KHTML, like Gecko) Chrome/120.0.0.0 Safari/537.36" "127.0.0.1,45.148.10.119" [-,-,-|0.001]Request_Body: "-"
104.23.166.134 - - [20/Sep/2026:00:30:21 +0800] "www.blackborgs.com" "GET /blog/?rest_route=/batch%2Fv1 HTTP/1.1" 404 125 "https://blackborgs.com/blog/wp-admin/" "Mozilla/5.0 (Windows NT 10.0; Win64; x64) AppleWebKit/537.36 (KHTML, like Gecko) Chrome/120.0.0.0 Safari/537.36" "127.0.0.1,45.148.10.119" [0.001,1.627,1.627|1.627]Request_Body: "-"
104.23.166.134 - - [20/Sep/2026:00:30:21 +0800] "www.blackborgs.com" "GET /wp/?rest_route=/batch%2Fv1 HTTP/1.1" 404 125 "https://blackborgs.com/wp/wp-admin/" "Mozilla/5.0 (Windows NT 10.0; Win64; x64) AppleWebKit/537.36 (KHTML, like Gecko) Chrome/120.0.0.0 Safari/537.36" "127.0.0.1,45.148.10.119" [0.001,1.346,1.346|1.346]Request_Body: "-"
172.70.160.235 - - [20/Sep/2026:00:30:21 +0800] "blackborgs.com" "POST /blog/?rest_route=/batch/v1 HTTP/1.1" 301 166 "https://blackborgs.com/blog/wp-admin/" "Mozilla/5.0 (Windows NT 10.0; Win64; x64) AppleWebKit/537.36 (KHTML, like Gecko) Chrome/120.0.0.0 Safari/537.36" "127.0.0.1,45.148.10.119" [-,-,-|0.000]Request_Body: "-"
172.70.160.234 - - [20/Sep/2026:00:30:21 +0800] "blackborgs.com" "POST /wp/?rest_route=/batch/v1 HTTP/1.1" 301 166 "https://blackborgs.com/wp/wp-admin/" "Mozilla/5.0 (Windows NT 10.0; Win64; x64) AppleWebKit/537.36 (KHTML, like Gecko) Chrome/120.0.0.0 Safari/537.36" "127.0.0.1,45.148.10.119" [-,-,-|0.000]Request_Body: "-"
104.23.166.134 - - [20/Sep/2026:00:30:25 +0800] "www.blackborgs.com" "GET /blog/?rest_route=/batch/v1 HTTP/1.1" 404 125 "https://blackborgs.com/blog/wp-admin/" "Mozilla/5.0 (Windows NT 10.0; Win64; x64) AppleWebKit/537.36 (KHTML, like Gecko) Chrome/120.0.0.0 Safari/537.36" "127.0.0.1,45.148.10.119" [0.001,1.411,1.411|1.411]Request_Body: "-"
172.70.160.235 - - [20/Sep/2026:00:30:25 +0800] "blackborgs.com" "POST /blog/wp-json/batch/v1 HTTP/1.1" 301 166 "https://blackborgs.com/blog/wp-admin/" "Mozilla/5.0 (Windows NT 10.0; Win64; x64) AppleWebKit/537.36 (KHTML, like Gecko) Chrome/120.0.0.0 Safari/537.36" "127.0.0.1,45.148.10.119" [-,-,-|0.000]Request_Body: "-"
104.23.166.134 - - [20/Sep/2026:00:30:25 +0800] "www.blackborgs.com" "GET /wp/?rest_route=/batch/v1 HTTP/1.1" 404 125 "https://blackborgs.com/wp/wp-admin/" "Mozilla/5.0 (Windows NT 10.0; Win64; x64) AppleWebKit/537.36 (KHTML, like Gecko) Chrome/120.0.0.0 Safari/537.36" "127.0.0.1,45.148.10.119" [0.001,1.508,1.508|1.509]Request_Body: "-"
172.70.160.234 - - [20/Sep/2026:00:30:25 +0800] "blackborgs.com" "POST /wp/wp-json/batch/v1 HTTP/1.1" 301 166 "https://blackborgs.com/wp/wp-admin/" "Mozilla/5.0 (Windows NT 10.0; Win64; x64) AppleWebKit/537.36 (KHTML, like Gecko) Chrome/120.0.0.0 Safari/537.36" "127.0.0.1,45.148.10.119" [-,-,-|0.000]Request_Body: "-"
104.23.166.134 - - [20/Sep/2026:00:30:26 +0800] "www.blackborgs.com" "GET /blog/wp-json/batch/v1 HTTP/1.1" 404 28009 "https://blackborgs.com/blog/wp-admin/" "Mozilla/5.0 (Windows NT 10.0; Win64; x64) AppleWebKit/537.36 (KHTML, like Gecko) Chrome/120.0.0.0 Safari/537.36" "127.0.0.1,45.148.10.119" [0.000,1.526,1.532|1.532]Request_Body: "-"
172.70.160.235 - - [20/Sep/2026:00:30:27 +0800] "blackborgs.com" "POST /blog/wp-json/Batch/v1 HTTP/1.1" 301 166 "https://blackborgs.com/blog/wp-admin/" "Mozilla/5.0 (Windows NT 10.0; Win64; x64) AppleWebKit/537.36 (KHTML, like Gecko) Chrome/120.0.0.0 Safari/537.36" "127.0.0.1,45.148.10.119" [-,-,-|0.000]Request_Body: "-"
104.23.166.134 - - [20/Sep/2026:00:30:28 +0800] "www.blackborgs.com" "GET /wp/wp-json/batch/v1 HTTP/1.1" 404 28006 "https://blackborgs.com/wp/wp-admin/" "Mozilla/5.0 (Windows NT 10.0; Win64; x64) AppleWebKit/537.36 (KHTML, like Gecko) Chrome/120.0.0.0 Safari/537.36" "127.0.0.1,45.148.10.119" [0.001,1.815,1.818|1.818]Request_Body: "-"
172.70.160.234 - - [20/Sep/2026:00:30:28 +0800] "blackborgs.com" "POST /wp/wp-json/Batch/v1 HTTP/1.1" 301 166 "https://blackborgs.com/wp/wp-admin/" "Mozilla/5.0 (Windows NT 10.0; Win64; x64) AppleWebKit/537.36 (KHTML, like Gecko) Chrome/120.0.0.0 Safari/537.36" "127.0.0.1,45.148.10.119" [-,-,-|0.000]Request_Body: "-"
104.23.166.134 - - [20/Sep/2026:00:30:29 +0800] "www.blackborgs.com" "GET /blog/wp-json/Batch/v1 HTTP/1.1" 404 28009 "https://blackborgs.com/blog/wp-admin/" "Mozilla/5.0 (Windows NT 10.0; Win64; x64) AppleWebKit/537.36 (KHTML, like Gecko) Chrome/120.0.0.0 Safari/537.36" "127.0.0.1,45.148.10.119" [0.000,1.800,1.802|1.802]Request_Body: "-"
172.70.160.235 - - [20/Sep/2026:00:30:29 +0800] "blackborgs.com" "POST /blog//wp-json/batch/v1 HTTP/1.1" 301 166 "https://blackborgs.com/blog/wp-admin/" "Mozilla/5.0 (Windows NT 10.0; Win64; x64) AppleWebKit/537.36 (KHTML, like Gecko) Chrome/120.0.0.0 Safari/537.36" "127.0.0.1,45.148.10.119" [-,-,-|0.000]Request_Body: "-"
104.23.166.134 - - [20/Sep/2026:00:30:30 +0800] "www.blackborgs.com" "GET /wp/wp-json/Batch/v1 HTTP/1.1" 404 28006 "https://blackborgs.com/wp/wp-admin/" "Mozilla/5.0 (Windows NT 10.0; Win64; x64) AppleWebKit/537.36 (KHTML, like Gecko) Chrome/120.0.0.0 Safari/537.36" "127.0.0.1,45.148.10.119" [0.000,1.858,1.861|1.861]Request_Body: "-"
172.70.160.234 - - [20/Sep/2026:00:30:30 +0800] "blackborgs.com" "POST /wp//wp-json/batch/v1 HTTP/1.1" 301 166 "https://blackborgs.com/wp/wp-admin/" "Mozilla/5.0 (Windows NT 10.0; Win64; x64) AppleWebKit/537.36 (KHTML, like Gecko) Chrome/120.0.0.0 Safari/537.36" "127.0.0.1,45.148.10.119" [-,-,-|0.000]Request_Body: "-"
104.23.166.134 - - [20/Sep/2026:00:30:31 +0800] "www.blackborgs.com" "GET /blog//wp-json/batch/v1 HTTP/1.1" 301 5 "https://blackborgs.com/blog/wp-admin/" "Mozilla/5.0 (Windows NT 10.0; Win64; x64) AppleWebKit/537.36 (KHTML, like Gecko) Chrome/120.0.0.0 Safari/537.36" "127.0.0.1,45.148.10.119" [0.000,1.347,1.347|1.347]Request_Body: "-"
104.23.166.134 - - [20/Sep/2026:00:30:32 +0800] "www.blackborgs.com" "GET /wp//wp-json/batch/v1 HTTP/1.1" 301 5 "https://blackborgs.com/wp/wp-admin/" "Mozilla/5.0 (Windows NT 10.0; Win64; x64) AppleWebKit/537.36 (KHTML, like Gecko) Chrome/120.0.0.0 Safari/537.36" "127.0.0.1,45.148.10.119" [0.005,1.201,1.201|1.201]Request_Body: "-"
104.23.166.134 - - [20/Sep/2026:00:30:33 +0800] "www.blackborgs.com" "GET /blog/wp-json/batch/v1 HTTP/1.1" 404 28009 "https://blackborgs.com/blog/wp-admin/" "Mozilla/5.0 (Windows NT 10.0; Win64; x64) AppleWebKit/537.36 (KHTML, like Gecko) Chrome/120.0.0.0 Safari/537.36" "127.0.0.1,45.148.10.119" [0.001,1.597,1.599|1.599]Request_Body: "-"
172.70.160.235 - - [20/Sep/2026:00:30:33 +0800] "blackborgs.com" "POST /blog/wp-json/batch/v1/ HTTP/1.1" 301 166 "https://blackborgs.com/blog/wp-admin/" "Mozilla/5.0 (Windows NT 10.0; Win64; x64) AppleWebKit/537.36 (KHTML, like Gecko) Chrome/120.0.0.0 Safari/537.36" "127.0.0.1,45.148.10.119" [-,-,-|0.000]Request_Body: "-"
104.23.166.134 - - [20/Sep/2026:00:30:33 +0800] "www.blackborgs.com" "GET /wp/wp-json/batch/v1 HTTP/1.1" 404 28006 "https://blackborgs.com/wp/wp-admin/" "Mozilla/5.0 (Windows NT 10.0; Win64; x64) AppleWebKit/537.36 (KHTML, like Gecko) Chrome/120.0.0.0 Safari/537.36" "127.0.0.1,45.148.10.119" [0.001,1.450,1.452|1.453]Request_Body: "-"
172.70.160.234 - - [20/Sep/2026:00:30:34 +0800] "blackborgs.com" "POST /wp/wp-json/batch/v1/ HTTP/1.1" 301 166 "https://blackborgs.com/wp/wp-admin/" "Mozilla/5.0 (Windows NT 10.0; Win64; x64) AppleWebKit/537.36 (KHTML, like Gecko) Chrome/120.0.0.0 Safari/537.36" "127.0.0.1,45.148.10.119" [-,-,-|0.000]Request_Body: "-"
104.23.166.134 - - [20/Sep/2026:00:30:35 +0800] "www.blackborgs.com" "GET /blog/wp-json/batch/v1/ HTTP/1.1" 404 28010 "https://blackborgs.com/blog/wp-admin/" "Mozilla/5.0 (Windows NT 10.0; Win64; x64) AppleWebKit/537.36 (KHTML, like Gecko) Chrome/120.0.0.0 Safari/537.36" "127.0.0.1,45.148.10.119" [0.001,1.833,1.836|1.836]Request_Body: "-"
172.70.160.235 - - [20/Sep/2026:00:30:35 +0800] "blackborgs.com" "POST /blog/blog/wp-json/batch/v1 HTTP/1.1" 301 166 "https://blackborgs.com/blog/wp-admin/" "Mozilla/5.0 (Windows NT 10.0; Win64; x64) AppleWebKit/537.36 (KHTML, like Gecko) Chrome/120.0.0.0 Safari/537.36" "127.0.0.1,45.148.10.119" [-,-,-|0.000]Request_Body: "-"
104.23.166.134 - - [20/Sep/2026:00:30:37 +0800] "www.blackborgs.com" "GET /wp/wp-json/batch/v1/ HTTP/1.1" 404 28009 "https://blackborgs.com/wp/wp-admin/" "Mozilla/5.0 (Windows NT 10.0; Win64; x64) AppleWebKit/537.36 (KHTML, like Gecko) Chrome/120.0.0.0 Safari/537.36" "127.0.0.1,45.148.10.119" [0.001,1.932,1.935|1.935]Request_Body: "-"
172.70.160.234 - - [20/Sep/2026:00:30:37 +0800] "blackborgs.com" "POST /wp/blog/wp-json/batch/v1 HTTP/1.1" 301 166 "https://blackborgs.com/wp/wp-admin/" "Mozilla/5.0 (Windows NT 10.0; Win64; x64) AppleWebKit/537.36 (KHTML, like Gecko) Chrome/120.0.0.0 Safari/537.36" "127.0.0.1,45.148.10.119" [-,-,-|0.000]Request_Body: "-"
104.23.166.134 - - [20/Sep/2026:00:30:37 +0800] "www.blackborgs.com" "GET /blog/blog/wp-json/batch/v1 HTTP/1.1" 404 28011 "https://blackborgs.com/blog/wp-admin/" "Mozilla/5.0 (Windows NT 10.0; Win64; x64) AppleWebKit/537.36 (KHTML, like Gecko) Chrome/120.0.0.0 Safari/537.36" "127.0.0.1,45.148.10.119" [0.000,1.672,1.675|1.675]Request_Body: "-"
172.70.160.235 - - [20/Sep/2026:00:30:38 +0800] "blackborgs.com" "POST /blog/index.php?rest_route=/batch/v1 HTTP/1.1" 301 166 "https://blackborgs.com/blog/wp-admin/" "Mozilla/5.0 (Windows NT 10.0; Win64; x64) AppleWebKit/537.36 (KHTML, like Gecko) Chrome/120.0.0.0 Safari/537.36" "10.0.0.1,45.148.10.119" [-,-,-|0.000]Request_Body: "-"
104.23.166.134 - - [20/Sep/2026:00:30:38 +0800] "www.blackborgs.com" "GET /blog/index.php?rest_route=/batch/v1 HTTP/1.1" 403 552 "https://blackborgs.com/blog/wp-admin/" "Mozilla/5.0 (Windows NT 10.0; Win64; x64) AppleWebKit/537.36 (KHTML, like Gecko) Chrome/120.0.0.0 Safari/537.36" "10.0.0.1,45.148.10.119" [-,-,-|0.000]Request_Body: "-"
172.70.160.234 - - [20/Sep/2026:00:30:38 +0800] "blackborgs.com" "POST /blog/index.php?rest_route=%2Fbatch%2Fv1 HTTP/1.1" 301 166 "https://blackborgs.com/blog/wp-admin/" "Mozilla/5.0 (Windows NT 10.0; Win64; x64) AppleWebKit/537.36 (KHTML, like Gecko) Chrome/120.0.0.0 Safari/537.36" "10.0.0.1,45.148.10.119" [-,-,-|0.000]Request_Body: "-"
104.23.166.134 - - [20/Sep/2026:00:30:39 +0800] "www.blackborgs.com" "GET /blog/index.php?rest_route=%2Fbatch%2Fv1 HTTP/1.1" 403 552 "https://blackborgs.com/blog/wp-admin/" "Mozilla/5.0 (Windows NT 10.0; Win64; x64) AppleWebKit/537.36 (KHTML, like Gecko) Chrome/120.0.0.0 Safari/537.36" "10.0.0.1,45.148.10.119" [-,-,-|0.000]Request_Body: "-"
172.70.160.235 - - [20/Sep/2026:00:30:39 +0800] "blackborgs.com" "POST /blog/?rest_route=%2Fbatch%2Fv1 HTTP/1.1" 301 166 "https://blackborgs.com/blog/wp-admin/" "Mozilla/5.0 (Windows NT 10.0; Win64; x64) AppleWebKit/537.36 (KHTML, like Gecko) Chrome/120.0.0.0 Safari/537.36" "10.0.0.1,45.148.10.119" [-,-,-|0.000]Request_Body: "-"
104.23.166.134 - - [20/Sep/2026:00:30:39 +0800] "www.blackborgs.com" "GET /wp/blog/wp-json/batch/v1 HTTP/1.1" 404 28011 "https://blackborgs.com/wp/wp-admin/" "Mozilla/5.0 (Windows NT 10.0; Win64; x64) AppleWebKit/537.36 (KHTML, like Gecko) Chrome/120.0.0.0 Safari/537.36" "127.0.0.1,45.148.10.119" [0.001,1.718,1.721|1.721]Request_Body: "-"
172.70.160.234 - - [20/Sep/2026:00:30:40 +0800] "blackborgs.com" "POST /wp/index.php?rest_route=/batch/v1 HTTP/1.1" 301 166 "https://blackborgs.com/wp/wp-admin/" "Mozilla/5.0 (Windows NT 10.0; Win64; x64) AppleWebKit/537.36 (KHTML, like Gecko) Chrome/120.0.0.0 Safari/537.36" "10.0.0.1,45.148.10.119" [-,-,-|0.000]Request_Body: "-"
104.23.166.134 - - [20/Sep/2026:00:30:41 +0800] "www.blackborgs.com" "GET /wp/index.php?rest_route=/batch/v1 HTTP/1.1" 403 552 "https://blackborgs.com/wp/wp-admin/" "Mozilla/5.0 (Windows NT 10.0; Win64; x64) AppleWebKit/537.36 (KHTML, like Gecko) Chrome/120.0.0.0 Safari/537.36" "10.0.0.1,45.148.10.119" [-,-,-|0.000]Request_Body: "-"
172.70.160.235 - - [20/Sep/2026:00:30:41 +0800] "blackborgs.com" "POST /wp/index.php?rest_route=%2Fbatch%2Fv1 HTTP/1.1" 301 166 "https://blackborgs.com/wp/wp-admin/" "Mozilla/5.0 (Windows NT 10.0; Win64; x64) AppleWebKit/537.36 (KHTML, like Gecko) Chrome/120.0.0.0 Safari/537.36" "10.0.0.1,45.148.10.119" [-,-,-|0.000]Request_Body: "-"
104.23.166.134 - - [20/Sep/2026:00:30:41 +0800] "www.blackborgs.com" "GET /blog/?rest_route=%2Fbatch%2Fv1 HTTP/1.1" 404 125 "https://blackborgs.com/blog/wp-admin/" "Mozilla/5.0 (Windows NT 10.0; Win64; x64) AppleWebKit/537.36 (KHTML, like Gecko) Chrome/120.0.0.0 Safari/537.36" "10.0.0.1,45.148.10.119" [0.001,2.084,2.084|2.084]Request_Body: "-"
104.23.166.134 - - [20/Sep/2026:00:30:41 +0800] "www.blackborgs.com" "GET /wp/index.php?rest_route=%2Fbatch%2Fv1 HTTP/1.1" 403 552 "https://blackborgs.com/wp/wp-admin/" "Mozilla/5.0 (Windows NT 10.0; Win64; x64) AppleWebKit/537.36 (KHTML, like Gecko) Chrome/120.0.0.0 Safari/537.36" "10.0.0.1,45.148.10.119" [-,-,-|0.000]Request_Body: "-"
172.70.160.234 - - [20/Sep/2026:00:30:41 +0800] "blackborgs.com" "POST /blog/?rest_route=/batch%2Fv1 HTTP/1.1" 301 166 "https://blackborgs.com/blog/wp-admin/" "Mozilla/5.0 (Windows NT 10.0; Win64; x64) AppleWebKit/537.36 (KHTML, like Gecko) Chrome/120.0.0.0 Safari/537.36" "10.0.0.1,45.148.10.119" [-,-,-|0.001]Request_Body: "-"
172.70.160.235 - - [20/Sep/2026:00:30:41 +0800] "blackborgs.com" "POST /wp/?rest_route=%2Fbatch%2Fv1 HTTP/1.1" 301 166 "https://blackborgs.com/wp/wp-admin/" "Mozilla/5.0 (Windows NT 10.0; Win64; x64) AppleWebKit/537.36 (KHTML, like Gecko) Chrome/120.0.0.0 Safari/537.36" "10.0.0.1,45.148.10.119" [-,-,-|0.000]Request_Body: "-"
104.23.166.134 - - [20/Sep/2026:00:30:43 +0800] "www.blackborgs.com" "GET /blog/?rest_route=/batch%2Fv1 HTTP/1.1" 404 125 "https://blackborgs.com/blog/wp-admin/" "Mozilla/5.0 (Windows NT 10.0; Win64; x64) AppleWebKit/537.36 (KHTML, like Gecko) Chrome/120.0.0.0 Safari/537.36" "10.0.0.1,45.148.10.119" [0.001,1.944,1.944|1.944]Request_Body: "-"
104.23.166.134 - - [20/Sep/2026:00:30:43 +0800] "www.blackborgs.com" "GET /wp/?rest_route=%2Fbatch%2Fv1 HTTP/1.1" 404 125 "https://blackborgs.com/wp/wp-admin/" "Mozilla/5.0 (Windows NT 10.0; Win64; x64) AppleWebKit/537.36 (KHTML, like Gecko) Chrome/120.0.0.0 Safari/537.36" "10.0.0.1,45.148.10.119" [0.001,2.056,2.056|2.056]Request_Body: "-"
172.70.160.234 - - [20/Sep/2026:00:30:44 +0800] "blackborgs.com" "POST /blog/?rest_route=/batch/v1 HTTP/1.1" 301 166 "https://blackborgs.com/blog/wp-admin/" "Mozilla/5.0 (Windows NT 10.0; Win64; x64) AppleWebKit/537.36 (KHTML, like Gecko) Chrome/120.0.0.0 Safari/537.36" "10.0.0.1,45.148.10.119" [-,-,-|0.000]Request_Body: "-"
172.70.160.235 - - [20/Sep/2026:00:30:44 +0800] "blackborgs.com" "POST /wp/?rest_route=/batch%2Fv1 HTTP/1.1" 301 166 "https://blackborgs.com/wp/wp-admin/" "Mozilla/5.0 (Windows NT 10.0; Win64; x64) AppleWebKit/537.36 (KHTML, like Gecko) Chrome/120.0.0.0 Safari/537.36" "10.0.0.1,45.148.10.119" [-,-,-|0.000]Request_Body: "-"
104.23.166.134 - - [20/Sep/2026:00:30:46 +0800] "www.blackborgs.com" "GET /wp/?rest_route=/batch%2Fv1 HTTP/1.1" 404 125 "https://blackborgs.com/wp/wp-admin/" "Mozilla/5.0 (Windows NT 10.0; Win64; x64) AppleWebKit/537.36 (KHTML, like Gecko) Chrome/120.0.0.0 Safari/537.36" "10.0.0.1,45.148.10.119" [0.001,1.703,1.703|1.703]Request_Body: "-"
104.23.166.134 - - [20/Sep/2026:00:30:46 +0800] "www.blackborgs.com" "GET /blog/?rest_route=/batch/v1 HTTP/1.1" 404 125 "https://blackborgs.com/blog/wp-admin/" "Mozilla/5.0 (Windows NT 10.0; Win64; x64) AppleWebKit/537.36 (KHTML, like Gecko) Chrome/120.0.0.0 Safari/537.36" "10.0.0.1,45.148.10.119" [0.001,1.830,1.831|1.831]Request_Body: "-"
172.70.160.234 - - [20/Sep/2026:00:30:46 +0800] "blackborgs.com" "POST /wp/?rest_route=/batch/v1 HTTP/1.1" 301 166 "https://blackborgs.com/wp/wp-admin/" "Mozilla/5.0 (Windows NT 10.0; Win64; x64) AppleWebKit/537.36 (KHTML, like Gecko) Chrome/120.0.0.0 Safari/537.36" "10.0.0.1,45.148.10.119" [-,-,-|0.000]Request_Body: "-"
172.70.160.235 - - [20/Sep/2026:00:30:46 +0800] "blackborgs.com" "POST /blog/wp-json/batch/v1 HTTP/1.1" 301 166 "https://blackborgs.com/blog/wp-admin/" "Mozilla/5.0 (Windows NT 10.0; Win64; x64) AppleWebKit/537.36 (KHTML, like Gecko) Chrome/120.0.0.0 Safari/537.36" "10.0.0.1,45.148.10.119" [-,-,-|0.000]Request_Body: "-"
104.23.166.134 - - [20/Sep/2026:00:30:47 +0800] "www.blackborgs.com" "GET /wp/?rest_route=/batch/v1 HTTP/1.1" 404 125 "https://blackborgs.com/wp/wp-admin/" "Mozilla/5.0 (Windows NT 10.0; Win64; x64) AppleWebKit/537.36 (KHTML, like Gecko) Chrome/120.0.0.0 Safari/537.36" "10.0.0.1,45.148.10.119" [0.001,1.424,1.425|1.425]Request_Body: "-"
104.23.166.134 - - [20/Sep/2026:00:30:48 +0800] "www.blackborgs.com" "GET /blog/wp-json/batch/v1 HTTP/1.1" 404 28009 "https://blackborgs.com/blog/wp-admin/" "Mozilla/5.0 (Windows NT 10.0; Win64; x64) AppleWebKit/537.36 (KHTML, like Gecko) Chrome/120.0.0.0 Safari/537.36" "10.0.0.1,45.148.10.119" [0.001,1.422,1.425|1.424]Request_Body: "-"
172.70.160.234 - - [20/Sep/2026:00:30:48 +0800] "blackborgs.com" "POST /wp/wp-json/batch/v1 HTTP/1.1" 301 166 "https://blackborgs.com/wp/wp-admin/" "Mozilla/5.0 (Windows NT 10.0; Win64; x64) AppleWebKit/537.36 (KHTML, like Gecko) Chrome/120.0.0.0 Safari/537.36" "10.0.0.1,45.148.10.119" [-,-,-|0.000]Request_Body: "-"
172.70.160.235 - - [20/Sep/2026:00:30:50 +0800] "blackborgs.com" "POST /blog/wp-json/Batch/v1 HTTP/1.1" 301 166 "https://blackborgs.com/blog/wp-admin/" "Mozilla/5.0 (Windows NT 10.0; Win64; x64) AppleWebKit/537.36 (KHTML, like Gecko) Chrome/120.0.0.0 Safari/537.36" "10.0.0.1,45.148.10.119" [-,-,-|0.000]Request_Body: "-"
104.23.166.134 - - [20/Sep/2026:00:30:51 +0800] "www.blackborgs.com" "GET /wp/wp-json/batch/v1 HTTP/1.1" 404 28006 "https://blackborgs.com/wp/wp-admin/" "Mozilla/5.0 (Windows NT 10.0; Win64; x64) AppleWebKit/537.36 (KHTML, like Gecko) Chrome/120.0.0.0 Safari/537.36" "10.0.0.1,45.148.10.119" [0.001,1.697,1.700|1.700]Request_Body: "-"
172.70.160.234 - - [20/Sep/2026:00:30:51 +0800] "blackborgs.com" "POST /wp/wp-json/Batch/v1 HTTP/1.1" 301 166 "https://blackborgs.com/wp/wp-admin/" "Mozilla/5.0 (Windows NT 10.0; Win64; x64) AppleWebKit/537.36 (KHTML, like Gecko) Chrome/120.0.0.0 Safari/537.36" "10.0.0.1,45.148.10.119" [-,-,-|0.000]Request_Body: "-"
104.23.166.134 - - [20/Sep/2026:00:30:53 +0800] "www.blackborgs.com" "GET /blog/wp-json/Batch/v1 HTTP/1.1" 404 28009 "https://blackborgs.com/blog/wp-admin/" "Mozilla/5.0 (Windows NT 10.0; Win64; x64) AppleWebKit/537.36 (KHTML, like Gecko) Chrome/120.0.0.0 Safari/537.36" "10.0.0.1,45.148.10.119" [0.001,1.617,1.622|1.622]Request_Body: "-"
172.70.160.235 - - [20/Sep/2026:00:30:53 +0800] "blackborgs.com" "POST /blog//wp-json/batch/v1 HTTP/1.1" 301 166 "https://blackborgs.com/blog/wp-admin/" "Mozilla/5.0 (Windows NT 10.0; Win64; x64) AppleWebKit/537.36 (KHTML, like Gecko) Chrome/120.0.0.0 Safari/537.36" "10.0.0.1,45.148.10.119" [-,-,-|0.000]Request_Body: "-"
104.23.166.134 - - [20/Sep/2026:00:30:53 +0800] "www.blackborgs.com" "GET /wp/wp-json/Batch/v1 HTTP/1.1" 404 28006 "https://blackborgs.com/wp/wp-admin/" "Mozilla/5.0 (Windows NT 10.0; Win64; x64) AppleWebKit/537.36 (KHTML, like Gecko) Chrome/120.0.0.0 Safari/537.36" "10.0.0.1,45.148.10.119" [0.000,1.696,1.699|1.699]Request_Body: "-"
172.70.160.234 - - [20/Sep/2026:00:30:54 +0800] "blackborgs.com" "POST /wp//wp-json/batch/v1 HTTP/1.1" 301 166 "https://blackborgs.com/wp/wp-admin/" "Mozilla/5.0 (Windows NT 10.0; Win64; x64) AppleWebKit/537.36 (KHTML, like Gecko) Chrome/120.0.0.0 Safari/537.36" "10.0.0.1,45.148.10.119" [-,-,-|0.000]Request_Body: "-"
104.23.166.134 - - [20/Sep/2026:00:30:55 +0800] "www.blackborgs.com" "GET /blog//wp-json/batch/v1 HTTP/1.1" 301 5 "https://blackborgs.com/blog/wp-admin/" "Mozilla/5.0 (Windows NT 10.0; Win64; x64) AppleWebKit/537.36 (KHTML, like Gecko) Chrome/120.0.0.0 Safari/537.36" "10.0.0.1,45.148.10.119" [0.001,1.497,1.497|1.497]Request_Body: "-"
104.23.166.134 - - [20/Sep/2026:00:30:55 +0800] "www.blackborgs.com" "GET /wp//wp-json/batch/v1 HTTP/1.1" 301 5 "https://blackborgs.com/wp/wp-admin/" "Mozilla/5.0 (Windows NT 10.0; Win64; x64) AppleWebKit/537.36 (KHTML, like Gecko) Chrome/120.0.0.0 Safari/537.36" "10.0.0.1,45.148.10.119" [0.001,1.564,1.564|1.564]Request_Body: "-"
104.23.166.134 - - [20/Sep/2026:00:30:57 +0800] "www.blackborgs.com" "GET /blog/wp-json/batch/v1 HTTP/1.1" 404 28009 "https://blackborgs.com/blog/wp-admin/" "Mozilla/5.0 (Windows NT 10.0; Win64; x64) AppleWebKit/537.36 (KHTML, like Gecko) Chrome/120.0.0.0 Safari/537.36" "10.0.0.1,45.148.10.119" [0.001,1.965,1.968|1.968]Request_Body: "-"
172.70.160.235 - - [20/Sep/2026:00:30:57 +0800] "blackborgs.com" "POST /blog/wp-json/batch/v1/ HTTP/1.1" 301 166 "https://blackborgs.com/blog/wp-admin/" "Mozilla/5.0 (Windows NT 10.0; Win64; x64) AppleWebKit/537.36 (KHTML, like Gecko) Chrome/120.0.0.0 Safari/537.36" "10.0.0.1,45.148.10.119" [-,-,-|0.000]Request_Body: "-"
104.23.166.134 - - [20/Sep/2026:00:30:58 +0800] "www.blackborgs.com" "GET /wp/wp-json/batch/v1 HTTP/1.1" 404 28006 "https://blackborgs.com/wp/wp-admin/" "Mozilla/5.0 (Windows NT 10.0; Win64; x64) AppleWebKit/537.36 (KHTML, like Gecko) Chrome/120.0.0.0 Safari/537.36" "10.0.0.1,45.148.10.119" [0.001,2.694,2.697|2.697]Request_Body: "-"
172.70.160.234 - - [20/Sep/2026:00:30:59 +0800] "blackborgs.com" "POST /wp/wp-json/batch/v1/ HTTP/1.1" 301 166 "https://blackborgs.com/wp/wp-admin/" "Mozilla/5.0 (Windows NT 10.0; Win64; x64) AppleWebKit/537.36 (KHTML, like Gecko) Chrome/120.0.0.0 Safari/537.36" "10.0.0.1,45.148.10.119" [-,-,-|0.000]Request_Body: "-"
104.23.166.134 - - [20/Sep/2026:00:31:00 +0800] "www.blackborgs.com" "GET /blog/wp-json/batch/v1/ HTTP/1.1" 404 28010 "https://blackborgs.com/blog/wp-admin/" "Mozilla/5.0 (Windows NT 10.0; Win64; x64) AppleWebKit/537.36 (KHTML, like Gecko) Chrome/120.0.0.0 Safari/537.36" "10.0.0.1,45.148.10.119" [0.001,2.108,2.111|2.111]Request_Body: "-"
172.70.160.235 - - [20/Sep/2026:00:31:00 +0800] "blackborgs.com" "POST /blog/blog/wp-json/batch/v1 HTTP/1.1" 301 166 "https://blackborgs.com/blog/wp-admin/" "Mozilla/5.0 (Windows NT 10.0; Win64; x64) AppleWebKit/537.36 (KHTML, like Gecko) Chrome/120.0.0.0 Safari/537.36" "10.0.0.1,45.148.10.119" [-,-,-|0.000]Request_Body: "-"
104.23.166.134 - - [20/Sep/2026:00:31:03 +0800] "www.blackborgs.com" "GET /blog/blog/wp-json/batch/v1 HTTP/1.1" 404 28011 "https://blackborgs.com/blog/wp-admin/" "Mozilla/5.0 (Windows NT 10.0; Win64; x64) AppleWebKit/537.36 (KHTML, like Gecko) Chrome/120.0.0.0 Safari/537.36" "10.0.0.1,45.148.10.119" [0.004,2.483,2.500|2.500]Request_Body: "-"
104.23.166.134 - - [20/Sep/2026:00:31:05 +0800] "www.blackborgs.com" "GET /wp/wp-json/batch/v1/ HTTP/1.1" 404 28009 "https://blackborgs.com/wp/wp-admin/" "Mozilla/5.0 (Windows NT 10.0; Win64; x64) AppleWebKit/537.36 (KHTML, like Gecko) Chrome/120.0.0.0 Safari/537.36" "10.0.0.1,45.148.10.119" [0.002,2.704,2.707|2.707]Request_Body: "-"
172.70.160.234 - - [20/Sep/2026:00:31:06 +0800] "blackborgs.com" "POST /wp/blog/wp-json/batch/v1 HTTP/1.1" 301 166 "https://blackborgs.com/wp/wp-admin/" "Mozilla/5.0 (Windows NT 10.0; Win64; x64) AppleWebKit/537.36 (KHTML, like Gecko) Chrome/120.0.0.0 Safari/537.36" "10.0.0.1,45.148.10.119" [-,-,-|0.000]Request_Body: "-"
172.70.160.235 - - [20/Sep/2026:00:31:06 +0800] "blackborgs.com" "POST /blog/index.php?rest_route=/batch/v1 HTTP/1.1" 301 166 "https://blackborgs.com/blog/wp-admin/" "Mozilla/5.0 (Windows NT 10.0; Win64; x64) AppleWebKit/537.36 (KHTML, like Gecko) Chrome/120.0.0.0 Safari/537.36" "127.0.0.1,45.148.10.119" [-,-,-|0.000]Request_Body: "-"
104.23.166.134 - - [20/Sep/2026:00:31:07 +0800] "www.blackborgs.com" "GET /blog/index.php?rest_route=/batch/v1 HTTP/1.1" 403 552 "https://blackborgs.com/blog/wp-admin/" "Mozilla/5.0 (Windows NT 10.0; Win64; x64) AppleWebKit/537.36 (KHTML, like Gecko) Chrome/120.0.0.0 Safari/537.36" "127.0.0.1,45.148.10.119" [-,-,-|0.000]Request_Body: "-"
172.70.160.234 - - [20/Sep/2026:00:31:07 +0800] "blackborgs.com" "POST /blog/index.php?rest_route=%2Fbatch%2Fv1 HTTP/1.1" 301 166 "https://blackborgs.com/blog/wp-admin/" "Mozilla/5.0 (Windows NT 10.0; Win64; x64) AppleWebKit/537.36 (KHTML, like Gecko) Chrome/120.0.0.0 Safari/537.36" "127.0.0.1,45.148.10.119" [-,-,-|0.001]Request_Body: "-"
104.23.166.134 - - [20/Sep/2026:00:31:07 +0800] "www.blackborgs.com" "GET /blog/index.php?rest_route=%2Fbatch%2Fv1 HTTP/1.1" 403 552 "https://blackborgs.com/blog/wp-admin/" "Mozilla/5.0 (Windows NT 10.0; Win64; x64) AppleWebKit/537.36 (KHTML, like Gecko) Chrome/120.0.0.0 Safari/537.36" "127.0.0.1,45.148.10.119" [-,-,-|0.000]Request_Body: "-"
172.70.160.235 - - [20/Sep/2026:00:31:07 +0800] "blackborgs.com" "POST /blog/?rest_route=%2Fbatch%2Fv1 HTTP/1.1" 301 166 "https://blackborgs.com/blog/wp-admin/" "Mozilla/5.0 (Windows NT 10.0; Win64; x64) AppleWebKit/537.36 (KHTML, like Gecko) Chrome/120.0.0.0 Safari/537.36" "127.0.0.1,45.148.10.119" [-,-,-|0.000]Request_Body: "-"
104.23.166.134 - - [20/Sep/2026:00:31:07 +0800] "www.blackborgs.com" "GET /wp/blog/wp-json/batch/v1 HTTP/1.1" 404 28011 "https://blackborgs.com/wp/wp-admin/" "Mozilla/5.0 (Windows NT 10.0; Win64; x64) AppleWebKit/537.36 (KHTML, like Gecko) Chrome/120.0.0.0 Safari/537.36" "10.0.0.1,45.148.10.119" [0.001,1.670,1.673|1.673]Request_Body: "-"
172.70.160.234 - - [20/Sep/2026:00:31:08 +0800] "blackborgs.com" "POST /wp/index.php?rest_route=/batch/v1 HTTP/1.1" 301 166 "https://blackborgs.com/wp/wp-admin/" "Mozilla/5.0 (Windows NT 10.0; Win64; x64) AppleWebKit/537.36 (KHTML, like Gecko) Chrome/120.0.0.0 Safari/537.36" "127.0.0.1,45.148.10.119" [-,-,-|0.000]Request_Body: "-"
104.23.166.134 - - [20/Sep/2026:00:31:09 +0800] "www.blackborgs.com" "GET /wp/index.php?rest_route=/batch/v1 HTTP/1.1" 403 552 "https://blackborgs.com/wp/wp-admin/" "Mozilla/5.0 (Windows NT 10.0; Win64; x64) AppleWebKit/537.36 (KHTML, like Gecko) Chrome/120.0.0.0 Safari/537.36" "127.0.0.1,45.148.10.119" [-,-,-|0.000]Request_Body: "-"
172.70.160.235 - - [20/Sep/2026:00:31:09 +0800] "blackborgs.com" "POST /wp/index.php?rest_route=%2Fbatch%2Fv1 HTTP/1.1" 301 166 "https://blackborgs.com/wp/wp-admin/" "Mozilla/5.0 (Windows NT 10.0; Win64; x64) AppleWebKit/537.36 (KHTML, like Gecko) Chrome/120.0.0.0 Safari/537.36" "127.0.0.1,45.148.10.119" [-,-,-|0.000]Request_Body: "-"
104.23.166.134 - - [20/Sep/2026:00:31:09 +0800] "www.blackborgs.com" "GET /wp/index.php?rest_route=%2Fbatch%2Fv1 HTTP/1.1" 403 552 "https://blackborgs.com/wp/wp-admin/" "Mozilla/5.0 (Windows NT 10.0; Win64; x64) AppleWebKit/537.36 (KHTML, like Gecko) Chrome/120.0.0.0 Safari/537.36" "127.0.0.1,45.148.10.119" [-,-,-|0.000]Request_Body: "-"
172.70.160.234 - - [20/Sep/2026:00:31:09 +0800] "blackborgs.com" "POST /wp/?rest_route=%2Fbatch%2Fv1 HTTP/1.1" 301 166 "https://blackborgs.com/wp/wp-admin/" "Mozilla/5.0 (Windows NT 10.0; Win64; x64) AppleWebKit/537.36 (KHTML, like Gecko) Chrome/120.0.0.0 Safari/537.36" "127.0.0.1,45.148.10.119" [-,-,-|0.001]Request_Body: "-"
104.23.166.134 - - [20/Sep/2026:00:31:11 +0800] "www.blackborgs.com" "GET /blog/?rest_route=%2Fbatch%2Fv1 HTTP/1.1" 404 125 "https://blackborgs.com/blog/wp-admin/" "Mozilla/5.0 (Windows NT 10.0; Win64; x64) AppleWebKit/537.36 (KHTML, like Gecko) Chrome/120.0.0.0 Safari/537.36" "127.0.0.1,45.148.10.119" [0.001,3.232,3.232|3.232]Request_Body: "-"
172.70.160.235 - - [20/Sep/2026:00:31:11 +0800] "blackborgs.com" "POST /blog/?rest_route=/batch%2Fv1 HTTP/1.1" 301 166 "https://blackborgs.com/blog/wp-admin/" "Mozilla/5.0 (Windows NT 10.0; Win64; x64) AppleWebKit/537.36 (KHTML, like Gecko) Chrome/120.0.0.0 Safari/537.36" "127.0.0.1,45.148.10.119" [-,-,-|0.000]Request_Body: "-"
104.23.166.134 - - [20/Sep/2026:00:31:13 +0800] "www.blackborgs.com" "GET /wp/?rest_route=%2Fbatch%2Fv1 HTTP/1.1" 404 125 "https://blackborgs.com/wp/wp-admin/" "Mozilla/5.0 (Windows NT 10.0; Win64; x64) AppleWebKit/537.36 (KHTML, like Gecko) Chrome/120.0.0.0 Safari/537.36" "127.0.0.1,45.148.10.119" [0.001,3.438,3.439|3.439]Request_Body: "-"
172.70.160.234 - - [20/Sep/2026:00:31:13 +0800] "blackborgs.com" "POST /wp/?rest_route=/batch%2Fv1 HTTP/1.1" 301 166 "https://blackborgs.com/wp/wp-admin/" "Mozilla/5.0 (Windows NT 10.0; Win64; x64) AppleWebKit/537.36 (KHTML, like Gecko) Chrome/120.0.0.0 Safari/537.36" "127.0.0.1,45.148.10.119" [-,-,-|0.000]Request_Body: "-"
104.23.166.134 - - [20/Sep/2026:00:31:14 +0800] "www.blackborgs.com" "GET /blog/?rest_route=/batch%2Fv1 HTTP/1.1" 404 125 "https://blackborgs.com/blog/wp-admin/" "Mozilla/5.0 (Windows NT 10.0; Win64; x64) AppleWebKit/537.36 (KHTML, like Gecko) Chrome/120.0.0.0 Safari/537.36" "127.0.0.1,45.148.10.119" [0.001,3.140,3.140|3.140]Request_Body: "-"
172.70.160.235 - - [20/Sep/2026:00:31:15 +0800] "blackborgs.com" "POST /blog/?rest_route=/batch/v1 HTTP/1.1" 301 166 "https://blackborgs.com/blog/wp-admin/" "Mozilla/5.0 (Windows NT 10.0; Win64; x64) AppleWebKit/537.36 (KHTML, like Gecko) Chrome/120.0.0.0 Safari/537.36" "127.0.0.1,45.148.10.119" [-,-,-|0.000]Request_Body: "-"
104.23.166.134 - - [20/Sep/2026:00:31:16 +0800] "www.blackborgs.com" "GET /wp/?rest_route=/batch%2Fv1 HTTP/1.1" 404 125 "https://blackborgs.com/wp/wp-admin/" "Mozilla/5.0 (Windows NT 10.0; Win64; x64) AppleWebKit/537.36 (KHTML, like Gecko) Chrome/120.0.0.0 Safari/537.36" "127.0.0.1,45.148.10.119" [0.001,1.899,1.899|1.899]Request_Body: "-"
172.70.160.234 - - [20/Sep/2026:00:31:16 +0800] "blackborgs.com" "POST /wp/?rest_route=/batch/v1 HTTP/1.1" 301 166 "https://blackborgs.com/wp/wp-admin/" "Mozilla/5.0 (Windows NT 10.0; Win64; x64) AppleWebKit/537.36 (KHTML, like Gecko) Chrome/120.0.0.0 Safari/537.36" "127.0.0.1,45.148.10.119" [-,-,-|0.002]Request_Body: "-"
104.23.166.134 - - [20/Sep/2026:00:31:17 +0800] "www.blackborgs.com" "GET /blog/?rest_route=/batch/v1 HTTP/1.1" 404 125 "https://blackborgs.com/blog/wp-admin/" "Mozilla/5.0 (Windows NT 10.0; Win64; x64) AppleWebKit/537.36 (KHTML, like Gecko) Chrome/120.0.0.0 Safari/537.36" "127.0.0.1,45.148.10.119" [0.001,1.909,1.909|1.909]Request_Body: "-"
172.70.160.235 - - [20/Sep/2026:00:31:17 +0800] "blackborgs.com" "POST /blog/wp-json/batch/v1 HTTP/1.1" 301 166 "https://blackborgs.com/blog/wp-admin/" "Mozilla/5.0 (Windows NT 10.0; Win64; x64) AppleWebKit/537.36 (KHTML, like Gecko) Chrome/120.0.0.0 Safari/537.36" "127.0.0.1,45.148.10.119" [-,-,-|0.000]Request_Body: "-"
104.23.166.134 - - [20/Sep/2026:00:31:18 +0800] "www.blackborgs.com" "GET /wp/?rest_route=/batch/v1 HTTP/1.1" 404 125 "https://blackborgs.com/wp/wp-admin/" "Mozilla/5.0 (Windows NT 10.0; Win64; x64) AppleWebKit/537.36 (KHTML, like Gecko) Chrome/120.0.0.0 Safari/537.36" "127.0.0.1,45.148.10.119" [0.001,2.015,2.015|2.015]Request_Body: "-"
