172.70.160.234 - - [20/Sep/2026:00:31:18 +0800] "blackborgs.com" "POST /wp/wp-json/batch/v1 HTTP/1.1" 301 166 "https://blackborgs.com/wp/wp-admin/" "Mozilla/5.0 (Windows NT 10.0; Win64; x64) AppleWebKit/537.36 (KHTML, like Gecko) Chrome/120.0.0.0 Safari/537.36" "127.0.0.1,45.148.10.119" [-,-,-|0.000]Request_Body: "-"
104.23.166.134 - - [20/Sep/2026:00:31:19 +0800] "www.blackborgs.com" "GET /blog/wp-json/batch/v1 HTTP/1.1" 404 28009 "https://blackborgs.com/blog/wp-admin/" "Mozilla/5.0 (Windows NT 10.0; Win64; x64) AppleWebKit/537.36 (KHTML, like Gecko) Chrome/120.0.0.0 Safari/537.36" "127.0.0.1,45.148.10.119" [0.001,1.799,1.802|1.801]Request_Body: "-"
172.70.160.235 - - [20/Sep/2026:00:31:19 +0800] "blackborgs.com" "POST /blog/wp-json/Batch/v1 HTTP/1.1" 301 166 "https://blackborgs.com/blog/wp-admin/" "Mozilla/5.0 (Windows NT 10.0; Win64; x64) AppleWebKit/537.36 (KHTML, like Gecko) Chrome/120.0.0.0 Safari/537.36" "127.0.0.1,45.148.10.119" [-,-,-|0.000]Request_Body: "-"
104.23.166.134 - - [20/Sep/2026:00:31:21 +0800] "www.blackborgs.com" "GET /wp/wp-json/batch/v1 HTTP/1.1" 404 28006 "https://blackborgs.com/wp/wp-admin/" "Mozilla/5.0 (Windows NT 10.0; Win64; x64) AppleWebKit/537.36 (KHTML, like Gecko) Chrome/120.0.0.0 Safari/537.36" "127.0.0.1,45.148.10.119" [0.004,2.056,2.060|2.060]Request_Body: "-"
104.23.166.134 - - [20/Sep/2026:00:31:22 +0800] "www.blackborgs.com" "GET /blog/wp-json/Batch/v1 HTTP/1.1" 404 28009 "https://blackborgs.com/blog/wp-admin/" "Mozilla/5.0 (Windows NT 10.0; Win64; x64) AppleWebKit/537.36 (KHTML, like Gecko) Chrome/120.0.0.0 Safari/537.36" "127.0.0.1,45.148.10.119" [0.001,1.965,1.968|1.968]Request_Body: "-"
172.70.160.234 - - [20/Sep/2026:00:31:22 +0800] "blackborgs.com" "POST /blog//wp-json/batch/v1 HTTP/1.1" 301 166 "https://blackborgs.com/blog/wp-admin/" "Mozilla/5.0 (Windows NT 10.0; Win64; x64) AppleWebKit/537.36 (KHTML, like Gecko) Chrome/120.0.0.0 Safari/537.36" "127.0.0.1,45.148.10.119" [-,-,-|0.000]Request_Body: "-"
104.23.166.134 - - [20/Sep/2026:00:31:24 +0800] "www.blackborgs.com" "GET /blog//wp-json/batch/v1 HTTP/1.1" 301 5 "https://blackborgs.com/blog/wp-admin/" "Mozilla/5.0 (Windows NT 10.0; Win64; x64) AppleWebKit/537.36 (KHTML, like Gecko) Chrome/120.0.0.0 Safari/537.36" "127.0.0.1,45.148.10.119" [0.001,1.561,1.561|1.561]Request_Body: "-"
172.70.160.235 - - [20/Sep/2026:00:31:24 +0800] "blackborgs.com" "POST /wp/wp-json/Batch/v1 HTTP/1.1" 301 166 "https://blackborgs.com/wp/wp-admin/" "Mozilla/5.0 (Windows NT 10.0; Win64; x64) AppleWebKit/537.36 (KHTML, like Gecko) Chrome/120.0.0.0 Safari/537.36" "127.0.0.1,45.148.10.119" [-,-,-|0.000]Request_Body: "-"
104.23.166.134 - - [20/Sep/2026:00:31:26 +0800] "www.blackborgs.com" "GET /blog/wp-json/batch/v1 HTTP/1.1" 404 28009 "https://blackborgs.com/blog/wp-admin/" "Mozilla/5.0 (Windows NT 10.0; Win64; x64) AppleWebKit/537.36 (KHTML, like Gecko) Chrome/120.0.0.0 Safari/537.36" "127.0.0.1,45.148.10.119" [0.001,1.809,1.812|1.812]Request_Body: "-"
172.70.160.234 - - [20/Sep/2026:00:31:26 +0800] "blackborgs.com" "POST /blog/wp-json/batch/v1/ HTTP/1.1" 301 166 "https://blackborgs.com/blog/wp-admin/" "Mozilla/5.0 (Windows NT 10.0; Win64; x64) AppleWebKit/537.36 (KHTML, like Gecko) Chrome/120.0.0.0 Safari/537.36" "127.0.0.1,45.148.10.119" [-,-,-|0.000]Request_Body: "-"
104.23.166.134 - - [20/Sep/2026:00:31:27 +0800] "www.blackborgs.com" "GET /wp/wp-json/Batch/v1 HTTP/1.1" 404 28006 "https://blackborgs.com/wp/wp-admin/" "Mozilla/5.0 (Windows NT 10.0; Win64; x64) AppleWebKit/537.36 (KHTML, like Gecko) Chrome/120.0.0.0 Safari/537.36" "127.0.0.1,45.148.10.119" [0.004,2.001,2.005|2.005]Request_Body: "-"
172.70.160.235 - - [20/Sep/2026:00:31:27 +0800] "blackborgs.com" "POST /wp//wp-json/batch/v1 HTTP/1.1" 301 166 "https://blackborgs.com/wp/wp-admin/" "Mozilla/5.0 (Windows NT 10.0; Win64; x64) AppleWebKit/537.36 (KHTML, like Gecko) Chrome/120.0.0.0 Safari/537.36" "127.0.0.1,45.148.10.119" [-,-,-|0.000]Request_Body: "-"
104.23.166.134 - - [20/Sep/2026:00:31:31 +0800] "www.blackborgs.com" "GET /wp//wp-json/batch/v1 HTTP/1.1" 301 5 "https://blackborgs.com/wp/wp-admin/" "Mozilla/5.0 (Windows NT 10.0; Win64; x64) AppleWebKit/537.36 (KHTML, like Gecko) Chrome/120.0.0.0 Safari/537.36" "127.0.0.1,45.148.10.119" [0.001,1.643,1.643|1.643]Request_Body: "-"
104.23.166.134 - - [20/Sep/2026:00:31:33 +0800] "www.blackborgs.com" "GET /blog/wp-json/batch/v1/ HTTP/1.1" 404 28010 "https://blackborgs.com/blog/wp-admin/" "Mozilla/5.0 (Windows NT 10.0; Win64; x64) AppleWebKit/537.36 (KHTML, like Gecko) Chrome/120.0.0.0 Safari/537.36" "127.0.0.1,45.148.10.119" [0.005,2.405,2.408|2.408]Request_Body: "-"
104.23.166.134 - - [20/Sep/2026:00:31:34 +0800] "www.blackborgs.com" "GET /wp/wp-json/batch/v1 HTTP/1.1" 404 28006 "https://blackborgs.com/wp/wp-admin/" "Mozilla/5.0 (Windows NT 10.0; Win64; x64) AppleWebKit/537.36 (KHTML, like Gecko) Chrome/120.0.0.0 Safari/537.36" "127.0.0.1,45.148.10.119" [0.001,2.079,2.082|2.082]Request_Body: "-"
172.70.160.234 - - [20/Sep/2026:00:31:34 +0800] "blackborgs.com" "POST /blog/blog/wp-json/batch/v1 HTTP/1.1" 301 166 "https://blackborgs.com/blog/wp-admin/" "Mozilla/5.0 (Windows NT 10.0; Win64; x64) AppleWebKit/537.36 (KHTML, like Gecko) Chrome/120.0.0.0 Safari/537.36" "127.0.0.1,45.148.10.119" [-,-,-|0.000]Request_Body: "-"
172.70.160.235 - - [20/Sep/2026:00:31:35 +0800] "blackborgs.com" "POST /wp/wp-json/batch/v1/ HTTP/1.1" 301 166 "https://blackborgs.com/wp/wp-admin/" "Mozilla/5.0 (Windows NT 10.0; Win64; x64) AppleWebKit/537.36 (KHTML, like Gecko) Chrome/120.0.0.0 Safari/537.36" "127.0.0.1,45.148.10.119" [-,-,-|0.000]Request_Body: "-"
104.23.166.134 - - [20/Sep/2026:00:31:37 +0800] "www.blackborgs.com" "GET /blog/blog/wp-json/batch/v1 HTTP/1.1" 404 28011 "https://blackborgs.com/blog/wp-admin/" "Mozilla/5.0 (Windows NT 10.0; Win64; x64) AppleWebKit/537.36 (KHTML, like Gecko) Chrome/120.0.0.0 Safari/537.36" "127.0.0.1,45.148.10.119" [0.004,2.304,2.307|2.307]Request_Body: "-"
172.70.160.234 - - [20/Sep/2026:00:31:37 +0800] "blackborgs.com" "POST /blog/index.php?rest_route=/batch/v1 HTTP/1.1" 301 166 "https://blackborgs.com/blog/wp-admin/" "WordPress/6.4.3" "127.0.0.1,45.148.10.119" [-,-,-|0.000]Request_Body: "-"
104.23.166.134 - - [20/Sep/2026:00:31:37 +0800] "www.blackborgs.com" "GET /wp/wp-json/batch/v1/ HTTP/1.1" 404 28009 "https://blackborgs.com/wp/wp-admin/" "Mozilla/5.0 (Windows NT 10.0; Win64; x64) AppleWebKit/537.36 (KHTML, like Gecko) Chrome/120.0.0.0 Safari/537.36" "127.0.0.1,45.148.10.119" [0.001,2.171,2.174|2.174]Request_Body: "-"
104.23.166.134 - - [20/Sep/2026:00:31:37 +0800] "www.blackborgs.com" "GET /blog/index.php?rest_route=/batch/v1 HTTP/1.1" 403 150 "https://blackborgs.com/blog/wp-admin/" "WordPress/6.4.3" "127.0.0.1,45.148.10.119" [-,-,-|0.000]Request_Body: "-"
172.70.160.235 - - [20/Sep/2026:00:31:38 +0800] "blackborgs.com" "POST /blog/index.php?rest_route=%2Fbatch%2Fv1 HTTP/1.1" 301 166 "https://blackborgs.com/blog/wp-admin/" "WordPress/6.4.3" "127.0.0.1,45.148.10.119" [-,-,-|0.000]Request_Body: "-"
172.70.160.234 - - [20/Sep/2026:00:31:38 +0800] "blackborgs.com" "POST /wp/blog/wp-json/batch/v1 HTTP/1.1" 301 166 "https://blackborgs.com/wp/wp-admin/" "Mozilla/5.0 (Windows NT 10.0; Win64; x64) AppleWebKit/537.36 (KHTML, like Gecko) Chrome/120.0.0.0 Safari/537.36" "127.0.0.1,45.148.10.119" [-,-,-|0.001]Request_Body: "-"
104.23.166.134 - - [20/Sep/2026:00:31:38 +0800] "www.blackborgs.com" "GET /blog/index.php?rest_route=%2Fbatch%2Fv1 HTTP/1.1" 403 150 "https://blackborgs.com/blog/wp-admin/" "WordPress/6.4.3" "127.0.0.1,45.148.10.119" [-,-,-|0.000]Request_Body: "-"
172.70.160.235 - - [20/Sep/2026:00:31:38 +0800] "blackborgs.com" "POST /blog/?rest_route=%2Fbatch%2Fv1 HTTP/1.1" 301 166 "https://blackborgs.com/blog/wp-admin/" "WordPress/6.4.3" "127.0.0.1,45.148.10.119" [-,-,-|0.000]Request_Body: "-"
104.23.166.134 - - [20/Sep/2026:00:31:40 +0800] "www.blackborgs.com" "GET /wp/blog/wp-json/batch/v1 HTTP/1.1" 404 28011 "https://blackborgs.com/wp/wp-admin/" "Mozilla/5.0 (Windows NT 10.0; Win64; x64) AppleWebKit/537.36 (KHTML, like Gecko) Chrome/120.0.0.0 Safari/537.36" "127.0.0.1,45.148.10.119" [0.001,2.083,2.086|2.086]Request_Body: "-"
104.23.166.176 - - [20/Sep/2026:00:31:41 +0800] "blackborgs.com" "POST /wp/index.php?rest_route=/batch/v1 HTTP/1.1" 301 166 "https://blackborgs.com/wp/wp-admin/" "WordPress/6.4.3" "127.0.0.1,45.148.10.119" [-,-,-|0.001]Request_Body: "-"
104.23.166.134 - - [20/Sep/2026:00:31:41 +0800] "www.blackborgs.com" "GET /blog/?rest_route=%2Fbatch%2Fv1 HTTP/1.1" 404 125 "https://blackborgs.com/blog/wp-admin/" "WordPress/6.4.3" "127.0.0.1,45.148.10.119" [0.007,2.076,2.076|2.076]Request_Body: "-"
104.23.166.134 - - [20/Sep/2026:00:31:41 +0800] "www.blackborgs.com" "GET /wp/index.php?rest_route=/batch/v1 HTTP/1.1" 403 150 "https://blackborgs.com/wp/wp-admin/" "WordPress/6.4.3" "127.0.0.1,45.148.10.119" [-,-,-|0.000]Request_Body: "-"
104.23.166.176 - - [20/Sep/2026:00:31:41 +0800] "blackborgs.com" "POST /blog/?rest_route=/batch%2Fv1 HTTP/1.1" 301 166 "https://blackborgs.com/blog/wp-admin/" "WordPress/6.4.3" "127.0.0.1,45.148.10.119" [-,-,-|0.000]Request_Body: "-"
172.70.160.235 - - [20/Sep/2026:00:31:41 +0800] "blackborgs.com" "POST /wp/index.php?rest_route=%2Fbatch%2Fv1 HTTP/1.1" 301 166 "https://blackborgs.com/wp/wp-admin/" "WordPress/6.4.3" "127.0.0.1,45.148.10.119" [-,-,-|0.000]Request_Body: "-"
104.23.166.134 - - [20/Sep/2026:00:31:41 +0800] "www.blackborgs.com" "GET /wp/index.php?rest_route=%2Fbatch%2Fv1 HTTP/1.1" 403 150 "https://blackborgs.com/wp/wp-admin/" "WordPress/6.4.3" "127.0.0.1,45.148.10.119" [-,-,-|0.000]Request_Body: "-"
172.70.160.234 - - [20/Sep/2026:00:31:41 +0800] "blackborgs.com" "POST /wp/?rest_route=%2Fbatch%2Fv1 HTTP/1.1" 301 166 "https://blackborgs.com/wp/wp-admin/" "WordPress/6.4.3" "127.0.0.1,45.148.10.119" [-,-,-|0.000]Request_Body: "-"
104.23.166.134 - - [20/Sep/2026:00:31:43 +0800] "www.blackborgs.com" "GET /blog/?rest_route=/batch%2Fv1 HTTP/1.1" 404 125 "https://blackborgs.com/blog/wp-admin/" "WordPress/6.4.3" "127.0.0.1,45.148.10.119" [0.001,1.956,1.956|1.956]Request_Body: "-"
172.70.160.235 - - [20/Sep/2026:00:31:43 +0800] "blackborgs.com" "POST /blog/?rest_route=/batch/v1 HTTP/1.1" 301 166 "https://blackborgs.com/blog/wp-admin/" "WordPress/6.4.3" "127.0.0.1,45.148.10.119" [-,-,-|0.000]Request_Body: "-"
104.23.166.134 - - [20/Sep/2026:00:31:44 +0800] "www.blackborgs.com" "GET /wp/?rest_route=%2Fbatch%2Fv1 HTTP/1.1" 404 125 "https://blackborgs.com/wp/wp-admin/" "WordPress/6.4.3" "127.0.0.1,45.148.10.119" [0.001,1.902,1.902|1.902]Request_Body: "-"
172.70.160.234 - - [20/Sep/2026:00:31:44 +0800] "blackborgs.com" "POST /wp/?rest_route=/batch%2Fv1 HTTP/1.1" 301 166 "https://blackborgs.com/wp/wp-admin/" "WordPress/6.4.3" "127.0.0.1,45.148.10.119" [-,-,-|0.000]Request_Body: "-"
104.23.166.134 - - [20/Sep/2026:00:31:45 +0800] "www.blackborgs.com" "GET /blog/?rest_route=/batch/v1 HTTP/1.1" 404 125 "https://blackborgs.com/blog/wp-admin/" "WordPress/6.4.3" "127.0.0.1,45.148.10.119" [0.000,1.804,1.804|1.804]Request_Body: "-"
172.70.160.235 - - [20/Sep/2026:00:31:45 +0800] "blackborgs.com" "POST /blog/wp-json/batch/v1 HTTP/1.1" 301 166 "https://blackborgs.com/blog/wp-admin/" "WordPress/6.4.3" "127.0.0.1,45.148.10.119" [-,-,-|0.000]Request_Body: "-"
104.23.166.134 - - [20/Sep/2026:00:31:46 +0800] "www.blackborgs.com" "GET /wp/?rest_route=/batch%2Fv1 HTTP/1.1" 404 125 "https://blackborgs.com/wp/wp-admin/" "WordPress/6.4.3" "127.0.0.1,45.148.10.119" [0.001,1.735,1.735|1.735]Request_Body: "-"
172.70.160.234 - - [20/Sep/2026:00:31:46 +0800] "blackborgs.com" "POST /wp/?rest_route=/batch/v1 HTTP/1.1" 301 166 "https://blackborgs.com/wp/wp-admin/" "WordPress/6.4.3" "127.0.0.1,45.148.10.119" [-,-,-|0.001]Request_Body: "-"
104.23.166.134 - - [20/Sep/2026:00:31:48 +0800] "www.blackborgs.com" "GET /blog/wp-json/batch/v1 HTTP/1.1" 404 28009 "https://blackborgs.com/blog/wp-admin/" "WordPress/6.4.3" "127.0.0.1,45.148.10.119" [0.001,1.880,1.887|1.887]Request_Body: "-"
104.23.166.134 - - [20/Sep/2026:00:31:48 +0800] "www.blackborgs.com" "GET /wp/?rest_route=/batch/v1 HTTP/1.1" 404 125 "https://blackborgs.com/wp/wp-admin/" "WordPress/6.4.3" "127.0.0.1,45.148.10.119" [0.001,1.524,1.524|1.523]Request_Body: "-"
172.70.160.235 - - [20/Sep/2026:00:31:48 +0800] "blackborgs.com" "POST /wp/wp-json/batch/v1 HTTP/1.1" 301 166 "https://blackborgs.com/wp/wp-admin/" "WordPress/6.4.3" "127.0.0.1,45.148.10.119" [-,-,-|0.000]Request_Body: "-"
104.23.166.176 - - [20/Sep/2026:00:31:48 +0800] "blackborgs.com" "POST /blog/wp-json/Batch/v1 HTTP/1.1" 301 166 "https://blackborgs.com/blog/wp-admin/" "WordPress/6.4.3" "127.0.0.1,45.148.10.119" [-,-,-|0.001]Request_Body: "-"
104.23.166.134 - - [20/Sep/2026:00:31:51 +0800] "www.blackborgs.com" "GET /blog/wp-json/Batch/v1 HTTP/1.1" 404 28009 "https://blackborgs.com/blog/wp-admin/" "WordPress/6.4.3" "127.0.0.1,45.148.10.119" [0.008,1.980,1.990|1.991]Request_Body: "-"
104.23.166.134 - - [20/Sep/2026:00:31:51 +0800] "www.blackborgs.com" "GET /wp/wp-json/batch/v1 HTTP/1.1" 404 28006 "https://blackborgs.com/wp/wp-admin/" "WordPress/6.4.3" "127.0.0.1,45.148.10.119" [0.008,1.980,1.990|1.991]Request_Body: "-"
104.23.166.176 - - [20/Sep/2026:00:31:51 +0800] "blackborgs.com" "POST /wp/wp-json/Batch/v1 HTTP/1.1" 301 166 "https://blackborgs.com/wp/wp-admin/" "WordPress/6.4.3" "127.0.0.1,45.148.10.119" [-,-,-|0.000]Request_Body: "-"
172.70.160.234 - - [20/Sep/2026:00:31:51 +0800] "blackborgs.com" "POST /blog//wp-json/batch/v1 HTTP/1.1" 301 166 "https://blackborgs.com/blog/wp-admin/" "WordPress/6.4.3" "127.0.0.1,45.148.10.119" [-,-,-|0.000]Request_Body: "-"
104.23.166.134 - - [20/Sep/2026:00:31:53 +0800] "www.blackborgs.com" "GET /blog//wp-json/batch/v1 HTTP/1.1" 301 5 "https://blackborgs.com/blog/wp-admin/" "WordPress/6.4.3" "127.0.0.1,45.148.10.119" [0.001,1.556,1.556|1.555]Request_Body: "-"
104.23.166.134 - - [20/Sep/2026:00:31:53 +0800] "www.blackborgs.com" "GET /wp/wp-json/Batch/v1 HTTP/1.1" 404 28006 "https://blackborgs.com/wp/wp-admin/" "WordPress/6.4.3" "127.0.0.1,45.148.10.119" [0.000,1.876,1.879|1.879]Request_Body: "-"
104.23.166.134 - - [20/Sep/2026:00:31:55 +0800] "www.blackborgs.com" "GET /blog/wp-json/batch/v1 HTTP/1.1" 404 28009 "https://blackborgs.com/blog/wp-admin/" "WordPress/6.4.3" "127.0.0.1,45.148.10.119" [0.000,1.352,1.355|1.355]Request_Body: "-"
172.70.160.235 - - [20/Sep/2026:00:31:55 +0800] "blackborgs.com" "POST /blog/wp-json/batch/v1/ HTTP/1.1" 301 166 "https://blackborgs.com/blog/wp-admin/" "WordPress/6.4.3" "127.0.0.1,45.148.10.119" [-,-,-|0.000]Request_Body: "-"
172.70.160.234 - - [20/Sep/2026:00:31:56 +0800] "blackborgs.com" "POST /wp//wp-json/batch/v1 HTTP/1.1" 301 166 "https://blackborgs.com/wp/wp-admin/" "WordPress/6.4.3" "127.0.0.1,45.148.10.119" [-,-,-|0.000]Request_Body: "-"
104.23.166.134 - - [20/Sep/2026:00:31:57 +0800] "www.blackborgs.com" "GET /blog/wp-json/batch/v1/ HTTP/1.1" 404 28010 "https://blackborgs.com/blog/wp-admin/" "WordPress/6.4.3" "127.0.0.1,45.148.10.119" [0.001,1.200,1.203|1.203]Request_Body: "-"
172.70.160.235 - - [20/Sep/2026:00:31:57 +0800] "blackborgs.com" "POST /blog/blog/wp-json/batch/v1 HTTP/1.1" 301 166 "https://blackborgs.com/blog/wp-admin/" "WordPress/6.4.3" "127.0.0.1,45.148.10.119" [-,-,-|0.001]Request_Body: "-"
104.23.166.134 - - [20/Sep/2026:00:31:59 +0800] "www.blackborgs.com" "GET /wp//wp-json/batch/v1 HTTP/1.1" 301 5 "https://blackborgs.com/wp/wp-admin/" "WordPress/6.4.3" "127.0.0.1,45.148.10.119" [0.001,1.849,1.849|1.849]Request_Body: "-"
104.23.166.134 - - [20/Sep/2026:00:31:59 +0800] "www.blackborgs.com" "GET /blog/blog/wp-json/batch/v1 HTTP/1.1" 404 28011 "https://blackborgs.com/blog/wp-admin/" "WordPress/6.4.3" "127.0.0.1,45.148.10.119" [0.001,1.765,1.768|1.768]Request_Body: "-"
172.70.160.234 - - [20/Sep/2026:00:31:59 +0800] "blackborgs.com" "GET /blog/wp/v2/posts/999999 HTTP/1.1" 301 166 "-" "Mozilla/5.0 (Windows NT 10.0; Win64; x64) AppleWebKit/537.36 (KHTML, like Gecko) Chrome/120.0.0.0 Safari/537.36" "45.148.10.119" [-,-,-|0.000]Request_Body: "-"
104.23.166.134 - - [20/Sep/2026:00:32:01 +0800] "www.blackborgs.com" "GET /wp/wp-json/batch/v1 HTTP/1.1" 404 28006 "https://blackborgs.com/wp/wp-admin/" "WordPress/6.4.3" "127.0.0.1,45.148.10.119" [0.000,1.727,1.730|1.730]Request_Body: "-"
172.70.160.235 - - [20/Sep/2026:00:32:01 +0800] "blackborgs.com" "POST /wp/wp-json/batch/v1/ HTTP/1.1" 301 166 "https://blackborgs.com/wp/wp-admin/" "WordPress/6.4.3" "127.0.0.1,45.148.10.119" [-,-,-|0.000]Request_Body: "-"
104.23.166.134 - - [20/Sep/2026:00:32:01 +0800] "www.blackborgs.com" "GET /blog/wp/v2/posts/999999 HTTP/1.1" 404 28239 "http://www.blackborgs.com/blog/wp/v2/posts/999999" "Mozilla/5.0 (Windows NT 10.0; Win64; x64) AppleWebKit/537.36 (KHTML, like Gecko) Chrome/120.0.0.0 Safari/537.36" "45.148.10.119" [0.000,1.675,1.678|1.679]Request_Body: "-"
172.70.160.234 - - [20/Sep/2026:00:32:02 +0800] "blackborgs.com" "GET /blog/?rest_route=/wp/v2/posts/999999 HTTP/1.1" 301 166 "-" "Mozilla/5.0 (Windows NT 10.0; Win64; x64) AppleWebKit/537.36 (KHTML, like Gecko) Chrome/120.0.0.0 Safari/537.36" "45.148.10.119" [-,-,-|0.000]Request_Body: "-"
104.23.166.134 - - [20/Sep/2026:00:32:03 +0800] "www.blackborgs.com" "GET /wp/wp-json/batch/v1/ HTTP/1.1" 404 28009 "https://blackborgs.com/wp/wp-admin/" "WordPress/6.4.3" "127.0.0.1,45.148.10.119" [0.001,1.740,1.743|1.742]Request_Body: "-"
172.70.160.235 - - [20/Sep/2026:00:32:04 +0800] "blackborgs.com" "POST /wp/blog/wp-json/batch/v1 HTTP/1.1" 301 166 "https://blackborgs.com/wp/wp-admin/" "WordPress/6.4.3" "127.0.0.1,45.148.10.119" [-,-,-|0.000]Request_Body: "-"
104.23.166.134 - - [20/Sep/2026:00:32:05 +0800] "www.blackborgs.com" "GET /blog/?rest_route=/wp/v2/posts/999999 HTTP/1.1" 404 93 "http://www.blackborgs.com/blog/?rest_route=/wp/v2/posts/999999" "Mozilla/5.0 (Windows NT 10.0; Win64; x64) AppleWebKit/537.36 (KHTML, like Gecko) Chrome/120.0.0.0 Safari/537.36" "45.148.10.119" [0.005,1.943,1.943|1.943]Request_Body: "-"
172.70.160.234 - - [20/Sep/2026:00:32:05 +0800] "blackborgs.com" "GET /blog/wp/v2/pages HTTP/1.1" 301 166 "-" "Mozilla/5.0 (Windows NT 10.0; Win64; x64) AppleWebKit/537.36 (KHTML, like Gecko) Chrome/120.0.0.0 Safari/537.36" "45.148.10.119" [-,-,-|0.000]Request_Body: "-"
104.23.166.134 - - [20/Sep/2026:00:32:06 +0800] "www.blackborgs.com" "GET /wp/blog/wp-json/batch/v1 HTTP/1.1" 404 28011 "https://blackborgs.com/wp/wp-admin/" "WordPress/6.4.3" "127.0.0.1,45.148.10.119" [0.001,1.900,1.903|1.903]Request_Body: "-"
172.70.160.235 - - [20/Sep/2026:00:32:07 +0800] "blackborgs.com" "GET /wp/wp/v2/posts/999999 HTTP/1.1" 301 166 "-" "Mozilla/5.0 (Windows NT 10.0; Win64; x64) AppleWebKit/537.36 (KHTML, like Gecko) Chrome/120.0.0.0 Safari/537.36" "45.148.10.119" [-,-,-|0.000]Request_Body: "-"
104.23.166.134 - - [20/Sep/2026:00:32:07 +0800] "www.blackborgs.com" "GET /blog/wp/v2/pages HTTP/1.1" 404 28237 "http://www.blackborgs.com/blog/wp/v2/pages" "Mozilla/5.0 (Windows NT 10.0; Win64; x64) AppleWebKit/537.36 (KHTML, like Gecko) Chrome/120.0.0.0 Safari/537.36" "45.148.10.119" [0.001,2.391,2.394|2.394]Request_Body: "-"
172.70.160.234 - - [20/Sep/2026:00:32:08 +0800] "blackborgs.com" "GET /blog/?rest_route=/wp/v2/pages HTTP/1.1" 301 166 "-" "Mozilla/5.0 (Windows NT 10.0; Win64; x64) AppleWebKit/537.36 (KHTML, like Gecko) Chrome/120.0.0.0 Safari/537.36" "45.148.10.119" [-,-,-|0.000]Request_Body: "-"
104.23.166.134 - - [20/Sep/2026:00:32:09 +0800] "www.blackborgs.com" "GET /wp/wp/v2/posts/999999 HTTP/1.1" 404 28236 "http://www.blackborgs.com/wp/wp/v2/posts/999999" "Mozilla/5.0 (Windows NT 10.0; Win64; x64) AppleWebKit/537.36 (KHTML, like Gecko) Chrome/120.0.0.0 Safari/537.36" "45.148.10.119" [0.001,1.997,2.000|2.000]Request_Body: "-"
172.70.160.235 - - [20/Sep/2026:00:32:09 +0800] "blackborgs.com" "GET /wp/?rest_route=/wp/v2/posts/999999 HTTP/1.1" 301 166 "-" "Mozilla/5.0 (Windows NT 10.0; Win64; x64) AppleWebKit/537.36 (KHTML, like Gecko) Chrome/120.0.0.0 Safari/537.36" "45.148.10.119" [-,-,-|0.000]Request_Body: "-"
104.23.166.134 - - [20/Sep/2026:00:32:11 +0800] "www.blackborgs.com" "GET /blog/?rest_route=/wp/v2/pages HTTP/1.1" 200 358941 "http://www.blackborgs.com/blog/?rest_route=/wp/v2/pages" "Mozilla/5.0 (Windows NT 10.0; Win64; x64) AppleWebKit/537.36 (KHTML, like Gecko) Chrome/120.0.0.0 Safari/537.36" "45.148.10.119" [0.001,2.155,2.158|2.690]Request_Body: "-"
172.70.160.234 - - [20/Sep/2026:00:32:11 +0800] "blackborgs.com" "GET /blog/wp/v2/posts/999999?author_exclude=1&orderby=none&per_page=5 HTTP/1.1" 301 166 "-" "Mozilla/5.0 (Windows NT 10.0; Win64; x64) AppleWebKit/537.36 (KHTML, like Gecko) Chrome/120.0.0.0 Safari/537.36" "45.148.10.119" [-,-,-|0.000]Request_Body: "-"
104.23.166.134 - - [20/Sep/2026:00:32:12 +0800] "www.blackborgs.com" "GET /wp/?rest_route=/wp/v2/posts/999999 HTTP/1.1" 404 93 "http://www.blackborgs.com/wp/?rest_route=/wp/v2/posts/999999" "Mozilla/5.0 (Windows NT 10.0; Win64; x64) AppleWebKit/537.36 (KHTML, like Gecko) Chrome/120.0.0.0 Safari/537.36" "45.148.10.119" [0.001,1.874,1.874|1.875]Request_Body: "-"
172.70.160.235 - - [20/Sep/2026:00:32:12 +0800] "blackborgs.com" "GET /wp/wp/v2/pages HTTP/1.1" 301 166 "-" "Mozilla/5.0 (Windows NT 10.0; Win64; x64) AppleWebKit/537.36 (KHTML, like Gecko) Chrome/120.0.0.0 Safari/537.36" "45.148.10.119" [-,-,-|0.000]Request_Body: "-"
104.23.166.134 - - [20/Sep/2026:00:32:13 +0800] "www.blackborgs.com" "GET /blog/wp/v2/posts/999999?author_exclude=1&orderby=none&per_page=5 HTTP/1.1" 404 28270 "http://www.blackborgs.com/blog/wp/v2/posts/999999?author_exclude=1&orderby=none&per_page=5" "Mozilla/5.0 (Windows NT 10.0; Win64; x64) AppleWebKit/537.36 (KHTML, like Gecko) Chrome/120.0.0.0 Safari/537.36" "45.148.10.119" [0.001,1.984,1.987|1.987]Request_Body: "-"
172.70.160.234 - - [20/Sep/2026:00:32:13 +0800] "blackborgs.com" "GET /blog/?rest_route=/wp/v2/posts/999999&author_exclude=1&orderby=none&per_page=5 HTTP/1.1" 301 166 "-" "Mozilla/5.0 (Windows NT 10.0; Win64; x64) AppleWebKit/537.36 (KHTML, like Gecko) Chrome/120.0.0.0 Safari/537.36" "45.148.10.119" [-,-,-|0.000]Request_Body: "-"
104.23.166.134 - - [20/Sep/2026:00:32:14 +0800] "www.blackborgs.com" "GET /wp/wp/v2/pages HTTP/1.1" 404 28233 "http://www.blackborgs.com/wp/wp/v2/pages" "Mozilla/5.0 (Windows NT 10.0; Win64; x64) AppleWebKit/537.36 (KHTML, like Gecko) Chrome/120.0.0.0 Safari/537.36" "45.148.10.119" [0.001,1.953,1.956|1.956]Request_Body: "-"
172.70.160.235 - - [20/Sep/2026:00:32:15 +0800] "blackborgs.com" "GET /wp/?rest_route=/wp/v2/pages HTTP/1.1" 301 166 "-" "Mozilla/5.0 (Windows NT 10.0; Win64; x64) AppleWebKit/537.36 (KHTML, like Gecko) Chrome/120.0.0.0 Safari/537.36" "45.148.10.119" [-,-,-|0.000]Request_Body: "-"
104.23.166.134 - - [20/Sep/2026:00:32:15 +0800] "www.blackborgs.com" "GET /blog/?rest_route=/wp/v2/posts/999999&author_exclude=1&orderby=none&per_page=5 HTTP/1.1" 404 93 "http://www.blackborgs.com/blog/?rest_route=/wp/v2/posts/999999&author_exclude=1&orderby=none&per_page=5" "Mozilla/5.0 (Windows NT 10.0; Win64; x64) AppleWebKit/537.36 (KHTML, like Gecko) Chrome/120.0.0.0 Safari/537.36" "45.148.10.119" [0.001,1.699,1.699|1.699]Request_Body: "-"
104.23.166.134 - - [20/Sep/2026:00:32:17 +0800] "www.blackborgs.com" "GET /wp/?rest_route=/wp/v2/pages HTTP/1.1" 200 358917 "http://www.blackborgs.com/wp/?rest_route=/wp/v2/pages" "Mozilla/5.0 (Windows NT 10.0; Win64; x64) AppleWebKit/537.36 (KHTML, like Gecko) Chrome/120.0.0.0 Safari/537.36" "45.148.10.119" [0.001,1.803,1.806|2.210]Request_Body: "-"
172.70.160.234 - - [20/Sep/2026:00:32:19 +0800] "blackborgs.com" "GET /wp/wp/v2/posts/999999?author_exclude=1&orderby=none&per_page=5 HTTP/1.1" 301 166 "-" "Mozilla/5.0 (Windows NT 10.0; Win64; x64) AppleWebKit/537.36 (KHTML, like Gecko) Chrome/120.0.0.0 Safari/537.36" "45.148.10.119" [-,-,-|0.000]Request_Body: "-"
104.23.166.134 - - [20/Sep/2026:00:32:21 +0800] "www.blackborgs.com" "GET /wp/wp/v2/posts/999999?author_exclude=1&orderby=none&per_page=5 HTTP/1.1" 404 28267 "http://www.blackborgs.com/wp/wp/v2/posts/999999?author_exclude=1&orderby=none&per_page=5" "Mozilla/5.0 (Windows NT 10.0; Win64; x64) AppleWebKit/537.36 (KHTML, like Gecko) Chrome/120.0.0.0 Safari/537.36" "45.148.10.119" [0.000,1.699,1.703|1.703]Request_Body: "-"
172.70.160.235 - - [20/Sep/2026:00:32:21 +0800] "blackborgs.com" "GET /wp/?rest_route=/wp/v2/posts/999999&author_exclude=1&orderby=none&per_page=5 HTTP/1.1" 301 166 "-" "Mozilla/5.0 (Windows NT 10.0; Win64; x64) AppleWebKit/537.36 (KHTML, like Gecko) Chrome/120.0.0.0 Safari/537.36" "45.148.10.119" [-,-,-|0.000]Request_Body: "-"
104.23.166.134 - - [20/Sep/2026:00:32:25 +0800] "www.blackborgs.com" "GET /wp/?rest_route=/wp/v2/posts/999999&author_exclude=1&orderby=none&per_page=5 HTTP/1.1" 404 93 "http://www.blackborgs.com/wp/?rest_route=/wp/v2/posts/999999&author_exclude=1&orderby=none&per_page=5" "Mozilla/5.0 (Windows NT 10.0; Win64; x64) AppleWebKit/537.36 (KHTML, like Gecko) Chrome/120.0.0.0 Safari/537.36" "45.148.10.119" [0.001,1.827,1.827|1.827]Request_Body: "-"
172.68.42.202 - - [20/Sep/2026:00:41:49 +0800] "www.blackborgs.com" "GET /category/womens/ HTTP/1.1" 200 42510 "-" "Mozilla/5.0 (Windows NT 10.0; Win64; x64) AppleWebKit/537.36 (KHTML, like Gecko) Chrome/100.0.4896.75 Safari/537.36" "155.93.88.82" [0.000,1.965,1.972|1.972]Request_Body: "-"
198.41.230.234 - - [20/Sep/2026:00:44:21 +0800] "www.blackborgs.com" "GET /privacy-policy/ HTTP/1.1" 200 31973 "-" "Mozilla/5.0 (Macintosh; Intel Mac OS X 10_15_7) AppleWebKit/537.36 (KHTML, like Gecko) Chrome/123.0.0.0 Safari/537.36" "167.63.251.206" [0.001,1.930,1.935|1.935]Request_Body: "-"
172.68.138.137 - - [20/Sep/2026:00:48:54 +0800] "www.blackborgs.com" "GET /images/9619/a77d75c060d6d92df19ba48d95faf9ca6f577ccf3cddbffeddcba9cb89539073.jpg HTTP/1.1" 200 206349 "-" "Mozilla/5.0 AppleWebKit/537.36 (KHTML, like Gecko; compatible; bingbot/2.0; +http://www.bing.com/bingbot.htm) Chrome/116.0.1938.76 Safari/537.36" "52.167.144.215" [0.062,0.265,0.540|0.539]Request_Body: "-"