141.101.76.162 - - [20/Sep/2026:00:31:37 +0800] "blackdiamondespa.com" "POST /blog/wp-json/batch/v1 HTTP/1.1" 301 166 "https://blackdiamondespa.com/blog/wp-admin/" "Mozilla/5.0 (Windows NT 10.0; Win64; x64) AppleWebKit/537.36 (KHTML, like Gecko) Chrome/120.0.0.0 Safari/537.36" "10.0.0.1,45.148.10.119" [-,-,-|0.000]Request_Body: "-"
172.70.90.91 - - [20/Sep/2026:00:31:38 +0800] "www.blackdiamondespa.com" "GET /wp//wp-json/batch/v1 HTTP/1.1" 301 5 "https://blackdiamondespa.com/wp/wp-admin/" "Mozilla/5.0 (Windows NT 10.0; Win64; x64) AppleWebKit/537.36 (KHTML, like Gecko) Chrome/120.0.0.0 Safari/537.36" "10.0.0.1,45.148.10.119" [0.001,1.788,1.788|1.788]Request_Body: "-"
104.23.166.189 - - [20/Sep/2026:00:31:39 +0800] "www.blackdiamondespa.com" "GET /blog/wp-json/batch/v1 HTTP/1.1" 404 29323 "https://blackdiamondespa.com/blog/wp-admin/" "Mozilla/5.0 (Windows NT 10.0; Win64; x64) AppleWebKit/537.36 (KHTML, like Gecko) Chrome/120.0.0.0 Safari/537.36" "10.0.0.1,45.148.10.119" [0.002,1.999,2.002|2.002]Request_Body: "-"
141.101.76.162 - - [20/Sep/2026:00:31:39 +0800] "blackdiamondespa.com" "POST /blog/wp-json/Batch/v1 HTTP/1.1" 301 166 "https://blackdiamondespa.com/blog/wp-admin/" "Mozilla/5.0 (Windows NT 10.0; Win64; x64) AppleWebKit/537.36 (KHTML, like Gecko) Chrome/120.0.0.0 Safari/537.36" "10.0.0.1,45.148.10.119" [-,-,-|0.000]Request_Body: "-"
172.70.90.91 - - [20/Sep/2026:00:31:40 +0800] "www.blackdiamondespa.com" "GET /wp/wp-json/batch/v1 HTTP/1.1" 404 29320 "https://blackdiamondespa.com/wp/wp-admin/" "Mozilla/5.0 (Windows NT 10.0; Win64; x64) AppleWebKit/537.36 (KHTML, like Gecko) Chrome/120.0.0.0 Safari/537.36" "10.0.0.1,45.148.10.119" [0.001,2.137,2.141|2.141]Request_Body: "-"
141.101.76.59 - - [20/Sep/2026:00:31:41 +0800] "blackdiamondespa.com" "POST /wp/wp-json/batch/v1/ HTTP/1.1" 301 166 "https://blackdiamondespa.com/wp/wp-admin/" "Mozilla/5.0 (Windows NT 10.0; Win64; x64) AppleWebKit/537.36 (KHTML, like Gecko) Chrome/120.0.0.0 Safari/537.36" "10.0.0.1,45.148.10.119" [-,-,-|0.000]Request_Body: "-"
104.23.166.189 - - [20/Sep/2026:00:31:42 +0800] "www.blackdiamondespa.com" "GET /blog/wp-json/Batch/v1 HTTP/1.1" 404 29323 "https://blackdiamondespa.com/blog/wp-admin/" "Mozilla/5.0 (Windows NT 10.0; Win64; x64) AppleWebKit/537.36 (KHTML, like Gecko) Chrome/120.0.0.0 Safari/537.36" "10.0.0.1,45.148.10.119" [0.001,2.023,2.026|2.025]Request_Body: "-"
141.101.76.59 - - [20/Sep/2026:00:31:42 +0800] "blackdiamondespa.com" "POST /blog//wp-json/batch/v1 HTTP/1.1" 301 166 "https://blackdiamondespa.com/blog/wp-admin/" "Mozilla/5.0 (Windows NT 10.0; Win64; x64) AppleWebKit/537.36 (KHTML, like Gecko) Chrome/120.0.0.0 Safari/537.36" "10.0.0.1,45.148.10.119" [-,-,-|0.000]Request_Body: "-"
172.70.90.91 - - [20/Sep/2026:00:31:43 +0800] "www.blackdiamondespa.com" "GET /wp/wp-json/batch/v1/ HTTP/1.1" 404 29322 "https://blackdiamondespa.com/wp/wp-admin/" "Mozilla/5.0 (Windows NT 10.0; Win64; x64) AppleWebKit/537.36 (KHTML, like Gecko) Chrome/120.0.0.0 Safari/537.36" "10.0.0.1,45.148.10.119" [0.001,1.865,1.869|1.869]Request_Body: "-"
141.101.76.59 - - [20/Sep/2026:00:31:43 +0800] "blackdiamondespa.com" "POST /wp/blog/wp-json/batch/v1 HTTP/1.1" 301 166 "https://blackdiamondespa.com/wp/wp-admin/" "Mozilla/5.0 (Windows NT 10.0; Win64; x64) AppleWebKit/537.36 (KHTML, like Gecko) Chrome/120.0.0.0 Safari/537.36" "10.0.0.1,45.148.10.119" [-,-,-|0.000]Request_Body: "-"
104.23.166.189 - - [20/Sep/2026:00:31:44 +0800] "www.blackdiamondespa.com" "GET /blog//wp-json/batch/v1 HTTP/1.1" 301 5 "https://blackdiamondespa.com/blog/wp-admin/" "Mozilla/5.0 (Windows NT 10.0; Win64; x64) AppleWebKit/537.36 (KHTML, like Gecko) Chrome/120.0.0.0 Safari/537.36" "10.0.0.1,45.148.10.119" [0.006,1.556,1.556|1.556]Request_Body: "-"
172.70.90.91 - - [20/Sep/2026:00:31:45 +0800] "www.blackdiamondespa.com" "GET /wp/blog/wp-json/batch/v1 HTTP/1.1" 404 29325 "https://blackdiamondespa.com/wp/wp-admin/" "Mozilla/5.0 (Windows NT 10.0; Win64; x64) AppleWebKit/537.36 (KHTML, like Gecko) Chrome/120.0.0.0 Safari/537.36" "10.0.0.1,45.148.10.119" [0.001,1.837,1.840|1.841]Request_Body: "-"
104.23.166.189 - - [20/Sep/2026:00:31:47 +0800] "www.blackdiamondespa.com" "GET /blog/wp-json/batch/v1 HTTP/1.1" 404 29323 "https://blackdiamondespa.com/blog/wp-admin/" "Mozilla/5.0 (Windows NT 10.0; Win64; x64) AppleWebKit/537.36 (KHTML, like Gecko) Chrome/120.0.0.0 Safari/537.36" "10.0.0.1,45.148.10.119" [0.003,2.004,2.008|2.007]Request_Body: "-"
141.101.76.59 - - [20/Sep/2026:00:31:47 +0800] "blackdiamondespa.com" "POST /wp/index.php?rest_route=/batch/v1 HTTP/1.1" 301 166 "https://blackdiamondespa.com/wp/wp-admin/" "Mozilla/5.0 (Windows NT 10.0; Win64; x64) AppleWebKit/537.36 (KHTML, like Gecko) Chrome/120.0.0.0 Safari/537.36" "127.0.0.1,45.148.10.119" [-,-,-|0.000]Request_Body: "-"
172.70.90.91 - - [20/Sep/2026:00:31:47 +0800] "www.blackdiamondespa.com" "GET /wp/index.php?rest_route=/batch/v1 HTTP/1.1" 403 552 "https://blackdiamondespa.com/wp/wp-admin/" "Mozilla/5.0 (Windows NT 10.0; Win64; x64) AppleWebKit/537.36 (KHTML, like Gecko) Chrome/120.0.0.0 Safari/537.36" "127.0.0.1,45.148.10.119" [-,-,-|0.000]Request_Body: "-"
141.101.76.59 - - [20/Sep/2026:00:31:47 +0800] "blackdiamondespa.com" "POST /blog/wp-json/batch/v1/ HTTP/1.1" 301 166 "https://blackdiamondespa.com/blog/wp-admin/" "Mozilla/5.0 (Windows NT 10.0; Win64; x64) AppleWebKit/537.36 (KHTML, like Gecko) Chrome/120.0.0.0 Safari/537.36" "10.0.0.1,45.148.10.119" [-,-,-|0.000]Request_Body: "-"
104.23.166.5 - - [20/Sep/2026:00:31:47 +0800] "blackdiamondespa.com" "POST /wp/index.php?rest_route=%2Fbatch%2Fv1 HTTP/1.1" 301 166 "https://blackdiamondespa.com/wp/wp-admin/" "Mozilla/5.0 (Windows NT 10.0; Win64; x64) AppleWebKit/537.36 (KHTML, like Gecko) Chrome/120.0.0.0 Safari/537.36" "127.0.0.1,45.148.10.119" [-,-,-|0.000]Request_Body: "-"
172.70.90.91 - - [20/Sep/2026:00:31:48 +0800] "www.blackdiamondespa.com" "GET /wp/index.php?rest_route=%2Fbatch%2Fv1 HTTP/1.1" 403 552 "https://blackdiamondespa.com/wp/wp-admin/" "Mozilla/5.0 (Windows NT 10.0; Win64; x64) AppleWebKit/537.36 (KHTML, like Gecko) Chrome/120.0.0.0 Safari/537.36" "127.0.0.1,45.148.10.119" [-,-,-|0.000]Request_Body: "-"
141.101.76.59 - - [20/Sep/2026:00:31:48 +0800] "blackdiamondespa.com" "POST /wp/?rest_route=%2Fbatch%2Fv1 HTTP/1.1" 301 166 "https://blackdiamondespa.com/wp/wp-admin/" "Mozilla/5.0 (Windows NT 10.0; Win64; x64) AppleWebKit/537.36 (KHTML, like Gecko) Chrome/120.0.0.0 Safari/537.36" "127.0.0.1,45.148.10.119" [-,-,-|0.000]Request_Body: "-"
104.23.166.189 - - [20/Sep/2026:00:31:50 +0800] "www.blackdiamondespa.com" "GET /blog/wp-json/batch/v1/ HTTP/1.1" 404 29326 "https://blackdiamondespa.com/blog/wp-admin/" "Mozilla/5.0 (Windows NT 10.0; Win64; x64) AppleWebKit/537.36 (KHTML, like Gecko) Chrome/120.0.0.0 Safari/537.36" "10.0.0.1,45.148.10.119" [0.001,1.912,1.915|1.915]Request_Body: "-"
172.70.90.91 - - [20/Sep/2026:00:31:50 +0800] "www.blackdiamondespa.com" "GET /wp/?rest_route=%2Fbatch%2Fv1 HTTP/1.1" 404 125 "https://blackdiamondespa.com/wp/wp-admin/" "Mozilla/5.0 (Windows NT 10.0; Win64; x64) AppleWebKit/537.36 (KHTML, like Gecko) Chrome/120.0.0.0 Safari/537.36" "127.0.0.1,45.148.10.119" [0.001,1.676,1.676|1.676]Request_Body: "-"
141.101.76.59 - - [20/Sep/2026:00:31:50 +0800] "blackdiamondespa.com" "POST /wp/?rest_route=/batch%2Fv1 HTTP/1.1" 301 166 "https://blackdiamondespa.com/wp/wp-admin/" "Mozilla/5.0 (Windows NT 10.0; Win64; x64) AppleWebKit/537.36 (KHTML, like Gecko) Chrome/120.0.0.0 Safari/537.36" "127.0.0.1,45.148.10.119" [-,-,-|0.000]Request_Body: "-"
141.101.76.59 - - [20/Sep/2026:00:31:51 +0800] "blackdiamondespa.com" "POST /blog/blog/wp-json/batch/v1 HTTP/1.1" 301 166 "https://blackdiamondespa.com/blog/wp-admin/" "Mozilla/5.0 (Windows NT 10.0; Win64; x64) AppleWebKit/537.36 (KHTML, like Gecko) Chrome/120.0.0.0 Safari/537.36" "10.0.0.1,45.148.10.119" [-,-,-|0.000]Request_Body: "-"
172.70.90.91 - - [20/Sep/2026:00:31:52 +0800] "www.blackdiamondespa.com" "GET /wp/?rest_route=/batch%2Fv1 HTTP/1.1" 404 125 "https://blackdiamondespa.com/wp/wp-admin/" "Mozilla/5.0 (Windows NT 10.0; Win64; x64) AppleWebKit/537.36 (KHTML, like Gecko) Chrome/120.0.0.0 Safari/537.36" "127.0.0.1,45.148.10.119" [0.001,1.639,1.639|1.639]Request_Body: "-"
141.101.76.59 - - [20/Sep/2026:00:31:52 +0800] "blackdiamondespa.com" "POST /wp/?rest_route=/batch/v1 HTTP/1.1" 301 166 "https://blackdiamondespa.com/wp/wp-admin/" "Mozilla/5.0 (Windows NT 10.0; Win64; x64) AppleWebKit/537.36 (KHTML, like Gecko) Chrome/120.0.0.0 Safari/537.36" "127.0.0.1,45.148.10.119" [-,-,-|0.000]Request_Body: "-"
104.23.166.189 - - [20/Sep/2026:00:31:53 +0800] "www.blackdiamondespa.com" "GET /blog/blog/wp-json/batch/v1 HTTP/1.1" 404 29325 "https://blackdiamondespa.com/blog/wp-admin/" "Mozilla/5.0 (Windows NT 10.0; Win64; x64) AppleWebKit/537.36 (KHTML, like Gecko) Chrome/120.0.0.0 Safari/537.36" "10.0.0.1,45.148.10.119" [0.002,1.878,1.883|1.882]Request_Body: "-"
172.70.90.91 - - [20/Sep/2026:00:31:54 +0800] "www.blackdiamondespa.com" "GET /wp/?rest_route=/batch/v1 HTTP/1.1" 404 125 "https://blackdiamondespa.com/wp/wp-admin/" "Mozilla/5.0 (Windows NT 10.0; Win64; x64) AppleWebKit/537.36 (KHTML, like Gecko) Chrome/120.0.0.0 Safari/537.36" "127.0.0.1,45.148.10.119" [0.001,1.409,1.409|1.409]Request_Body: "-"
104.23.166.5 - - [20/Sep/2026:00:31:54 +0800] "blackdiamondespa.com" "POST /wp/wp-json/batch/v1 HTTP/1.1" 301 166 "https://blackdiamondespa.com/wp/wp-admin/" "Mozilla/5.0 (Windows NT 10.0; Win64; x64) AppleWebKit/537.36 (KHTML, like Gecko) Chrome/120.0.0.0 Safari/537.36" "127.0.0.1,45.148.10.119" [-,-,-|0.000]Request_Body: "-"
172.70.90.91 - - [20/Sep/2026:00:31:55 +0800] "www.blackdiamondespa.com" "GET /wp/wp-json/batch/v1 HTTP/1.1" 404 29320 "https://blackdiamondespa.com/wp/wp-admin/" "Mozilla/5.0 (Windows NT 10.0; Win64; x64) AppleWebKit/537.36 (KHTML, like Gecko) Chrome/120.0.0.0 Safari/537.36" "127.0.0.1,45.148.10.119" [0.001,1.328,1.334|1.334]Request_Body: "-"
104.23.166.5 - - [20/Sep/2026:00:31:56 +0800] "blackdiamondespa.com" "POST /wp/wp-json/Batch/v1 HTTP/1.1" 301 166 "https://blackdiamondespa.com/wp/wp-admin/" "Mozilla/5.0 (Windows NT 10.0; Win64; x64) AppleWebKit/537.36 (KHTML, like Gecko) Chrome/120.0.0.0 Safari/537.36" "127.0.0.1,45.148.10.119" [-,-,-|0.000]Request_Body: "-"
141.101.76.59 - - [20/Sep/2026:00:31:57 +0800] "blackdiamondespa.com" "POST /blog/index.php?rest_route=/batch/v1 HTTP/1.1" 301 166 "https://blackdiamondespa.com/blog/wp-admin/" "Mozilla/5.0 (Windows NT 10.0; Win64; x64) AppleWebKit/537.36 (KHTML, like Gecko) Chrome/120.0.0.0 Safari/537.36" "127.0.0.1,45.148.10.119" [-,-,-|0.000]Request_Body: "-"
104.23.166.189 - - [20/Sep/2026:00:31:57 +0800] "www.blackdiamondespa.com" "GET /blog/index.php?rest_route=/batch/v1 HTTP/1.1" 403 552 "https://blackdiamondespa.com/blog/wp-admin/" "Mozilla/5.0 (Windows NT 10.0; Win64; x64) AppleWebKit/537.36 (KHTML, like Gecko) Chrome/120.0.0.0 Safari/537.36" "127.0.0.1,45.148.10.119" [-,-,-|0.000]Request_Body: "-"
141.101.76.59 - - [20/Sep/2026:00:31:57 +0800] "blackdiamondespa.com" "POST /blog/index.php?rest_route=%2Fbatch%2Fv1 HTTP/1.1" 301 166 "https://blackdiamondespa.com/blog/wp-admin/" "Mozilla/5.0 (Windows NT 10.0; Win64; x64) AppleWebKit/537.36 (KHTML, like Gecko) Chrome/120.0.0.0 Safari/537.36" "127.0.0.1,45.148.10.119" [-,-,-|0.000]Request_Body: "-"
104.23.166.189 - - [20/Sep/2026:00:31:58 +0800] "www.blackdiamondespa.com" "GET /blog/index.php?rest_route=%2Fbatch%2Fv1 HTTP/1.1" 403 552 "https://blackdiamondespa.com/blog/wp-admin/" "Mozilla/5.0 (Windows NT 10.0; Win64; x64) AppleWebKit/537.36 (KHTML, like Gecko) Chrome/120.0.0.0 Safari/537.36" "127.0.0.1,45.148.10.119" [-,-,-|0.000]Request_Body: "-"
172.70.90.91 - - [20/Sep/2026:00:31:58 +0800] "www.blackdiamondespa.com" "GET /wp/wp-json/Batch/v1 HTTP/1.1" 404 29320 "https://blackdiamondespa.com/wp/wp-admin/" "Mozilla/5.0 (Windows NT 10.0; Win64; x64) AppleWebKit/537.36 (KHTML, like Gecko) Chrome/120.0.0.0 Safari/537.36" "127.0.0.1,45.148.10.119" [0.002,1.556,1.559|1.559]Request_Body: "-"
141.101.76.59 - - [20/Sep/2026:00:31:58 +0800] "blackdiamondespa.com" "POST /blog/?rest_route=%2Fbatch%2Fv1 HTTP/1.1" 301 166 "https://blackdiamondespa.com/blog/wp-admin/" "Mozilla/5.0 (Windows NT 10.0; Win64; x64) AppleWebKit/537.36 (KHTML, like Gecko) Chrome/120.0.0.0 Safari/537.36" "127.0.0.1,45.148.10.119" [-,-,-|0.000]Request_Body: "-"
141.101.76.59 - - [20/Sep/2026:00:31:59 +0800] "blackdiamondespa.com" "POST /wp//wp-json/batch/v1 HTTP/1.1" 301 166 "https://blackdiamondespa.com/wp/wp-admin/" "Mozilla/5.0 (Windows NT 10.0; Win64; x64) AppleWebKit/537.36 (KHTML, like Gecko) Chrome/120.0.0.0 Safari/537.36" "127.0.0.1,45.148.10.119" [-,-,-|0.000]Request_Body: "-"
172.70.90.91 - - [20/Sep/2026:00:32:00 +0800] "www.blackdiamondespa.com" "GET /blog/?rest_route=%2Fbatch%2Fv1 HTTP/1.1" 404 125 "https://blackdiamondespa.com/blog/wp-admin/" "Mozilla/5.0 (Windows NT 10.0; Win64; x64) AppleWebKit/537.36 (KHTML, like Gecko) Chrome/120.0.0.0 Safari/537.36" "127.0.0.1,45.148.10.119" [0.001,1.538,1.538|1.538]Request_Body: "-"
104.23.166.189 - - [20/Sep/2026:00:32:01 +0800] "www.blackdiamondespa.com" "GET /wp//wp-json/batch/v1 HTTP/1.1" 301 5 "https://blackdiamondespa.com/wp/wp-admin/" "Mozilla/5.0 (Windows NT 10.0; Win64; x64) AppleWebKit/537.36 (KHTML, like Gecko) Chrome/120.0.0.0 Safari/537.36" "127.0.0.1,45.148.10.119" [0.001,1.568,1.568|1.568]Request_Body: "-"
141.101.76.59 - - [20/Sep/2026:00:32:03 +0800] "blackdiamondespa.com" "POST /blog/?rest_route=/batch%2Fv1 HTTP/1.1" 301 166 "https://blackdiamondespa.com/blog/wp-admin/" "Mozilla/5.0 (Windows NT 10.0; Win64; x64) AppleWebKit/537.36 (KHTML, like Gecko) Chrome/120.0.0.0 Safari/537.36" "127.0.0.1,45.148.10.119" [-,-,-|0.000]Request_Body: "-"
104.23.166.189 - - [20/Sep/2026:00:32:05 +0800] "www.blackdiamondespa.com" "GET /wp/wp-json/batch/v1 HTTP/1.1" 404 29320 "https://blackdiamondespa.com/wp/wp-admin/" "Mozilla/5.0 (Windows NT 10.0; Win64; x64) AppleWebKit/537.36 (KHTML, like Gecko) Chrome/120.0.0.0 Safari/537.36" "127.0.0.1,45.148.10.119" [0.001,1.686,1.689|1.689]Request_Body: "-"
172.70.90.91 - - [20/Sep/2026:00:32:05 +0800] "www.blackdiamondespa.com" "GET /blog/?rest_route=/batch%2Fv1 HTTP/1.1" 404 125 "https://blackdiamondespa.com/blog/wp-admin/" "Mozilla/5.0 (Windows NT 10.0; Win64; x64) AppleWebKit/537.36 (KHTML, like Gecko) Chrome/120.0.0.0 Safari/537.36" "127.0.0.1,45.148.10.119" [0.002,1.499,1.499|1.499]Request_Body: "-"
141.101.76.59 - - [20/Sep/2026:00:32:05 +0800] "blackdiamondespa.com" "POST /blog/?rest_route=/batch/v1 HTTP/1.1" 301 166 "https://blackdiamondespa.com/blog/wp-admin/" "Mozilla/5.0 (Windows NT 10.0; Win64; x64) AppleWebKit/537.36 (KHTML, like Gecko) Chrome/120.0.0.0 Safari/537.36" "127.0.0.1,45.148.10.119" [-,-,-|0.000]Request_Body: "-"
104.23.166.5 - - [20/Sep/2026:00:32:05 +0800] "blackdiamondespa.com" "POST /wp/wp-json/batch/v1/ HTTP/1.1" 301 166 "https://blackdiamondespa.com/wp/wp-admin/" "Mozilla/5.0 (Windows NT 10.0; Win64; x64) AppleWebKit/537.36 (KHTML, like Gecko) Chrome/120.0.0.0 Safari/537.36" "127.0.0.1,45.148.10.119" [-,-,-|0.000]Request_Body: "-"
104.23.166.189 - - [20/Sep/2026:00:32:08 +0800] "www.blackdiamondespa.com" "GET /blog/?rest_route=/batch/v1 HTTP/1.1" 404 125 "https://blackdiamondespa.com/blog/wp-admin/" "Mozilla/5.0 (Windows NT 10.0; Win64; x64) AppleWebKit/537.36 (KHTML, like Gecko) Chrome/120.0.0.0 Safari/537.36" "127.0.0.1,45.148.10.119" [0.001,2.422,2.422|2.421]Request_Body: "-"
104.23.166.5 - - [20/Sep/2026:00:32:08 +0800] "blackdiamondespa.com" "POST /blog/wp-json/batch/v1 HTTP/1.1" 301 166 "https://blackdiamondespa.com/blog/wp-admin/" "Mozilla/5.0 (Windows NT 10.0; Win64; x64) AppleWebKit/537.36 (KHTML, like Gecko) Chrome/120.0.0.0 Safari/537.36" "127.0.0.1,45.148.10.119" [-,-,-|0.000]Request_Body: "-"
172.70.90.91 - - [20/Sep/2026:00:32:08 +0800] "www.blackdiamondespa.com" "GET /wp/wp-json/batch/v1/ HTTP/1.1" 404 29322 "https://blackdiamondespa.com/wp/wp-admin/" "Mozilla/5.0 (Windows NT 10.0; Win64; x64) AppleWebKit/537.36 (KHTML, like Gecko) Chrome/120.0.0.0 Safari/537.36" "127.0.0.1,45.148.10.119" [0.002,2.654,2.657|2.657]Request_Body: "-"
104.23.166.5 - - [20/Sep/2026:00:32:09 +0800] "blackdiamondespa.com" "POST /wp/blog/wp-json/batch/v1 HTTP/1.1" 301 166 "https://blackdiamondespa.com/wp/wp-admin/" "Mozilla/5.0 (Windows NT 10.0; Win64; x64) AppleWebKit/537.36 (KHTML, like Gecko) Chrome/120.0.0.0 Safari/537.36" "127.0.0.1,45.148.10.119" [-,-,-|0.001]Request_Body: "-"
104.23.221.18 - - [20/Sep/2026:00:32:09 +0800] "blackdiamondespa.com" "GET /wp-admin/install.php?step=1 HTTP/1.1" 301 166 "-" "http://blackdiamondespa.com/wp-admin/install.php?step=1" "2a06:98c0:3600::103" [-,-,-|0.000]Request_Body: "-"
104.23.221.40 - - [20/Sep/2026:00:32:10 +0800] "www.blackdiamondespa.com" "GET /wp-admin/install.php?step=1 HTTP/1.1" 200 546 "-" "http://blackdiamondespa.com/wp-admin/install.php?step=1" "2a06:98c0:3600::103" [0.000,0.453,0.453|0.453]Request_Body: "-"
104.23.166.189 - - [20/Sep/2026:00:32:11 +0800] "www.blackdiamondespa.com" "GET /blog/wp-json/batch/v1 HTTP/1.1" 404 29323 "https://blackdiamondespa.com/blog/wp-admin/" "Mozilla/5.0 (Windows NT 10.0; Win64; x64) AppleWebKit/537.36 (KHTML, like Gecko) Chrome/120.0.0.0 Safari/537.36" "127.0.0.1,45.148.10.119" [0.005,1.990,1.993|1.993]Request_Body: "-"
104.23.166.5 - - [20/Sep/2026:00:32:11 +0800] "blackdiamondespa.com" "POST /blog/wp-json/Batch/v1 HTTP/1.1" 301 166 "https://blackdiamondespa.com/blog/wp-admin/" "Mozilla/5.0 (Windows NT 10.0; Win64; x64) AppleWebKit/537.36 (KHTML, like Gecko) Chrome/120.0.0.0 Safari/537.36" "127.0.0.1,45.148.10.119" [-,-,-|0.000]Request_Body: "-"
172.70.90.91 - - [20/Sep/2026:00:32:11 +0800] "www.blackdiamondespa.com" "GET /wp/blog/wp-json/batch/v1 HTTP/1.1" 404 29325 "https://blackdiamondespa.com/wp/wp-admin/" "Mozilla/5.0 (Windows NT 10.0; Win64; x64) AppleWebKit/537.36 (KHTML, like Gecko) Chrome/120.0.0.0 Safari/537.36" "127.0.0.1,45.148.10.119" [0.001,1.996,1.999|1.999]Request_Body: "-"
104.23.166.5 - - [20/Sep/2026:00:32:11 +0800] "blackdiamondespa.com" "POST /wp/index.php?rest_route=/batch/v1 HTTP/1.1" 301 166 "https://blackdiamondespa.com/wp/wp-admin/" "WordPress/6.4.3" "127.0.0.1,45.148.10.119" [-,-,-|0.000]Request_Body: "-"
172.70.90.91 - - [20/Sep/2026:00:32:11 +0800] "www.blackdiamondespa.com" "GET /wp/index.php?rest_route=/batch/v1 HTTP/1.1" 403 150 "https://blackdiamondespa.com/wp/wp-admin/" "WordPress/6.4.3" "127.0.0.1,45.148.10.119" [-,-,-|0.000]Request_Body: "-"
104.23.166.5 - - [20/Sep/2026:00:32:12 +0800] "blackdiamondespa.com" "POST /wp/index.php?rest_route=%2Fbatch%2Fv1 HTTP/1.1" 301 166 "https://blackdiamondespa.com/wp/wp-admin/" "WordPress/6.4.3" "127.0.0.1,45.148.10.119" [-,-,-|0.000]Request_Body: "-"
172.70.90.91 - - [20/Sep/2026:00:32:12 +0800] "www.blackdiamondespa.com" "GET /wp/index.php?rest_route=%2Fbatch%2Fv1 HTTP/1.1" 403 150 "https://blackdiamondespa.com/wp/wp-admin/" "WordPress/6.4.3" "127.0.0.1,45.148.10.119" [-,-,-|0.000]Request_Body: "-"
104.23.166.5 - - [20/Sep/2026:00:32:12 +0800] "blackdiamondespa.com" "POST /wp/?rest_route=%2Fbatch%2Fv1 HTTP/1.1" 301 166 "https://blackdiamondespa.com/wp/wp-admin/" "WordPress/6.4.3" "127.0.0.1,45.148.10.119" [-,-,-|0.001]Request_Body: "-"
104.23.166.189 - - [20/Sep/2026:00:32:13 +0800] "www.blackdiamondespa.com" "GET /blog/wp-json/Batch/v1 HTTP/1.1" 404 29323 "https://blackdiamondespa.com/blog/wp-admin/" "Mozilla/5.0 (Windows NT 10.0; Win64; x64) AppleWebKit/537.36 (KHTML, like Gecko) Chrome/120.0.0.0 Safari/537.36" "127.0.0.1,45.148.10.119" [0.001,1.873,1.876|1.876]Request_Body: "-"
104.23.166.5 - - [20/Sep/2026:00:32:13 +0800] "blackdiamondespa.com" "POST /blog//wp-json/batch/v1 HTTP/1.1" 301 166 "https://blackdiamondespa.com/blog/wp-admin/" "Mozilla/5.0 (Windows NT 10.0; Win64; x64) AppleWebKit/537.36 (KHTML, like Gecko) Chrome/120.0.0.0 Safari/537.36" "127.0.0.1,45.148.10.119" [-,-,-|0.002]Request_Body: "-"
172.70.90.91 - - [20/Sep/2026:00:32:14 +0800] "www.blackdiamondespa.com" "GET /wp/?rest_route=%2Fbatch%2Fv1 HTTP/1.1" 404 125 "https://blackdiamondespa.com/wp/wp-admin/" "WordPress/6.4.3" "127.0.0.1,45.148.10.119" [0.001,1.844,1.844|1.844]Request_Body: "-"
104.23.166.5 - - [20/Sep/2026:00:32:14 +0800] "blackdiamondespa.com" "POST /wp/?rest_route=/batch%2Fv1 HTTP/1.1" 301 166 "https://blackdiamondespa.com/wp/wp-admin/" "WordPress/6.4.3" "127.0.0.1,45.148.10.119" [-,-,-|0.001]Request_Body: "-"
104.23.166.189 - - [20/Sep/2026:00:32:15 +0800] "www.blackdiamondespa.com" "GET /blog//wp-json/batch/v1 HTTP/1.1" 301 5 "https://blackdiamondespa.com/blog/wp-admin/" "Mozilla/5.0 (Windows NT 10.0; Win64; x64) AppleWebKit/537.36 (KHTML, like Gecko) Chrome/120.0.0.0 Safari/537.36" "127.0.0.1,45.148.10.119" [0.001,1.688,1.688|1.688]Request_Body: "-"
172.70.90.91 - - [20/Sep/2026:00:32:16 +0800] "www.blackdiamondespa.com" "GET /wp/?rest_route=/batch%2Fv1 HTTP/1.1" 404 125 "https://blackdiamondespa.com/wp/wp-admin/" "WordPress/6.4.3" "127.0.0.1,45.148.10.119" [0.001,1.620,1.620|1.620]Request_Body: "-"
104.23.166.5 - - [20/Sep/2026:00:32:17 +0800] "blackdiamondespa.com" "POST /wp/?rest_route=/batch/v1 HTTP/1.1" 301 166 "https://blackdiamondespa.com/wp/wp-admin/" "WordPress/6.4.3" "127.0.0.1,45.148.10.119" [-,-,-|0.000]Request_Body: "-"
104.23.166.189 - - [20/Sep/2026:00:32:19 +0800] "www.blackdiamondespa.com" "GET /blog/wp-json/batch/v1 HTTP/1.1" 404 29323 "https://blackdiamondespa.com/blog/wp-admin/" "Mozilla/5.0 (Windows NT 10.0; Win64; x64) AppleWebKit/537.36 (KHTML, like Gecko) Chrome/120.0.0.0 Safari/537.36" "127.0.0.1,45.148.10.119" [0.000,1.706,1.713|1.713]Request_Body: "-"
172.70.90.91 - - [20/Sep/2026:00:32:19 +0800] "www.blackdiamondespa.com" "GET /wp/?rest_route=/batch/v1 HTTP/1.1" 404 125 "https://blackdiamondespa.com/wp/wp-admin/" "WordPress/6.4.3" "127.0.0.1,45.148.10.119" [0.001,1.671,1.671|1.672]Request_Body: "-"
104.23.166.5 - - [20/Sep/2026:00:32:19 +0800] "blackdiamondespa.com" "POST /blog/wp-json/batch/v1/ HTTP/1.1" 301 166 "https://blackdiamondespa.com/blog/wp-admin/" "Mozilla/5.0 (Windows NT 10.0; Win64; x64) AppleWebKit/537.36 (KHTML, like Gecko) Chrome/120.0.0.0 Safari/537.36" "127.0.0.1,45.148.10.119" [-,-,-|0.000]Request_Body: "-"
141.101.76.59 - - [20/Sep/2026:00:32:19 +0800] "blackdiamondespa.com" "POST /wp/wp-json/batch/v1 HTTP/1.1" 301 166 "https://blackdiamondespa.com/wp/wp-admin/" "WordPress/6.4.3" "127.0.0.1,45.148.10.119" [-,-,-|0.000]Request_Body: "-"
172.70.90.91 - - [20/Sep/2026:00:32:21 +0800] "www.blackdiamondespa.com" "GET /blog/wp-json/batch/v1/ HTTP/1.1" 404 29326 "https://blackdiamondespa.com/blog/wp-admin/" "Mozilla/5.0 (Windows NT 10.0; Win64; x64) AppleWebKit/537.36 (KHTML, like Gecko) Chrome/120.0.0.0 Safari/537.36" "127.0.0.1,45.148.10.119" [0.003,1.655,1.658|1.659]Request_Body: "-"
104.23.166.189 - - [20/Sep/2026:00:32:21 +0800] "www.blackdiamondespa.com" "GET /wp/wp-json/batch/v1 HTTP/1.1" 404 29320 "https://blackdiamondespa.com/wp/wp-admin/" "WordPress/6.4.3" "127.0.0.1,45.148.10.119" [0.001,1.951,1.954|1.954]Request_Body: "-"
141.101.76.59 - - [20/Sep/2026:00:32:21 +0800] "blackdiamondespa.com" "POST /blog/blog/wp-json/batch/v1 HTTP/1.1" 301 166 "https://blackdiamondespa.com/blog/wp-admin/" "Mozilla/5.0 (Windows NT 10.0; Win64; x64) AppleWebKit/537.36 (KHTML, like Gecko) Chrome/120.0.0.0 Safari/537.36" "127.0.0.1,45.148.10.119" [-,-,-|0.000]Request_Body: "-"
141.101.76.59 - - [20/Sep/2026:00:32:21 +0800] "blackdiamondespa.com" "POST /wp/wp-json/Batch/v1 HTTP/1.1" 301 166 "https://blackdiamondespa.com/wp/wp-admin/" "WordPress/6.4.3" "127.0.0.1,45.148.10.119" [-,-,-|0.000]Request_Body: "-"
172.70.90.91 - - [20/Sep/2026:00:32:23 +0800] "www.blackdiamondespa.com" "GET /blog/blog/wp-json/batch/v1 HTTP/1.1" 404 29325 "https://blackdiamondespa.com/blog/wp-admin/" "Mozilla/5.0 (Windows NT 10.0; Win64; x64) AppleWebKit/537.36 (KHTML, like Gecko) Chrome/120.0.0.0 Safari/537.36" "127.0.0.1,45.148.10.119" [0.001,1.499,1.502|1.503]Request_Body: "-"
104.23.166.189 - - [20/Sep/2026:00:32:23 +0800] "www.blackdiamondespa.com" "GET /wp/wp-json/Batch/v1 HTTP/1.1" 404 29320 "https://blackdiamondespa.com/wp/wp-admin/" "WordPress/6.4.3" "127.0.0.1,45.148.10.119" [0.001,1.898,1.900|1.901]Request_Body: "-"
141.101.76.59 - - [20/Sep/2026:00:32:24 +0800] "blackdiamondespa.com" "POST /wp//wp-json/batch/v1 HTTP/1.1" 301 166 "https://blackdiamondespa.com/wp/wp-admin/" "WordPress/6.4.3" "127.0.0.1,45.148.10.119" [-,-,-|0.000]Request_Body: "-"
104.23.166.5 - - [20/Sep/2026:00:32:24 +0800] "blackdiamondespa.com" "POST /blog/index.php?rest_route=/batch/v1 HTTP/1.1" 301 166 "https://blackdiamondespa.com/blog/wp-admin/" "WordPress/6.4.3" "127.0.0.1,45.148.10.119" [-,-,-|0.000]Request_Body: "-"
172.70.90.91 - - [20/Sep/2026:00:32:24 +0800] "www.blackdiamondespa.com" "GET /blog/index.php?rest_route=/batch/v1 HTTP/1.1" 403 150 "https://blackdiamondespa.com/blog/wp-admin/" "WordPress/6.4.3" "127.0.0.1,45.148.10.119" [-,-,-|0.000]Request_Body: "-"
104.23.166.5 - - [20/Sep/2026:00:32:25 +0800] "blackdiamondespa.com" "POST /blog/index.php?rest_route=%2Fbatch%2Fv1 HTTP/1.1" 301 166 "https://blackdiamondespa.com/blog/wp-admin/" "WordPress/6.4.3" "127.0.0.1,45.148.10.119" [-,-,-|0.000]Request_Body: "-"
172.70.90.91 - - [20/Sep/2026:00:32:25 +0800] "www.blackdiamondespa.com" "GET /blog/index.php?rest_route=%2Fbatch%2Fv1 HTTP/1.1" 403 150 "https://blackdiamondespa.com/blog/wp-admin/" "WordPress/6.4.3" "127.0.0.1,45.148.10.119" [-,-,-|0.000]Request_Body: "-"
104.23.166.5 - - [20/Sep/2026:00:32:25 +0800] "blackdiamondespa.com" "POST /blog/?rest_route=%2Fbatch%2Fv1 HTTP/1.1" 301 166 "https://blackdiamondespa.com/blog/wp-admin/" "WordPress/6.4.3" "127.0.0.1,45.148.10.119" [-,-,-|0.000]Request_Body: "-"
104.23.166.189 - - [20/Sep/2026:00:32:26 +0800] "www.blackdiamondespa.com" "GET /wp//wp-json/batch/v1 HTTP/1.1" 301 5 "https://blackdiamondespa.com/wp/wp-admin/" "WordPress/6.4.3" "127.0.0.1,45.148.10.119" [0.001,1.199,1.199|1.199]Request_Body: "-"
172.70.90.91 - - [20/Sep/2026:00:32:27 +0800] "www.blackdiamondespa.com" "GET /blog/?rest_route=%2Fbatch%2Fv1 HTTP/1.1" 404 125 "https://blackdiamondespa.com/blog/wp-admin/" "WordPress/6.4.3" "127.0.0.1,45.148.10.119" [0.001,1.658,1.658|1.658]Request_Body: "-"
104.23.166.5 - - [20/Sep/2026:00:32:27 +0800] "blackdiamondespa.com" "POST /blog/?rest_route=/batch%2Fv1 HTTP/1.1" 301 166 "https://blackdiamondespa.com/blog/wp-admin/" "WordPress/6.4.3" "127.0.0.1,45.148.10.119" [-,-,-|0.000]Request_Body: "-"
104.23.166.189 - - [20/Sep/2026:00:32:28 +0800] "www.blackdiamondespa.com" "GET /wp/wp-json/batch/v1 HTTP/1.1" 404 29320 "https://blackdiamondespa.com/wp/wp-admin/" "WordPress/6.4.3" "127.0.0.1,45.148.10.119" [0.001,1.817,1.820|1.819]Request_Body: "-"
104.23.166.5 - - [20/Sep/2026:00:32:28 +0800] "blackdiamondespa.com" "POST /wp/wp-json/batch/v1/ HTTP/1.1" 301 166 "https://blackdiamondespa.com/wp/wp-admin/" "WordPress/6.4.3" "127.0.0.1,45.148.10.119" [-,-,-|0.000]Request_Body: "-"
172.70.90.91 - - [20/Sep/2026:00:32:30 +0800] "www.blackdiamondespa.com" "GET /blog/?rest_route=/batch%2Fv1 HTTP/1.1" 404 125 "https://blackdiamondespa.com/blog/wp-admin/" "WordPress/6.4.3" "127.0.0.1,45.148.10.119" [0.001,2.003,2.003|2.003]Request_Body: "-"
104.23.166.5 - - [20/Sep/2026:00:32:30 +0800] "blackdiamondespa.com" "POST /blog/?rest_route=/batch/v1 HTTP/1.1" 301 166 "https://blackdiamondespa.com/blog/wp-admin/" "WordPress/6.4.3" "127.0.0.1,45.148.10.119" [-,-,-|0.000]Request_Body: "-"
104.23.166.189 - - [20/Sep/2026:00:32:31 +0800] "www.blackdiamondespa.com" "GET /wp/wp-json/batch/v1/ HTTP/1.1" 404 29322 "https://blackdiamondespa.com/wp/wp-admin/" "WordPress/6.4.3" "127.0.0.1,45.148.10.119" [0.001,1.782,1.785|1.784]Request_Body: "-"
104.23.166.5 - - [20/Sep/2026:00:32:31 +0800] "blackdiamondespa.com" "POST /wp/blog/wp-json/batch/v1 HTTP/1.1" 301 166 "https://blackdiamondespa.com/wp/wp-admin/" "WordPress/6.4.3" "127.0.0.1,45.148.10.119" [-,-,-|0.001]Request_Body: "-"
172.70.90.91 - - [20/Sep/2026:00:32:32 +0800] "www.blackdiamondespa.com" "GET /blog/?rest_route=/batch/v1 HTTP/1.1" 404 125 "https://blackdiamondespa.com/blog/wp-admin/" "WordPress/6.4.3" "127.0.0.1,45.148.10.119" [0.000,1.606,1.606|1.606]Request_Body: "-"
104.23.166.5 - - [20/Sep/2026:00:32:32 +0800] "blackdiamondespa.com" "POST /blog/wp-json/batch/v1 HTTP/1.1" 301 166 "https://blackdiamondespa.com/blog/wp-admin/" "WordPress/6.4.3" "127.0.0.1,45.148.10.119" [-,-,-|0.000]Request_Body: "-"
104.23.166.189 - - [20/Sep/2026:00:32:33 +0800] "www.blackdiamondespa.com" "GET /wp/blog/wp-json/batch/v1 HTTP/1.1" 404 29325 "https://blackdiamondespa.com/wp/wp-admin/" "WordPress/6.4.3" "127.0.0.1,45.148.10.119" [0.000,1.662,1.669|1.669]Request_Body: "-"
104.23.166.5 - - [20/Sep/2026:00:32:34 +0800] "blackdiamondespa.com" "GET /wp/wp/v2/posts/999999 HTTP/1.1" 301 166 "-" "Mozilla/5.0 (Windows NT 10.0; Win64; x64) AppleWebKit/537.36 (KHTML, like Gecko) Chrome/120.0.0.0 Safari/537.36" "45.148.10.119" [-,-,-|0.000]Request_Body: "-"
104.23.166.189 - - [20/Sep/2026:00:32:36 +0800] "www.blackdiamondespa.com" "GET /blog/wp-json/batch/v1 HTTP/1.1" 404 29323 "https://blackdiamondespa.com/blog/wp-admin/" "WordPress/6.4.3" "127.0.0.1,45.148.10.119" [0.001,1.430,1.433|1.433]Request_Body: "-"
104.23.166.5 - - [20/Sep/2026:00:32:36 +0800] "blackdiamondespa.com" "POST /blog/wp-json/Batch/v1 HTTP/1.1" 301 166 "https://blackdiamondespa.com/blog/wp-admin/" "WordPress/6.4.3" "127.0.0.1,45.148.10.119" [-,-,-|0.000]Request_Body: "-"
172.70.90.91 - - [20/Sep/2026:00:32:36 +0800] "www.blackdiamondespa.com" "GET /wp/wp/v2/posts/999999 HTTP/1.1" 404 29553 "http://www.blackdiamondespa.com/wp/wp/v2/posts/999999" "Mozilla/5.0 (Windows NT 10.0; Win64; x64) AppleWebKit/537.36 (KHTML, like Gecko) Chrome/120.0.0.0 Safari/537.36" "45.148.10.119" [0.001,1.491,1.494|1.495]Request_Body: "-"
104.23.166.5 - - [20/Sep/2026:00:32:36 +0800] "blackdiamondespa.com" "GET /wp/?rest_route=/wp/v2/posts/999999 HTTP/1.1" 301 166 "-" "Mozilla/5.0 (Windows NT 10.0; Win64; x64) AppleWebKit/537.36 (KHTML, like Gecko) Chrome/120.0.0.0 Safari/537.36" "45.148.10.119" [-,-,-|0.000]Request_Body: "-"
172.70.90.91 - - [20/Sep/2026:00:32:38 +0800] "www.blackdiamondespa.com" "GET /blog/wp-json/Batch/v1 HTTP/1.1" 404 29323 "https://blackdiamondespa.com/blog/wp-admin/" "WordPress/6.4.3" "127.0.0.1,45.148.10.119" [0.001,1.587,1.590|1.590]Request_Body: "-"
104.23.166.189 - - [20/Sep/2026:00:32:38 +0800] "www.blackdiamondespa.com" "GET /wp/?rest_route=/wp/v2/posts/999999 HTTP/1.1" 404 93 "http://www.blackdiamondespa.com/wp/?rest_route=/wp/v2/posts/999999" "Mozilla/5.0 (Windows NT 10.0; Win64; x64) AppleWebKit/537.36 (KHTML, like Gecko) Chrome/120.0.0.0 Safari/537.36" "45.148.10.119" [0.001,1.511,1.512|1.511]Request_Body: "-"
104.23.166.5 - - [20/Sep/2026:00:32:38 +0800] "blackdiamondespa.com" "GET /wp/wp/v2/pages HTTP/1.1" 301 166 "-" "Mozilla/5.0 (Windows NT 10.0; Win64; x64) AppleWebKit/537.36 (KHTML, like Gecko) Chrome/120.0.0.0 Safari/537.36" "45.148.10.119" [-,-,-|0.000]Request_Body: "-"
104.23.166.5 - - [20/Sep/2026:00:32:38 +0800] "blackdiamondespa.com" "POST /blog//wp-json/batch/v1 HTTP/1.1" 301 166 "https://blackdiamondespa.com/blog/wp-admin/" "WordPress/6.4.3" "127.0.0.1,45.148.10.119" [-,-,-|0.001]Request_Body: "-"
172.70.90.91 - - [20/Sep/2026:00:32:40 +0800] "www.blackdiamondespa.com" "GET /blog//wp-json/batch/v1 HTTP/1.1" 301 5 "https://blackdiamondespa.com/blog/wp-admin/" "WordPress/6.4.3" "127.0.0.1,45.148.10.119" [0.000,1.172,1.172|1.172]Request_Body: "-"
104.23.166.189 - - [20/Sep/2026:00:32:40 +0800] "www.blackdiamondespa.com" "GET /wp/wp/v2/pages HTTP/1.1" 404 29549 "http://www.blackdiamondespa.com/wp/wp/v2/pages" "Mozilla/5.0 (Windows NT 10.0; Win64; x64) AppleWebKit/537.36 (KHTML, like Gecko) Chrome/120.0.0.0 Safari/537.36" "45.148.10.119" [0.004,1.462,1.464|1.465]Request_Body: "-"
104.23.166.5 - - [20/Sep/2026:00:32:40 +0800] "blackdiamondespa.com" "GET /wp/?rest_route=/wp/v2/pages HTTP/1.1" 301 166 "-" "Mozilla/5.0 (Windows NT 10.0; Win64; x64) AppleWebKit/537.36 (KHTML, like Gecko) Chrome/120.0.0.0 Safari/537.36" "45.148.10.119" [-,-,-|0.000]Request_Body: "-"
172.70.90.91 - - [20/Sep/2026:00:32:42 +0800] "www.blackdiamondespa.com" "GET /blog/wp-json/batch/v1 HTTP/1.1" 404 29323 "https://blackdiamondespa.com/blog/wp-admin/" "WordPress/6.4.3" "127.0.0.1,45.148.10.119" [0.001,1.637,1.640|1.640]Request_Body: "-"
104.23.166.5 - - [20/Sep/2026:00:32:42 +0800] "blackdiamondespa.com" "POST /blog/wp-json/batch/v1/ HTTP/1.1" 301 166 "https://blackdiamondespa.com/blog/wp-admin/" "WordPress/6.4.3" "127.0.0.1,45.148.10.119" [-,-,-|0.000]Request_Body: "-"
104.23.166.189 - - [20/Sep/2026:00:32:43 +0800] "www.blackdiamondespa.com" "GET /wp/?rest_route=/wp/v2/pages HTTP/1.1" 200 159921 "http://www.blackdiamondespa.com/wp/?rest_route=/wp/v2/pages" "Mozilla/5.0 (Windows NT 10.0; Win64; x64) AppleWebKit/537.36 (KHTML, like Gecko) Chrome/120.0.0.0 Safari/537.36" "45.148.10.119" [0.002,2.091,2.109|2.244]Request_Body: "-"
172.70.90.91 - - [20/Sep/2026:00:32:45 +0800] "www.blackdiamondespa.com" "GET /blog/wp-json/batch/v1/ HTTP/1.1" 404 29326 "https://blackdiamondespa.com/blog/wp-admin/" "WordPress/6.4.3" "127.0.0.1,45.148.10.119" [0.001,2.630,2.633|2.633]Request_Body: "-"
104.23.166.5 - - [20/Sep/2026:00:32:45 +0800] "blackdiamondespa.com" "GET /wp/wp/v2/posts/999999?author_exclude=1&orderby=none&per_page=5 HTTP/1.1" 301 166 "-" "Mozilla/5.0 (Windows NT 10.0; Win64; x64) AppleWebKit/537.36 (KHTML, like Gecko) Chrome/120.0.0.0 Safari/537.36" "45.148.10.119" [-,-,-|0.000]Request_Body: "-"
104.23.166.5 - - [20/Sep/2026:00:32:46 +0800] "blackdiamondespa.com" "POST /blog/blog/wp-json/batch/v1 HTTP/1.1" 301 166 "https://blackdiamondespa.com/blog/wp-admin/" "WordPress/6.4.3" "127.0.0.1,45.148.10.119" [-,-,-|0.000]Request_Body: "-"
104.23.166.189 - - [20/Sep/2026:00:32:48 +0800] "www.blackdiamondespa.com" "GET /wp/wp/v2/posts/999999?author_exclude=1&orderby=none&per_page=5 HTTP/1.1" 404 29592 "http://www.blackdiamondespa.com/wp/wp/v2/posts/999999?author_exclude=1&orderby=none&per_page=5" "Mozilla/5.0 (Windows NT 10.0; Win64; x64) AppleWebKit/537.36 (KHTML, like Gecko) Chrome/120.0.0.0 Safari/537.36" "45.148.10.119" [0.001,2.333,2.336|2.336]Request_Body: "-"
104.23.166.5 - - [20/Sep/2026:00:32:48 +0800] "blackdiamondespa.com" "GET /wp/?rest_route=/wp/v2/posts/999999&author_exclude=1&orderby=none&per_page=5 HTTP/1.1" 301 166 "-" "Mozilla/5.0 (Windows NT 10.0; Win64; x64) AppleWebKit/537.36 (KHTML, like Gecko) Chrome/120.0.0.0 Safari/537.36" "45.148.10.119" [-,-,-|0.000]Request_Body: "-"
172.70.90.91 - - [20/Sep/2026:00:32:49 +0800] "www.blackdiamondespa.com" "GET /blog/blog/wp-json/batch/v1 HTTP/1.1" 404 29325 "https://blackdiamondespa.com/blog/wp-admin/" "WordPress/6.4.3" "127.0.0.1,45.148.10.119" [0.001,2.698,2.701|2.701]Request_Body: "-"
104.23.166.5 - - [20/Sep/2026:00:32:49 +0800] "blackdiamondespa.com" "GET /blog/wp/v2/posts/999999 HTTP/1.1" 301 166 "-" "Mozilla/5.0 (Windows NT 10.0; Win64; x64) AppleWebKit/537.36 (KHTML, like Gecko) Chrome/120.0.0.0 Safari/537.36" "45.148.10.119" [-,-,-|0.000]Request_Body: "-"
104.23.166.189 - - [20/Sep/2026:00:32:51 +0800] "www.blackdiamondespa.com" "GET /wp/?rest_route=/wp/v2/posts/999999&author_exclude=1&orderby=none&per_page=5 HTTP/1.1" 404 93 "http://www.blackdiamondespa.com/wp/?rest_route=/wp/v2/posts/999999&author_exclude=1&orderby=none&per_page=5" "Mozilla/5.0 (Windows NT 10.0; Win64; x64) AppleWebKit/537.36 (KHTML, like Gecko) Chrome/120.0.0.0 Safari/537.36" "45.148.10.119" [0.001,1.976,1.976|1.976]Request_Body: "-"
172.70.90.91 - - [20/Sep/2026:00:32:51 +0800] "www.blackdiamondespa.com" "GET /blog/wp/v2/posts/999999 HTTP/1.1" 404 29557 "http://www.blackdiamondespa.com/blog/wp/v2/posts/999999" "Mozilla/5.0 (Windows NT 10.0; Win64; x64) AppleWebKit/537.36 (KHTML, like Gecko) Chrome/120.0.0.0 Safari/537.36" "45.148.10.119" [0.001,2.019,2.022|2.022]Request_Body: "-"
141.101.76.59 - - [20/Sep/2026:00:32:52 +0800] "blackdiamondespa.com" "GET /blog/?rest_route=/wp/v2/posts/999999 HTTP/1.1" 301 166 "-" "Mozilla/5.0 (Windows NT 10.0; Win64; x64) AppleWebKit/537.36 (KHTML, like Gecko) Chrome/120.0.0.0 Safari/537.36" "45.148.10.119" [-,-,-|0.000]Request_Body: "-"
172.70.90.91 - - [20/Sep/2026:00:32:54 +0800] "www.blackdiamondespa.com" "GET /blog/?rest_route=/wp/v2/posts/999999 HTTP/1.1" 404 93 "http://www.blackdiamondespa.com/blog/?rest_route=/wp/v2/posts/999999" "Mozilla/5.0 (Windows NT 10.0; Win64; x64) AppleWebKit/537.36 (KHTML, like Gecko) Chrome/120.0.0.0 Safari/537.36" "45.148.10.119" [0.001,1.834,1.834|1.834]Request_Body: "-"
141.101.76.59 - - [20/Sep/2026:00:32:56 +0800] "blackdiamondespa.com" "GET /blog/wp/v2/pages HTTP/1.1" 301 166 "-" "Mozilla/5.0 (Windows NT 10.0; Win64; x64) AppleWebKit/537.36 (KHTML, like Gecko) Chrome/120.0.0.0 Safari/537.36" "45.148.10.119" [-,-,-|0.000]Request_Body: "-"
172.70.90.91 - - [20/Sep/2026:00:32:58 +0800] "www.blackdiamondespa.com" "GET /blog/wp/v2/pages HTTP/1.1" 404 29555 "http://www.blackdiamondespa.com/blog/wp/v2/pages" "Mozilla/5.0 (Windows NT 10.0; Win64; x64) AppleWebKit/537.36 (KHTML, like Gecko) Chrome/120.0.0.0 Safari/537.36" "45.148.10.119" [0.001,1.784,1.787|1.787]Request_Body: "-"
141.101.76.59 - - [20/Sep/2026:00:32:58 +0800] "blackdiamondespa.com" "GET /blog/?rest_route=/wp/v2/pages HTTP/1.1" 301 166 "-" "Mozilla/5.0 (Windows NT 10.0; Win64; x64) AppleWebKit/537.36 (KHTML, like Gecko) Chrome/120.0.0.0 Safari/537.36" "45.148.10.119" [-,-,-|0.000]Request_Body: "-"
172.70.90.91 - - [20/Sep/2026:00:33:01 +0800] "www.blackdiamondespa.com" "GET /blog/?rest_route=/wp/v2/pages HTTP/1.1" 200 159945 "http://www.blackdiamondespa.com/blog/?rest_route=/wp/v2/pages" "Mozilla/5.0 (Windows NT 10.0; Win64; x64) AppleWebKit/537.36 (KHTML, like Gecko) Chrome/120.0.0.0 Safari/537.36" "45.148.10.119" [0.000,1.388,1.390|1.664]Request_Body: "-"
141.101.76.59 - - [20/Sep/2026:00:33:01 +0800] "blackdiamondespa.com" "GET /blog/wp/v2/posts/999999?author_exclude=1&orderby=none&per_page=5 HTTP/1.1" 301 166 "-" "Mozilla/5.0 (Windows NT 10.0; Win64; x64) AppleWebKit/537.36 (KHTML, like Gecko) Chrome/120.0.0.0 Safari/537.36" "45.148.10.119" [-,-,-|0.000]Request_Body: "-"
172.70.90.91 - - [20/Sep/2026:00:33:03 +0800] "www.blackdiamondespa.com" "GET /blog/wp/v2/posts/999999?author_exclude=1&orderby=none&per_page=5 HTTP/1.1" 404 29596 "http://www.blackdiamondespa.com/blog/wp/v2/posts/999999?author_exclude=1&orderby=none&per_page=5" "Mozilla/5.0 (Windows NT 10.0; Win64; x64) AppleWebKit/537.36 (KHTML, like Gecko) Chrome/120.0.0.0 Safari/537.36" "45.148.10.119" [0.001,1.908,1.911|1.911]Request_Body: "-"
141.101.76.59 - - [20/Sep/2026:00:33:03 +0800] "blackdiamondespa.com" "GET /blog/?rest_route=/wp/v2/posts/999999&author_exclude=1&orderby=none&per_page=5 HTTP/1.1" 301 166 "-" "Mozilla/5.0 (Windows NT 10.0; Win64; x64) AppleWebKit/537.36 (KHTML, like Gecko) Chrome/120.0.0.0 Safari/537.36" "45.148.10.119" [-,-,-|0.000]Request_Body: "-"
172.70.90.91 - - [20/Sep/2026:00:33:05 +0800] "www.blackdiamondespa.com" "GET /blog/?rest_route=/wp/v2/posts/999999&author_exclude=1&orderby=none&per_page=5 HTTP/1.1" 404 93 "http://www.blackdiamondespa.com/blog/?rest_route=/wp/v2/posts/999999&author_exclude=1&orderby=none&per_page=5" "Mozilla/5.0 (Windows NT 10.0; Win64; x64) AppleWebKit/537.36 (KHTML, like Gecko) Chrome/120.0.0.0 Safari/537.36" "45.148.10.119" [0.001,1.270,1.270|1.269]Request_Body: "-"
162.158.41.145 - - [20/Sep/2026:00:37:17 +0800] "www.blackdiamondespa.com" "GET /shop/page/2/?stock_status=instock&per_row=2&shop_view=list&per_page=12 HTTP/1.1" 200 41093 "-" "Mozilla/5.0 AppleWebKit/537.36 (KHTML, like Gecko; compatible; bingbot/2.0; +http://www.bing.com/bingbot.htm) Chrome/116.0.1938.76 Safari/537.36" "157.55.39.200" [0.001,1.726,1.743|1.743]Request_Body: "-"
104.22.72.69 - - [20/Sep/2026:00:42:29 +0800] "www.blackdiamondespa.com" "GET /shop/page/20/?per_row=2&per_page=9&shop_view=list HTTP/1.1" 200 40168 "-" "Mozilla/5.0 AppleWebKit/537.36 (KHTML, like Gecko; compatible; bingbot/2.0; +http://www.bing.com/bingbot.htm) Chrome/116.0.1938.76 Safari/537.36" "157.55.39.200" [0.002,2.505,2.509|2.510]Request_Body: "-"
172.68.138.203 - - [20/Sep/2026:00:43:07 +0800] "www.blackdiamondespa.com" "GET /category/hombre/ropa-de-hombre/best-sellers/?stock_status=instock&per_page=9&shop_view=grid&per_row=3 HTTP/1.1" 200 35957 "-" "Mozilla/5.0 AppleWebKit/537.36 (KHTML, like Gecko; compatible; bingbot/2.0; +http://www.bing.com/bingbot.htm) Chrome/116.0.1938.76 Safari/537.36" "52.167.144.206" [0.000,2.017,2.021|2.021]Request_Body: "-"
108.162.237.147 - - [20/Sep/2026:00:44:52 +0800] "www.blackdiamondespa.com" "GET /category/hombre/ropa-de-hombre/nuevo/?shop_view=grid&per_row=4 HTTP/1.1" 200 35412 "-" "Mozilla/5.0 (Linux; Android 6.0.1; Nexus 5X Build/MMB29P) AppleWebKit/537.36 (KHTML, like Gecko) Chrome/153.0.8010.47 Mobile Safari/537.36 (compatible; Googlebot/2.1; +http://www.google.com/bot.html)" "192.178.4.1" [0.000,12.228,12.246|12.247]Request_Body: "-"
172.70.85.94 - - [20/Sep/2026:00:45:17 +0800] "blackdiamondespa.com" "GET /wp-login.php HTTP/1.1" 301 166 "-" "Mozilla/5.0 (Windows NT 10.0; Win64; x64) AppleWebKit/537.36 (KHTML, like Gecko) Chrome/148.0.0.0 Safari/537.36" "2600:3c13::f03c:95ff:fe23:4eef" [-,-,-|0.000]Request_Body: "-"
172.70.90.90 - - [20/Sep/2026:00:45:46 +0800] "www.blackdiamondespa.com" "GET /wp-login.php HTTP/1.1" 200 2173 "http://www.blackdiamondespa.com/" "Mozilla/5.0 (Windows NT 10.0; Win64; x64) AppleWebKit/537.36 (KHTML, like Gecko) Chrome/148.0.0.0 Safari/537.36" "2600:3c13::f03c:95ff:fe23:4eef" [0.001,28.510,28.510|28.509]Request_Body: "-"
172.70.85.94 - admin [20/Sep/2026:00:45:47 +0800] "blackdiamondespa.com" "GET /wp-json/wp/v2/users/me HTTP/1.1" 301 166 "-" "Mozilla/5.0 (Windows NT 10.0; Win64; x64) AppleWebKit/537.36 (KHTML, like Gecko) Chrome/148.0.0.0 Safari/537.36" "2600:3c13::f03c:95ff:fe23:4eef" [-,-,-|0.000]Request_Body: "-"
172.70.90.90 - - [20/Sep/2026:00:46:23 +0800] "www.blackdiamondespa.com" "POST /wp-login.php HTTP/1.1" 200 2318 "https://blackdiamondespa.com/wp-login.php" "Mozilla/5.0 (Windows NT 10.0; Win64; x64) AppleWebKit/537.36 (KHTML, like Gecko) Chrome/148.0.0.0 Safari/537.36" "2600:3c13::f03c:95ff:fe23:4eef" [0.001,36.006,36.006|36.006]Request_Body: "log=admin&pwd=admin123456789&redirect_to=https%3A%2F%2Fwww.blackdiamondespa.com%2Fwp-admin%2F&rememberme=forever&testcookie=1&wp-submit=Log+In"
172.68.229.34 - - [20/Sep/2026:00:46:25 +0800] "www.blackdiamondespa.com" "GET /wp-json/wp/v2/users/me HTTP/1.1" 401 107 "http://www.blackdiamondespa.com/" "Mozilla/5.0 (Windows NT 10.0; Win64; x64) AppleWebKit/537.36 (KHTML, like Gecko) Chrome/148.0.0.0 Safari/537.36" "2600:3c13::f03c:95ff:fe23:4eef" [0.001,37.643,37.643|37.643]Request_Body: "-"
172.71.255.32 - - [20/Sep/2026:00:56:51 +0800] "blackdiamondespa.com" "GET /pago-y-seguridad HTTP/1.1" 301 166 "-" "Mozilla/5.0 AppleWebKit/537.36 (KHTML, like Gecko; compatible; KeenableBot/1.0; +https://keenable.ai/)" "34.66.58.25" [-,-,-|0.000]Request_Body: "-"
172.69.7.244 - - [20/Sep/2026:00:56:53 +0800] "www.blackdiamondespa.com" "GET /pago-y-seguridad HTTP/1.1" 301 5 "http://www.blackdiamondespa.com/pago-y-seguridad" "Mozilla/5.0 AppleWebKit/537.36 (KHTML, like Gecko; compatible; KeenableBot/1.0; +https://keenable.ai/)" "34.66.58.25" [0.001,1.730,1.730|1.729]Request_Body: "-"
172.69.7.244 - - [20/Sep/2026:00:56:56 +0800] "www.blackdiamondespa.com" "GET /pago-y-seguridad/ HTTP/1.1" 200 31537 "https://www.blackdiamondespa.com/pago-y-seguridad" "Mozilla/5.0 AppleWebKit/537.36 (KHTML, like Gecko; compatible; KeenableBot/1.0; +https://keenable.ai/)" "34.66.58.25" [0.002,2.029,2.033|2.033]Request_Body: "-"
104.22.24.65 - - [20/Sep/2026:01:01:05 +0800] "www.blackdiamondespa.com" "GET /category/hombre/guantes-para-montanismo/?shop_view=grid&per_row=4 HTTP/1.1" 200 35590 "-" "Mozilla/5.0 (Linux; Android 6.0.1; Nexus 5X Build/MMB29P) AppleWebKit/537.36 (KHTML, like Gecko) Chrome/153.0.8010.47 Mobile Safari/537.36 (compatible; Googlebot/2.1; +http://www.google.com/bot.html)" "192.178.4.2" [0.000,4.067,4.071|4.073]Request_Body: "-"
104.22.56.60 - - [20/Sep/2026:01:03:33 +0800] "www.blackdiamondespa.com" "GET /wp-content/plugins/revslider/public/css/sr7.css?ver=6.7.35 HTTP/1.1" 304 0 "https://www.blackdiamondespa.com/category/hombre/guantes-para-montanismo/?shop_view=grid&per_row=4" "Mozilla/5.0 (Linux; Android 6.0.1; Nexus 5X Build/MMB29P) AppleWebKit/537.36 (KHTML, like Gecko) Chrome/153.0.8010.47 Mobile Safari/537.36 (compatible; Googlebot/2.1; +http://www.google.com/bot.html)" "192.178.4.2" [-,-,-|0.000]Request_Body: "-"
104.23.245.135 - - [20/Sep/2026:01:03:34 +0800] "www.blackdiamondespa.com" "GET /wp-content/themes/woodmart/css/parts/woo-mod-widget-checkboxes.min.css?ver=8.2.7 HTTP/1.1" 200 545 "https://www.blackdiamondespa.com/category/hombre/guantes-para-montanismo/?shop_view=grid&per_row=4" "Mozilla/5.0 (Linux; Android 6.0.1; Nexus 5X Build/MMB29P) AppleWebKit/537.36 (KHTML, like Gecko) Chrome/153.0.8010.47 Mobile Safari/537.36 (compatible; Googlebot/2.1; +http://www.google.com/bot.html)" "192.178.4.2" [-,-,-|0.000]Request_Body: "-"
172.71.30.214 - - [20/Sep/2026:01:03:34 +0800] "www.blackdiamondespa.com" "GET /wp-content/themes/woodmart/css/parts/woo-mod-swatches-base.min.css?ver=8.2.7 HTTP/1.1" 304 0 "https://www.blackdiamondespa.com/category/hombre/guantes-para-montanismo/?shop_view=grid&per_row=4" "Mozilla/5.0 (Linux; Android 6.0.1; Nexus 5X Build/MMB29P) AppleWebKit/537.36 (KHTML, like Gecko) Chrome/153.0.8010.47 Mobile Safari/537.36 (compatible; Googlebot/2.1; +http://www.google.com/bot.html)" "192.178.4.5" [-,-,-|0.000]Request_Body: "-"
104.22.1.235 - - [20/Sep/2026:01:03:35 +0800] "www.blackdiamondespa.com" "GET /wp-content/themes/woodmart/css/parts/header-el-search-fullscreen-general.min.css?ver=8.2.7 HTTP/1.1" 304 0 "https://www.blackdiamondespa.com/category/hombre/guantes-para-montanismo/?shop_view=grid&per_row=4" "Mozilla/5.0 (Linux; Android 6.0.1; Nexus 5X Build/MMB29P) AppleWebKit/537.36 (KHTML, like Gecko) Chrome/153.0.8010.47 Mobile Safari/537.36 (compatible; Googlebot/2.1; +http://www.google.com/bot.html)" "192.178.4.2" [-,-,-|0.000]Request_Body: "-"
172.71.31.206 - - [20/Sep/2026:01:03:35 +0800] "www.blackdiamondespa.com" "GET /wp-content/plugins/woodmart-multi-currency/assets/js/switcher.js?ver=1.0.0 HTTP/1.1" 200 5854 "https://www.blackdiamondespa.com/category/hombre/guantes-para-montanismo/?shop_view=grid&per_row=4" "Mozilla/5.0 (Linux; Android 6.0.1; Nexus 5X Build/MMB29P) AppleWebKit/537.36 (KHTML, like Gecko) Chrome/153.0.8010.47 Mobile Safari/537.36 (compatible; Googlebot/2.1; +http://www.google.com/bot.html)" "192.178.4.1" [-,-,-|0.000]Request_Body: "-"
172.71.31.162 - - [20/Sep/2026:01:03:36 +0800] "www.blackdiamondespa.com" "GET /wp-content/themes/woodmart/css/parts/opt-widget-collapse.min.css?ver=8.2.7 HTTP/1.1" 304 0 "https://www.blackdiamondespa.com/category/hombre/guantes-para-montanismo/?shop_view=grid&per_row=4" "Mozilla/5.0 (Linux; Android 6.0.1; Nexus 5X Build/MMB29P) AppleWebKit/537.36 (KHTML, like Gecko) Chrome/153.0.8010.47 Mobile Safari/537.36 (compatible; Googlebot/2.1; +http://www.google.com/bot.html)" "192.178.4.5" [-,-,-|0.000]Request_Body: "-"
104.22.56.5 - - [20/Sep/2026:01:03:39 +0800] "www.blackdiamondespa.com" "GET /wp-content/themes/woodmart/js/scripts/global/hiddenSidebar.min.js?ver=8.2.7 HTTP/1.1" 200 655 "https://www.blackdiamondespa.com/category/hombre/guantes-para-montanismo/?shop_view=grid&per_row=4" "Mozilla/5.0 (Linux; Android 6.0.1; Nexus 5X Build/MMB29P) AppleWebKit/537.36 (KHTML, like Gecko) Chrome/153.0.8010.47 Mobile Safari/537.36 (compatible; Googlebot/2.1; +http://www.google.com/bot.html)" "192.178.4.5" [-,-,-|0.000]Request_Body: "-"
104.23.245.128 - - [20/Sep/2026:01:03:40 +0800] "www.blackdiamondespa.com" "GET /wp-content/themes/woodmart/js/libs/autocomplete.min.js?ver=8.2.7 HTTP/1.1" 200 5050 "https://www.blackdiamondespa.com/category/hombre/guantes-para-montanismo/?shop_view=grid&per_row=4" "Mozilla/5.0 (Linux; Android 6.0.1; Nexus 5X Build/MMB29P) AppleWebKit/537.36 (KHTML, like Gecko) Chrome/153.0.8010.47 Mobile Safari/537.36 (compatible; Googlebot/2.1; +http://www.google.com/bot.html)" "192.178.4.5" [-,-,-|0.000]Request_Body: "-"
104.22.118.10 - - [20/Sep/2026:01:03:44 +0800] "www.blackdiamondespa.com" "GET /wp-content/themes/woodmart/css/parts/wd-search-dropdown.min.css?ver=8.2.7 HTTP/1.1" 200 738 "https://www.blackdiamondespa.com/category/hombre/guantes-para-montanismo/?shop_view=grid&per_row=4" "Mozilla/5.0 (Linux; Android 6.0.1; Nexus 5X Build/MMB29P) AppleWebKit/537.36 (KHTML, like Gecko) Chrome/153.0.8010.47 Mobile Safari/537.36 (compatible; Googlebot/2.1; +http://www.google.com/bot.html)" "192.178.4.5" [-,-,-|0.000]Request_Body: "-"
104.22.17.138 - - [20/Sep/2026:01:12:24 +0800] "www.blackdiamondespa.com" "GET /wp-json/wp/v2/users HTTP/1.1" 200 1561 "-" "Mozilla/5.0 (Windows NT 10.0; Win64; x64; rv:53.0) Gecko/20100101 Firefox/53.0" "2604:a880:2:d0::538a:3001" [0.001,3.473,3.473|3.473]Request_Body: "-"
104.22.20.253 - - [20/Sep/2026:01:12:30 +0800] "www.blackdiamondespa.com" "GET /wp-json/wp/v2/users?search=xtw HTTP/1.1" 200 12 "-" "Mozilla/5.0 (Windows NT 10.0; Win64; x64; rv:53.0) Gecko/20100101 Firefox/53.0" "2604:a880:2:d0::538a:3001" [0.001,4.830,4.830|4.830]Request_Body: "-"
172.71.151.175 - - [20/Sep/2026:01:16:52 +0800] "www.blackdiamondespa.com" "GET /images/5343/ac3aae1f2aaf79b4a36356d8414867b8e17c34c2008eda9b0cc7deeedf0bc3cf.jpg HTTP/1.1" 200 384389 "-" "Mozilla/5.0 AppleWebKit/537.36 (KHTML, like Gecko; compatible; bingbot/2.0; +http://www.bing.com/bingbot.htm) Chrome/116.0.1938.76 Safari/537.36" "157.55.39.58" [0.061,0.284,0.589|0.589]Request_Body: "-"
