104.23.166.189 - - [20/Sep/2026:00:29:55 +0800] "www.blackdiamondespa.com" "GET /wp-json/batch/v1 HTTP/1.1" 404 125 "http://www.blackdiamondespa.com/wp-json/batch/v1" "Mozilla/5.0 (Windows NT 10.0; Win64; x64) AppleWebKit/537.36 (KHTML, like Gecko) Chrome/120.0.0.0 Safari/537.36" "45.148.10.119" [0.000,1.751,1.751|1.751]Request_Body: "-"
104.23.166.5 - - [20/Sep/2026:00:29:55 +0800] "blackdiamondespa.com" "GET /wp-json/Batch/v1 HTTP/1.1" 301 166 "http://blackdiamondespa.com/wp-json/Batch/v1" "Mozilla/5.0 (Windows NT 10.0; Win64; x64) AppleWebKit/537.36 (KHTML, like Gecko) Chrome/120.0.0.0 Safari/537.36" "45.148.10.119" [-,-,-|0.000]Request_Body: "-"
104.23.166.189 - - [20/Sep/2026:00:29:57 +0800] "www.blackdiamondespa.com" "GET /wp-json/Batch/v1 HTTP/1.1" 404 125 "http://www.blackdiamondespa.com/wp-json/Batch/v1" "Mozilla/5.0 (Windows NT 10.0; Win64; x64) AppleWebKit/537.36 (KHTML, like Gecko) Chrome/120.0.0.0 Safari/537.36" "45.148.10.119" [0.001,1.712,1.712|1.712]Request_Body: "-"
104.23.166.5 - - [20/Sep/2026:00:29:57 +0800] "blackdiamondespa.com" "GET //wp-json/batch/v1 HTTP/1.1" 301 166 "http://blackdiamondespa.com//wp-json/batch/v1" "Mozilla/5.0 (Windows NT 10.0; Win64; x64) AppleWebKit/537.36 (KHTML, like Gecko) Chrome/120.0.0.0 Safari/537.36" "45.148.10.119" [-,-,-|0.000]Request_Body: "-"
104.23.166.189 - - [20/Sep/2026:00:29:59 +0800] "www.blackdiamondespa.com" "GET //wp-json/batch/v1 HTTP/1.1" 404 125 "http://www.blackdiamondespa.com//wp-json/batch/v1" "Mozilla/5.0 (Windows NT 10.0; Win64; x64) AppleWebKit/537.36 (KHTML, like Gecko) Chrome/120.0.0.0 Safari/537.36" "45.148.10.119" [0.000,1.637,1.638|1.638]Request_Body: "-"
104.23.166.5 - - [20/Sep/2026:00:29:59 +0800] "blackdiamondespa.com" "GET /wp-json/batch/v1/ HTTP/1.1" 301 166 "http://blackdiamondespa.com/wp-json/batch/v1/" "Mozilla/5.0 (Windows NT 10.0; Win64; x64) AppleWebKit/537.36 (KHTML, like Gecko) Chrome/120.0.0.0 Safari/537.36" "45.148.10.119" [-,-,-|0.000]Request_Body: "-"
104.23.166.189 - - [20/Sep/2026:00:30:01 +0800] "www.blackdiamondespa.com" "GET /wp-json/batch/v1/ HTTP/1.1" 404 125 "http://www.blackdiamondespa.com/wp-json/batch/v1/" "Mozilla/5.0 (Windows NT 10.0; Win64; x64) AppleWebKit/537.36 (KHTML, like Gecko) Chrome/120.0.0.0 Safari/537.36" "45.148.10.119" [0.001,1.405,1.405|1.405]Request_Body: "-"
104.23.166.5 - - [20/Sep/2026:00:30:01 +0800] "blackdiamondespa.com" "GET /blog/wp-json/batch/v1 HTTP/1.1" 301 166 "http://blackdiamondespa.com/blog/wp-json/batch/v1" "Mozilla/5.0 (Windows NT 10.0; Win64; x64) AppleWebKit/537.36 (KHTML, like Gecko) Chrome/120.0.0.0 Safari/537.36" "45.148.10.119" [-,-,-|0.000]Request_Body: "-"
104.23.166.189 - - [20/Sep/2026:00:30:03 +0800] "www.blackdiamondespa.com" "GET /blog/wp-json/batch/v1 HTTP/1.1" 404 29323 "http://www.blackdiamondespa.com/blog/wp-json/batch/v1" "Mozilla/5.0 (Windows NT 10.0; Win64; x64) AppleWebKit/537.36 (KHTML, like Gecko) Chrome/120.0.0.0 Safari/537.36" "45.148.10.119" [0.001,1.676,1.683|1.683]Request_Body: "-"
104.23.166.5 - - [20/Sep/2026:00:30:03 +0800] "blackdiamondespa.com" "GET /index.php?rest_route=/batch/v1 HTTP/1.1" 301 166 "http://blackdiamondespa.com/wp-admin/" "Mozilla/5.0 (Windows NT 10.0; Win64; x64) AppleWebKit/537.36 (KHTML, like Gecko) Chrome/120.0.0.0 Safari/537.36" "127.0.0.1,45.148.10.119" [-,-,-|0.000]Request_Body: "-"
104.23.166.189 - - [20/Sep/2026:00:30:05 +0800] "www.blackdiamondespa.com" "GET /index.php?rest_route=/batch/v1 HTTP/1.1" 404 125 "http://blackdiamondespa.com/wp-admin/" "Mozilla/5.0 (Windows NT 10.0; Win64; x64) AppleWebKit/537.36 (KHTML, like Gecko) Chrome/120.0.0.0 Safari/537.36" "127.0.0.1,45.148.10.119" [0.001,1.690,1.690|1.689]Request_Body: "-"
104.23.166.5 - - [20/Sep/2026:00:30:06 +0800] "blackdiamondespa.com" "GET /index.php?rest_route=%2Fbatch%2Fv1 HTTP/1.1" 301 166 "http://blackdiamondespa.com/wp-admin/" "Mozilla/5.0 (Windows NT 10.0; Win64; x64) AppleWebKit/537.36 (KHTML, like Gecko) Chrome/120.0.0.0 Safari/537.36" "127.0.0.1,45.148.10.119" [-,-,-|0.000]Request_Body: "-"
104.23.166.189 - - [20/Sep/2026:00:30:07 +0800] "www.blackdiamondespa.com" "GET /index.php?rest_route=%2Fbatch%2Fv1 HTTP/1.1" 404 125 "http://blackdiamondespa.com/wp-admin/" "Mozilla/5.0 (Windows NT 10.0; Win64; x64) AppleWebKit/537.36 (KHTML, like Gecko) Chrome/120.0.0.0 Safari/537.36" "127.0.0.1,45.148.10.119" [0.000,1.762,1.762|1.762]Request_Body: "-"
104.23.166.5 - - [20/Sep/2026:00:30:08 +0800] "blackdiamondespa.com" "GET /?rest_route=%2Fbatch%2Fv1 HTTP/1.1" 301 166 "http://blackdiamondespa.com/wp-admin/" "Mozilla/5.0 (Windows NT 10.0; Win64; x64) AppleWebKit/537.36 (KHTML, like Gecko) Chrome/120.0.0.0 Safari/537.36" "127.0.0.1,45.148.10.119" [-,-,-|0.000]Request_Body: "-"
104.23.166.189 - - [20/Sep/2026:00:30:09 +0800] "www.blackdiamondespa.com" "GET /?rest_route=%2Fbatch%2Fv1 HTTP/1.1" 404 125 "http://blackdiamondespa.com/wp-admin/" "Mozilla/5.0 (Windows NT 10.0; Win64; x64) AppleWebKit/537.36 (KHTML, like Gecko) Chrome/120.0.0.0 Safari/537.36" "127.0.0.1,45.148.10.119" [0.001,1.332,1.332|1.331]Request_Body: "-"
104.23.166.5 - - [20/Sep/2026:00:30:13 +0800] "blackdiamondespa.com" "GET /wp-json/gravitysmtp/v1/tests/mock-data?page=gravitysmtp-settings HTTP/1.1" 301 166 "-" "Mozilla/5.0 (Windows NT 10.0; Win64; x64) AppleWebKit/537.36 (KHTML, like Gecko) Chrome/120.0.0.0 Safari/537.36" "45.148.10.119" [-,-,-|0.000]Request_Body: "-"
104.23.166.189 - - [20/Sep/2026:00:30:15 +0800] "www.blackdiamondespa.com" "GET /wp-json/gravitysmtp/v1/tests/mock-data?page=gravitysmtp-settings HTTP/1.1" 404 125 "http://www.blackdiamondespa.com/wp-json/gravitysmtp/v1/tests/mock-data?page=gravitysmtp-settings" "Mozilla/5.0 (Windows NT 10.0; Win64; x64) AppleWebKit/537.36 (KHTML, like Gecko) Chrome/120.0.0.0 Safari/537.36" "45.148.10.119" [0.000,1.854,1.854|1.854]Request_Body: "-"
104.23.166.5 - - [20/Sep/2026:00:30:15 +0800] "blackdiamondespa.com" "GET /?rest_route=/gravitysmtp/v1/tests/mock-data&page=gravitysmtp-settings HTTP/1.1" 301 166 "-" "Mozilla/5.0 (Macintosh; Intel Mac OS X 10_15_7) AppleWebKit/605.1.15 (KHTML, like Gecko) Version/17.0 Safari/605.1.15" "45.148.10.119" [-,-,-|0.000]Request_Body: "-"
104.23.166.189 - - [20/Sep/2026:00:30:17 +0800] "www.blackdiamondespa.com" "GET /?rest_route=/gravitysmtp/v1/tests/mock-data&page=gravitysmtp-settings HTTP/1.1" 404 125 "http://www.blackdiamondespa.com/?rest_route=/gravitysmtp/v1/tests/mock-data&page=gravitysmtp-settings" "Mozilla/5.0 (Macintosh; Intel Mac OS X 10_15_7) AppleWebKit/605.1.15 (KHTML, like Gecko) Version/17.0 Safari/605.1.15" "45.148.10.119" [0.001,1.284,1.284|1.284]Request_Body: "-"
104.23.166.5 - - [20/Sep/2026:00:30:17 +0800] "blackdiamondespa.com" "GET /wp-json/gravitysmtp/v1/tests/mock-data?page=gravitysmtp-connections HTTP/1.1" 301 166 "-" "Mozilla/5.0 (X11; Linux x86_64; rv:121.0) Gecko/20100101 Firefox/121.0" "45.148.10.119" [-,-,-|0.000]Request_Body: "-"
104.23.166.189 - - [20/Sep/2026:00:30:19 +0800] "www.blackdiamondespa.com" "GET /wp-json/gravitysmtp/v1/tests/mock-data?page=gravitysmtp-connections HTTP/1.1" 404 125 "http://www.blackdiamondespa.com/wp-json/gravitysmtp/v1/tests/mock-data?page=gravitysmtp-connections" "Mozilla/5.0 (X11; Linux x86_64; rv:121.0) Gecko/20100101 Firefox/121.0" "45.148.10.119" [0.000,1.791,1.791|1.791]Request_Body: "-"
104.23.166.5 - - [20/Sep/2026:00:30:19 +0800] "blackdiamondespa.com" "GET /?rest_route=/gravitysmtp/v1/tests/mock-data&page=gravitysmtp-connections HTTP/1.1" 301 166 "-" "Mozilla/5.0 (Windows NT 10.0; Win64; x64; rv:121.0) Gecko/20100101 Firefox/121.0" "45.148.10.119" [-,-,-|0.000]Request_Body: "-"
104.23.166.189 - - [20/Sep/2026:00:30:21 +0800] "www.blackdiamondespa.com" "GET /?rest_route=/gravitysmtp/v1/tests/mock-data&page=gravitysmtp-connections HTTP/1.1" 404 125 "http://www.blackdiamondespa.com/?rest_route=/gravitysmtp/v1/tests/mock-data&page=gravitysmtp-connections" "Mozilla/5.0 (Windows NT 10.0; Win64; x64; rv:121.0) Gecko/20100101 Firefox/121.0" "45.148.10.119" [0.001,1.567,1.567|1.568]Request_Body: "-"
104.23.166.5 - - [20/Sep/2026:00:30:24 +0800] "blackdiamondespa.com" "GET /index.php?rest_route=/gravitysmtp/v1/tests/mock-data&page=gravitysmtp-settings HTTP/1.1" 301 166 "-" "Mozilla/5.0 (iPhone; CPU iPhone OS 17_0 like Mac OS X) AppleWebKit/605.1.15 (KHTML, like Gecko) Version/17.0 Mobile/15E148 Safari/604.1" "45.148.10.119" [-,-,-|0.000]Request_Body: "-"
104.23.166.189 - - [20/Sep/2026:00:30:26 +0800] "www.blackdiamondespa.com" "GET /index.php?rest_route=/gravitysmtp/v1/tests/mock-data&page=gravitysmtp-settings HTTP/1.1" 404 125 "http://www.blackdiamondespa.com/index.php?rest_route=/gravitysmtp/v1/tests/mock-data&page=gravitysmtp-settings" "Mozilla/5.0 (iPhone; CPU iPhone OS 17_0 like Mac OS X) AppleWebKit/605.1.15 (KHTML, like Gecko) Version/17.0 Mobile/15E148 Safari/604.1" "45.148.10.119" [0.002,1.991,1.991|1.990]Request_Body: "-"
104.23.166.5 - - [20/Sep/2026:00:30:27 +0800] "blackdiamondespa.com" "GET /wp-json/gravitysmtp/v1/tests/mock-data HTTP/1.1" 301 166 "-" "Mozilla/5.0 (Linux; Android 13; SM-S918B) AppleWebKit/537.36 (KHTML, like Gecko) Chrome/120.0.0.0 Mobile Safari/537.36" "45.148.10.119" [-,-,-|0.000]Request_Body: "-"
104.23.166.189 - - [20/Sep/2026:00:30:29 +0800] "www.blackdiamondespa.com" "GET /wp-json/gravitysmtp/v1/tests/mock-data HTTP/1.1" 404 125 "http://www.blackdiamondespa.com/wp-json/gravitysmtp/v1/tests/mock-data" "Mozilla/5.0 (Linux; Android 13; SM-S918B) AppleWebKit/537.36 (KHTML, like Gecko) Chrome/120.0.0.0 Mobile Safari/537.36" "45.148.10.119" [0.001,1.698,1.698|1.697]Request_Body: "-"
104.23.166.5 - - [20/Sep/2026:00:30:29 +0800] "blackdiamondespa.com" "GET /wp/wp-login.php HTTP/1.1" 301 166 "-" "Mozilla/5.0 (Windows NT 10.0; Win64; x64) AppleWebKit/537.36 (KHTML, like Gecko) Chrome/120.0.0.0 Safari/537.36" "45.148.10.119" [-,-,-|0.000]Request_Body: "-"
104.23.166.189 - - [20/Sep/2026:00:30:29 +0800] "www.blackdiamondespa.com" "GET /wp/wp-login.php HTTP/1.1" 403 552 "http://www.blackdiamondespa.com/wp/wp-login.php" "Mozilla/5.0 (Windows NT 10.0; Win64; x64) AppleWebKit/537.36 (KHTML, like Gecko) Chrome/120.0.0.0 Safari/537.36" "45.148.10.119" [-,-,-|0.000]Request_Body: "-"
104.23.166.5 - - [20/Sep/2026:00:30:29 +0800] "blackdiamondespa.com" "GET /blog/wp-login.php HTTP/1.1" 301 166 "-" "Mozilla/5.0 (Windows NT 10.0; Win64; x64) AppleWebKit/537.36 (KHTML, like Gecko) Chrome/120.0.0.0 Safari/537.36" "45.148.10.119" [-,-,-|0.000]Request_Body: "-"
104.23.166.189 - - [20/Sep/2026:00:30:30 +0800] "www.blackdiamondespa.com" "GET /blog/wp-login.php HTTP/1.1" 403 552 "http://www.blackdiamondespa.com/blog/wp-login.php" "Mozilla/5.0 (Windows NT 10.0; Win64; x64) AppleWebKit/537.36 (KHTML, like Gecko) Chrome/120.0.0.0 Safari/537.36" "45.148.10.119" [-,-,-|0.000]Request_Body: "-"
104.23.168.42 - - [20/Sep/2026:00:30:30 +0800] "blackdiamondespa.com" "GET /wp/feed/ HTTP/1.1" 301 166 "-" "Mozilla/5.0 (Windows NT 10.0; Win64; x64) AppleWebKit/537.36 (KHTML, like Gecko) Chrome/120.0.0.0 Safari/537.36" "45.148.10.119" [-,-,-|0.000]Request_Body: "-"
104.23.166.5 - - [20/Sep/2026:00:30:30 +0800] "blackdiamondespa.com" "GET /blog/feed/ HTTP/1.1" 301 166 "-" "Mozilla/5.0 (Windows NT 10.0; Win64; x64) AppleWebKit/537.36 (KHTML, like Gecko) Chrome/120.0.0.0 Safari/537.36" "45.148.10.119" [-,-,-|0.000]Request_Body: "-"
104.23.166.189 - - [20/Sep/2026:00:30:31 +0800] "www.blackdiamondespa.com" "GET /wp/feed/ HTTP/1.1" 200 705 "http://www.blackdiamondespa.com/wp/feed/" "Mozilla/5.0 (Windows NT 10.0; Win64; x64) AppleWebKit/537.36 (KHTML, like Gecko) Chrome/120.0.0.0 Safari/537.36" "45.148.10.119" [0.000,1.252,1.252|1.252]Request_Body: "-"
104.23.166.5 - - [20/Sep/2026:00:30:31 +0800] "blackdiamondespa.com" "GET /wp/ HTTP/1.1" 301 166 "-" "Mozilla/5.0 (Windows NT 10.0; Win64; x64) AppleWebKit/537.36 (KHTML, like Gecko) Chrome/120.0.0.0 Safari/537.36" "45.148.10.119" [-,-,-|0.000]Request_Body: "-"
172.71.241.84 - - [20/Sep/2026:00:30:32 +0800] "www.blackdiamondespa.com" "GET /blog/feed/ HTTP/1.1" 200 902 "http://www.blackdiamondespa.com/blog/feed/" "Mozilla/5.0 (Windows NT 10.0; Win64; x64) AppleWebKit/537.36 (KHTML, like Gecko) Chrome/120.0.0.0 Safari/537.36" "45.148.10.119" [0.001,1.557,1.558|1.558]Request_Body: "-"
104.23.166.5 - - [20/Sep/2026:00:30:32 +0800] "blackdiamondespa.com" "GET /blog/ HTTP/1.1" 301 166 "-" "Mozilla/5.0 (Windows NT 10.0; Win64; x64) AppleWebKit/537.36 (KHTML, like Gecko) Chrome/120.0.0.0 Safari/537.36" "45.148.10.119" [-,-,-|0.000]Request_Body: "-"
104.23.166.189 - - [20/Sep/2026:00:30:33 +0800] "www.blackdiamondespa.com" "GET /wp/ HTTP/1.1" 404 29542 "http://www.blackdiamondespa.com/wp/" "Mozilla/5.0 (Windows NT 10.0; Win64; x64) AppleWebKit/537.36 (KHTML, like Gecko) Chrome/120.0.0.0 Safari/537.36" "45.148.10.119" [0.001,1.665,1.668|1.667]Request_Body: "-"
104.23.166.5 - - [20/Sep/2026:00:30:34 +0800] "blackdiamondespa.com" "POST /wp/index.php?rest_route=/batch/v1 HTTP/1.1" 301 166 "-" "Mozilla/5.0 (Windows NT 10.0; Win64; x64) AppleWebKit/537.36 (KHTML, like Gecko) Chrome/120.0.0.0 Safari/537.36" "45.148.10.119" [-,-,-|0.000]Request_Body: "-"
104.23.166.189 - - [20/Sep/2026:00:30:34 +0800] "www.blackdiamondespa.com" "GET /wp/index.php?rest_route=/batch/v1 HTTP/1.1" 403 552 "http://www.blackdiamondespa.com/wp/index.php?rest_route=/batch/v1" "Mozilla/5.0 (Windows NT 10.0; Win64; x64) AppleWebKit/537.36 (KHTML, like Gecko) Chrome/120.0.0.0 Safari/537.36" "45.148.10.119" [-,-,-|0.000]Request_Body: "-"
172.71.241.20 - - [20/Sep/2026:00:30:34 +0800] "www.blackdiamondespa.com" "GET /blog/ HTTP/1.1" 200 30113 "http://www.blackdiamondespa.com/blog/" "Mozilla/5.0 (Windows NT 10.0; Win64; x64) AppleWebKit/537.36 (KHTML, like Gecko) Chrome/120.0.0.0 Safari/537.36" "45.148.10.119" [0.001,1.640,1.643|1.643]Request_Body: "-"
104.23.166.5 - - [20/Sep/2026:00:30:35 +0800] "blackdiamondespa.com" "POST /wp/index.php?rest_route=%2Fbatch%2Fv1 HTTP/1.1" 301 166 "-" "Mozilla/5.0 (Windows NT 10.0; Win64; x64) AppleWebKit/537.36 (KHTML, like Gecko) Chrome/120.0.0.0 Safari/537.36" "45.148.10.119" [-,-,-|0.000]Request_Body: "-"
104.23.168.52 - - [20/Sep/2026:00:30:35 +0800] "blackdiamondespa.com" "POST /blog/index.php?rest_route=/batch/v1 HTTP/1.1" 301 166 "-" "Mozilla/5.0 (Windows NT 10.0; Win64; x64) AppleWebKit/537.36 (KHTML, like Gecko) Chrome/120.0.0.0 Safari/537.36" "45.148.10.119" [-,-,-|0.000]Request_Body: "-"
172.71.241.84 - - [20/Sep/2026:00:30:35 +0800] "www.blackdiamondespa.com" "GET /wp/index.php?rest_route=%2Fbatch%2Fv1 HTTP/1.1" 403 552 "http://www.blackdiamondespa.com/wp/index.php?rest_route=%2Fbatch%2Fv1" "Mozilla/5.0 (Windows NT 10.0; Win64; x64) AppleWebKit/537.36 (KHTML, like Gecko) Chrome/120.0.0.0 Safari/537.36" "45.148.10.119" [-,-,-|0.000]Request_Body: "-"
104.23.166.189 - - [20/Sep/2026:00:30:35 +0800] "www.blackdiamondespa.com" "GET /blog/index.php?rest_route=/batch/v1 HTTP/1.1" 403 552 "http://www.blackdiamondespa.com/blog/index.php?rest_route=/batch/v1" "Mozilla/5.0 (Windows NT 10.0; Win64; x64) AppleWebKit/537.36 (KHTML, like Gecko) Chrome/120.0.0.0 Safari/537.36" "45.148.10.119" [-,-,-|0.000]Request_Body: "-"
104.23.168.42 - - [20/Sep/2026:00:30:35 +0800] "blackdiamondespa.com" "POST /wp/?rest_route=%2Fbatch%2Fv1 HTTP/1.1" 301 166 "-" "Mozilla/5.0 (Windows NT 10.0; Win64; x64) AppleWebKit/537.36 (KHTML, like Gecko) Chrome/120.0.0.0 Safari/537.36" "45.148.10.119" [-,-,-|0.000]Request_Body: "-"
104.23.166.5 - - [20/Sep/2026:00:30:35 +0800] "blackdiamondespa.com" "POST /blog/index.php?rest_route=%2Fbatch%2Fv1 HTTP/1.1" 301 166 "-" "Mozilla/5.0 (Windows NT 10.0; Win64; x64) AppleWebKit/537.36 (KHTML, like Gecko) Chrome/120.0.0.0 Safari/537.36" "45.148.10.119" [-,-,-|0.000]Request_Body: "-"
172.71.241.84 - - [20/Sep/2026:00:30:35 +0800] "www.blackdiamondespa.com" "GET /blog/index.php?rest_route=%2Fbatch%2Fv1 HTTP/1.1" 403 552 "http://www.blackdiamondespa.com/blog/index.php?rest_route=%2Fbatch%2Fv1" "Mozilla/5.0 (Windows NT 10.0; Win64; x64) AppleWebKit/537.36 (KHTML, like Gecko) Chrome/120.0.0.0 Safari/537.36" "45.148.10.119" [-,-,-|0.000]Request_Body: "-"
104.23.166.5 - - [20/Sep/2026:00:30:36 +0800] "blackdiamondespa.com" "POST /blog/?rest_route=%2Fbatch%2Fv1 HTTP/1.1" 301 166 "-" "Mozilla/5.0 (Windows NT 10.0; Win64; x64) AppleWebKit/537.36 (KHTML, like Gecko) Chrome/120.0.0.0 Safari/537.36" "45.148.10.119" [-,-,-|0.000]Request_Body: "-"
104.23.166.189 - - [20/Sep/2026:00:30:37 +0800] "www.blackdiamondespa.com" "GET /wp/?rest_route=%2Fbatch%2Fv1 HTTP/1.1" 404 125 "http://www.blackdiamondespa.com/wp/?rest_route=%2Fbatch%2Fv1" "Mozilla/5.0 (Windows NT 10.0; Win64; x64) AppleWebKit/537.36 (KHTML, like Gecko) Chrome/120.0.0.0 Safari/537.36" "45.148.10.119" [0.001,1.352,1.352|1.352]Request_Body: "-"
104.23.166.5 - - [20/Sep/2026:00:30:37 +0800] "blackdiamondespa.com" "POST /wp/?rest_route=/batch%2Fv1 HTTP/1.1" 301 166 "-" "Mozilla/5.0 (Windows NT 10.0; Win64; x64) AppleWebKit/537.36 (KHTML, like Gecko) Chrome/120.0.0.0 Safari/537.36" "45.148.10.119" [-,-,-|0.000]Request_Body: "-"
172.71.241.84 - - [20/Sep/2026:00:30:38 +0800] "www.blackdiamondespa.com" "GET /blog/?rest_route=%2Fbatch%2Fv1 HTTP/1.1" 404 125 "http://www.blackdiamondespa.com/blog/?rest_route=%2Fbatch%2Fv1" "Mozilla/5.0 (Windows NT 10.0; Win64; x64) AppleWebKit/537.36 (KHTML, like Gecko) Chrome/120.0.0.0 Safari/537.36" "45.148.10.119" [0.001,1.743,1.743|1.743]Request_Body: "-"
104.23.166.5 - - [20/Sep/2026:00:30:38 +0800] "blackdiamondespa.com" "POST /blog/?rest_route=/batch%2Fv1 HTTP/1.1" 301 166 "-" "Mozilla/5.0 (Windows NT 10.0; Win64; x64) AppleWebKit/537.36 (KHTML, like Gecko) Chrome/120.0.0.0 Safari/537.36" "45.148.10.119" [-,-,-|0.000]Request_Body: "-"
104.23.166.189 - - [20/Sep/2026:00:30:39 +0800] "www.blackdiamondespa.com" "GET /wp/?rest_route=/batch%2Fv1 HTTP/1.1" 404 125 "http://www.blackdiamondespa.com/wp/?rest_route=/batch%2Fv1" "Mozilla/5.0 (Windows NT 10.0; Win64; x64) AppleWebKit/537.36 (KHTML, like Gecko) Chrome/120.0.0.0 Safari/537.36" "45.148.10.119" [0.001,1.810,1.810|1.810]Request_Body: "-"
104.23.166.5 - - [20/Sep/2026:00:30:39 +0800] "blackdiamondespa.com" "POST /wp/?rest_route=/batch/v1 HTTP/1.1" 301 166 "-" "Mozilla/5.0 (Windows NT 10.0; Win64; x64) AppleWebKit/537.36 (KHTML, like Gecko) Chrome/120.0.0.0 Safari/537.36" "45.148.10.119" [-,-,-|0.000]Request_Body: "-"
172.71.241.84 - - [20/Sep/2026:00:30:40 +0800] "www.blackdiamondespa.com" "GET /blog/?rest_route=/batch%2Fv1 HTTP/1.1" 404 125 "http://www.blackdiamondespa.com/blog/?rest_route=/batch%2Fv1" "Mozilla/5.0 (Windows NT 10.0; Win64; x64) AppleWebKit/537.36 (KHTML, like Gecko) Chrome/120.0.0.0 Safari/537.36" "45.148.10.119" [0.001,1.880,1.880|1.880]Request_Body: "-"
104.23.166.5 - - [20/Sep/2026:00:30:40 +0800] "blackdiamondespa.com" "POST /blog/?rest_route=/batch/v1 HTTP/1.1" 301 166 "-" "Mozilla/5.0 (Windows NT 10.0; Win64; x64) AppleWebKit/537.36 (KHTML, like Gecko) Chrome/120.0.0.0 Safari/537.36" "45.148.10.119" [-,-,-|0.000]Request_Body: "-"
104.23.166.189 - - [20/Sep/2026:00:30:41 +0800] "www.blackdiamondespa.com" "GET /wp/?rest_route=/batch/v1 HTTP/1.1" 404 125 "http://www.blackdiamondespa.com/wp/?rest_route=/batch/v1" "Mozilla/5.0 (Windows NT 10.0; Win64; x64) AppleWebKit/537.36 (KHTML, like Gecko) Chrome/120.0.0.0 Safari/537.36" "45.148.10.119" [0.001,1.890,1.890|1.890]Request_Body: "-"
104.23.166.5 - - [20/Sep/2026:00:30:41 +0800] "blackdiamondespa.com" "POST /wp/wp-json/batch/v1 HTTP/1.1" 301 166 "-" "Mozilla/5.0 (Windows NT 10.0; Win64; x64) AppleWebKit/537.36 (KHTML, like Gecko) Chrome/120.0.0.0 Safari/537.36" "45.148.10.119" [-,-,-|0.000]Request_Body: "-"
172.71.241.84 - - [20/Sep/2026:00:30:42 +0800] "www.blackdiamondespa.com" "GET /blog/?rest_route=/batch/v1 HTTP/1.1" 404 125 "http://www.blackdiamondespa.com/blog/?rest_route=/batch/v1" "Mozilla/5.0 (Windows NT 10.0; Win64; x64) AppleWebKit/537.36 (KHTML, like Gecko) Chrome/120.0.0.0 Safari/537.36" "45.148.10.119" [0.001,1.927,1.927|1.928]Request_Body: "-"
104.23.166.189 - - [20/Sep/2026:00:30:44 +0800] "www.blackdiamondespa.com" "GET /wp/wp-json/batch/v1 HTTP/1.1" 404 29320 "http://www.blackdiamondespa.com/wp/wp-json/batch/v1" "Mozilla/5.0 (Windows NT 10.0; Win64; x64) AppleWebKit/537.36 (KHTML, like Gecko) Chrome/120.0.0.0 Safari/537.36" "45.148.10.119" [0.001,1.984,1.987|1.987]Request_Body: "-"
104.23.166.5 - - [20/Sep/2026:00:30:44 +0800] "blackdiamondespa.com" "POST /wp/wp-json/Batch/v1 HTTP/1.1" 301 166 "-" "Mozilla/5.0 (Windows NT 10.0; Win64; x64) AppleWebKit/537.36 (KHTML, like Gecko) Chrome/120.0.0.0 Safari/537.36" "45.148.10.119" [-,-,-|0.000]Request_Body: "-"
104.23.166.5 - - [20/Sep/2026:00:30:46 +0800] "blackdiamondespa.com" "POST /blog/wp-json/batch/v1 HTTP/1.1" 301 166 "-" "Mozilla/5.0 (Windows NT 10.0; Win64; x64) AppleWebKit/537.36 (KHTML, like Gecko) Chrome/120.0.0.0 Safari/537.36" "45.148.10.119" [-,-,-|0.000]Request_Body: "-"
104.23.166.189 - - [20/Sep/2026:00:30:46 +0800] "www.blackdiamondespa.com" "GET /wp/wp-json/Batch/v1 HTTP/1.1" 404 29320 "http://www.blackdiamondespa.com/wp/wp-json/Batch/v1" "Mozilla/5.0 (Windows NT 10.0; Win64; x64) AppleWebKit/537.36 (KHTML, like Gecko) Chrome/120.0.0.0 Safari/537.36" "45.148.10.119" [0.001,1.958,1.961|1.961]Request_Body: "-"
104.23.166.5 - - [20/Sep/2026:00:30:46 +0800] "blackdiamondespa.com" "POST /wp//wp-json/batch/v1 HTTP/1.1" 301 166 "-" "Mozilla/5.0 (Windows NT 10.0; Win64; x64) AppleWebKit/537.36 (KHTML, like Gecko) Chrome/120.0.0.0 Safari/537.36" "45.148.10.119" [-,-,-|0.000]Request_Body: "-"
104.23.166.189 - - [20/Sep/2026:00:30:48 +0800] "www.blackdiamondespa.com" "GET /wp//wp-json/batch/v1 HTTP/1.1" 301 5 "http://www.blackdiamondespa.com/wp//wp-json/batch/v1" "Mozilla/5.0 (Windows NT 10.0; Win64; x64) AppleWebKit/537.36 (KHTML, like Gecko) Chrome/120.0.0.0 Safari/537.36" "45.148.10.119" [0.001,1.289,1.289|1.289]Request_Body: "-"
172.70.90.91 - - [20/Sep/2026:00:30:48 +0800] "www.blackdiamondespa.com" "GET /blog/wp-json/batch/v1 HTTP/1.1" 404 29323 "http://www.blackdiamondespa.com/blog/wp-json/batch/v1" "Mozilla/5.0 (Windows NT 10.0; Win64; x64) AppleWebKit/537.36 (KHTML, like Gecko) Chrome/120.0.0.0 Safari/537.36" "45.148.10.119" [0.001,1.765,1.768|1.768]Request_Body: "-"
104.23.166.5 - - [20/Sep/2026:00:30:48 +0800] "blackdiamondespa.com" "POST /blog/wp-json/Batch/v1 HTTP/1.1" 301 166 "-" "Mozilla/5.0 (Windows NT 10.0; Win64; x64) AppleWebKit/537.36 (KHTML, like Gecko) Chrome/120.0.0.0 Safari/537.36" "45.148.10.119" [-,-,-|0.000]Request_Body: "-"
104.23.166.189 - - [20/Sep/2026:00:30:50 +0800] "www.blackdiamondespa.com" "GET /wp/wp-json/batch/v1 HTTP/1.1" 404 29320 "https://www.blackdiamondespa.com/wp//wp-json/batch/v1" "Mozilla/5.0 (Windows NT 10.0; Win64; x64) AppleWebKit/537.36 (KHTML, like Gecko) Chrome/120.0.0.0 Safari/537.36" "45.148.10.119" [0.000,1.581,1.585|1.585]Request_Body: "-"
172.70.90.91 - - [20/Sep/2026:00:30:50 +0800] "www.blackdiamondespa.com" "GET /blog/wp-json/Batch/v1 HTTP/1.1" 404 29323 "http://www.blackdiamondespa.com/blog/wp-json/Batch/v1" "Mozilla/5.0 (Windows NT 10.0; Win64; x64) AppleWebKit/537.36 (KHTML, like Gecko) Chrome/120.0.0.0 Safari/537.36" "45.148.10.119" [0.001,1.699,1.702|1.702]Request_Body: "-"
104.23.166.5 - - [20/Sep/2026:00:30:51 +0800] "blackdiamondespa.com" "POST /wp/wp-json/batch/v1/ HTTP/1.1" 301 166 "-" "Mozilla/5.0 (Windows NT 10.0; Win64; x64) AppleWebKit/537.36 (KHTML, like Gecko) Chrome/120.0.0.0 Safari/537.36" "45.148.10.119" [-,-,-|0.000]Request_Body: "-"
172.71.178.140 - - [20/Sep/2026:00:30:51 +0800] "blackdiamondespa.com" "POST /blog//wp-json/batch/v1 HTTP/1.1" 301 166 "-" "Mozilla/5.0 (Windows NT 10.0; Win64; x64) AppleWebKit/537.36 (KHTML, like Gecko) Chrome/120.0.0.0 Safari/537.36" "45.148.10.119" [-,-,-|0.000]Request_Body: "-"
104.23.166.189 - - [20/Sep/2026:00:30:53 +0800] "www.blackdiamondespa.com" "GET /blog//wp-json/batch/v1 HTTP/1.1" 301 5 "http://www.blackdiamondespa.com/blog//wp-json/batch/v1" "Mozilla/5.0 (Windows NT 10.0; Win64; x64) AppleWebKit/537.36 (KHTML, like Gecko) Chrome/120.0.0.0 Safari/537.36" "45.148.10.119" [0.001,1.200,1.200|1.200]Request_Body: "-"
172.70.90.91 - - [20/Sep/2026:00:30:53 +0800] "www.blackdiamondespa.com" "GET /wp/wp-json/batch/v1/ HTTP/1.1" 404 29322 "http://www.blackdiamondespa.com/wp/wp-json/batch/v1/" "Mozilla/5.0 (Windows NT 10.0; Win64; x64) AppleWebKit/537.36 (KHTML, like Gecko) Chrome/120.0.0.0 Safari/537.36" "45.148.10.119" [0.001,1.433,1.436|1.436]Request_Body: "-"
172.71.178.170 - - [20/Sep/2026:00:30:53 +0800] "blackdiamondespa.com" "POST /wp/blog/wp-json/batch/v1 HTTP/1.1" 301 166 "-" "Mozilla/5.0 (Windows NT 10.0; Win64; x64) AppleWebKit/537.36 (KHTML, like Gecko) Chrome/120.0.0.0 Safari/537.36" "45.148.10.119" [-,-,-|0.001]Request_Body: "-"
104.23.166.189 - - [20/Sep/2026:00:30:55 +0800] "www.blackdiamondespa.com" "GET /blog/wp-json/batch/v1 HTTP/1.1" 404 29323 "https://www.blackdiamondespa.com/blog//wp-json/batch/v1" "Mozilla/5.0 (Windows NT 10.0; Win64; x64) AppleWebKit/537.36 (KHTML, like Gecko) Chrome/120.0.0.0 Safari/537.36" "45.148.10.119" [0.001,1.811,1.814|1.814]Request_Body: "-"
172.71.178.170 - - [20/Sep/2026:00:30:55 +0800] "blackdiamondespa.com" "POST /blog/wp-json/batch/v1/ HTTP/1.1" 301 166 "-" "Mozilla/5.0 (Windows NT 10.0; Win64; x64) AppleWebKit/537.36 (KHTML, like Gecko) Chrome/120.0.0.0 Safari/537.36" "45.148.10.119" [-,-,-|0.000]Request_Body: "-"
172.70.90.91 - - [20/Sep/2026:00:30:55 +0800] "www.blackdiamondespa.com" "GET /wp/blog/wp-json/batch/v1 HTTP/1.1" 404 29325 "http://www.blackdiamondespa.com/wp/blog/wp-json/batch/v1" "Mozilla/5.0 (Windows NT 10.0; Win64; x64) AppleWebKit/537.36 (KHTML, like Gecko) Chrome/120.0.0.0 Safari/537.36" "45.148.10.119" [0.001,1.862,1.865|1.865]Request_Body: "-"
172.71.178.170 - - [20/Sep/2026:00:30:57 +0800] "blackdiamondespa.com" "POST /wp/index.php?rest_route=/batch/v1 HTTP/1.1" 301 166 "https://blackdiamondespa.com/wp/wp-admin/" "Mozilla/5.0 (Windows NT 10.0; Win64; x64) AppleWebKit/537.36 (KHTML, like Gecko) Chrome/120.0.0.0 Safari/537.36" "127.0.0.1,45.148.10.119" [-,-,-|0.000]Request_Body: "-"
172.70.90.91 - - [20/Sep/2026:00:30:57 +0800] "www.blackdiamondespa.com" "GET /wp/index.php?rest_route=/batch/v1 HTTP/1.1" 403 552 "https://blackdiamondespa.com/wp/wp-admin/" "Mozilla/5.0 (Windows NT 10.0; Win64; x64) AppleWebKit/537.36 (KHTML, like Gecko) Chrome/120.0.0.0 Safari/537.36" "127.0.0.1,45.148.10.119" [-,-,-|0.000]Request_Body: "-"
172.71.178.170 - - [20/Sep/2026:00:30:57 +0800] "blackdiamondespa.com" "POST /wp/index.php?rest_route=%2Fbatch%2Fv1 HTTP/1.1" 301 166 "https://blackdiamondespa.com/wp/wp-admin/" "Mozilla/5.0 (Windows NT 10.0; Win64; x64) AppleWebKit/537.36 (KHTML, like Gecko) Chrome/120.0.0.0 Safari/537.36" "127.0.0.1,45.148.10.119" [-,-,-|0.000]Request_Body: "-"
104.23.166.189 - - [20/Sep/2026:00:30:57 +0800] "www.blackdiamondespa.com" "GET /blog/wp-json/batch/v1/ HTTP/1.1" 404 29326 "http://www.blackdiamondespa.com/blog/wp-json/batch/v1/" "Mozilla/5.0 (Windows NT 10.0; Win64; x64) AppleWebKit/537.36 (KHTML, like Gecko) Chrome/120.0.0.0 Safari/537.36" "45.148.10.119" [0.000,2.231,2.235|2.235]Request_Body: "-"
172.70.90.91 - - [20/Sep/2026:00:30:58 +0800] "www.blackdiamondespa.com" "GET /wp/index.php?rest_route=%2Fbatch%2Fv1 HTTP/1.1" 403 552 "https://blackdiamondespa.com/wp/wp-admin/" "Mozilla/5.0 (Windows NT 10.0; Win64; x64) AppleWebKit/537.36 (KHTML, like Gecko) Chrome/120.0.0.0 Safari/537.36" "127.0.0.1,45.148.10.119" [-,-,-|0.000]Request_Body: "-"
104.23.166.5 - - [20/Sep/2026:00:30:58 +0800] "blackdiamondespa.com" "POST /blog/blog/wp-json/batch/v1 HTTP/1.1" 301 166 "-" "Mozilla/5.0 (Windows NT 10.0; Win64; x64) AppleWebKit/537.36 (KHTML, like Gecko) Chrome/120.0.0.0 Safari/537.36" "45.148.10.119" [-,-,-|0.000]Request_Body: "-"
172.71.178.170 - - [20/Sep/2026:00:30:58 +0800] "blackdiamondespa.com" "POST /wp/?rest_route=%2Fbatch%2Fv1 HTTP/1.1" 301 166 "https://blackdiamondespa.com/wp/wp-admin/" "Mozilla/5.0 (Windows NT 10.0; Win64; x64) AppleWebKit/537.36 (KHTML, like Gecko) Chrome/120.0.0.0 Safari/537.36" "127.0.0.1,45.148.10.119" [-,-,-|0.000]Request_Body: "-"
104.23.166.189 - - [20/Sep/2026:00:31:00 +0800] "www.blackdiamondespa.com" "GET /wp/?rest_route=%2Fbatch%2Fv1 HTTP/1.1" 404 125 "https://blackdiamondespa.com/wp/wp-admin/" "Mozilla/5.0 (Windows NT 10.0; Win64; x64) AppleWebKit/537.36 (KHTML, like Gecko) Chrome/120.0.0.0 Safari/537.36" "127.0.0.1,45.148.10.119" [0.001,1.829,1.829|1.829]Request_Body: "-"
104.23.166.5 - - [20/Sep/2026:00:31:00 +0800] "blackdiamondespa.com" "POST /wp/?rest_route=/batch%2Fv1 HTTP/1.1" 301 166 "https://blackdiamondespa.com/wp/wp-admin/" "Mozilla/5.0 (Windows NT 10.0; Win64; x64) AppleWebKit/537.36 (KHTML, like Gecko) Chrome/120.0.0.0 Safari/537.36" "127.0.0.1,45.148.10.119" [-,-,-|0.001]Request_Body: "-"
172.70.90.91 - - [20/Sep/2026:00:31:00 +0800] "www.blackdiamondespa.com" "GET /blog/blog/wp-json/batch/v1 HTTP/1.1" 404 29325 "http://www.blackdiamondespa.com/blog/blog/wp-json/batch/v1" "Mozilla/5.0 (Windows NT 10.0; Win64; x64) AppleWebKit/537.36 (KHTML, like Gecko) Chrome/120.0.0.0 Safari/537.36" "45.148.10.119" [0.001,1.879,1.882|1.882]Request_Body: "-"
104.23.166.5 - - [20/Sep/2026:00:31:01 +0800] "blackdiamondespa.com" "POST /blog/index.php?rest_route=/batch/v1 HTTP/1.1" 301 166 "https://blackdiamondespa.com/blog/wp-admin/" "Mozilla/5.0 (Windows NT 10.0; Win64; x64) AppleWebKit/537.36 (KHTML, like Gecko) Chrome/120.0.0.0 Safari/537.36" "127.0.0.1,45.148.10.119" [-,-,-|0.001]Request_Body: "-"
172.70.90.91 - - [20/Sep/2026:00:31:01 +0800] "www.blackdiamondespa.com" "GET /blog/index.php?rest_route=/batch/v1 HTTP/1.1" 403 552 "https://blackdiamondespa.com/blog/wp-admin/" "Mozilla/5.0 (Windows NT 10.0; Win64; x64) AppleWebKit/537.36 (KHTML, like Gecko) Chrome/120.0.0.0 Safari/537.36" "127.0.0.1,45.148.10.119" [-,-,-|0.000]Request_Body: "-"
104.23.166.5 - - [20/Sep/2026:00:31:02 +0800] "blackdiamondespa.com" "POST /blog/index.php?rest_route=%2Fbatch%2Fv1 HTTP/1.1" 301 166 "https://blackdiamondespa.com/blog/wp-admin/" "Mozilla/5.0 (Windows NT 10.0; Win64; x64) AppleWebKit/537.36 (KHTML, like Gecko) Chrome/120.0.0.0 Safari/537.36" "127.0.0.1,45.148.10.119" [-,-,-|0.000]Request_Body: "-"
172.70.90.91 - - [20/Sep/2026:00:31:02 +0800] "www.blackdiamondespa.com" "GET /blog/index.php?rest_route=%2Fbatch%2Fv1 HTTP/1.1" 403 552 "https://blackdiamondespa.com/blog/wp-admin/" "Mozilla/5.0 (Windows NT 10.0; Win64; x64) AppleWebKit/537.36 (KHTML, like Gecko) Chrome/120.0.0.0 Safari/537.36" "127.0.0.1,45.148.10.119" [-,-,-|0.000]Request_Body: "-"
104.23.166.5 - - [20/Sep/2026:00:31:02 +0800] "blackdiamondespa.com" "POST /blog/?rest_route=%2Fbatch%2Fv1 HTTP/1.1" 301 166 "https://blackdiamondespa.com/blog/wp-admin/" "Mozilla/5.0 (Windows NT 10.0; Win64; x64) AppleWebKit/537.36 (KHTML, like Gecko) Chrome/120.0.0.0 Safari/537.36" "127.0.0.1,45.148.10.119" [-,-,-|0.000]Request_Body: "-"
104.23.166.189 - - [20/Sep/2026:00:31:03 +0800] "www.blackdiamondespa.com" "GET /wp/?rest_route=/batch%2Fv1 HTTP/1.1" 404 125 "https://blackdiamondespa.com/wp/wp-admin/" "Mozilla/5.0 (Windows NT 10.0; Win64; x64) AppleWebKit/537.36 (KHTML, like Gecko) Chrome/120.0.0.0 Safari/537.36" "127.0.0.1,45.148.10.119" [0.004,2.403,2.403|2.403]Request_Body: "-"
104.23.166.5 - - [20/Sep/2026:00:31:03 +0800] "blackdiamondespa.com" "POST /wp/?rest_route=/batch/v1 HTTP/1.1" 301 166 "https://blackdiamondespa.com/wp/wp-admin/" "Mozilla/5.0 (Windows NT 10.0; Win64; x64) AppleWebKit/537.36 (KHTML, like Gecko) Chrome/120.0.0.0 Safari/537.36" "127.0.0.1,45.148.10.119" [-,-,-|0.000]Request_Body: "-"
172.70.90.91 - - [20/Sep/2026:00:31:05 +0800] "www.blackdiamondespa.com" "GET /blog/?rest_route=%2Fbatch%2Fv1 HTTP/1.1" 404 125 "https://blackdiamondespa.com/blog/wp-admin/" "Mozilla/5.0 (Windows NT 10.0; Win64; x64) AppleWebKit/537.36 (KHTML, like Gecko) Chrome/120.0.0.0 Safari/537.36" "127.0.0.1,45.148.10.119" [0.001,2.093,2.093|2.093]Request_Body: "-"
104.23.166.5 - - [20/Sep/2026:00:31:05 +0800] "blackdiamondespa.com" "POST /blog/?rest_route=/batch%2Fv1 HTTP/1.1" 301 166 "https://blackdiamondespa.com/blog/wp-admin/" "Mozilla/5.0 (Windows NT 10.0; Win64; x64) AppleWebKit/537.36 (KHTML, like Gecko) Chrome/120.0.0.0 Safari/537.36" "127.0.0.1,45.148.10.119" [-,-,-|0.000]Request_Body: "-"
104.23.166.189 - - [20/Sep/2026:00:31:05 +0800] "www.blackdiamondespa.com" "GET /wp/?rest_route=/batch/v1 HTTP/1.1" 404 125 "https://blackdiamondespa.com/wp/wp-admin/" "Mozilla/5.0 (Windows NT 10.0; Win64; x64) AppleWebKit/537.36 (KHTML, like Gecko) Chrome/120.0.0.0 Safari/537.36" "127.0.0.1,45.148.10.119" [0.001,1.875,1.875|1.876]Request_Body: "-"
104.23.166.5 - - [20/Sep/2026:00:31:06 +0800] "blackdiamondespa.com" "POST /wp/wp-json/batch/v1 HTTP/1.1" 301 166 "https://blackdiamondespa.com/wp/wp-admin/" "Mozilla/5.0 (Windows NT 10.0; Win64; x64) AppleWebKit/537.36 (KHTML, like Gecko) Chrome/120.0.0.0 Safari/537.36" "127.0.0.1,45.148.10.119" [-,-,-|0.000]Request_Body: "-"
172.70.90.91 - - [20/Sep/2026:00:31:07 +0800] "www.blackdiamondespa.com" "GET /blog/?rest_route=/batch%2Fv1 HTTP/1.1" 404 125 "https://blackdiamondespa.com/blog/wp-admin/" "Mozilla/5.0 (Windows NT 10.0; Win64; x64) AppleWebKit/537.36 (KHTML, like Gecko) Chrome/120.0.0.0 Safari/537.36" "127.0.0.1,45.148.10.119" [0.001,1.901,1.901|1.901]Request_Body: "-"
104.23.166.5 - - [20/Sep/2026:00:31:07 +0800] "blackdiamondespa.com" "POST /blog/?rest_route=/batch/v1 HTTP/1.1" 301 166 "https://blackdiamondespa.com/blog/wp-admin/" "Mozilla/5.0 (Windows NT 10.0; Win64; x64) AppleWebKit/537.36 (KHTML, like Gecko) Chrome/120.0.0.0 Safari/537.36" "127.0.0.1,45.148.10.119" [-,-,-|0.000]Request_Body: "-"
104.23.166.189 - - [20/Sep/2026:00:31:08 +0800] "www.blackdiamondespa.com" "GET /wp/wp-json/batch/v1 HTTP/1.1" 404 29320 "https://blackdiamondespa.com/wp/wp-admin/" "Mozilla/5.0 (Windows NT 10.0; Win64; x64) AppleWebKit/537.36 (KHTML, like Gecko) Chrome/120.0.0.0 Safari/537.36" "127.0.0.1,45.148.10.119" [0.001,1.823,1.826|1.826]Request_Body: "-"
104.23.166.5 - - [20/Sep/2026:00:31:08 +0800] "blackdiamondespa.com" "POST /wp/wp-json/Batch/v1 HTTP/1.1" 301 166 "https://blackdiamondespa.com/wp/wp-admin/" "Mozilla/5.0 (Windows NT 10.0; Win64; x64) AppleWebKit/537.36 (KHTML, like Gecko) Chrome/120.0.0.0 Safari/537.36" "127.0.0.1,45.148.10.119" [-,-,-|0.000]Request_Body: "-"
172.70.90.91 - - [20/Sep/2026:00:31:11 +0800] "www.blackdiamondespa.com" "GET /blog/?rest_route=/batch/v1 HTTP/1.1" 404 125 "https://blackdiamondespa.com/blog/wp-admin/" "Mozilla/5.0 (Windows NT 10.0; Win64; x64) AppleWebKit/537.36 (KHTML, like Gecko) Chrome/120.0.0.0 Safari/537.36" "127.0.0.1,45.148.10.119" [0.002,3.099,3.099|3.098]Request_Body: "-"
104.23.166.5 - - [20/Sep/2026:00:31:11 +0800] "blackdiamondespa.com" "POST /blog/wp-json/batch/v1 HTTP/1.1" 301 166 "https://blackdiamondespa.com/blog/wp-admin/" "Mozilla/5.0 (Windows NT 10.0; Win64; x64) AppleWebKit/537.36 (KHTML, like Gecko) Chrome/120.0.0.0 Safari/537.36" "127.0.0.1,45.148.10.119" [-,-,-|0.000]Request_Body: "-"
104.23.166.189 - - [20/Sep/2026:00:31:11 +0800] "www.blackdiamondespa.com" "GET /wp/wp-json/Batch/v1 HTTP/1.1" 404 29320 "https://blackdiamondespa.com/wp/wp-admin/" "Mozilla/5.0 (Windows NT 10.0; Win64; x64) AppleWebKit/537.36 (KHTML, like Gecko) Chrome/120.0.0.0 Safari/537.36" "127.0.0.1,45.148.10.119" [0.001,2.728,2.731|2.731]Request_Body: "-"
104.23.166.5 - - [20/Sep/2026:00:31:11 +0800] "blackdiamondespa.com" "POST /wp//wp-json/batch/v1 HTTP/1.1" 301 166 "https://blackdiamondespa.com/wp/wp-admin/" "Mozilla/5.0 (Windows NT 10.0; Win64; x64) AppleWebKit/537.36 (KHTML, like Gecko) Chrome/120.0.0.0 Safari/537.36" "127.0.0.1,45.148.10.119" [-,-,-|0.000]Request_Body: "-"
172.70.90.91 - - [20/Sep/2026:00:31:14 +0800] "www.blackdiamondespa.com" "GET /blog/wp-json/batch/v1 HTTP/1.1" 404 29323 "https://blackdiamondespa.com/blog/wp-admin/" "Mozilla/5.0 (Windows NT 10.0; Win64; x64) AppleWebKit/537.36 (KHTML, like Gecko) Chrome/120.0.0.0 Safari/537.36" "127.0.0.1,45.148.10.119" [0.001,2.798,2.801|2.801]Request_Body: "-"
104.23.166.189 - - [20/Sep/2026:00:31:14 +0800] "www.blackdiamondespa.com" "GET /wp//wp-json/batch/v1 HTTP/1.1" 301 5 "https://blackdiamondespa.com/wp/wp-admin/" "Mozilla/5.0 (Windows NT 10.0; Win64; x64) AppleWebKit/537.36 (KHTML, like Gecko) Chrome/120.0.0.0 Safari/537.36" "127.0.0.1,45.148.10.119" [0.001,2.645,2.645|2.645]Request_Body: "-"
104.23.166.5 - - [20/Sep/2026:00:31:14 +0800] "blackdiamondespa.com" "POST /blog/wp-json/Batch/v1 HTTP/1.1" 301 166 "https://blackdiamondespa.com/blog/wp-admin/" "Mozilla/5.0 (Windows NT 10.0; Win64; x64) AppleWebKit/537.36 (KHTML, like Gecko) Chrome/120.0.0.0 Safari/537.36" "127.0.0.1,45.148.10.119" [-,-,-|0.000]Request_Body: "-"
104.23.166.189 - - [20/Sep/2026:00:31:17 +0800] "www.blackdiamondespa.com" "GET /wp/wp-json/batch/v1 HTTP/1.1" 404 29320 "https://blackdiamondespa.com/wp/wp-admin/" "Mozilla/5.0 (Windows NT 10.0; Win64; x64) AppleWebKit/537.36 (KHTML, like Gecko) Chrome/120.0.0.0 Safari/537.36" "127.0.0.1,45.148.10.119" [0.009,2.027,2.031|2.032]Request_Body: "-"
172.70.90.91 - - [20/Sep/2026:00:31:17 +0800] "www.blackdiamondespa.com" "GET /blog/wp-json/Batch/v1 HTTP/1.1" 404 29323 "https://blackdiamondespa.com/blog/wp-admin/" "Mozilla/5.0 (Windows NT 10.0; Win64; x64) AppleWebKit/537.36 (KHTML, like Gecko) Chrome/120.0.0.0 Safari/537.36" "127.0.0.1,45.148.10.119" [0.001,2.044,2.047|2.047]Request_Body: "-"
104.23.166.5 - - [20/Sep/2026:00:31:17 +0800] "blackdiamondespa.com" "POST /wp/wp-json/batch/v1/ HTTP/1.1" 301 166 "https://blackdiamondespa.com/wp/wp-admin/" "Mozilla/5.0 (Windows NT 10.0; Win64; x64) AppleWebKit/537.36 (KHTML, like Gecko) Chrome/120.0.0.0 Safari/537.36" "127.0.0.1,45.148.10.119" [-,-,-|0.000]Request_Body: "-"
104.23.166.5 - - [20/Sep/2026:00:31:17 +0800] "blackdiamondespa.com" "POST /blog//wp-json/batch/v1 HTTP/1.1" 301 166 "https://blackdiamondespa.com/blog/wp-admin/" "Mozilla/5.0 (Windows NT 10.0; Win64; x64) AppleWebKit/537.36 (KHTML, like Gecko) Chrome/120.0.0.0 Safari/537.36" "127.0.0.1,45.148.10.119" [-,-,-|0.000]Request_Body: "-"
104.23.166.189 - - [20/Sep/2026:00:31:19 +0800] "www.blackdiamondespa.com" "GET /wp/wp-json/batch/v1/ HTTP/1.1" 404 29322 "https://blackdiamondespa.com/wp/wp-admin/" "Mozilla/5.0 (Windows NT 10.0; Win64; x64) AppleWebKit/537.36 (KHTML, like Gecko) Chrome/120.0.0.0 Safari/537.36" "127.0.0.1,45.148.10.119" [0.000,1.894,1.897|1.897]Request_Body: "-"
172.70.90.91 - - [20/Sep/2026:00:31:19 +0800] "www.blackdiamondespa.com" "GET /blog//wp-json/batch/v1 HTTP/1.1" 301 5 "https://blackdiamondespa.com/blog/wp-admin/" "Mozilla/5.0 (Windows NT 10.0; Win64; x64) AppleWebKit/537.36 (KHTML, like Gecko) Chrome/120.0.0.0 Safari/537.36" "127.0.0.1,45.148.10.119" [0.001,1.588,1.588|1.588]Request_Body: "-"
104.23.166.5 - - [20/Sep/2026:00:31:19 +0800] "blackdiamondespa.com" "POST /wp/blog/wp-json/batch/v1 HTTP/1.1" 301 166 "https://blackdiamondespa.com/wp/wp-admin/" "Mozilla/5.0 (Windows NT 10.0; Win64; x64) AppleWebKit/537.36 (KHTML, like Gecko) Chrome/120.0.0.0 Safari/537.36" "127.0.0.1,45.148.10.119" [-,-,-|0.001]Request_Body: "-"
172.70.90.91 - - [20/Sep/2026:00:31:21 +0800] "www.blackdiamondespa.com" "GET /blog/wp-json/batch/v1 HTTP/1.1" 404 29323 "https://blackdiamondespa.com/blog/wp-admin/" "Mozilla/5.0 (Windows NT 10.0; Win64; x64) AppleWebKit/537.36 (KHTML, like Gecko) Chrome/120.0.0.0 Safari/537.36" "127.0.0.1,45.148.10.119" [0.001,1.952,1.955|1.955]Request_Body: "-"
104.23.166.5 - - [20/Sep/2026:00:31:21 +0800] "blackdiamondespa.com" "POST /blog/wp-json/batch/v1/ HTTP/1.1" 301 166 "https://blackdiamondespa.com/blog/wp-admin/" "Mozilla/5.0 (Windows NT 10.0; Win64; x64) AppleWebKit/537.36 (KHTML, like Gecko) Chrome/120.0.0.0 Safari/537.36" "127.0.0.1,45.148.10.119" [-,-,-|0.001]Request_Body: "-"
104.23.166.189 - - [20/Sep/2026:00:31:21 +0800] "www.blackdiamondespa.com" "GET /wp/blog/wp-json/batch/v1 HTTP/1.1" 404 29325 "https://blackdiamondespa.com/wp/wp-admin/" "Mozilla/5.0 (Windows NT 10.0; Win64; x64) AppleWebKit/537.36 (KHTML, like Gecko) Chrome/120.0.0.0 Safari/537.36" "127.0.0.1,45.148.10.119" [0.001,1.970,1.973|1.973]Request_Body: "-"
104.23.166.5 - - [20/Sep/2026:00:31:22 +0800] "blackdiamondespa.com" "POST /wp/index.php?rest_route=/batch/v1 HTTP/1.1" 301 166 "https://blackdiamondespa.com/wp/wp-admin/" "Mozilla/5.0 (Windows NT 10.0; Win64; x64) AppleWebKit/537.36 (KHTML, like Gecko) Chrome/120.0.0.0 Safari/537.36" "10.0.0.1,45.148.10.119" [-,-,-|0.000]Request_Body: "-"
104.23.166.189 - - [20/Sep/2026:00:31:22 +0800] "www.blackdiamondespa.com" "GET /wp/index.php?rest_route=/batch/v1 HTTP/1.1" 403 552 "https://blackdiamondespa.com/wp/wp-admin/" "Mozilla/5.0 (Windows NT 10.0; Win64; x64) AppleWebKit/537.36 (KHTML, like Gecko) Chrome/120.0.0.0 Safari/537.36" "10.0.0.1,45.148.10.119" [-,-,-|0.000]Request_Body: "-"
104.23.166.5 - - [20/Sep/2026:00:31:22 +0800] "blackdiamondespa.com" "POST /wp/index.php?rest_route=%2Fbatch%2Fv1 HTTP/1.1" 301 166 "https://blackdiamondespa.com/wp/wp-admin/" "Mozilla/5.0 (Windows NT 10.0; Win64; x64) AppleWebKit/537.36 (KHTML, like Gecko) Chrome/120.0.0.0 Safari/537.36" "10.0.0.1,45.148.10.119" [-,-,-|0.000]Request_Body: "-"
104.23.166.189 - - [20/Sep/2026:00:31:23 +0800] "www.blackdiamondespa.com" "GET /wp/index.php?rest_route=%2Fbatch%2Fv1 HTTP/1.1" 403 552 "https://blackdiamondespa.com/wp/wp-admin/" "Mozilla/5.0 (Windows NT 10.0; Win64; x64) AppleWebKit/537.36 (KHTML, like Gecko) Chrome/120.0.0.0 Safari/537.36" "10.0.0.1,45.148.10.119" [-,-,-|0.000]Request_Body: "-"
104.23.166.5 - - [20/Sep/2026:00:31:23 +0800] "blackdiamondespa.com" "POST /wp/?rest_route=%2Fbatch%2Fv1 HTTP/1.1" 301 166 "https://blackdiamondespa.com/wp/wp-admin/" "Mozilla/5.0 (Windows NT 10.0; Win64; x64) AppleWebKit/537.36 (KHTML, like Gecko) Chrome/120.0.0.0 Safari/537.36" "10.0.0.1,45.148.10.119" [-,-,-|0.001]Request_Body: "-"
172.70.90.91 - - [20/Sep/2026:00:31:23 +0800] "www.blackdiamondespa.com" "GET /blog/wp-json/batch/v1/ HTTP/1.1" 404 29326 "https://blackdiamondespa.com/blog/wp-admin/" "Mozilla/5.0 (Windows NT 10.0; Win64; x64) AppleWebKit/537.36 (KHTML, like Gecko) Chrome/120.0.0.0 Safari/537.36" "127.0.0.1,45.148.10.119" [0.001,1.736,1.739|1.739]Request_Body: "-"
104.23.166.5 - - [20/Sep/2026:00:31:24 +0800] "blackdiamondespa.com" "POST /blog/blog/wp-json/batch/v1 HTTP/1.1" 301 166 "https://blackdiamondespa.com/blog/wp-admin/" "Mozilla/5.0 (Windows NT 10.0; Win64; x64) AppleWebKit/537.36 (KHTML, like Gecko) Chrome/120.0.0.0 Safari/537.36" "127.0.0.1,45.148.10.119" [-,-,-|0.000]Request_Body: "-"
104.23.166.189 - - [20/Sep/2026:00:31:25 +0800] "www.blackdiamondespa.com" "GET /wp/?rest_route=%2Fbatch%2Fv1 HTTP/1.1" 404 125 "https://blackdiamondespa.com/wp/wp-admin/" "Mozilla/5.0 (Windows NT 10.0; Win64; x64) AppleWebKit/537.36 (KHTML, like Gecko) Chrome/120.0.0.0 Safari/537.36" "10.0.0.1,45.148.10.119" [0.001,1.915,1.915|1.916]Request_Body: "-"
104.23.166.5 - - [20/Sep/2026:00:31:25 +0800] "blackdiamondespa.com" "POST /wp/?rest_route=/batch%2Fv1 HTTP/1.1" 301 166 "https://blackdiamondespa.com/wp/wp-admin/" "Mozilla/5.0 (Windows NT 10.0; Win64; x64) AppleWebKit/537.36 (KHTML, like Gecko) Chrome/120.0.0.0 Safari/537.36" "10.0.0.1,45.148.10.119" [-,-,-|0.000]Request_Body: "-"
172.70.90.91 - - [20/Sep/2026:00:31:26 +0800] "www.blackdiamondespa.com" "GET /blog/blog/wp-json/batch/v1 HTTP/1.1" 404 29325 "https://blackdiamondespa.com/blog/wp-admin/" "Mozilla/5.0 (Windows NT 10.0; Win64; x64) AppleWebKit/537.36 (KHTML, like Gecko) Chrome/120.0.0.0 Safari/537.36" "127.0.0.1,45.148.10.119" [0.002,1.731,1.734|1.733]Request_Body: "-"
104.23.166.189 - - [20/Sep/2026:00:31:27 +0800] "www.blackdiamondespa.com" "GET /wp/?rest_route=/batch%2Fv1 HTTP/1.1" 404 125 "https://blackdiamondespa.com/wp/wp-admin/" "Mozilla/5.0 (Windows NT 10.0; Win64; x64) AppleWebKit/537.36 (KHTML, like Gecko) Chrome/120.0.0.0 Safari/537.36" "10.0.0.1,45.148.10.119" [0.001,1.775,1.775|1.775]Request_Body: "-"
104.23.166.5 - - [20/Sep/2026:00:31:28 +0800] "blackdiamondespa.com" "POST /wp/?rest_route=/batch/v1 HTTP/1.1" 301 166 "https://blackdiamondespa.com/wp/wp-admin/" "Mozilla/5.0 (Windows NT 10.0; Win64; x64) AppleWebKit/537.36 (KHTML, like Gecko) Chrome/120.0.0.0 Safari/537.36" "10.0.0.1,45.148.10.119" [-,-,-|0.000]Request_Body: "-"
104.23.166.5 - - [20/Sep/2026:00:31:28 +0800] "blackdiamondespa.com" "POST /blog/index.php?rest_route=/batch/v1 HTTP/1.1" 301 166 "https://blackdiamondespa.com/blog/wp-admin/" "Mozilla/5.0 (Windows NT 10.0; Win64; x64) AppleWebKit/537.36 (KHTML, like Gecko) Chrome/120.0.0.0 Safari/537.36" "10.0.0.1,45.148.10.119" [-,-,-|0.001]Request_Body: "-"
104.23.166.189 - - [20/Sep/2026:00:31:28 +0800] "www.blackdiamondespa.com" "GET /blog/index.php?rest_route=/batch/v1 HTTP/1.1" 403 552 "https://blackdiamondespa.com/blog/wp-admin/" "Mozilla/5.0 (Windows NT 10.0; Win64; x64) AppleWebKit/537.36 (KHTML, like Gecko) Chrome/120.0.0.0 Safari/537.36" "10.0.0.1,45.148.10.119" [-,-,-|0.000]Request_Body: "-"
104.23.166.5 - - [20/Sep/2026:00:31:28 +0800] "blackdiamondespa.com" "POST /blog/index.php?rest_route=%2Fbatch%2Fv1 HTTP/1.1" 301 166 "https://blackdiamondespa.com/blog/wp-admin/" "Mozilla/5.0 (Windows NT 10.0; Win64; x64) AppleWebKit/537.36 (KHTML, like Gecko) Chrome/120.0.0.0 Safari/537.36" "10.0.0.1,45.148.10.119" [-,-,-|0.000]Request_Body: "-"
104.23.166.189 - - [20/Sep/2026:00:31:29 +0800] "www.blackdiamondespa.com" "GET /blog/index.php?rest_route=%2Fbatch%2Fv1 HTTP/1.1" 403 552 "https://blackdiamondespa.com/blog/wp-admin/" "Mozilla/5.0 (Windows NT 10.0; Win64; x64) AppleWebKit/537.36 (KHTML, like Gecko) Chrome/120.0.0.0 Safari/537.36" "10.0.0.1,45.148.10.119" [-,-,-|0.000]Request_Body: "-"
104.23.166.5 - - [20/Sep/2026:00:31:29 +0800] "blackdiamondespa.com" "POST /blog/?rest_route=%2Fbatch%2Fv1 HTTP/1.1" 301 166 "https://blackdiamondespa.com/blog/wp-admin/" "Mozilla/5.0 (Windows NT 10.0; Win64; x64) AppleWebKit/537.36 (KHTML, like Gecko) Chrome/120.0.0.0 Safari/537.36" "10.0.0.1,45.148.10.119" [-,-,-|0.001]Request_Body: "-"
172.70.90.91 - - [20/Sep/2026:00:31:29 +0800] "www.blackdiamondespa.com" "GET /wp/?rest_route=/batch/v1 HTTP/1.1" 404 125 "https://blackdiamondespa.com/wp/wp-admin/" "Mozilla/5.0 (Windows NT 10.0; Win64; x64) AppleWebKit/537.36 (KHTML, like Gecko) Chrome/120.0.0.0 Safari/537.36" "10.0.0.1,45.148.10.119" [0.001,1.657,1.658|1.658]Request_Body: "-"
104.23.166.5 - - [20/Sep/2026:00:31:30 +0800] "blackdiamondespa.com" "POST /wp/wp-json/batch/v1 HTTP/1.1" 301 166 "https://blackdiamondespa.com/wp/wp-admin/" "Mozilla/5.0 (Windows NT 10.0; Win64; x64) AppleWebKit/537.36 (KHTML, like Gecko) Chrome/120.0.0.0 Safari/537.36" "10.0.0.1,45.148.10.119" [-,-,-|0.000]Request_Body: "-"
104.23.166.189 - - [20/Sep/2026:00:31:31 +0800] "www.blackdiamondespa.com" "GET /blog/?rest_route=%2Fbatch%2Fv1 HTTP/1.1" 404 125 "https://blackdiamondespa.com/blog/wp-admin/" "Mozilla/5.0 (Windows NT 10.0; Win64; x64) AppleWebKit/537.36 (KHTML, like Gecko) Chrome/120.0.0.0 Safari/537.36" "10.0.0.1,45.148.10.119" [0.001,1.867,1.867|1.867]Request_Body: "-"
141.101.76.59 - - [20/Sep/2026:00:31:31 +0800] "blackdiamondespa.com" "POST /blog/?rest_route=/batch%2Fv1 HTTP/1.1" 301 166 "https://blackdiamondespa.com/blog/wp-admin/" "Mozilla/5.0 (Windows NT 10.0; Win64; x64) AppleWebKit/537.36 (KHTML, like Gecko) Chrome/120.0.0.0 Safari/537.36" "10.0.0.1,45.148.10.119" [-,-,-|0.001]Request_Body: "-"
172.70.90.91 - - [20/Sep/2026:00:31:33 +0800] "www.blackdiamondespa.com" "GET /wp/wp-json/batch/v1 HTTP/1.1" 404 29320 "https://blackdiamondespa.com/wp/wp-admin/" "Mozilla/5.0 (Windows NT 10.0; Win64; x64) AppleWebKit/537.36 (KHTML, like Gecko) Chrome/120.0.0.0 Safari/537.36" "10.0.0.1,45.148.10.119" [0.001,2.880,2.883|2.884]Request_Body: "-"
141.101.76.162 - - [20/Sep/2026:00:31:33 +0800] "blackdiamondespa.com" "POST /wp/wp-json/Batch/v1 HTTP/1.1" 301 166 "https://blackdiamondespa.com/wp/wp-admin/" "Mozilla/5.0 (Windows NT 10.0; Win64; x64) AppleWebKit/537.36 (KHTML, like Gecko) Chrome/120.0.0.0 Safari/537.36" "10.0.0.1,45.148.10.119" [-,-,-|0.000]Request_Body: "-"
104.23.166.189 - - [20/Sep/2026:00:31:34 +0800] "www.blackdiamondespa.com" "GET /blog/?rest_route=/batch%2Fv1 HTTP/1.1" 404 125 "https://blackdiamondespa.com/blog/wp-admin/" "Mozilla/5.0 (Windows NT 10.0; Win64; x64) AppleWebKit/537.36 (KHTML, like Gecko) Chrome/120.0.0.0 Safari/537.36" "10.0.0.1,45.148.10.119" [0.000,2.074,2.074|2.074]Request_Body: "-"
141.101.76.162 - - [20/Sep/2026:00:31:34 +0800] "blackdiamondespa.com" "POST /blog/?rest_route=/batch/v1 HTTP/1.1" 301 166 "https://blackdiamondespa.com/blog/wp-admin/" "Mozilla/5.0 (Windows NT 10.0; Win64; x64) AppleWebKit/537.36 (KHTML, like Gecko) Chrome/120.0.0.0 Safari/537.36" "10.0.0.1,45.148.10.119" [-,-,-|0.000]Request_Body: "-"
172.70.90.91 - - [20/Sep/2026:00:31:36 +0800] "www.blackdiamondespa.com" "GET /wp/wp-json/Batch/v1 HTTP/1.1" 404 29320 "https://blackdiamondespa.com/wp/wp-admin/" "Mozilla/5.0 (Windows NT 10.0; Win64; x64) AppleWebKit/537.36 (KHTML, like Gecko) Chrome/120.0.0.0 Safari/537.36" "10.0.0.1,45.148.10.119" [0.001,2.117,2.121|2.121]Request_Body: "-"
141.101.76.162 - - [20/Sep/2026:00:31:36 +0800] "blackdiamondespa.com" "POST /wp//wp-json/batch/v1 HTTP/1.1" 301 166 "https://blackdiamondespa.com/wp/wp-admin/" "Mozilla/5.0 (Windows NT 10.0; Win64; x64) AppleWebKit/537.36 (KHTML, like Gecko) Chrome/120.0.0.0 Safari/537.36" "10.0.0.1,45.148.10.119" [-,-,-|0.000]Request_Body: "-"
104.23.166.189 - - [20/Sep/2026:00:31:36 +0800] "www.blackdiamondespa.com" "GET /blog/?rest_route=/batch/v1 HTTP/1.1" 404 125 "https://blackdiamondespa.com/blog/wp-admin/" "Mozilla/5.0 (Windows NT 10.0; Win64; x64) AppleWebKit/537.36 (KHTML, like Gecko) Chrome/120.0.0.0 Safari/537.36" "10.0.0.1,45.148.10.119" [0.002,1.989,1.989|1.989]Request_Body: "-"
