172.68.3.153 - - [19/Sep/2026:21:55:16 +0800] "boutiquerennes.com" "GET /.env.backup HTTP/1.1" 301 166 "-" "Mozilla/5.0 (Windows NT 10.0; Win64; x64) AppleWebKit/537.36 (KHTML, like Gecko) Chrome/137.0.0.0 Safari/537.36" "144.172.93.238" [-,-,-|0.000]Request_Body: "-"
172.68.3.153 - - [19/Sep/2026:21:55:16 +0800] "boutiquerennes.com" "GET /.env.bak HTTP/1.1" 301 166 "-" "Mozilla/5.0 (Windows NT 10.0; Win64; x64) AppleWebKit/537.36 (KHTML, like Gecko) Chrome/137.0.0.0 Safari/537.36" "144.172.93.238" [-,-,-|0.000]Request_Body: "-"
172.68.3.153 - - [19/Sep/2026:21:55:16 +0800] "boutiquerennes.com" "GET /.env.old HTTP/1.1" 301 166 "-" "Mozilla/5.0 (Windows NT 10.0; Win64; x64) AppleWebKit/537.36 (KHTML, like Gecko) Chrome/137.0.0.0 Safari/537.36" "144.172.93.238" [-,-,-|0.000]Request_Body: "-"
172.68.3.153 - - [19/Sep/2026:21:55:16 +0800] "boutiquerennes.com" "GET /.env.save HTTP/1.1" 301 166 "-" "Mozilla/5.0 (Windows NT 10.0; Win64; x64) AppleWebKit/537.36 (KHTML, like Gecko) Chrome/137.0.0.0 Safari/537.36" "144.172.93.238" [-,-,-|0.000]Request_Body: "-"
172.68.3.153 - - [19/Sep/2026:21:55:16 +0800] "boutiquerennes.com" "GET /.env.php HTTP/1.1" 301 166 "-" "Mozilla/5.0 (Windows NT 10.0; Win64; x64) AppleWebKit/537.36 (KHTML, like Gecko) Chrome/137.0.0.0 Safari/537.36" "144.172.93.238" [-,-,-|0.000]Request_Body: "-"
172.68.3.57 - - [19/Sep/2026:21:55:16 +0800] "boutiquerennes.com" "GET /.env.dev HTTP/1.1" 301 166 "-" "Mozilla/5.0 (Windows NT 10.0; Win64; x64) AppleWebKit/537.36 (KHTML, like Gecko) Chrome/137.0.0.0 Safari/537.36" "144.172.93.238" [-,-,-|0.000]Request_Body: "-"
172.68.3.153 - - [19/Sep/2026:21:55:16 +0800] "boutiquerennes.com" "GET /.env.staging HTTP/1.1" 301 166 "-" "Mozilla/5.0 (Windows NT 10.0; Win64; x64) AppleWebKit/537.36 (KHTML, like Gecko) Chrome/137.0.0.0 Safari/537.36" "144.172.93.238" [-,-,-|0.000]Request_Body: "-"
172.68.3.57 - - [19/Sep/2026:21:55:16 +0800] "boutiquerennes.com" "GET /.env.development HTTP/1.1" 301 166 "-" "Mozilla/5.0 (Windows NT 10.0; Win64; x64) AppleWebKit/537.36 (KHTML, like Gecko) Chrome/137.0.0.0 Safari/537.36" "144.172.93.238" [-,-,-|0.000]Request_Body: "-"
172.68.3.153 - - [19/Sep/2026:21:55:16 +0800] "boutiquerennes.com" "GET /.env.development.local HTTP/1.1" 301 166 "-" "Mozilla/5.0 (Windows NT 10.0; Win64; x64) AppleWebKit/537.36 (KHTML, like Gecko) Chrome/137.0.0.0 Safari/537.36" "144.172.93.238" [-,-,-|0.000]Request_Body: "-"
172.68.3.153 - - [19/Sep/2026:21:55:16 +0800] "boutiquerennes.com" "GET /.env.prod.local HTTP/1.1" 301 166 "-" "Mozilla/5.0 (Windows NT 10.0; Win64; x64) AppleWebKit/537.36 (KHTML, like Gecko) Chrome/137.0.0.0 Safari/537.36" "144.172.93.238" [-,-,-|0.000]Request_Body: "-"
172.68.3.57 - - [19/Sep/2026:21:55:16 +0800] "boutiquerennes.com" "GET /.env.docker HTTP/1.1" 301 166 "-" "Mozilla/5.0 (Windows NT 10.0; Win64; x64) AppleWebKit/537.36 (KHTML, like Gecko) Chrome/137.0.0.0 Safari/537.36" "144.172.93.238" [-,-,-|0.000]Request_Body: "-"
172.68.3.153 - - [19/Sep/2026:21:55:16 +0800] "boutiquerennes.com" "GET /.env.json HTTP/1.1" 301 166 "-" "Mozilla/5.0 (Windows NT 10.0; Win64; x64) AppleWebKit/537.36 (KHTML, like Gecko) Chrome/137.0.0.0 Safari/537.36" "144.172.93.238" [-,-,-|0.000]Request_Body: "-"
172.68.3.57 - - [19/Sep/2026:21:55:16 +0800] "boutiquerennes.com" "GET /.env.yml HTTP/1.1" 301 166 "-" "Mozilla/5.0 (Windows NT 10.0; Win64; x64) AppleWebKit/537.36 (KHTML, like Gecko) Chrome/137.0.0.0 Safari/537.36" "144.172.93.238" [-,-,-|0.000]Request_Body: "-"
172.68.3.153 - - [19/Sep/2026:21:55:17 +0800] "boutiquerennes.com" "GET /.env.yaml HTTP/1.1" 301 166 "-" "Mozilla/5.0 (Windows NT 10.0; Win64; x64) AppleWebKit/537.36 (KHTML, like Gecko) Chrome/137.0.0.0 Safari/537.36" "144.172.93.238" [-,-,-|0.000]Request_Body: "-"
172.68.3.153 - - [19/Sep/2026:21:55:17 +0800] "boutiquerennes.com" "GET /app/.env HTTP/1.1" 301 166 "-" "Mozilla/5.0 (Windows NT 10.0; Win64; x64) AppleWebKit/537.36 (KHTML, like Gecko) Chrome/137.0.0.0 Safari/537.36" "144.172.93.238" [-,-,-|0.000]Request_Body: "-"
172.68.3.57 - - [19/Sep/2026:21:55:17 +0800] "boutiquerennes.com" "GET /api/.env HTTP/1.1" 301 166 "-" "Mozilla/5.0 (Windows NT 10.0; Win64; x64) AppleWebKit/537.36 (KHTML, like Gecko) Chrome/137.0.0.0 Safari/537.36" "144.172.93.238" [-,-,-|0.000]Request_Body: "-"
172.68.3.153 - - [19/Sep/2026:21:55:17 +0800] "boutiquerennes.com" "GET /backend/.env HTTP/1.1" 301 166 "-" "Mozilla/5.0 (Windows NT 10.0; Win64; x64) AppleWebKit/537.36 (KHTML, like Gecko) Chrome/137.0.0.0 Safari/537.36" "144.172.93.238" [-,-,-|0.000]Request_Body: "-"
172.68.3.57 - - [19/Sep/2026:21:55:17 +0800] "boutiquerennes.com" "GET /frontend/.env HTTP/1.1" 301 166 "-" "Mozilla/5.0 (Windows NT 10.0; Win64; x64) AppleWebKit/537.36 (KHTML, like Gecko) Chrome/137.0.0.0 Safari/537.36" "144.172.93.238" [-,-,-|0.000]Request_Body: "-"
172.68.3.153 - - [19/Sep/2026:21:55:17 +0800] "boutiquerennes.com" "GET /laravel/.env HTTP/1.1" 301 166 "-" "Mozilla/5.0 (Windows NT 10.0; Win64; x64) AppleWebKit/537.36 (KHTML, like Gecko) Chrome/137.0.0.0 Safari/537.36" "144.172.93.238" [-,-,-|0.000]Request_Body: "-"
172.68.3.153 - - [19/Sep/2026:21:55:17 +0800] "boutiquerennes.com" "GET /config/.env HTTP/1.1" 301 166 "-" "Mozilla/5.0 (Windows NT 10.0; Win64; x64) AppleWebKit/537.36 (KHTML, like Gecko) Chrome/137.0.0.0 Safari/537.36" "144.172.93.238" [-,-,-|0.000]Request_Body: "-"
172.68.3.57 - - [19/Sep/2026:21:55:17 +0800] "boutiquerennes.com" "GET /application/.env HTTP/1.1" 301 166 "-" "Mozilla/5.0 (Windows NT 10.0; Win64; x64) AppleWebKit/537.36 (KHTML, like Gecko) Chrome/137.0.0.0 Safari/537.36" "144.172.93.238" [-,-,-|0.000]Request_Body: "-"
172.68.3.153 - - [19/Sep/2026:21:55:17 +0800] "boutiquerennes.com" "GET /core/.env HTTP/1.1" 301 166 "-" "Mozilla/5.0 (Windows NT 10.0; Win64; x64) AppleWebKit/537.36 (KHTML, like Gecko) Chrome/137.0.0.0 Safari/537.36" "144.172.93.238" [-,-,-|0.000]Request_Body: "-"
172.68.3.153 - - [19/Sep/2026:21:55:17 +0800] "boutiquerennes.com" "GET /admin/.env HTTP/1.1" 301 166 "-" "Mozilla/5.0 (Windows NT 10.0; Win64; x64) AppleWebKit/537.36 (KHTML, like Gecko) Chrome/137.0.0.0 Safari/537.36" "144.172.93.238" [-,-,-|0.000]Request_Body: "-"
172.68.3.57 - - [19/Sep/2026:21:55:17 +0800] "boutiquerennes.com" "GET /crm/.env HTTP/1.1" 301 166 "-" "Mozilla/5.0 (Windows NT 10.0; Win64; x64) AppleWebKit/537.36 (KHTML, like Gecko) Chrome/137.0.0.0 Safari/537.36" "144.172.93.238" [-,-,-|0.000]Request_Body: "-"
172.68.3.153 - - [19/Sep/2026:21:55:17 +0800] "boutiquerennes.com" "GET /mail/.env HTTP/1.1" 301 166 "-" "Mozilla/5.0 (Windows NT 10.0; Win64; x64) AppleWebKit/537.36 (KHTML, like Gecko) Chrome/137.0.0.0 Safari/537.36" "144.172.93.238" [-,-,-|0.000]Request_Body: "-"
172.68.3.57 - - [19/Sep/2026:21:55:17 +0800] "boutiquerennes.com" "GET /smtp/.env HTTP/1.1" 301 166 "-" "Mozilla/5.0 (Windows NT 10.0; Win64; x64) AppleWebKit/537.36 (KHTML, like Gecko) Chrome/137.0.0.0 Safari/537.36" "144.172.93.238" [-,-,-|0.000]Request_Body: "-"
172.68.3.153 - - [19/Sep/2026:21:55:18 +0800] "boutiquerennes.com" "GET /email/.env HTTP/1.1" 301 166 "-" "Mozilla/5.0 (Windows NT 10.0; Win64; x64) AppleWebKit/537.36 (KHTML, like Gecko) Chrome/137.0.0.0 Safari/537.36" "144.172.93.238" [-,-,-|0.000]Request_Body: "-"
172.68.3.153 - - [19/Sep/2026:21:55:18 +0800] "boutiquerennes.com" "GET /mailer/.env HTTP/1.1" 301 166 "-" "Mozilla/5.0 (Windows NT 10.0; Win64; x64) AppleWebKit/537.36 (KHTML, like Gecko) Chrome/137.0.0.0 Safari/537.36" "144.172.93.238" [-,-,-|0.000]Request_Body: "-"
172.68.3.57 - - [19/Sep/2026:21:55:18 +0800] "boutiquerennes.com" "GET /sendgrid/.env HTTP/1.1" 301 166 "-" "Mozilla/5.0 (Windows NT 10.0; Win64; x64) AppleWebKit/537.36 (KHTML, like Gecko) Chrome/137.0.0.0 Safari/537.36" "144.172.93.238" [-,-,-|0.000]Request_Body: "-"
172.68.3.153 - - [19/Sep/2026:21:55:18 +0800] "boutiquerennes.com" "GET /newsletter/.env HTTP/1.1" 301 166 "-" "Mozilla/5.0 (Windows NT 10.0; Win64; x64) AppleWebKit/537.36 (KHTML, like Gecko) Chrome/137.0.0.0 Safari/537.36" "144.172.93.238" [-,-,-|0.000]Request_Body: "-"
172.68.3.57 - - [19/Sep/2026:21:55:18 +0800] "boutiquerennes.com" "GET /public/.env HTTP/1.1" 301 166 "-" "Mozilla/5.0 (Windows NT 10.0; Win64; x64) AppleWebKit/537.36 (KHTML, like Gecko) Chrome/137.0.0.0 Safari/537.36" "144.172.93.238" [-,-,-|0.000]Request_Body: "-"
172.68.3.153 - - [19/Sep/2026:21:55:18 +0800] "boutiquerennes.com" "GET /server/.env HTTP/1.1" 301 166 "-" "Mozilla/5.0 (Windows NT 10.0; Win64; x64) AppleWebKit/537.36 (KHTML, like Gecko) Chrome/137.0.0.0 Safari/537.36" "144.172.93.238" [-,-,-|0.000]Request_Body: "-"
172.68.3.153 - - [19/Sep/2026:21:55:18 +0800] "boutiquerennes.com" "GET /src/.env HTTP/1.1" 301 166 "-" "Mozilla/5.0 (Windows NT 10.0; Win64; x64) AppleWebKit/537.36 (KHTML, like Gecko) Chrome/137.0.0.0 Safari/537.36" "144.172.93.238" [-,-,-|0.000]Request_Body: "-"
172.68.3.57 - - [19/Sep/2026:21:55:18 +0800] "boutiquerennes.com" "GET /web/.env HTTP/1.1" 301 166 "-" "Mozilla/5.0 (Windows NT 10.0; Win64; x64) AppleWebKit/537.36 (KHTML, like Gecko) Chrome/137.0.0.0 Safari/537.36" "144.172.93.238" [-,-,-|0.000]Request_Body: "-"
172.68.3.153 - - [19/Sep/2026:21:55:18 +0800] "boutiquerennes.com" "GET /www/.env HTTP/1.1" 301 166 "-" "Mozilla/5.0 (Windows NT 10.0; Win64; x64) AppleWebKit/537.36 (KHTML, like Gecko) Chrome/137.0.0.0 Safari/537.36" "144.172.93.238" [-,-,-|0.000]Request_Body: "-"
172.68.3.57 - - [19/Sep/2026:21:55:18 +0800] "boutiquerennes.com" "GET /html/.env HTTP/1.1" 301 166 "-" "Mozilla/5.0 (Windows NT 10.0; Win64; x64) AppleWebKit/537.36 (KHTML, like Gecko) Chrome/137.0.0.0 Safari/537.36" "144.172.93.238" [-,-,-|0.000]Request_Body: "-"
172.68.3.153 - - [19/Sep/2026:21:55:18 +0800] "boutiquerennes.com" "GET /site/.env HTTP/1.1" 301 166 "-" "Mozilla/5.0 (Windows NT 10.0; Win64; x64) AppleWebKit/537.36 (KHTML, like Gecko) Chrome/137.0.0.0 Safari/537.36" "144.172.93.238" [-,-,-|0.000]Request_Body: "-"
172.68.3.153 - - [19/Sep/2026:21:55:18 +0800] "boutiquerennes.com" "GET /shop/.env HTTP/1.1" 301 166 "-" "Mozilla/5.0 (Windows NT 10.0; Win64; x64) AppleWebKit/537.36 (KHTML, like Gecko) Chrome/137.0.0.0 Safari/537.36" "144.172.93.238" [-,-,-|0.000]Request_Body: "-"
172.68.3.57 - - [19/Sep/2026:21:55:18 +0800] "boutiquerennes.com" "GET /blog/.env HTTP/1.1" 301 166 "-" "Mozilla/5.0 (Windows NT 10.0; Win64; x64) AppleWebKit/537.36 (KHTML, like Gecko) Chrome/137.0.0.0 Safari/537.36" "144.172.93.238" [-,-,-|0.000]Request_Body: "-"
172.68.3.153 - - [19/Sep/2026:21:55:18 +0800] "boutiquerennes.com" "GET /cms/.env HTTP/1.1" 301 166 "-" "Mozilla/5.0 (Windows NT 10.0; Win64; x64) AppleWebKit/537.36 (KHTML, like Gecko) Chrome/137.0.0.0 Safari/537.36" "144.172.93.238" [-,-,-|0.000]Request_Body: "-"
172.68.3.57 - - [19/Sep/2026:21:55:18 +0800] "boutiquerennes.com" "GET /client/.env HTTP/1.1" 301 166 "-" "Mozilla/5.0 (Windows NT 10.0; Win64; x64) AppleWebKit/537.36 (KHTML, like Gecko) Chrome/137.0.0.0 Safari/537.36" "144.172.93.238" [-,-,-|0.000]Request_Body: "-"
172.68.3.153 - - [19/Sep/2026:21:55:18 +0800] "boutiquerennes.com" "GET /docker/.env HTTP/1.1" 301 166 "-" "Mozilla/5.0 (Windows NT 10.0; Win64; x64) AppleWebKit/537.36 (KHTML, like Gecko) Chrome/137.0.0.0 Safari/537.36" "144.172.93.238" [-,-,-|0.000]Request_Body: "-"
172.68.3.153 - - [19/Sep/2026:21:55:18 +0800] "boutiquerennes.com" "GET /docker/laravel/.env HTTP/1.1" 301 166 "-" "Mozilla/5.0 (Windows NT 10.0; Win64; x64) AppleWebKit/537.36 (KHTML, like Gecko) Chrome/137.0.0.0 Safari/537.36" "144.172.93.238" [-,-,-|0.000]Request_Body: "-"
172.68.3.57 - - [19/Sep/2026:21:55:18 +0800] "boutiquerennes.com" "GET /.docker/.env HTTP/1.1" 301 166 "-" "Mozilla/5.0 (Windows NT 10.0; Win64; x64) AppleWebKit/537.36 (KHTML, like Gecko) Chrome/137.0.0.0 Safari/537.36" "144.172.93.238" [-,-,-|0.000]Request_Body: "-"
172.68.3.153 - - [19/Sep/2026:21:55:18 +0800] "boutiquerennes.com" "GET /.docker/laravel/.env HTTP/1.1" 301 166 "-" "Mozilla/5.0 (Windows NT 10.0; Win64; x64) AppleWebKit/537.36 (KHTML, like Gecko) Chrome/137.0.0.0 Safari/537.36" "144.172.93.238" [-,-,-|0.000]Request_Body: "-"
172.68.3.57 - - [19/Sep/2026:21:55:18 +0800] "boutiquerennes.com" "GET /app/config/.env HTTP/1.1" 301 166 "-" "Mozilla/5.0 (Windows NT 10.0; Win64; x64) AppleWebKit/537.36 (KHTML, like Gecko) Chrome/137.0.0.0 Safari/537.36" "144.172.93.238" [-,-,-|0.000]Request_Body: "-"
172.68.3.153 - - [19/Sep/2026:21:55:19 +0800] "boutiquerennes.com" "GET /secrets.env HTTP/1.1" 301 166 "-" "Mozilla/5.0 (Windows NT 10.0; Win64; x64) AppleWebKit/537.36 (KHTML, like Gecko) Chrome/137.0.0.0 Safari/537.36" "144.172.93.238" [-,-,-|0.000]Request_Body: "-"
172.68.3.153 - - [19/Sep/2026:21:55:19 +0800] "boutiquerennes.com" "GET /storage/.env HTTP/1.1" 301 166 "-" "Mozilla/5.0 (Windows NT 10.0; Win64; x64) AppleWebKit/537.36 (KHTML, like Gecko) Chrome/137.0.0.0 Safari/537.36" "144.172.93.238" [-,-,-|0.000]Request_Body: "-"
172.68.3.57 - - [19/Sep/2026:21:55:19 +0800] "boutiquerennes.com" "GET /vendor/.env HTTP/1.1" 301 166 "-" "Mozilla/5.0 (Windows NT 10.0; Win64; x64) AppleWebKit/537.36 (KHTML, like Gecko) Chrome/137.0.0.0 Safari/537.36" "144.172.93.238" [-,-,-|0.000]Request_Body: "-"
172.68.3.153 - - [19/Sep/2026:21:55:19 +0800] "boutiquerennes.com" "GET /data/.env HTTP/1.1" 301 166 "-" "Mozilla/5.0 (Windows NT 10.0; Win64; x64) AppleWebKit/537.36 (KHTML, like Gecko) Chrome/137.0.0.0 Safari/537.36" "144.172.93.238" [-,-,-|0.000]Request_Body: "-"
172.68.3.153 - - [19/Sep/2026:21:55:19 +0800] "boutiquerennes.com" "GET /deploy/.env HTTP/1.1" 301 166 "-" "Mozilla/5.0 (Windows NT 10.0; Win64; x64) AppleWebKit/537.36 (KHTML, like Gecko) Chrome/137.0.0.0 Safari/537.36" "144.172.93.238" [-,-,-|0.000]Request_Body: "-"
172.68.3.57 - - [19/Sep/2026:21:55:19 +0800] "boutiquerennes.com" "GET /conf/.env HTTP/1.1" 301 166 "-" "Mozilla/5.0 (Windows NT 10.0; Win64; x64) AppleWebKit/537.36 (KHTML, like Gecko) Chrome/137.0.0.0 Safari/537.36" "144.172.93.238" [-,-,-|0.000]Request_Body: "-"
172.68.3.153 - - [19/Sep/2026:21:55:19 +0800] "boutiquerennes.com" "GET /backup/.env HTTP/1.1" 301 166 "-" "Mozilla/5.0 (Windows NT 10.0; Win64; x64) AppleWebKit/537.36 (KHTML, like Gecko) Chrome/137.0.0.0 Safari/537.36" "144.172.93.238" [-,-,-|0.000]Request_Body: "-"
172.68.3.57 - - [19/Sep/2026:21:55:19 +0800] "boutiquerennes.com" "GET /old/.env HTTP/1.1" 301 166 "-" "Mozilla/5.0 (Windows NT 10.0; Win64; x64) AppleWebKit/537.36 (KHTML, like Gecko) Chrome/137.0.0.0 Safari/537.36" "144.172.93.238" [-,-,-|0.000]Request_Body: "-"
172.68.3.153 - - [19/Sep/2026:21:55:19 +0800] "boutiquerennes.com" "GET /new/.env HTTP/1.1" 301 166 "-" "Mozilla/5.0 (Windows NT 10.0; Win64; x64) AppleWebKit/537.36 (KHTML, like Gecko) Chrome/137.0.0.0 Safari/537.36" "144.172.93.238" [-,-,-|0.000]Request_Body: "-"
172.68.3.153 - - [19/Sep/2026:21:55:19 +0800] "boutiquerennes.com" "GET /protected/.env HTTP/1.1" 301 166 "-" "Mozilla/5.0 (Windows NT 10.0; Win64; x64) AppleWebKit/537.36 (KHTML, like Gecko) Chrome/137.0.0.0 Safari/537.36" "144.172.93.238" [-,-,-|0.000]Request_Body: "-"
172.68.3.57 - - [19/Sep/2026:21:55:19 +0800] "boutiquerennes.com" "GET /resources/.env HTTP/1.1" 301 166 "-" "Mozilla/5.0 (Windows NT 10.0; Win64; x64) AppleWebKit/537.36 (KHTML, like Gecko) Chrome/137.0.0.0 Safari/537.36" "144.172.93.238" [-,-,-|0.000]Request_Body: "-"
172.68.3.153 - - [19/Sep/2026:21:55:19 +0800] "boutiquerennes.com" "GET /static/.env HTTP/1.1" 301 166 "-" "Mozilla/5.0 (Windows NT 10.0; Win64; x64) AppleWebKit/537.36 (KHTML, like Gecko) Chrome/137.0.0.0 Safari/537.36" "144.172.93.238" [-,-,-|0.000]Request_Body: "-"
172.68.3.57 - - [19/Sep/2026:21:55:19 +0800] "boutiquerennes.com" "GET /system/.env HTTP/1.1" 301 166 "-" "Mozilla/5.0 (Windows NT 10.0; Win64; x64) AppleWebKit/537.36 (KHTML, like Gecko) Chrome/137.0.0.0 Safari/537.36" "144.172.93.238" [-,-,-|0.000]Request_Body: "-"
172.68.3.153 - - [19/Sep/2026:21:55:19 +0800] "boutiquerennes.com" "GET /v1/.env HTTP/1.1" 301 166 "-" "Mozilla/5.0 (Windows NT 10.0; Win64; x64) AppleWebKit/537.36 (KHTML, like Gecko) Chrome/137.0.0.0 Safari/537.36" "144.172.93.238" [-,-,-|0.000]Request_Body: "-"
172.68.3.153 - - [19/Sep/2026:21:55:20 +0800] "boutiquerennes.com" "GET /v2/.env HTTP/1.1" 301 166 "-" "Mozilla/5.0 (Windows NT 10.0; Win64; x64) AppleWebKit/537.36 (KHTML, like Gecko) Chrome/137.0.0.0 Safari/537.36" "144.172.93.238" [-,-,-|0.000]Request_Body: "-"
172.68.3.57 - - [19/Sep/2026:21:55:20 +0800] "boutiquerennes.com" "GET /.aws/credentials HTTP/1.1" 301 166 "-" "Mozilla/5.0 (Windows NT 10.0; Win64; x64) AppleWebKit/537.36 (KHTML, like Gecko) Chrome/137.0.0.0 Safari/537.36" "144.172.93.238" [-,-,-|0.000]Request_Body: "-"
172.68.3.153 - - [19/Sep/2026:21:55:20 +0800] "boutiquerennes.com" "GET /.aws/config HTTP/1.1" 301 166 "-" "Mozilla/5.0 (Windows NT 10.0; Win64; x64) AppleWebKit/537.36 (KHTML, like Gecko) Chrome/137.0.0.0 Safari/537.36" "144.172.93.238" [-,-,-|0.000]Request_Body: "-"
172.68.3.57 - - [19/Sep/2026:21:55:20 +0800] "boutiquerennes.com" "GET /config/mail.php HTTP/1.1" 301 166 "-" "Mozilla/5.0 (Windows NT 10.0; Win64; x64) AppleWebKit/537.36 (KHTML, like Gecko) Chrome/137.0.0.0 Safari/537.36" "144.172.93.238" [-,-,-|0.000]Request_Body: "-"
172.68.3.153 - - [19/Sep/2026:21:55:20 +0800] "boutiquerennes.com" "GET /app/config/mail.php HTTP/1.1" 301 166 "-" "Mozilla/5.0 (Windows NT 10.0; Win64; x64) AppleWebKit/537.36 (KHTML, like Gecko) Chrome/137.0.0.0 Safari/537.36" "144.172.93.238" [-,-,-|0.000]Request_Body: "-"
172.68.3.153 - - [19/Sep/2026:21:55:20 +0800] "boutiquerennes.com" "GET /application/config/email.php HTTP/1.1" 301 166 "-" "Mozilla/5.0 (Windows NT 10.0; Win64; x64) AppleWebKit/537.36 (KHTML, like Gecko) Chrome/137.0.0.0 Safari/537.36" "144.172.93.238" [-,-,-|0.000]Request_Body: "-"
172.68.3.57 - - [19/Sep/2026:21:55:20 +0800] "boutiquerennes.com" "GET /application/config/mail.php HTTP/1.1" 301 166 "-" "Mozilla/5.0 (Windows NT 10.0; Win64; x64) AppleWebKit/537.36 (KHTML, like Gecko) Chrome/137.0.0.0 Safari/537.36" "144.172.93.238" [-,-,-|0.000]Request_Body: "-"
172.68.3.153 - - [19/Sep/2026:21:55:20 +0800] "boutiquerennes.com" "GET /config/smtp.php HTTP/1.1" 301 166 "-" "Mozilla/5.0 (Windows NT 10.0; Win64; x64) AppleWebKit/537.36 (KHTML, like Gecko) Chrome/137.0.0.0 Safari/537.36" "144.172.93.238" [-,-,-|0.000]Request_Body: "-"
172.68.3.153 - - [19/Sep/2026:21:55:20 +0800] "boutiquerennes.com" "GET /sites/default/settings.php HTTP/1.1" 301 166 "-" "Mozilla/5.0 (Windows NT 10.0; Win64; x64) AppleWebKit/537.36 (KHTML, like Gecko) Chrome/137.0.0.0 Safari/537.36" "144.172.93.238" [-,-,-|0.000]Request_Body: "-"
172.71.182.38 - - [19/Sep/2026:21:58:40 +0800] "boutiquerennes.com" "POST /?rest_route=/batch/v1 HTTP/1.1" 301 166 "-" "Mozilla/5.0 (Windows NT 10.0; Win64; x64) AppleWebKit/537.36 (KHTML, like Gecko) Chrome/120.0.0.0 Safari/537.36" "45.148.10.9" [-,-,-|0.000]Request_Body: "-"
172.71.182.57 - - [19/Sep/2026:21:58:42 +0800] "boutiquerennes.com" "POST /?rest_route=/batch/v1 HTTP/1.1" 301 166 "-" "Mozilla/5.0 (Windows NT 10.0; Win64; x64) AppleWebKit/537.36 (KHTML, like Gecko) Chrome/120.0.0.0 Safari/537.36" "45.148.10.9" [-,-,-|0.000]Request_Body: "-"
172.71.182.38 - - [19/Sep/2026:21:58:46 +0800] "boutiquerennes.com" "GET /wp-json/ HTTP/1.1" 301 166 "-" "Mozilla/5.0 (Windows NT 10.0; Win64; x64) AppleWebKit/537.36 (KHTML, like Gecko) Chrome/120.0.0.0 Safari/537.36" "45.148.10.9" [-,-,-|0.000]Request_Body: "-"
172.71.182.38 - - [19/Sep/2026:21:59:03 +0800] "boutiquerennes.com" "GET /?rest_route=/batch/v1 HTTP/1.1" 301 166 "http://boutiquerennes.com/?rest_route=/batch/v1" "Mozilla/5.0 (Windows NT 10.0; Win64; x64) AppleWebKit/537.36 (KHTML, like Gecko) Chrome/120.0.0.0 Safari/537.36" "45.148.10.9" [-,-,-|0.000]Request_Body: "-"
172.71.182.38 - - [19/Sep/2026:21:59:05 +0800] "boutiquerennes.com" "GET /wp-json/ HTTP/1.1" 301 166 "http://boutiquerennes.com/wp-json/" "Mozilla/5.0 (Windows NT 10.0; Win64; x64) AppleWebKit/537.36 (KHTML, like Gecko) Chrome/120.0.0.0 Safari/537.36" "45.148.10.9" [-,-,-|0.000]Request_Body: "-"
172.71.95.22 - - [19/Sep/2026:21:59:05 +0800] "www.boutiquerennes.com" "GET /?rest_route=/batch/v1 HTTP/1.1" 404 194 "http://www.boutiquerennes.com/?rest_route=/batch/v1" "Mozilla/5.0 (Windows NT 10.0; Win64; x64) AppleWebKit/537.36 (KHTML, like Gecko) Chrome/120.0.0.0 Safari/537.36" "45.148.10.9" [0.001,1.702,1.702|1.702]Request_Body: "-"
162.159.113.74 - - [19/Sep/2026:21:59:07 +0800] "www.boutiquerennes.com" "GET /wp-json/ HTTP/1.1" 200 1835405 "http://www.boutiquerennes.com/wp-json/" "Mozilla/5.0 (Windows NT 10.0; Win64; x64) AppleWebKit/537.36 (KHTML, like Gecko) Chrome/120.0.0.0 Safari/537.36" "45.148.10.9" [0.000,1.586,1.591|2.270]Request_Body: "-"
172.71.182.38 - - [19/Sep/2026:21:59:08 +0800] "boutiquerennes.com" "GET /index.php?rest_route=/batch/v1 HTTP/1.1" 301 166 "http://boutiquerennes.com/index.php?rest_route=/batch/v1" "Mozilla/5.0 (Windows NT 10.0; Win64; x64) AppleWebKit/537.36 (KHTML, like Gecko) Chrome/120.0.0.0 Safari/537.36" "45.148.10.9" [-,-,-|0.000]Request_Body: "-"
172.71.182.38 - - [19/Sep/2026:21:59:24 +0800] "boutiquerennes.com" "GET /wp-json/gravitysmtp/v1/tests/mock-data?page=gravitysmtp-settings HTTP/1.1" 301 166 "-" "Mozilla/5.0 (Windows NT 10.0; Win64; x64) AppleWebKit/537.36 (KHTML, like Gecko) Chrome/120.0.0.0 Safari/537.36" "45.148.10.9" [-,-,-|0.000]Request_Body: "-"
104.22.109.4 - - [19/Sep/2026:21:59:27 +0800] "www.boutiquerennes.com" "GET /wp-json/gravitysmtp/v1/tests/mock-data?page=gravitysmtp-settings HTTP/1.1" 404 194 "http://www.boutiquerennes.com/wp-json/gravitysmtp/v1/tests/mock-data?page=gravitysmtp-settings" "Mozilla/5.0 (Windows NT 10.0; Win64; x64) AppleWebKit/537.36 (KHTML, like Gecko) Chrome/120.0.0.0 Safari/537.36" "45.148.10.9" [0.001,1.710,1.710|1.710]Request_Body: "-"
172.71.182.38 - - [19/Sep/2026:21:59:27 +0800] "boutiquerennes.com" "GET /?rest_route=/gravitysmtp/v1/tests/mock-data&page=gravitysmtp-settings HTTP/1.1" 301 166 "-" "Mozilla/5.0 (Macintosh; Intel Mac OS X 10_15_7) AppleWebKit/605.1.15 (KHTML, like Gecko) Version/17.0 Safari/605.1.15" "45.148.10.9" [-,-,-|0.000]Request_Body: "-"
104.22.109.88 - - [19/Sep/2026:21:59:29 +0800] "www.boutiquerennes.com" "GET /?rest_route=/gravitysmtp/v1/tests/mock-data&page=gravitysmtp-settings HTTP/1.1" 404 194 "http://www.boutiquerennes.com/?rest_route=/gravitysmtp/v1/tests/mock-data&page=gravitysmtp-settings" "Mozilla/5.0 (Macintosh; Intel Mac OS X 10_15_7) AppleWebKit/605.1.15 (KHTML, like Gecko) Version/17.0 Safari/605.1.15" "45.148.10.9" [0.000,1.717,1.717|1.717]Request_Body: "-"
172.71.182.38 - - [19/Sep/2026:21:59:47 +0800] "boutiquerennes.com" "GET /wp-json/gravitysmtp/v1/tests/mock-data?page=gravitysmtp-connections HTTP/1.1" 301 166 "-" "Mozilla/5.0 (X11; Linux x86_64; rv:121.0) Gecko/20100101 Firefox/121.0" "45.148.10.9" [-,-,-|0.000]Request_Body: "-"
104.22.109.4 - - [19/Sep/2026:21:59:48 +0800] "www.boutiquerennes.com" "GET /wp-json/gravitysmtp/v1/tests/mock-data?page=gravitysmtp-connections HTTP/1.1" 404 194 "http://www.boutiquerennes.com/wp-json/gravitysmtp/v1/tests/mock-data?page=gravitysmtp-connections" "Mozilla/5.0 (X11; Linux x86_64; rv:121.0) Gecko/20100101 Firefox/121.0" "45.148.10.9" [0.001,1.283,1.283|1.283]Request_Body: "-"
172.71.182.38 - - [19/Sep/2026:21:59:49 +0800] "boutiquerennes.com" "GET /?rest_route=/gravitysmtp/v1/tests/mock-data&page=gravitysmtp-connections HTTP/1.1" 301 166 "-" "Mozilla/5.0 (Windows NT 10.0; Win64; x64; rv:121.0) Gecko/20100101 Firefox/121.0" "45.148.10.9" [-,-,-|0.000]Request_Body: "-"
104.22.109.4 - - [19/Sep/2026:21:59:51 +0800] "www.boutiquerennes.com" "GET /?rest_route=/gravitysmtp/v1/tests/mock-data&page=gravitysmtp-connections HTTP/1.1" 404 194 "http://www.boutiquerennes.com/?rest_route=/gravitysmtp/v1/tests/mock-data&page=gravitysmtp-connections" "Mozilla/5.0 (Windows NT 10.0; Win64; x64; rv:121.0) Gecko/20100101 Firefox/121.0" "45.148.10.9" [0.001,1.208,1.208|1.208]Request_Body: "-"
172.71.182.38 - - [19/Sep/2026:22:00:07 +0800] "boutiquerennes.com" "GET /wp/wp-login.php HTTP/1.1" 301 166 "-" "Mozilla/5.0 (Windows NT 10.0; Win64; x64) AppleWebKit/537.36 (KHTML, like Gecko) Chrome/120.0.0.0 Safari/537.36" "45.148.10.9" [-,-,-|0.000]Request_Body: "-"
172.71.182.38 - - [19/Sep/2026:22:00:07 +0800] "boutiquerennes.com" "GET /blog/wp-login.php HTTP/1.1" 301 166 "-" "Mozilla/5.0 (Windows NT 10.0; Win64; x64) AppleWebKit/537.36 (KHTML, like Gecko) Chrome/120.0.0.0 Safari/537.36" "45.148.10.9" [-,-,-|0.000]Request_Body: "-"
104.22.109.4 - - [19/Sep/2026:22:00:07 +0800] "www.boutiquerennes.com" "GET /wp/wp-login.php HTTP/1.1" 403 552 "http://www.boutiquerennes.com/wp/wp-login.php" "Mozilla/5.0 (Windows NT 10.0; Win64; x64) AppleWebKit/537.36 (KHTML, like Gecko) Chrome/120.0.0.0 Safari/537.36" "45.148.10.9" [-,-,-|0.000]Request_Body: "-"
172.71.182.38 - - [19/Sep/2026:22:00:07 +0800] "boutiquerennes.com" "GET /wp/feed/ HTTP/1.1" 301 166 "-" "Mozilla/5.0 (Windows NT 10.0; Win64; x64) AppleWebKit/537.36 (KHTML, like Gecko) Chrome/120.0.0.0 Safari/537.36" "45.148.10.9" [-,-,-|0.000]Request_Body: "-"
104.22.109.4 - - [19/Sep/2026:22:00:07 +0800] "www.boutiquerennes.com" "GET /blog/wp-login.php HTTP/1.1" 403 552 "http://www.boutiquerennes.com/blog/wp-login.php" "Mozilla/5.0 (Windows NT 10.0; Win64; x64) AppleWebKit/537.36 (KHTML, like Gecko) Chrome/120.0.0.0 Safari/537.36" "45.148.10.9" [-,-,-|0.000]Request_Body: "-"
172.71.182.38 - - [19/Sep/2026:22:00:07 +0800] "boutiquerennes.com" "GET /blog/feed/ HTTP/1.1" 301 166 "-" "Mozilla/5.0 (Windows NT 10.0; Win64; x64) AppleWebKit/537.36 (KHTML, like Gecko) Chrome/120.0.0.0 Safari/537.36" "45.148.10.9" [-,-,-|0.000]Request_Body: "-"
104.22.109.4 - - [19/Sep/2026:22:00:08 +0800] "www.boutiquerennes.com" "GET /wp/feed/ HTTP/1.1" 200 710 "http://www.boutiquerennes.com/wp/feed/" "Mozilla/5.0 (Windows NT 10.0; Win64; x64) AppleWebKit/537.36 (KHTML, like Gecko) Chrome/120.0.0.0 Safari/537.36" "45.148.10.9" [0.000,1.168,1.169|1.169]Request_Body: "-"
172.71.182.38 - - [19/Sep/2026:22:00:09 +0800] "boutiquerennes.com" "GET /wp/ HTTP/1.1" 301 166 "-" "Mozilla/5.0 (Windows NT 10.0; Win64; x64) AppleWebKit/537.36 (KHTML, like Gecko) Chrome/120.0.0.0 Safari/537.36" "45.148.10.9" [-,-,-|0.000]Request_Body: "-"
104.23.166.66 - - [19/Sep/2026:22:00:09 +0800] "www.boutiquerennes.com" "GET /blog/feed/ HTTP/1.1" 200 1193 "http://www.boutiquerennes.com/blog/feed/" "Mozilla/5.0 (Windows NT 10.0; Win64; x64) AppleWebKit/537.36 (KHTML, like Gecko) Chrome/120.0.0.0 Safari/537.36" "45.148.10.9" [0.000,1.202,1.202|1.202]Request_Body: "-"
172.71.182.38 - - [19/Sep/2026:22:00:09 +0800] "boutiquerennes.com" "GET /blog/ HTTP/1.1" 301 166 "-" "Mozilla/5.0 (Windows NT 10.0; Win64; x64) AppleWebKit/537.36 (KHTML, like Gecko) Chrome/120.0.0.0 Safari/537.36" "45.148.10.9" [-,-,-|0.000]Request_Body: "-"
104.22.109.4 - - [19/Sep/2026:22:00:10 +0800] "www.boutiquerennes.com" "GET /wp/ HTTP/1.1" 404 29323 "http://www.boutiquerennes.com/wp/" "Mozilla/5.0 (Windows NT 10.0; Win64; x64) AppleWebKit/537.36 (KHTML, like Gecko) Chrome/120.0.0.0 Safari/537.36" "45.148.10.9" [0.001,1.421,1.424|1.424]Request_Body: "-"
172.71.182.38 - - [19/Sep/2026:22:00:11 +0800] "boutiquerennes.com" "POST /wp/index.php?rest_route=/batch/v1 HTTP/1.1" 301 166 "-" "Mozilla/5.0 (Windows NT 10.0; Win64; x64) AppleWebKit/537.36 (KHTML, like Gecko) Chrome/120.0.0.0 Safari/537.36" "45.148.10.9" [-,-,-|0.001]Request_Body: "-"
104.22.109.4 - - [19/Sep/2026:22:00:11 +0800] "www.boutiquerennes.com" "GET /wp/index.php?rest_route=/batch/v1 HTTP/1.1" 403 552 "http://www.boutiquerennes.com/wp/index.php?rest_route=/batch/v1" "Mozilla/5.0 (Windows NT 10.0; Win64; x64) AppleWebKit/537.36 (KHTML, like Gecko) Chrome/120.0.0.0 Safari/537.36" "45.148.10.9" [-,-,-|0.000]Request_Body: "-"
172.71.182.38 - - [19/Sep/2026:22:00:11 +0800] "boutiquerennes.com" "POST /wp/index.php?rest_route=%2Fbatch%2Fv1 HTTP/1.1" 301 166 "-" "Mozilla/5.0 (Windows NT 10.0; Win64; x64) AppleWebKit/537.36 (KHTML, like Gecko) Chrome/120.0.0.0 Safari/537.36" "45.148.10.9" [-,-,-|0.000]Request_Body: "-"
104.23.166.115 - - [19/Sep/2026:22:00:11 +0800] "www.boutiquerennes.com" "GET /blog/ HTTP/1.1" 200 30067 "http://www.boutiquerennes.com/blog/" "Mozilla/5.0 (Windows NT 10.0; Win64; x64) AppleWebKit/537.36 (KHTML, like Gecko) Chrome/120.0.0.0 Safari/537.36" "45.148.10.9" [0.001,1.521,1.525|1.524]Request_Body: "-"
104.22.109.4 - - [19/Sep/2026:22:00:11 +0800] "www.boutiquerennes.com" "GET /wp/index.php?rest_route=%2Fbatch%2Fv1 HTTP/1.1" 403 552 "http://www.boutiquerennes.com/wp/index.php?rest_route=%2Fbatch%2Fv1" "Mozilla/5.0 (Windows NT 10.0; Win64; x64) AppleWebKit/537.36 (KHTML, like Gecko) Chrome/120.0.0.0 Safari/537.36" "45.148.10.9" [-,-,-|0.000]Request_Body: "-"
172.71.182.38 - - [19/Sep/2026:22:00:11 +0800] "boutiquerennes.com" "POST /blog/index.php?rest_route=/batch/v1 HTTP/1.1" 301 166 "-" "Mozilla/5.0 (Windows NT 10.0; Win64; x64) AppleWebKit/537.36 (KHTML, like Gecko) Chrome/120.0.0.0 Safari/537.36" "45.148.10.9" [-,-,-|0.000]Request_Body: "-"
104.22.109.4 - - [19/Sep/2026:22:00:12 +0800] "www.boutiquerennes.com" "GET /blog/index.php?rest_route=/batch/v1 HTTP/1.1" 403 552 "http://www.boutiquerennes.com/blog/index.php?rest_route=/batch/v1" "Mozilla/5.0 (Windows NT 10.0; Win64; x64) AppleWebKit/537.36 (KHTML, like Gecko) Chrome/120.0.0.0 Safari/537.36" "45.148.10.9" [-,-,-|0.000]Request_Body: "-"
104.23.170.40 - - [19/Sep/2026:22:00:12 +0800] "boutiquerennes.com" "POST /wp/?rest_route=%2Fbatch%2Fv1 HTTP/1.1" 301 166 "-" "Mozilla/5.0 (Windows NT 10.0; Win64; x64) AppleWebKit/537.36 (KHTML, like Gecko) Chrome/120.0.0.0 Safari/537.36" "45.148.10.9" [-,-,-|0.000]Request_Body: "-"
172.71.182.38 - - [19/Sep/2026:22:00:12 +0800] "boutiquerennes.com" "POST /blog/index.php?rest_route=%2Fbatch%2Fv1 HTTP/1.1" 301 166 "-" "Mozilla/5.0 (Windows NT 10.0; Win64; x64) AppleWebKit/537.36 (KHTML, like Gecko) Chrome/120.0.0.0 Safari/537.36" "45.148.10.9" [-,-,-|0.002]Request_Body: "-"
104.23.166.115 - - [19/Sep/2026:22:00:12 +0800] "www.boutiquerennes.com" "GET /blog/index.php?rest_route=%2Fbatch%2Fv1 HTTP/1.1" 403 552 "http://www.boutiquerennes.com/blog/index.php?rest_route=%2Fbatch%2Fv1" "Mozilla/5.0 (Windows NT 10.0; Win64; x64) AppleWebKit/537.36 (KHTML, like Gecko) Chrome/120.0.0.0 Safari/537.36" "45.148.10.9" [-,-,-|0.000]Request_Body: "-"
172.71.182.38 - - [19/Sep/2026:22:00:12 +0800] "boutiquerennes.com" "POST /blog/?rest_route=%2Fbatch%2Fv1 HTTP/1.1" 301 166 "-" "Mozilla/5.0 (Windows NT 10.0; Win64; x64) AppleWebKit/537.36 (KHTML, like Gecko) Chrome/120.0.0.0 Safari/537.36" "45.148.10.9" [-,-,-|0.000]Request_Body: "-"
104.22.109.4 - - [19/Sep/2026:22:00:13 +0800] "www.boutiquerennes.com" "GET /wp/?rest_route=%2Fbatch%2Fv1 HTTP/1.1" 404 194 "http://www.boutiquerennes.com/wp/?rest_route=%2Fbatch%2Fv1" "Mozilla/5.0 (Windows NT 10.0; Win64; x64) AppleWebKit/537.36 (KHTML, like Gecko) Chrome/120.0.0.0 Safari/537.36" "45.148.10.9" [0.001,1.502,1.502|1.501]Request_Body: "-"
172.71.182.38 - - [19/Sep/2026:22:00:13 +0800] "boutiquerennes.com" "POST /wp/?rest_route=/batch%2Fv1 HTTP/1.1" 301 166 "-" "Mozilla/5.0 (Windows NT 10.0; Win64; x64) AppleWebKit/537.36 (KHTML, like Gecko) Chrome/120.0.0.0 Safari/537.36" "45.148.10.9" [-,-,-|0.000]Request_Body: "-"
104.23.166.66 - - [19/Sep/2026:22:00:14 +0800] "www.boutiquerennes.com" "GET /blog/?rest_route=%2Fbatch%2Fv1 HTTP/1.1" 404 194 "http://www.boutiquerennes.com/blog/?rest_route=%2Fbatch%2Fv1" "Mozilla/5.0 (Windows NT 10.0; Win64; x64) AppleWebKit/537.36 (KHTML, like Gecko) Chrome/120.0.0.0 Safari/537.36" "45.148.10.9" [0.001,1.497,1.497|1.497]Request_Body: "-"
172.71.182.38 - - [19/Sep/2026:22:00:14 +0800] "boutiquerennes.com" "POST /blog/?rest_route=/batch%2Fv1 HTTP/1.1" 301 166 "-" "Mozilla/5.0 (Windows NT 10.0; Win64; x64) AppleWebKit/537.36 (KHTML, like Gecko) Chrome/120.0.0.0 Safari/537.36" "45.148.10.9" [-,-,-|0.000]Request_Body: "-"
104.22.109.4 - - [19/Sep/2026:22:00:15 +0800] "www.boutiquerennes.com" "GET /wp/?rest_route=/batch%2Fv1 HTTP/1.1" 404 194 "http://www.boutiquerennes.com/wp/?rest_route=/batch%2Fv1" "Mozilla/5.0 (Windows NT 10.0; Win64; x64) AppleWebKit/537.36 (KHTML, like Gecko) Chrome/120.0.0.0 Safari/537.36" "45.148.10.9" [0.001,1.559,1.559|1.559]Request_Body: "-"
172.71.182.38 - - [19/Sep/2026:22:00:15 +0800] "boutiquerennes.com" "POST /wp/?rest_route=/batch/v1 HTTP/1.1" 301 166 "-" "Mozilla/5.0 (Windows NT 10.0; Win64; x64) AppleWebKit/537.36 (KHTML, like Gecko) Chrome/120.0.0.0 Safari/537.36" "45.148.10.9" [-,-,-|0.000]Request_Body: "-"
104.23.166.115 - - [19/Sep/2026:22:00:15 +0800] "www.boutiquerennes.com" "GET /blog/?rest_route=/batch%2Fv1 HTTP/1.1" 404 194 "http://www.boutiquerennes.com/blog/?rest_route=/batch%2Fv1" "Mozilla/5.0 (Windows NT 10.0; Win64; x64) AppleWebKit/537.36 (KHTML, like Gecko) Chrome/120.0.0.0 Safari/537.36" "45.148.10.9" [0.001,1.344,1.344|1.344]Request_Body: "-"
172.71.182.38 - - [19/Sep/2026:22:00:16 +0800] "boutiquerennes.com" "POST /blog/?rest_route=/batch/v1 HTTP/1.1" 301 166 "-" "Mozilla/5.0 (Windows NT 10.0; Win64; x64) AppleWebKit/537.36 (KHTML, like Gecko) Chrome/120.0.0.0 Safari/537.36" "45.148.10.9" [-,-,-|0.000]Request_Body: "-"
104.22.109.4 - - [19/Sep/2026:22:00:17 +0800] "www.boutiquerennes.com" "GET /wp/?rest_route=/batch/v1 HTTP/1.1" 404 194 "http://www.boutiquerennes.com/wp/?rest_route=/batch/v1" "Mozilla/5.0 (Windows NT 10.0; Win64; x64) AppleWebKit/537.36 (KHTML, like Gecko) Chrome/120.0.0.0 Safari/537.36" "45.148.10.9" [0.000,1.661,1.661|1.661]Request_Body: "-"
104.23.166.66 - - [19/Sep/2026:22:00:17 +0800] "www.boutiquerennes.com" "GET /blog/?rest_route=/batch/v1 HTTP/1.1" 404 194 "http://www.boutiquerennes.com/blog/?rest_route=/batch/v1" "Mozilla/5.0 (Windows NT 10.0; Win64; x64) AppleWebKit/537.36 (KHTML, like Gecko) Chrome/120.0.0.0 Safari/537.36" "45.148.10.9" [0.001,1.464,1.464|1.464]Request_Body: "-"
172.71.182.38 - - [19/Sep/2026:22:00:17 +0800] "boutiquerennes.com" "POST /wp/wp-json/batch/v1 HTTP/1.1" 301 166 "-" "Mozilla/5.0 (Windows NT 10.0; Win64; x64) AppleWebKit/537.36 (KHTML, like Gecko) Chrome/120.0.0.0 Safari/537.36" "45.148.10.9" [-,-,-|0.000]Request_Body: "-"
104.23.170.2 - - [19/Sep/2026:22:00:18 +0800] "boutiquerennes.com" "POST /blog/wp-json/batch/v1 HTTP/1.1" 301 166 "-" "Mozilla/5.0 (Windows NT 10.0; Win64; x64) AppleWebKit/537.36 (KHTML, like Gecko) Chrome/120.0.0.0 Safari/537.36" "45.148.10.9" [-,-,-|0.000]Request_Body: "-"
104.23.166.115 - - [19/Sep/2026:22:00:19 +0800] "www.boutiquerennes.com" "GET /wp/wp-json/batch/v1 HTTP/1.1" 404 29136 "http://www.boutiquerennes.com/wp/wp-json/batch/v1" "Mozilla/5.0 (Windows NT 10.0; Win64; x64) AppleWebKit/537.36 (KHTML, like Gecko) Chrome/120.0.0.0 Safari/537.36" "45.148.10.9" [0.000,1.687,1.690|1.690]Request_Body: "-"
104.23.170.2 - - [19/Sep/2026:22:00:20 +0800] "boutiquerennes.com" "POST /wp/wp-json/Batch/v1 HTTP/1.1" 301 166 "-" "Mozilla/5.0 (Windows NT 10.0; Win64; x64) AppleWebKit/537.36 (KHTML, like Gecko) Chrome/120.0.0.0 Safari/537.36" "45.148.10.9" [-,-,-|0.000]Request_Body: "-"
104.22.109.4 - - [19/Sep/2026:22:00:20 +0800] "www.boutiquerennes.com" "GET /blog/wp-json/batch/v1 HTTP/1.1" 404 29137 "http://www.boutiquerennes.com/blog/wp-json/batch/v1" "Mozilla/5.0 (Windows NT 10.0; Win64; x64) AppleWebKit/537.36 (KHTML, like Gecko) Chrome/120.0.0.0 Safari/537.36" "45.148.10.9" [0.001,1.900,1.903|1.903]Request_Body: "-"
104.23.170.2 - - [19/Sep/2026:22:00:20 +0800] "boutiquerennes.com" "POST /blog/wp-json/Batch/v1 HTTP/1.1" 301 166 "-" "Mozilla/5.0 (Windows NT 10.0; Win64; x64) AppleWebKit/537.36 (KHTML, like Gecko) Chrome/120.0.0.0 Safari/537.36" "45.148.10.9" [-,-,-|0.001]Request_Body: "-"
104.23.166.66 - - [19/Sep/2026:22:00:21 +0800] "www.boutiquerennes.com" "GET /wp/wp-json/Batch/v1 HTTP/1.1" 404 29137 "http://www.boutiquerennes.com/wp/wp-json/Batch/v1" "Mozilla/5.0 (Windows NT 10.0; Win64; x64) AppleWebKit/537.36 (KHTML, like Gecko) Chrome/120.0.0.0 Safari/537.36" "45.148.10.9" [0.000,1.602,1.605|1.605]Request_Body: "-"
104.22.109.4 - - [19/Sep/2026:22:00:22 +0800] "www.boutiquerennes.com" "GET /blog/wp-json/Batch/v1 HTTP/1.1" 404 29137 "http://www.boutiquerennes.com/blog/wp-json/Batch/v1" "Mozilla/5.0 (Windows NT 10.0; Win64; x64) AppleWebKit/537.36 (KHTML, like Gecko) Chrome/120.0.0.0 Safari/537.36" "45.148.10.9" [0.000,1.496,1.499|1.499]Request_Body: "-"
104.23.170.2 - - [19/Sep/2026:22:00:22 +0800] "boutiquerennes.com" "POST /wp//wp-json/batch/v1 HTTP/1.1" 301 166 "-" "Mozilla/5.0 (Windows NT 10.0; Win64; x64) AppleWebKit/537.36 (KHTML, like Gecko) Chrome/120.0.0.0 Safari/537.36" "45.148.10.9" [-,-,-|0.001]Request_Body: "-"
172.71.182.38 - - [19/Sep/2026:22:00:31 +0800] "boutiquerennes.com" "POST /wp/wp-json/batch/v1/ HTTP/1.1" 301 166 "-" "Mozilla/5.0 (Windows NT 10.0; Win64; x64) AppleWebKit/537.36 (KHTML, like Gecko) Chrome/120.0.0.0 Safari/537.36" "45.148.10.9" [-,-,-|0.009]Request_Body: "-"
172.71.182.38 - - [19/Sep/2026:22:00:31 +0800] "boutiquerennes.com" "POST /blog//wp-json/batch/v1 HTTP/1.1" 301 166 "-" "Mozilla/5.0 (Windows NT 10.0; Win64; x64) AppleWebKit/537.36 (KHTML, like Gecko) Chrome/120.0.0.0 Safari/537.36" "45.148.10.9" [-,-,-|0.000]Request_Body: "-"
104.23.166.66 - - [19/Sep/2026:22:00:32 +0800] "www.boutiquerennes.com" "GET /wp/wp-json/batch/v1/ HTTP/1.1" 404 29136 "http://www.boutiquerennes.com/wp/wp-json/batch/v1/" "Mozilla/5.0 (Windows NT 10.0; Win64; x64) AppleWebKit/537.36 (KHTML, like Gecko) Chrome/120.0.0.0 Safari/537.36" "45.148.10.9" [0.001,1.463,1.466|1.466]Request_Body: "-"
172.68.186.32 - - [19/Sep/2026:22:00:33 +0800] "boutiquerennes.com" "POST /wp/blog/wp-json/batch/v1 HTTP/1.1" 301 166 "-" "Mozilla/5.0 (Windows NT 10.0; Win64; x64) AppleWebKit/537.36 (KHTML, like Gecko) Chrome/120.0.0.0 Safari/537.36" "45.148.10.9" [-,-,-|0.000]Request_Body: "-"
104.23.166.66 - - [19/Sep/2026:22:00:34 +0800] "www.boutiquerennes.com" "GET /blog//wp-json/batch/v1 HTTP/1.1" 301 5 "http://www.boutiquerennes.com/blog//wp-json/batch/v1" "Mozilla/5.0 (Windows NT 10.0; Win64; x64) AppleWebKit/537.36 (KHTML, like Gecko) Chrome/120.0.0.0 Safari/537.36" "45.148.10.9" [0.001,1.182,1.182|1.182]Request_Body: "-"
104.23.166.67 - - [19/Sep/2026:22:00:34 +0800] "www.boutiquerennes.com" "GET /wp/blog/wp-json/batch/v1 HTTP/1.1" 404 29140 "http://www.boutiquerennes.com/wp/blog/wp-json/batch/v1" "Mozilla/5.0 (Windows NT 10.0; Win64; x64) AppleWebKit/537.36 (KHTML, like Gecko) Chrome/120.0.0.0 Safari/537.36" "45.148.10.9" [0.001,1.498,1.500|1.500]Request_Body: "-"
172.68.186.161 - - [19/Sep/2026:22:00:35 +0800] "boutiquerennes.com" "POST /wp/index.php?rest_route=/batch/v1 HTTP/1.1" 301 166 "https://boutiquerennes.com/wp/wp-admin/" "Mozilla/5.0 (Windows NT 10.0; Win64; x64) AppleWebKit/537.36 (KHTML, like Gecko) Chrome/120.0.0.0 Safari/537.36" "127.0.0.1,45.148.10.9" [-,-,-|0.000]Request_Body: "-"
104.23.166.67 - - [19/Sep/2026:22:00:35 +0800] "www.boutiquerennes.com" "GET /wp/index.php?rest_route=/batch/v1 HTTP/1.1" 403 552 "https://boutiquerennes.com/wp/wp-admin/" "Mozilla/5.0 (Windows NT 10.0; Win64; x64) AppleWebKit/537.36 (KHTML, like Gecko) Chrome/120.0.0.0 Safari/537.36" "127.0.0.1,45.148.10.9" [-,-,-|0.000]Request_Body: "-"
172.68.186.32 - - [19/Sep/2026:22:00:35 +0800] "boutiquerennes.com" "POST /wp/index.php?rest_route=%2Fbatch%2Fv1 HTTP/1.1" 301 166 "https://boutiquerennes.com/wp/wp-admin/" "Mozilla/5.0 (Windows NT 10.0; Win64; x64) AppleWebKit/537.36 (KHTML, like Gecko) Chrome/120.0.0.0 Safari/537.36" "127.0.0.1,45.148.10.9" [-,-,-|0.000]Request_Body: "-"
104.23.166.67 - - [19/Sep/2026:22:00:35 +0800] "www.boutiquerennes.com" "GET /wp/index.php?rest_route=%2Fbatch%2Fv1 HTTP/1.1" 403 552 "https://boutiquerennes.com/wp/wp-admin/" "Mozilla/5.0 (Windows NT 10.0; Win64; x64) AppleWebKit/537.36 (KHTML, like Gecko) Chrome/120.0.0.0 Safari/537.36" "127.0.0.1,45.148.10.9" [-,-,-|0.000]Request_Body: "-"
104.23.166.66 - - [19/Sep/2026:22:00:35 +0800] "www.boutiquerennes.com" "GET /blog/wp-json/batch/v1 HTTP/1.1" 404 29137 "https://www.boutiquerennes.com/blog//wp-json/batch/v1" "Mozilla/5.0 (Windows NT 10.0; Win64; x64) AppleWebKit/537.36 (KHTML, like Gecko) Chrome/120.0.0.0 Safari/537.36" "45.148.10.9" [0.001,1.648,1.651|1.651]Request_Body: "-"
172.68.186.161 - - [19/Sep/2026:22:00:36 +0800] "boutiquerennes.com" "POST /wp/?rest_route=%2Fbatch%2Fv1 HTTP/1.1" 301 166 "https://boutiquerennes.com/wp/wp-admin/" "Mozilla/5.0 (Windows NT 10.0; Win64; x64) AppleWebKit/537.36 (KHTML, like Gecko) Chrome/120.0.0.0 Safari/537.36" "127.0.0.1,45.148.10.9" [-,-,-|0.000]Request_Body: "-"
172.68.186.32 - - [19/Sep/2026:22:00:36 +0800] "boutiquerennes.com" "POST /blog/wp-json/batch/v1/ HTTP/1.1" 301 166 "-" "Mozilla/5.0 (Windows NT 10.0; Win64; x64) AppleWebKit/537.36 (KHTML, like Gecko) Chrome/120.0.0.0 Safari/537.36" "45.148.10.9" [-,-,-|0.000]Request_Body: "-"
104.23.166.67 - - [19/Sep/2026:22:00:37 +0800] "www.boutiquerennes.com" "GET /wp/?rest_route=%2Fbatch%2Fv1 HTTP/1.1" 404 194 "https://boutiquerennes.com/wp/wp-admin/" "Mozilla/5.0 (Windows NT 10.0; Win64; x64) AppleWebKit/537.36 (KHTML, like Gecko) Chrome/120.0.0.0 Safari/537.36" "127.0.0.1,45.148.10.9" [0.001,1.596,1.597|1.597]Request_Body: "-"
172.68.186.32 - - [19/Sep/2026:22:00:38 +0800] "boutiquerennes.com" "POST /wp/?rest_route=/batch%2Fv1 HTTP/1.1" 301 166 "https://boutiquerennes.com/wp/wp-admin/" "Mozilla/5.0 (Windows NT 10.0; Win64; x64) AppleWebKit/537.36 (KHTML, like Gecko) Chrome/120.0.0.0 Safari/537.36" "127.0.0.1,45.148.10.9" [-,-,-|0.001]Request_Body: "-"
104.23.166.66 - - [19/Sep/2026:22:00:38 +0800] "www.boutiquerennes.com" "GET /blog/wp-json/batch/v1/ HTTP/1.1" 404 29137 "http://www.boutiquerennes.com/blog/wp-json/batch/v1/" "Mozilla/5.0 (Windows NT 10.0; Win64; x64) AppleWebKit/537.36 (KHTML, like Gecko) Chrome/120.0.0.0 Safari/537.36" "45.148.10.9" [0.001,1.710,1.713|1.713]Request_Body: "-"
172.68.186.32 - - [19/Sep/2026:22:00:38 +0800] "boutiquerennes.com" "POST /blog/blog/wp-json/batch/v1 HTTP/1.1" 301 166 "-" "Mozilla/5.0 (Windows NT 10.0; Win64; x64) AppleWebKit/537.36 (KHTML, like Gecko) Chrome/120.0.0.0 Safari/537.36" "45.148.10.9" [-,-,-|0.000]Request_Body: "-"
104.23.166.67 - - [19/Sep/2026:22:00:40 +0800] "www.boutiquerennes.com" "GET /wp/?rest_route=/batch%2Fv1 HTTP/1.1" 404 194 "https://boutiquerennes.com/wp/wp-admin/" "Mozilla/5.0 (Windows NT 10.0; Win64; x64) AppleWebKit/537.36 (KHTML, like Gecko) Chrome/120.0.0.0 Safari/537.36" "127.0.0.1,45.148.10.9" [0.001,1.860,1.860|1.860]Request_Body: "-"
172.68.186.32 - - [19/Sep/2026:22:00:40 +0800] "boutiquerennes.com" "POST /wp/?rest_route=/batch/v1 HTTP/1.1" 301 166 "https://boutiquerennes.com/wp/wp-admin/" "Mozilla/5.0 (Windows NT 10.0; Win64; x64) AppleWebKit/537.36 (KHTML, like Gecko) Chrome/120.0.0.0 Safari/537.36" "127.0.0.1,45.148.10.9" [-,-,-|0.000]Request_Body: "-"
104.23.166.66 - - [19/Sep/2026:22:00:40 +0800] "www.boutiquerennes.com" "GET /blog/blog/wp-json/batch/v1 HTTP/1.1" 404 29140 "http://www.boutiquerennes.com/blog/blog/wp-json/batch/v1" "Mozilla/5.0 (Windows NT 10.0; Win64; x64) AppleWebKit/537.36 (KHTML, like Gecko) Chrome/120.0.0.0 Safari/537.36" "45.148.10.9" [0.001,2.052,2.055|2.055]Request_Body: "-"
172.68.186.32 - - [19/Sep/2026:22:00:41 +0800] "boutiquerennes.com" "POST /blog/index.php?rest_route=/batch/v1 HTTP/1.1" 301 166 "https://boutiquerennes.com/blog/wp-admin/" "Mozilla/5.0 (Windows NT 10.0; Win64; x64) AppleWebKit/537.36 (KHTML, like Gecko) Chrome/120.0.0.0 Safari/537.36" "127.0.0.1,45.148.10.9" [-,-,-|0.000]Request_Body: "-"
104.23.166.66 - - [19/Sep/2026:22:00:41 +0800] "www.boutiquerennes.com" "GET /blog/index.php?rest_route=/batch/v1 HTTP/1.1" 403 552 "https://boutiquerennes.com/blog/wp-admin/" "Mozilla/5.0 (Windows NT 10.0; Win64; x64) AppleWebKit/537.36 (KHTML, like Gecko) Chrome/120.0.0.0 Safari/537.36" "127.0.0.1,45.148.10.9" [-,-,-|0.000]Request_Body: "-"
172.68.186.32 - - [19/Sep/2026:22:00:41 +0800] "boutiquerennes.com" "POST /blog/index.php?rest_route=%2Fbatch%2Fv1 HTTP/1.1" 301 166 "https://boutiquerennes.com/blog/wp-admin/" "Mozilla/5.0 (Windows NT 10.0; Win64; x64) AppleWebKit/537.36 (KHTML, like Gecko) Chrome/120.0.0.0 Safari/537.36" "127.0.0.1,45.148.10.9" [-,-,-|0.000]Request_Body: "-"
104.23.166.66 - - [19/Sep/2026:22:00:41 +0800] "www.boutiquerennes.com" "GET /blog/index.php?rest_route=%2Fbatch%2Fv1 HTTP/1.1" 403 552 "https://boutiquerennes.com/blog/wp-admin/" "Mozilla/5.0 (Windows NT 10.0; Win64; x64) AppleWebKit/537.36 (KHTML, like Gecko) Chrome/120.0.0.0 Safari/537.36" "127.0.0.1,45.148.10.9" [-,-,-|0.000]Request_Body: "-"
104.23.166.67 - - [19/Sep/2026:22:00:41 +0800] "www.boutiquerennes.com" "GET /wp/?rest_route=/batch/v1 HTTP/1.1" 404 194 "https://boutiquerennes.com/wp/wp-admin/" "Mozilla/5.0 (Windows NT 10.0; Win64; x64) AppleWebKit/537.36 (KHTML, like Gecko) Chrome/120.0.0.0 Safari/537.36" "127.0.0.1,45.148.10.9" [0.001,1.576,1.576|1.576]Request_Body: "-"
172.68.186.32 - - [19/Sep/2026:22:00:42 +0800] "boutiquerennes.com" "POST /blog/?rest_route=%2Fbatch%2Fv1 HTTP/1.1" 301 166 "https://boutiquerennes.com/blog/wp-admin/" "Mozilla/5.0 (Windows NT 10.0; Win64; x64) AppleWebKit/537.36 (KHTML, like Gecko) Chrome/120.0.0.0 Safari/537.36" "127.0.0.1,45.148.10.9" [-,-,-|0.001]Request_Body: "-"
172.71.182.38 - - [19/Sep/2026:22:00:42 +0800] "boutiquerennes.com" "POST /wp/wp-json/batch/v1 HTTP/1.1" 301 166 "https://boutiquerennes.com/wp/wp-admin/" "Mozilla/5.0 (Windows NT 10.0; Win64; x64) AppleWebKit/537.36 (KHTML, like Gecko) Chrome/120.0.0.0 Safari/537.36" "127.0.0.1,45.148.10.9" [-,-,-|0.000]Request_Body: "-"
104.23.166.66 - - [19/Sep/2026:22:00:43 +0800] "www.boutiquerennes.com" "GET /blog/?rest_route=%2Fbatch%2Fv1 HTTP/1.1" 404 194 "https://boutiquerennes.com/blog/wp-admin/" "Mozilla/5.0 (Windows NT 10.0; Win64; x64) AppleWebKit/537.36 (KHTML, like Gecko) Chrome/120.0.0.0 Safari/537.36" "127.0.0.1,45.148.10.9" [0.001,1.520,1.520|1.520]Request_Body: "-"
104.23.166.67 - - [19/Sep/2026:22:00:43 +0800] "www.boutiquerennes.com" "GET /wp/wp-json/batch/v1 HTTP/1.1" 404 29136 "https://boutiquerennes.com/wp/wp-admin/" "Mozilla/5.0 (Windows NT 10.0; Win64; x64) AppleWebKit/537.36 (KHTML, like Gecko) Chrome/120.0.0.0 Safari/537.36" "127.0.0.1,45.148.10.9" [0.001,1.420,1.423|1.422]Request_Body: "-"
172.71.182.38 - - [19/Sep/2026:22:00:43 +0800] "boutiquerennes.com" "POST /blog/?rest_route=/batch%2Fv1 HTTP/1.1" 301 166 "https://boutiquerennes.com/blog/wp-admin/" "Mozilla/5.0 (Windows NT 10.0; Win64; x64) AppleWebKit/537.36 (KHTML, like Gecko) Chrome/120.0.0.0 Safari/537.36" "127.0.0.1,45.148.10.9" [-,-,-|0.000]Request_Body: "-"
172.68.186.32 - - [19/Sep/2026:22:00:44 +0800] "boutiquerennes.com" "POST /wp/wp-json/Batch/v1 HTTP/1.1" 301 166 "https://boutiquerennes.com/wp/wp-admin/" "Mozilla/5.0 (Windows NT 10.0; Win64; x64) AppleWebKit/537.36 (KHTML, like Gecko) Chrome/120.0.0.0 Safari/537.36" "127.0.0.1,45.148.10.9" [-,-,-|0.000]Request_Body: "-"
104.23.166.66 - - [19/Sep/2026:22:00:45 +0800] "www.boutiquerennes.com" "GET /blog/?rest_route=/batch%2Fv1 HTTP/1.1" 404 194 "https://boutiquerennes.com/blog/wp-admin/" "Mozilla/5.0 (Windows NT 10.0; Win64; x64) AppleWebKit/537.36 (KHTML, like Gecko) Chrome/120.0.0.0 Safari/537.36" "127.0.0.1,45.148.10.9" [0.001,1.668,1.668|1.668]Request_Body: "-"
104.23.166.67 - - [19/Sep/2026:22:00:45 +0800] "www.boutiquerennes.com" "GET /wp/wp-json/Batch/v1 HTTP/1.1" 404 29137 "https://boutiquerennes.com/wp/wp-admin/" "Mozilla/5.0 (Windows NT 10.0; Win64; x64) AppleWebKit/537.36 (KHTML, like Gecko) Chrome/120.0.0.0 Safari/537.36" "127.0.0.1,45.148.10.9" [0.001,1.520,1.524|1.524]Request_Body: "-"
172.68.186.32 - - [19/Sep/2026:22:00:50 +0800] "boutiquerennes.com" "POST /wp//wp-json/batch/v1 HTTP/1.1" 301 166 "https://boutiquerennes.com/wp/wp-admin/" "Mozilla/5.0 (Windows NT 10.0; Win64; x64) AppleWebKit/537.36 (KHTML, like Gecko) Chrome/120.0.0.0 Safari/537.36" "127.0.0.1,45.148.10.9" [-,-,-|0.000]Request_Body: "-"
172.68.186.32 - - [19/Sep/2026:22:00:51 +0800] "boutiquerennes.com" "POST /blog/?rest_route=/batch/v1 HTTP/1.1" 301 166 "https://boutiquerennes.com/blog/wp-admin/" "Mozilla/5.0 (Windows NT 10.0; Win64; x64) AppleWebKit/537.36 (KHTML, like Gecko) Chrome/120.0.0.0 Safari/537.36" "127.0.0.1,45.148.10.9" [-,-,-|0.000]Request_Body: "-"
172.70.47.60 - - [19/Sep/2026:22:00:54 +0800] "www.boutiquerennes.com" "GET /blog/?rest_route=/batch/v1 HTTP/1.1" 404 194 "https://boutiquerennes.com/blog/wp-admin/" "Mozilla/5.0 (Windows NT 10.0; Win64; x64) AppleWebKit/537.36 (KHTML, like Gecko) Chrome/120.0.0.0 Safari/537.36" "127.0.0.1,45.148.10.9" [0.001,1.510,1.510|1.509]Request_Body: "-"
172.68.186.32 - - [19/Sep/2026:22:00:54 +0800] "boutiquerennes.com" "POST /blog/wp-json/batch/v1 HTTP/1.1" 301 166 "https://boutiquerennes.com/blog/wp-admin/" "Mozilla/5.0 (Windows NT 10.0; Win64; x64) AppleWebKit/537.36 (KHTML, like Gecko) Chrome/120.0.0.0 Safari/537.36" "127.0.0.1,45.148.10.9" [-,-,-|0.000]Request_Body: "-"
172.64.192.4 - - [19/Sep/2026:22:00:55 +0800] "www.boutiquerennes.com" "GET /wp//wp-json/batch/v1 HTTP/1.1" 301 5 "https://boutiquerennes.com/wp/wp-admin/" "Mozilla/5.0 (Windows NT 10.0; Win64; x64) AppleWebKit/537.36 (KHTML, like Gecko) Chrome/120.0.0.0 Safari/537.36" "127.0.0.1,45.148.10.9" [0.000,1.584,1.584|1.585]Request_Body: "-"
172.70.47.37 - - [19/Sep/2026:22:00:56 +0800] "www.boutiquerennes.com" "GET /blog/wp-json/batch/v1 HTTP/1.1" 404 29137 "https://boutiquerennes.com/blog/wp-admin/" "Mozilla/5.0 (Windows NT 10.0; Win64; x64) AppleWebKit/537.36 (KHTML, like Gecko) Chrome/120.0.0.0 Safari/537.36" "127.0.0.1,45.148.10.9" [0.001,1.895,1.898|1.898]Request_Body: "-"
172.68.186.32 - - [19/Sep/2026:22:00:56 +0800] "boutiquerennes.com" "POST /blog/wp-json/Batch/v1 HTTP/1.1" 301 166 "https://boutiquerennes.com/blog/wp-admin/" "Mozilla/5.0 (Windows NT 10.0; Win64; x64) AppleWebKit/537.36 (KHTML, like Gecko) Chrome/120.0.0.0 Safari/537.36" "127.0.0.1,45.148.10.9" [-,-,-|0.000]Request_Body: "-"
