172.71.103.84 - - [19/Sep/2026:13:40:14 +0800] "chicmeshop.com" "GET /wp-json/gravitysmtp/v1/tests/mock-data?page=gravitysmtp-settings HTTP/1.1" 301 166 "-" "Mozilla/5.0 (Windows NT 10.0; Win64; x64) AppleWebKit/537.36 (KHTML, like Gecko) Chrome/120.0.0.0 Safari/537.36" "195.178.110.101" [-,-,-|0.000]Request_Body: "-"
172.71.95.70 - - [19/Sep/2026:13:40:16 +0800] "www.chicmeshop.com" "GET /wp-json/gravitysmtp/v1/tests/mock-data?page=gravitysmtp-settings HTTP/1.1" 404 125 "http://www.chicmeshop.com/wp-json/gravitysmtp/v1/tests/mock-data?page=gravitysmtp-settings" "Mozilla/5.0 (Windows NT 10.0; Win64; x64) AppleWebKit/537.36 (KHTML, like Gecko) Chrome/120.0.0.0 Safari/537.36" "195.178.110.101" [0.001,1.471,1.471|1.471]Request_Body: "-"
172.71.103.84 - - [19/Sep/2026:13:40:16 +0800] "chicmeshop.com" "GET /?rest_route=/gravitysmtp/v1/tests/mock-data&page=gravitysmtp-settings HTTP/1.1" 301 166 "-" "Mozilla/5.0 (Macintosh; Intel Mac OS X 10_15_7) AppleWebKit/605.1.15 (KHTML, like Gecko) Version/17.0 Safari/605.1.15" "195.178.110.101" [-,-,-|0.000]Request_Body: "-"
172.71.95.52 - - [19/Sep/2026:13:40:18 +0800] "www.chicmeshop.com" "GET /?rest_route=/gravitysmtp/v1/tests/mock-data&page=gravitysmtp-settings HTTP/1.1" 404 125 "http://www.chicmeshop.com/?rest_route=/gravitysmtp/v1/tests/mock-data&page=gravitysmtp-settings" "Mozilla/5.0 (Macintosh; Intel Mac OS X 10_15_7) AppleWebKit/605.1.15 (KHTML, like Gecko) Version/17.0 Safari/605.1.15" "195.178.110.101" [0.001,1.632,1.632|1.632]Request_Body: "-"
172.71.103.84 - - [19/Sep/2026:13:40:18 +0800] "chicmeshop.com" "GET /wp-json/gravitysmtp/v1/tests/mock-data?page=gravitysmtp-connections HTTP/1.1" 301 166 "-" "Mozilla/5.0 (X11; Linux x86_64; rv:121.0) Gecko/20100101 Firefox/121.0" "195.178.110.101" [-,-,-|0.000]Request_Body: "-"
172.71.95.52 - - [19/Sep/2026:13:40:20 +0800] "www.chicmeshop.com" "GET /wp-json/gravitysmtp/v1/tests/mock-data?page=gravitysmtp-connections HTTP/1.1" 404 125 "http://www.chicmeshop.com/wp-json/gravitysmtp/v1/tests/mock-data?page=gravitysmtp-connections" "Mozilla/5.0 (X11; Linux x86_64; rv:121.0) Gecko/20100101 Firefox/121.0" "195.178.110.101" [0.001,1.264,1.264|1.264]Request_Body: "-"
172.71.103.84 - - [19/Sep/2026:13:40:20 +0800] "chicmeshop.com" "GET /?rest_route=/gravitysmtp/v1/tests/mock-data&page=gravitysmtp-connections HTTP/1.1" 301 166 "-" "Mozilla/5.0 (Windows NT 10.0; Win64; x64; rv:121.0) Gecko/20100101 Firefox/121.0" "195.178.110.101" [-,-,-|0.000]Request_Body: "-"
172.71.95.52 - - [19/Sep/2026:13:40:21 +0800] "www.chicmeshop.com" "GET /?rest_route=/gravitysmtp/v1/tests/mock-data&page=gravitysmtp-connections HTTP/1.1" 404 125 "http://www.chicmeshop.com/?rest_route=/gravitysmtp/v1/tests/mock-data&page=gravitysmtp-connections" "Mozilla/5.0 (Windows NT 10.0; Win64; x64; rv:121.0) Gecko/20100101 Firefox/121.0" "195.178.110.101" [0.001,1.311,1.311|1.312]Request_Body: "-"
172.71.103.84 - - [19/Sep/2026:13:40:21 +0800] "chicmeshop.com" "GET /index.php?rest_route=/gravitysmtp/v1/tests/mock-data&page=gravitysmtp-settings HTTP/1.1" 301 166 "-" "Mozilla/5.0 (iPhone; CPU iPhone OS 17_0 like Mac OS X) AppleWebKit/605.1.15 (KHTML, like Gecko) Version/17.0 Mobile/15E148 Safari/604.1" "195.178.110.101" [-,-,-|0.000]Request_Body: "-"
172.71.95.52 - - [19/Sep/2026:13:40:23 +0800] "www.chicmeshop.com" "GET /index.php?rest_route=/gravitysmtp/v1/tests/mock-data&page=gravitysmtp-settings HTTP/1.1" 404 125 "http://www.chicmeshop.com/index.php?rest_route=/gravitysmtp/v1/tests/mock-data&page=gravitysmtp-settings" "Mozilla/5.0 (iPhone; CPU iPhone OS 17_0 like Mac OS X) AppleWebKit/605.1.15 (KHTML, like Gecko) Version/17.0 Mobile/15E148 Safari/604.1" "195.178.110.101" [0.000,1.324,1.324|1.324]Request_Body: "-"
172.71.103.84 - - [19/Sep/2026:13:40:23 +0800] "chicmeshop.com" "GET /wp-json/gravitysmtp/v1/tests/mock-data HTTP/1.1" 301 166 "-" "Mozilla/5.0 (Linux; Android 13; SM-S918B) AppleWebKit/537.36 (KHTML, like Gecko) Chrome/120.0.0.0 Mobile Safari/537.36" "195.178.110.101" [-,-,-|0.000]Request_Body: "-"
172.71.95.52 - - [19/Sep/2026:13:40:25 +0800] "www.chicmeshop.com" "GET /wp-json/gravitysmtp/v1/tests/mock-data HTTP/1.1" 404 125 "http://www.chicmeshop.com/wp-json/gravitysmtp/v1/tests/mock-data" "Mozilla/5.0 (Linux; Android 13; SM-S918B) AppleWebKit/537.36 (KHTML, like Gecko) Chrome/120.0.0.0 Mobile Safari/537.36" "195.178.110.101" [0.001,1.650,1.650|1.651]Request_Body: "-"
172.71.103.84 - - [19/Sep/2026:13:40:25 +0800] "chicmeshop.com" "GET /wp/wp-login.php HTTP/1.1" 301 166 "-" "Mozilla/5.0 (Windows NT 10.0; Win64; x64) AppleWebKit/537.36 (KHTML, like Gecko) Chrome/120.0.0.0 Safari/537.36" "195.178.110.101" [-,-,-|0.000]Request_Body: "-"
104.23.166.142 - - [19/Sep/2026:13:40:25 +0800] "chicmeshop.com" "GET /blog/wp-login.php HTTP/1.1" 301 166 "-" "Mozilla/5.0 (Windows NT 10.0; Win64; x64) AppleWebKit/537.36 (KHTML, like Gecko) Chrome/120.0.0.0 Safari/537.36" "195.178.110.101" [-,-,-|0.000]Request_Body: "-"
172.71.95.70 - - [19/Sep/2026:13:40:25 +0800] "www.chicmeshop.com" "GET /wp/wp-login.php HTTP/1.1" 403 552 "http://www.chicmeshop.com/wp/wp-login.php" "Mozilla/5.0 (Windows NT 10.0; Win64; x64) AppleWebKit/537.36 (KHTML, like Gecko) Chrome/120.0.0.0 Safari/537.36" "195.178.110.101" [-,-,-|0.000]Request_Body: "-"
172.71.95.70 - - [19/Sep/2026:13:40:25 +0800] "www.chicmeshop.com" "GET /blog/wp-login.php HTTP/1.1" 403 552 "http://www.chicmeshop.com/blog/wp-login.php" "Mozilla/5.0 (Windows NT 10.0; Win64; x64) AppleWebKit/537.36 (KHTML, like Gecko) Chrome/120.0.0.0 Safari/537.36" "195.178.110.101" [-,-,-|0.000]Request_Body: "-"
104.23.166.192 - - [19/Sep/2026:13:40:26 +0800] "chicmeshop.com" "GET /wp/feed/ HTTP/1.1" 301 166 "-" "Mozilla/5.0 (Windows NT 10.0; Win64; x64) AppleWebKit/537.36 (KHTML, like Gecko) Chrome/120.0.0.0 Safari/537.36" "195.178.110.101" [-,-,-|0.000]Request_Body: "-"
172.71.103.84 - - [19/Sep/2026:13:40:26 +0800] "chicmeshop.com" "GET /blog/feed/ HTTP/1.1" 301 166 "-" "Mozilla/5.0 (Windows NT 10.0; Win64; x64) AppleWebKit/537.36 (KHTML, like Gecko) Chrome/120.0.0.0 Safari/537.36" "195.178.110.101" [-,-,-|0.000]Request_Body: "-"
172.71.95.70 - - [19/Sep/2026:13:40:27 +0800] "www.chicmeshop.com" "GET /wp/feed/ HTTP/1.1" 200 699 "http://www.chicmeshop.com/wp/feed/" "Mozilla/5.0 (Windows NT 10.0; Win64; x64) AppleWebKit/537.36 (KHTML, like Gecko) Chrome/120.0.0.0 Safari/537.36" "195.178.110.101" [0.001,1.279,1.280|1.280]Request_Body: "-"
172.71.183.190 - - [19/Sep/2026:13:40:27 +0800] "www.chicmeshop.com" "GET /blog/feed/ HTTP/1.1" 200 887 "http://www.chicmeshop.com/blog/feed/" "Mozilla/5.0 (Windows NT 10.0; Win64; x64) AppleWebKit/537.36 (KHTML, like Gecko) Chrome/120.0.0.0 Safari/537.36" "195.178.110.101" [0.001,1.257,1.257|1.257]Request_Body: "-"
172.71.103.84 - - [19/Sep/2026:13:40:31 +0800] "chicmeshop.com" "GET /blog/ HTTP/1.1" 301 166 "-" "Mozilla/5.0 (Windows NT 10.0; Win64; x64) AppleWebKit/537.36 (KHTML, like Gecko) Chrome/120.0.0.0 Safari/537.36" "195.178.110.101" [-,-,-|0.000]Request_Body: "-"
104.23.166.192 - - [19/Sep/2026:13:40:31 +0800] "chicmeshop.com" "GET /wp/ HTTP/1.1" 301 166 "-" "Mozilla/5.0 (Windows NT 10.0; Win64; x64) AppleWebKit/537.36 (KHTML, like Gecko) Chrome/120.0.0.0 Safari/537.36" "195.178.110.101" [-,-,-|0.000]Request_Body: "-"
172.71.183.190 - - [19/Sep/2026:13:40:33 +0800] "www.chicmeshop.com" "GET /blog/ HTTP/1.1" 200 30754 "http://www.chicmeshop.com/blog/" "Mozilla/5.0 (Windows NT 10.0; Win64; x64) AppleWebKit/537.36 (KHTML, like Gecko) Chrome/120.0.0.0 Safari/537.36" "195.178.110.101" [0.001,1.501,1.503|1.504]Request_Body: "-"
172.71.95.70 - - [19/Sep/2026:13:40:33 +0800] "www.chicmeshop.com" "GET /wp/ HTTP/1.1" 404 30494 "http://www.chicmeshop.com/wp/" "Mozilla/5.0 (Windows NT 10.0; Win64; x64) AppleWebKit/537.36 (KHTML, like Gecko) Chrome/120.0.0.0 Safari/537.36" "195.178.110.101" [0.001,1.753,1.756|1.755]Request_Body: "-"
172.71.103.84 - - [19/Sep/2026:13:40:33 +0800] "chicmeshop.com" "POST /blog/index.php?rest_route=/batch/v1 HTTP/1.1" 301 166 "-" "Mozilla/5.0 (Windows NT 10.0; Win64; x64) AppleWebKit/537.36 (KHTML, like Gecko) Chrome/120.0.0.0 Safari/537.36" "195.178.110.101" [-,-,-|0.000]Request_Body: "-"
172.71.103.84 - - [19/Sep/2026:13:40:33 +0800] "chicmeshop.com" "POST /wp/index.php?rest_route=/batch/v1 HTTP/1.1" 301 166 "-" "Mozilla/5.0 (Windows NT 10.0; Win64; x64) AppleWebKit/537.36 (KHTML, like Gecko) Chrome/120.0.0.0 Safari/537.36" "195.178.110.101" [-,-,-|0.000]Request_Body: "-"
172.71.183.225 - - [19/Sep/2026:13:40:33 +0800] "www.chicmeshop.com" "GET /blog/index.php?rest_route=/batch/v1 HTTP/1.1" 403 552 "http://www.chicmeshop.com/blog/index.php?rest_route=/batch/v1" "Mozilla/5.0 (Windows NT 10.0; Win64; x64) AppleWebKit/537.36 (KHTML, like Gecko) Chrome/120.0.0.0 Safari/537.36" "195.178.110.101" [-,-,-|0.000]Request_Body: "-"
172.71.95.70 - - [19/Sep/2026:13:40:33 +0800] "www.chicmeshop.com" "GET /wp/index.php?rest_route=/batch/v1 HTTP/1.1" 403 552 "http://www.chicmeshop.com/wp/index.php?rest_route=/batch/v1" "Mozilla/5.0 (Windows NT 10.0; Win64; x64) AppleWebKit/537.36 (KHTML, like Gecko) Chrome/120.0.0.0 Safari/537.36" "195.178.110.101" [-,-,-|0.000]Request_Body: "-"
172.71.103.84 - - [19/Sep/2026:13:40:33 +0800] "chicmeshop.com" "POST /blog/index.php?rest_route=%2Fbatch%2Fv1 HTTP/1.1" 301 166 "-" "Mozilla/5.0 (Windows NT 10.0; Win64; x64) AppleWebKit/537.36 (KHTML, like Gecko) Chrome/120.0.0.0 Safari/537.36" "195.178.110.101" [-,-,-|0.000]Request_Body: "-"
104.23.166.192 - - [19/Sep/2026:13:40:33 +0800] "chicmeshop.com" "POST /wp/index.php?rest_route=%2Fbatch%2Fv1 HTTP/1.1" 301 166 "-" "Mozilla/5.0 (Windows NT 10.0; Win64; x64) AppleWebKit/537.36 (KHTML, like Gecko) Chrome/120.0.0.0 Safari/537.36" "195.178.110.101" [-,-,-|0.000]Request_Body: "-"
172.71.95.70 - - [19/Sep/2026:13:40:34 +0800] "www.chicmeshop.com" "GET /blog/index.php?rest_route=%2Fbatch%2Fv1 HTTP/1.1" 403 552 "http://www.chicmeshop.com/blog/index.php?rest_route=%2Fbatch%2Fv1" "Mozilla/5.0 (Windows NT 10.0; Win64; x64) AppleWebKit/537.36 (KHTML, like Gecko) Chrome/120.0.0.0 Safari/537.36" "195.178.110.101" [-,-,-|0.000]Request_Body: "-"
172.71.183.190 - - [19/Sep/2026:13:40:34 +0800] "www.chicmeshop.com" "GET /wp/index.php?rest_route=%2Fbatch%2Fv1 HTTP/1.1" 403 552 "http://www.chicmeshop.com/wp/index.php?rest_route=%2Fbatch%2Fv1" "Mozilla/5.0 (Windows NT 10.0; Win64; x64) AppleWebKit/537.36 (KHTML, like Gecko) Chrome/120.0.0.0 Safari/537.36" "195.178.110.101" [-,-,-|0.000]Request_Body: "-"
104.23.166.142 - - [19/Sep/2026:13:40:34 +0800] "chicmeshop.com" "POST /blog/?rest_route=%2Fbatch%2Fv1 HTTP/1.1" 301 166 "-" "Mozilla/5.0 (Windows NT 10.0; Win64; x64) AppleWebKit/537.36 (KHTML, like Gecko) Chrome/120.0.0.0 Safari/537.36" "195.178.110.101" [-,-,-|0.000]Request_Body: "-"
172.71.103.84 - - [19/Sep/2026:13:40:34 +0800] "chicmeshop.com" "POST /wp/?rest_route=%2Fbatch%2Fv1 HTTP/1.1" 301 166 "-" "Mozilla/5.0 (Windows NT 10.0; Win64; x64) AppleWebKit/537.36 (KHTML, like Gecko) Chrome/120.0.0.0 Safari/537.36" "195.178.110.101" [-,-,-|0.000]Request_Body: "-"
172.71.95.70 - - [19/Sep/2026:13:40:35 +0800] "www.chicmeshop.com" "GET /wp/?rest_route=%2Fbatch%2Fv1 HTTP/1.1" 404 125 "http://www.chicmeshop.com/wp/?rest_route=%2Fbatch%2Fv1" "Mozilla/5.0 (Windows NT 10.0; Win64; x64) AppleWebKit/537.36 (KHTML, like Gecko) Chrome/120.0.0.0 Safari/537.36" "195.178.110.101" [0.001,1.269,1.269|1.269]Request_Body: "-"
172.71.183.190 - - [19/Sep/2026:13:40:35 +0800] "www.chicmeshop.com" "GET /blog/?rest_route=%2Fbatch%2Fv1 HTTP/1.1" 404 125 "http://www.chicmeshop.com/blog/?rest_route=%2Fbatch%2Fv1" "Mozilla/5.0 (Windows NT 10.0; Win64; x64) AppleWebKit/537.36 (KHTML, like Gecko) Chrome/120.0.0.0 Safari/537.36" "195.178.110.101" [0.001,1.359,1.359|1.359]Request_Body: "-"
172.71.103.84 - - [19/Sep/2026:13:40:35 +0800] "chicmeshop.com" "POST /wp/?rest_route=/batch%2Fv1 HTTP/1.1" 301 166 "-" "Mozilla/5.0 (Windows NT 10.0; Win64; x64) AppleWebKit/537.36 (KHTML, like Gecko) Chrome/120.0.0.0 Safari/537.36" "195.178.110.101" [-,-,-|0.000]Request_Body: "-"
104.23.166.192 - - [19/Sep/2026:13:40:35 +0800] "chicmeshop.com" "POST /blog/?rest_route=/batch%2Fv1 HTTP/1.1" 301 166 "-" "Mozilla/5.0 (Windows NT 10.0; Win64; x64) AppleWebKit/537.36 (KHTML, like Gecko) Chrome/120.0.0.0 Safari/537.36" "195.178.110.101" [-,-,-|0.000]Request_Body: "-"
172.71.183.225 - - [19/Sep/2026:13:40:37 +0800] "www.chicmeshop.com" "GET /wp/?rest_route=/batch%2Fv1 HTTP/1.1" 404 125 "http://www.chicmeshop.com/wp/?rest_route=/batch%2Fv1" "Mozilla/5.0 (Windows NT 10.0; Win64; x64) AppleWebKit/537.36 (KHTML, like Gecko) Chrome/120.0.0.0 Safari/537.36" "195.178.110.101" [0.001,1.946,1.946|1.946]Request_Body: "-"
172.71.95.70 - - [19/Sep/2026:13:40:37 +0800] "www.chicmeshop.com" "GET /blog/?rest_route=/batch%2Fv1 HTTP/1.1" 404 125 "http://www.chicmeshop.com/blog/?rest_route=/batch%2Fv1" "Mozilla/5.0 (Windows NT 10.0; Win64; x64) AppleWebKit/537.36 (KHTML, like Gecko) Chrome/120.0.0.0 Safari/537.36" "195.178.110.101" [0.000,1.909,1.909|1.909]Request_Body: "-"
104.23.166.192 - - [19/Sep/2026:13:40:38 +0800] "chicmeshop.com" "POST /wp/?rest_route=/batch/v1 HTTP/1.1" 301 166 "-" "Mozilla/5.0 (Windows NT 10.0; Win64; x64) AppleWebKit/537.36 (KHTML, like Gecko) Chrome/120.0.0.0 Safari/537.36" "195.178.110.101" [-,-,-|0.000]Request_Body: "-"
172.71.103.84 - - [19/Sep/2026:13:40:38 +0800] "chicmeshop.com" "POST /blog/?rest_route=/batch/v1 HTTP/1.1" 301 166 "-" "Mozilla/5.0 (Windows NT 10.0; Win64; x64) AppleWebKit/537.36 (KHTML, like Gecko) Chrome/120.0.0.0 Safari/537.36" "195.178.110.101" [-,-,-|0.000]Request_Body: "-"
172.71.183.190 - - [19/Sep/2026:13:40:40 +0800] "www.chicmeshop.com" "GET /blog/?rest_route=/batch/v1 HTTP/1.1" 404 125 "http://www.chicmeshop.com/blog/?rest_route=/batch/v1" "Mozilla/5.0 (Windows NT 10.0; Win64; x64) AppleWebKit/537.36 (KHTML, like Gecko) Chrome/120.0.0.0 Safari/537.36" "195.178.110.101" [0.001,2.007,2.007|2.007]Request_Body: "-"
172.71.103.84 - - [19/Sep/2026:13:40:40 +0800] "chicmeshop.com" "POST /blog/wp-json/batch/v1 HTTP/1.1" 301 166 "-" "Mozilla/5.0 (Windows NT 10.0; Win64; x64) AppleWebKit/537.36 (KHTML, like Gecko) Chrome/120.0.0.0 Safari/537.36" "195.178.110.101" [-,-,-|0.000]Request_Body: "-"
172.71.95.70 - - [19/Sep/2026:13:40:40 +0800] "www.chicmeshop.com" "GET /wp/?rest_route=/batch/v1 HTTP/1.1" 404 125 "http://www.chicmeshop.com/wp/?rest_route=/batch/v1" "Mozilla/5.0 (Windows NT 10.0; Win64; x64) AppleWebKit/537.36 (KHTML, like Gecko) Chrome/120.0.0.0 Safari/537.36" "195.178.110.101" [0.001,2.229,2.229|2.229]Request_Body: "-"
172.71.103.84 - - [19/Sep/2026:13:40:40 +0800] "chicmeshop.com" "POST /wp/wp-json/batch/v1 HTTP/1.1" 301 166 "-" "Mozilla/5.0 (Windows NT 10.0; Win64; x64) AppleWebKit/537.36 (KHTML, like Gecko) Chrome/120.0.0.0 Safari/537.36" "195.178.110.101" [-,-,-|0.000]Request_Body: "-"
172.71.183.190 - - [19/Sep/2026:13:40:42 +0800] "www.chicmeshop.com" "GET /blog/wp-json/batch/v1 HTTP/1.1" 404 30253 "http://www.chicmeshop.com/blog/wp-json/batch/v1" "Mozilla/5.0 (Windows NT 10.0; Win64; x64) AppleWebKit/537.36 (KHTML, like Gecko) Chrome/120.0.0.0 Safari/537.36" "195.178.110.101" [0.001,1.600,1.602|1.602]Request_Body: "-"
172.71.95.70 - - [19/Sep/2026:13:40:42 +0800] "www.chicmeshop.com" "GET /wp/wp-json/batch/v1 HTTP/1.1" 404 30251 "http://www.chicmeshop.com/wp/wp-json/batch/v1" "Mozilla/5.0 (Windows NT 10.0; Win64; x64) AppleWebKit/537.36 (KHTML, like Gecko) Chrome/120.0.0.0 Safari/537.36" "195.178.110.101" [0.000,1.625,1.628|1.628]Request_Body: "-"
172.71.103.84 - - [19/Sep/2026:13:40:42 +0800] "chicmeshop.com" "POST /blog/wp-json/Batch/v1 HTTP/1.1" 301 166 "-" "Mozilla/5.0 (Windows NT 10.0; Win64; x64) AppleWebKit/537.36 (KHTML, like Gecko) Chrome/120.0.0.0 Safari/537.36" "195.178.110.101" [-,-,-|0.000]Request_Body: "-"
172.71.103.84 - - [19/Sep/2026:13:40:42 +0800] "chicmeshop.com" "POST /wp/wp-json/Batch/v1 HTTP/1.1" 301 166 "-" "Mozilla/5.0 (Windows NT 10.0; Win64; x64) AppleWebKit/537.36 (KHTML, like Gecko) Chrome/120.0.0.0 Safari/537.36" "195.178.110.101" [-,-,-|0.000]Request_Body: "-"
172.71.183.190 - - [19/Sep/2026:13:40:43 +0800] "www.chicmeshop.com" "GET /blog/wp-json/Batch/v1 HTTP/1.1" 404 30251 "http://www.chicmeshop.com/blog/wp-json/Batch/v1" "Mozilla/5.0 (Windows NT 10.0; Win64; x64) AppleWebKit/537.36 (KHTML, like Gecko) Chrome/120.0.0.0 Safari/537.36" "195.178.110.101" [0.001,1.380,1.382|1.382]Request_Body: "-"
172.71.95.70 - - [19/Sep/2026:13:40:44 +0800] "www.chicmeshop.com" "GET /wp/wp-json/Batch/v1 HTTP/1.1" 404 30249 "http://www.chicmeshop.com/wp/wp-json/Batch/v1" "Mozilla/5.0 (Windows NT 10.0; Win64; x64) AppleWebKit/537.36 (KHTML, like Gecko) Chrome/120.0.0.0 Safari/537.36" "195.178.110.101" [0.001,1.439,1.446|1.446]Request_Body: "-"
172.71.103.84 - - [19/Sep/2026:13:40:44 +0800] "chicmeshop.com" "POST /blog//wp-json/batch/v1 HTTP/1.1" 301 166 "-" "Mozilla/5.0 (Windows NT 10.0; Win64; x64) AppleWebKit/537.36 (KHTML, like Gecko) Chrome/120.0.0.0 Safari/537.36" "195.178.110.101" [-,-,-|0.000]Request_Body: "-"
104.23.166.142 - - [19/Sep/2026:13:40:47 +0800] "chicmeshop.com" "POST /wp//wp-json/batch/v1 HTTP/1.1" 301 166 "-" "Mozilla/5.0 (Windows NT 10.0; Win64; x64) AppleWebKit/537.36 (KHTML, like Gecko) Chrome/120.0.0.0 Safari/537.36" "195.178.110.101" [-,-,-|0.000]Request_Body: "-"
172.71.95.70 - - [19/Sep/2026:13:40:49 +0800] "www.chicmeshop.com" "GET /blog//wp-json/batch/v1 HTTP/1.1" 301 5 "http://www.chicmeshop.com/blog//wp-json/batch/v1" "Mozilla/5.0 (Windows NT 10.0; Win64; x64) AppleWebKit/537.36 (KHTML, like Gecko) Chrome/120.0.0.0 Safari/537.36" "195.178.110.101" [0.001,1.391,1.391|1.391]Request_Body: "-"
172.71.183.190 - - [19/Sep/2026:13:40:49 +0800] "www.chicmeshop.com" "GET /wp//wp-json/batch/v1 HTTP/1.1" 301 5 "http://www.chicmeshop.com/wp//wp-json/batch/v1" "Mozilla/5.0 (Windows NT 10.0; Win64; x64) AppleWebKit/537.36 (KHTML, like Gecko) Chrome/120.0.0.0 Safari/537.36" "195.178.110.101" [0.001,1.652,1.652|1.651]Request_Body: "-"
172.71.95.70 - - [19/Sep/2026:13:40:51 +0800] "www.chicmeshop.com" "GET /blog/wp-json/batch/v1 HTTP/1.1" 404 30253 "https://www.chicmeshop.com/blog//wp-json/batch/v1" "Mozilla/5.0 (Windows NT 10.0; Win64; x64) AppleWebKit/537.36 (KHTML, like Gecko) Chrome/120.0.0.0 Safari/537.36" "195.178.110.101" [0.001,2.001,2.019|2.018]Request_Body: "-"
172.71.183.190 - - [19/Sep/2026:13:40:51 +0800] "www.chicmeshop.com" "GET /wp/wp-json/batch/v1 HTTP/1.1" 404 30251 "https://www.chicmeshop.com/wp//wp-json/batch/v1" "Mozilla/5.0 (Windows NT 10.0; Win64; x64) AppleWebKit/537.36 (KHTML, like Gecko) Chrome/120.0.0.0 Safari/537.36" "195.178.110.101" [0.001,1.824,1.828|1.828]Request_Body: "-"
104.23.166.142 - - [19/Sep/2026:13:40:51 +0800] "chicmeshop.com" "POST /blog/wp-json/batch/v1/ HTTP/1.1" 301 166 "-" "Mozilla/5.0 (Windows NT 10.0; Win64; x64) AppleWebKit/537.36 (KHTML, like Gecko) Chrome/120.0.0.0 Safari/537.36" "195.178.110.101" [-,-,-|0.000]Request_Body: "-"
104.23.166.142 - - [19/Sep/2026:13:40:51 +0800] "chicmeshop.com" "POST /wp/wp-json/batch/v1/ HTTP/1.1" 301 166 "-" "Mozilla/5.0 (Windows NT 10.0; Win64; x64) AppleWebKit/537.36 (KHTML, like Gecko) Chrome/120.0.0.0 Safari/537.36" "195.178.110.101" [-,-,-|0.000]Request_Body: "-"
172.71.95.70 - - [19/Sep/2026:13:40:53 +0800] "www.chicmeshop.com" "GET /blog/wp-json/batch/v1/ HTTP/1.1" 404 30255 "http://www.chicmeshop.com/blog/wp-json/batch/v1/" "Mozilla/5.0 (Windows NT 10.0; Win64; x64) AppleWebKit/537.36 (KHTML, like Gecko) Chrome/120.0.0.0 Safari/537.36" "195.178.110.101" [0.000,1.592,1.595|1.595]Request_Body: "-"
104.23.166.142 - - [19/Sep/2026:13:40:53 +0800] "chicmeshop.com" "POST /blog/blog/wp-json/batch/v1 HTTP/1.1" 301 166 "-" "Mozilla/5.0 (Windows NT 10.0; Win64; x64) AppleWebKit/537.36 (KHTML, like Gecko) Chrome/120.0.0.0 Safari/537.36" "195.178.110.101" [-,-,-|0.000]Request_Body: "-"
172.71.183.190 - - [19/Sep/2026:13:40:54 +0800] "www.chicmeshop.com" "GET /wp/wp-json/batch/v1/ HTTP/1.1" 404 30253 "http://www.chicmeshop.com/wp/wp-json/batch/v1/" "Mozilla/5.0 (Windows NT 10.0; Win64; x64) AppleWebKit/537.36 (KHTML, like Gecko) Chrome/120.0.0.0 Safari/537.36" "195.178.110.101" [0.001,2.077,2.079|2.079]Request_Body: "-"
104.23.166.142 - - [19/Sep/2026:13:40:54 +0800] "chicmeshop.com" "POST /wp/blog/wp-json/batch/v1 HTTP/1.1" 301 166 "-" "Mozilla/5.0 (Windows NT 10.0; Win64; x64) AppleWebKit/537.36 (KHTML, like Gecko) Chrome/120.0.0.0 Safari/537.36" "195.178.110.101" [-,-,-|0.000]Request_Body: "-"
172.71.95.70 - - [19/Sep/2026:13:40:55 +0800] "www.chicmeshop.com" "GET /blog/blog/wp-json/batch/v1 HTTP/1.1" 404 30255 "http://www.chicmeshop.com/blog/blog/wp-json/batch/v1" "Mozilla/5.0 (Windows NT 10.0; Win64; x64) AppleWebKit/537.36 (KHTML, like Gecko) Chrome/120.0.0.0 Safari/537.36" "195.178.110.101" [0.001,1.939,1.942|1.942]Request_Body: "-"
104.23.166.142 - - [19/Sep/2026:13:40:56 +0800] "chicmeshop.com" "POST /blog/index.php?rest_route=/batch/v1 HTTP/1.1" 301 166 "https://chicmeshop.com/blog/wp-admin/" "Mozilla/5.0 (Windows NT 10.0; Win64; x64) AppleWebKit/537.36 (KHTML, like Gecko) Chrome/120.0.0.0 Safari/537.36" "127.0.0.1,195.178.110.101" [-,-,-|0.000]Request_Body: "-"
172.71.95.70 - - [19/Sep/2026:13:40:56 +0800] "www.chicmeshop.com" "GET /blog/index.php?rest_route=/batch/v1 HTTP/1.1" 403 552 "https://chicmeshop.com/blog/wp-admin/" "Mozilla/5.0 (Windows NT 10.0; Win64; x64) AppleWebKit/537.36 (KHTML, like Gecko) Chrome/120.0.0.0 Safari/537.36" "127.0.0.1,195.178.110.101" [-,-,-|0.000]Request_Body: "-"
104.23.166.142 - - [19/Sep/2026:13:40:56 +0800] "chicmeshop.com" "POST /blog/index.php?rest_route=%2Fbatch%2Fv1 HTTP/1.1" 301 166 "https://chicmeshop.com/blog/wp-admin/" "Mozilla/5.0 (Windows NT 10.0; Win64; x64) AppleWebKit/537.36 (KHTML, like Gecko) Chrome/120.0.0.0 Safari/537.36" "127.0.0.1,195.178.110.101" [-,-,-|0.000]Request_Body: "-"
172.71.183.190 - - [19/Sep/2026:13:40:56 +0800] "www.chicmeshop.com" "GET /wp/blog/wp-json/batch/v1 HTTP/1.1" 404 30255 "http://www.chicmeshop.com/wp/blog/wp-json/batch/v1" "Mozilla/5.0 (Windows NT 10.0; Win64; x64) AppleWebKit/537.36 (KHTML, like Gecko) Chrome/120.0.0.0 Safari/537.36" "195.178.110.101" [0.001,1.861,1.865|1.865]Request_Body: "-"
172.71.95.70 - - [19/Sep/2026:13:40:56 +0800] "www.chicmeshop.com" "GET /blog/index.php?rest_route=%2Fbatch%2Fv1 HTTP/1.1" 403 552 "https://chicmeshop.com/blog/wp-admin/" "Mozilla/5.0 (Windows NT 10.0; Win64; x64) AppleWebKit/537.36 (KHTML, like Gecko) Chrome/120.0.0.0 Safari/537.36" "127.0.0.1,195.178.110.101" [-,-,-|0.000]Request_Body: "-"
104.23.166.142 - - [19/Sep/2026:13:40:56 +0800] "chicmeshop.com" "POST /blog/?rest_route=%2Fbatch%2Fv1 HTTP/1.1" 301 166 "https://chicmeshop.com/blog/wp-admin/" "Mozilla/5.0 (Windows NT 10.0; Win64; x64) AppleWebKit/537.36 (KHTML, like Gecko) Chrome/120.0.0.0 Safari/537.36" "127.0.0.1,195.178.110.101" [-,-,-|0.000]Request_Body: "-"
172.71.103.84 - - [19/Sep/2026:13:40:56 +0800] "chicmeshop.com" "POST /wp/index.php?rest_route=/batch/v1 HTTP/1.1" 301 166 "https://chicmeshop.com/wp/wp-admin/" "Mozilla/5.0 (Windows NT 10.0; Win64; x64) AppleWebKit/537.36 (KHTML, like Gecko) Chrome/120.0.0.0 Safari/537.36" "127.0.0.1,195.178.110.101" [-,-,-|0.000]Request_Body: "-"
172.71.95.70 - - [19/Sep/2026:13:40:56 +0800] "www.chicmeshop.com" "GET /wp/index.php?rest_route=/batch/v1 HTTP/1.1" 403 552 "https://chicmeshop.com/wp/wp-admin/" "Mozilla/5.0 (Windows NT 10.0; Win64; x64) AppleWebKit/537.36 (KHTML, like Gecko) Chrome/120.0.0.0 Safari/537.36" "127.0.0.1,195.178.110.101" [-,-,-|0.000]Request_Body: "-"
172.71.103.84 - - [19/Sep/2026:13:40:57 +0800] "chicmeshop.com" "POST /wp/index.php?rest_route=%2Fbatch%2Fv1 HTTP/1.1" 301 166 "https://chicmeshop.com/wp/wp-admin/" "Mozilla/5.0 (Windows NT 10.0; Win64; x64) AppleWebKit/537.36 (KHTML, like Gecko) Chrome/120.0.0.0 Safari/537.36" "127.0.0.1,195.178.110.101" [-,-,-|0.001]Request_Body: "-"
172.71.95.70 - - [19/Sep/2026:13:40:57 +0800] "www.chicmeshop.com" "GET /wp/index.php?rest_route=%2Fbatch%2Fv1 HTTP/1.1" 403 552 "https://chicmeshop.com/wp/wp-admin/" "Mozilla/5.0 (Windows NT 10.0; Win64; x64) AppleWebKit/537.36 (KHTML, like Gecko) Chrome/120.0.0.0 Safari/537.36" "127.0.0.1,195.178.110.101" [-,-,-|0.000]Request_Body: "-"
172.71.103.84 - - [19/Sep/2026:13:40:57 +0800] "chicmeshop.com" "POST /wp/?rest_route=%2Fbatch%2Fv1 HTTP/1.1" 301 166 "https://chicmeshop.com/wp/wp-admin/" "Mozilla/5.0 (Windows NT 10.0; Win64; x64) AppleWebKit/537.36 (KHTML, like Gecko) Chrome/120.0.0.0 Safari/537.36" "127.0.0.1,195.178.110.101" [-,-,-|0.000]Request_Body: "-"
172.71.183.190 - - [19/Sep/2026:13:40:58 +0800] "www.chicmeshop.com" "GET /blog/?rest_route=%2Fbatch%2Fv1 HTTP/1.1" 404 125 "https://chicmeshop.com/blog/wp-admin/" "Mozilla/5.0 (Windows NT 10.0; Win64; x64) AppleWebKit/537.36 (KHTML, like Gecko) Chrome/120.0.0.0 Safari/537.36" "127.0.0.1,195.178.110.101" [0.001,1.367,1.368|1.368]Request_Body: "-"
172.71.103.84 - - [19/Sep/2026:13:40:58 +0800] "chicmeshop.com" "POST /blog/?rest_route=/batch%2Fv1 HTTP/1.1" 301 166 "https://chicmeshop.com/blog/wp-admin/" "Mozilla/5.0 (Windows NT 10.0; Win64; x64) AppleWebKit/537.36 (KHTML, like Gecko) Chrome/120.0.0.0 Safari/537.36" "127.0.0.1,195.178.110.101" [-,-,-|0.000]Request_Body: "-"
172.71.95.70 - - [19/Sep/2026:13:40:59 +0800] "www.chicmeshop.com" "GET /wp/?rest_route=%2Fbatch%2Fv1 HTTP/1.1" 404 125 "https://chicmeshop.com/wp/wp-admin/" "Mozilla/5.0 (Windows NT 10.0; Win64; x64) AppleWebKit/537.36 (KHTML, like Gecko) Chrome/120.0.0.0 Safari/537.36" "127.0.0.1,195.178.110.101" [0.000,1.445,1.445|1.445]Request_Body: "-"
104.23.166.142 - - [19/Sep/2026:13:40:59 +0800] "chicmeshop.com" "POST /wp/?rest_route=/batch%2Fv1 HTTP/1.1" 301 166 "https://chicmeshop.com/wp/wp-admin/" "Mozilla/5.0 (Windows NT 10.0; Win64; x64) AppleWebKit/537.36 (KHTML, like Gecko) Chrome/120.0.0.0 Safari/537.36" "127.0.0.1,195.178.110.101" [-,-,-|0.000]Request_Body: "-"
172.71.95.70 - - [19/Sep/2026:13:41:01 +0800] "www.chicmeshop.com" "GET /wp/?rest_route=/batch%2Fv1 HTTP/1.1" 404 125 "https://chicmeshop.com/wp/wp-admin/" "Mozilla/5.0 (Windows NT 10.0; Win64; x64) AppleWebKit/537.36 (KHTML, like Gecko) Chrome/120.0.0.0 Safari/537.36" "127.0.0.1,195.178.110.101" [0.000,1.585,1.585|1.585]Request_Body: "-"
172.71.103.84 - - [19/Sep/2026:13:41:04 +0800] "chicmeshop.com" "POST /wp/?rest_route=/batch/v1 HTTP/1.1" 301 166 "https://chicmeshop.com/wp/wp-admin/" "Mozilla/5.0 (Windows NT 10.0; Win64; x64) AppleWebKit/537.36 (KHTML, like Gecko) Chrome/120.0.0.0 Safari/537.36" "127.0.0.1,195.178.110.101" [-,-,-|0.000]Request_Body: "-"
172.71.95.70 - - [19/Sep/2026:13:41:05 +0800] "www.chicmeshop.com" "GET /blog/?rest_route=/batch%2Fv1 HTTP/1.1" 404 125 "https://chicmeshop.com/blog/wp-admin/" "Mozilla/5.0 (Windows NT 10.0; Win64; x64) AppleWebKit/537.36 (KHTML, like Gecko) Chrome/120.0.0.0 Safari/537.36" "127.0.0.1,195.178.110.101" [0.000,1.282,1.282|1.282]Request_Body: "-"
172.71.183.190 - - [19/Sep/2026:13:41:05 +0800] "www.chicmeshop.com" "GET /wp/?rest_route=/batch/v1 HTTP/1.1" 404 125 "https://chicmeshop.com/wp/wp-admin/" "Mozilla/5.0 (Windows NT 10.0; Win64; x64) AppleWebKit/537.36 (KHTML, like Gecko) Chrome/120.0.0.0 Safari/537.36" "127.0.0.1,195.178.110.101" [0.001,1.236,1.236|1.236]Request_Body: "-"
172.71.103.84 - - [19/Sep/2026:13:41:05 +0800] "chicmeshop.com" "POST /blog/?rest_route=/batch/v1 HTTP/1.1" 301 166 "https://chicmeshop.com/blog/wp-admin/" "Mozilla/5.0 (Windows NT 10.0; Win64; x64) AppleWebKit/537.36 (KHTML, like Gecko) Chrome/120.0.0.0 Safari/537.36" "127.0.0.1,195.178.110.101" [-,-,-|0.000]Request_Body: "-"
104.23.166.142 - - [19/Sep/2026:13:41:05 +0800] "chicmeshop.com" "POST /wp/wp-json/batch/v1 HTTP/1.1" 301 166 "https://chicmeshop.com/wp/wp-admin/" "Mozilla/5.0 (Windows NT 10.0; Win64; x64) AppleWebKit/537.36 (KHTML, like Gecko) Chrome/120.0.0.0 Safari/537.36" "127.0.0.1,195.178.110.101" [-,-,-|0.000]Request_Body: "-"
172.71.183.190 - - [19/Sep/2026:13:41:07 +0800] "www.chicmeshop.com" "GET /blog/?rest_route=/batch/v1 HTTP/1.1" 404 125 "https://chicmeshop.com/blog/wp-admin/" "Mozilla/5.0 (Windows NT 10.0; Win64; x64) AppleWebKit/537.36 (KHTML, like Gecko) Chrome/120.0.0.0 Safari/537.36" "127.0.0.1,195.178.110.101" [0.001,1.391,1.391|1.391]Request_Body: "-"
172.71.95.70 - - [19/Sep/2026:13:41:07 +0800] "www.chicmeshop.com" "GET /wp/wp-json/batch/v1 HTTP/1.1" 404 30251 "https://chicmeshop.com/wp/wp-admin/" "Mozilla/5.0 (Windows NT 10.0; Win64; x64) AppleWebKit/537.36 (KHTML, like Gecko) Chrome/120.0.0.0 Safari/537.36" "127.0.0.1,195.178.110.101" [0.001,1.406,1.409|1.409]Request_Body: "-"
104.23.166.142 - - [19/Sep/2026:13:41:07 +0800] "chicmeshop.com" "POST /blog/wp-json/batch/v1 HTTP/1.1" 301 166 "https://chicmeshop.com/blog/wp-admin/" "Mozilla/5.0 (Windows NT 10.0; Win64; x64) AppleWebKit/537.36 (KHTML, like Gecko) Chrome/120.0.0.0 Safari/537.36" "127.0.0.1,195.178.110.101" [-,-,-|0.000]Request_Body: "-"
172.71.103.84 - - [19/Sep/2026:13:41:07 +0800] "chicmeshop.com" "POST /wp/wp-json/Batch/v1 HTTP/1.1" 301 166 "https://chicmeshop.com/wp/wp-admin/" "Mozilla/5.0 (Windows NT 10.0; Win64; x64) AppleWebKit/537.36 (KHTML, like Gecko) Chrome/120.0.0.0 Safari/537.36" "127.0.0.1,195.178.110.101" [-,-,-|0.000]Request_Body: "-"
172.71.95.70 - - [19/Sep/2026:13:41:09 +0800] "www.chicmeshop.com" "GET /blog/wp-json/batch/v1 HTTP/1.1" 404 30253 "https://chicmeshop.com/blog/wp-admin/" "Mozilla/5.0 (Windows NT 10.0; Win64; x64) AppleWebKit/537.36 (KHTML, like Gecko) Chrome/120.0.0.0 Safari/537.36" "127.0.0.1,195.178.110.101" [0.001,1.624,1.626|1.626]Request_Body: "-"
172.71.183.190 - - [19/Sep/2026:13:41:09 +0800] "www.chicmeshop.com" "GET /wp/wp-json/Batch/v1 HTTP/1.1" 404 30249 "https://chicmeshop.com/wp/wp-admin/" "Mozilla/5.0 (Windows NT 10.0; Win64; x64) AppleWebKit/537.36 (KHTML, like Gecko) Chrome/120.0.0.0 Safari/537.36" "127.0.0.1,195.178.110.101" [0.001,1.806,1.815|1.815]Request_Body: "-"
172.71.103.84 - - [19/Sep/2026:13:41:09 +0800] "chicmeshop.com" "POST /blog/wp-json/Batch/v1 HTTP/1.1" 301 166 "https://chicmeshop.com/blog/wp-admin/" "Mozilla/5.0 (Windows NT 10.0; Win64; x64) AppleWebKit/537.36 (KHTML, like Gecko) Chrome/120.0.0.0 Safari/537.36" "127.0.0.1,195.178.110.101" [-,-,-|0.000]Request_Body: "-"
172.71.103.84 - - [19/Sep/2026:13:41:09 +0800] "chicmeshop.com" "POST /wp//wp-json/batch/v1 HTTP/1.1" 301 166 "https://chicmeshop.com/wp/wp-admin/" "Mozilla/5.0 (Windows NT 10.0; Win64; x64) AppleWebKit/537.36 (KHTML, like Gecko) Chrome/120.0.0.0 Safari/537.36" "127.0.0.1,195.178.110.101" [-,-,-|0.000]Request_Body: "-"
172.71.183.190 - - [19/Sep/2026:13:41:11 +0800] "www.chicmeshop.com" "GET /wp//wp-json/batch/v1 HTTP/1.1" 301 5 "https://chicmeshop.com/wp/wp-admin/" "Mozilla/5.0 (Windows NT 10.0; Win64; x64) AppleWebKit/537.36 (KHTML, like Gecko) Chrome/120.0.0.0 Safari/537.36" "127.0.0.1,195.178.110.101" [0.001,1.513,1.513|1.513]Request_Body: "-"
172.71.95.70 - - [19/Sep/2026:13:41:11 +0800] "www.chicmeshop.com" "GET /blog/wp-json/Batch/v1 HTTP/1.1" 404 30251 "https://chicmeshop.com/blog/wp-admin/" "Mozilla/5.0 (Windows NT 10.0; Win64; x64) AppleWebKit/537.36 (KHTML, like Gecko) Chrome/120.0.0.0 Safari/537.36" "127.0.0.1,195.178.110.101" [0.001,1.899,1.901|1.901]Request_Body: "-"
172.71.103.84 - - [19/Sep/2026:13:41:11 +0800] "chicmeshop.com" "POST /blog//wp-json/batch/v1 HTTP/1.1" 301 166 "https://chicmeshop.com/blog/wp-admin/" "Mozilla/5.0 (Windows NT 10.0; Win64; x64) AppleWebKit/537.36 (KHTML, like Gecko) Chrome/120.0.0.0 Safari/537.36" "127.0.0.1,195.178.110.101" [-,-,-|0.000]Request_Body: "-"
172.71.183.190 - - [19/Sep/2026:13:41:13 +0800] "www.chicmeshop.com" "GET /wp/wp-json/batch/v1 HTTP/1.1" 404 30251 "https://chicmeshop.com/wp/wp-admin/" "Mozilla/5.0 (Windows NT 10.0; Win64; x64) AppleWebKit/537.36 (KHTML, like Gecko) Chrome/120.0.0.0 Safari/537.36" "127.0.0.1,195.178.110.101" [0.002,1.474,1.477|1.477]Request_Body: "-"
172.71.95.70 - - [19/Sep/2026:13:41:13 +0800] "www.chicmeshop.com" "GET /blog//wp-json/batch/v1 HTTP/1.1" 301 5 "https://chicmeshop.com/blog/wp-admin/" "Mozilla/5.0 (Windows NT 10.0; Win64; x64) AppleWebKit/537.36 (KHTML, like Gecko) Chrome/120.0.0.0 Safari/537.36" "127.0.0.1,195.178.110.101" [0.000,1.180,1.180|1.180]Request_Body: "-"
172.71.103.84 - - [19/Sep/2026:13:41:13 +0800] "chicmeshop.com" "POST /wp/wp-json/batch/v1/ HTTP/1.1" 301 166 "https://chicmeshop.com/wp/wp-admin/" "Mozilla/5.0 (Windows NT 10.0; Win64; x64) AppleWebKit/537.36 (KHTML, like Gecko) Chrome/120.0.0.0 Safari/537.36" "127.0.0.1,195.178.110.101" [-,-,-|0.000]Request_Body: "-"
172.71.95.70 - - [19/Sep/2026:13:41:15 +0800] "www.chicmeshop.com" "GET /blog/wp-json/batch/v1 HTTP/1.1" 404 30253 "https://chicmeshop.com/blog/wp-admin/" "Mozilla/5.0 (Windows NT 10.0; Win64; x64) AppleWebKit/537.36 (KHTML, like Gecko) Chrome/120.0.0.0 Safari/537.36" "127.0.0.1,195.178.110.101" [0.001,1.768,1.771|1.771]Request_Body: "-"
172.71.183.190 - - [19/Sep/2026:13:41:15 +0800] "www.chicmeshop.com" "GET /wp/wp-json/batch/v1/ HTTP/1.1" 404 30253 "https://chicmeshop.com/wp/wp-admin/" "Mozilla/5.0 (Windows NT 10.0; Win64; x64) AppleWebKit/537.36 (KHTML, like Gecko) Chrome/120.0.0.0 Safari/537.36" "127.0.0.1,195.178.110.101" [0.001,1.881,1.884|1.884]Request_Body: "-"
172.71.103.84 - - [19/Sep/2026:13:41:15 +0800] "chicmeshop.com" "POST /blog/wp-json/batch/v1/ HTTP/1.1" 301 166 "https://chicmeshop.com/blog/wp-admin/" "Mozilla/5.0 (Windows NT 10.0; Win64; x64) AppleWebKit/537.36 (KHTML, like Gecko) Chrome/120.0.0.0 Safari/537.36" "127.0.0.1,195.178.110.101" [-,-,-|0.000]Request_Body: "-"
172.71.103.84 - - [19/Sep/2026:13:41:15 +0800] "chicmeshop.com" "POST /wp/blog/wp-json/batch/v1 HTTP/1.1" 301 166 "https://chicmeshop.com/wp/wp-admin/" "Mozilla/5.0 (Windows NT 10.0; Win64; x64) AppleWebKit/537.36 (KHTML, like Gecko) Chrome/120.0.0.0 Safari/537.36" "127.0.0.1,195.178.110.101" [-,-,-|0.000]Request_Body: "-"
172.71.95.70 - - [19/Sep/2026:13:41:16 +0800] "www.chicmeshop.com" "GET /blog/wp-json/batch/v1/ HTTP/1.1" 404 30255 "https://chicmeshop.com/blog/wp-admin/" "Mozilla/5.0 (Windows NT 10.0; Win64; x64) AppleWebKit/537.36 (KHTML, like Gecko) Chrome/120.0.0.0 Safari/537.36" "127.0.0.1,195.178.110.101" [0.001,1.352,1.355|1.355]Request_Body: "-"
172.71.103.84 - - [19/Sep/2026:13:41:17 +0800] "chicmeshop.com" "POST /blog/blog/wp-json/batch/v1 HTTP/1.1" 301 166 "https://chicmeshop.com/blog/wp-admin/" "Mozilla/5.0 (Windows NT 10.0; Win64; x64) AppleWebKit/537.36 (KHTML, like Gecko) Chrome/120.0.0.0 Safari/537.36" "127.0.0.1,195.178.110.101" [-,-,-|0.000]Request_Body: "-"
172.71.183.190 - - [19/Sep/2026:13:41:17 +0800] "www.chicmeshop.com" "GET /wp/blog/wp-json/batch/v1 HTTP/1.1" 404 30255 "https://chicmeshop.com/wp/wp-admin/" "Mozilla/5.0 (Windows NT 10.0; Win64; x64) AppleWebKit/537.36 (KHTML, like Gecko) Chrome/120.0.0.0 Safari/537.36" "127.0.0.1,195.178.110.101" [0.001,1.525,1.527|1.527]Request_Body: "-"
172.71.103.84 - - [19/Sep/2026:13:41:21 +0800] "chicmeshop.com" "POST /wp/index.php?rest_route=/batch/v1 HTTP/1.1" 301 166 "https://chicmeshop.com/wp/wp-admin/" "Mozilla/5.0 (Windows NT 10.0; Win64; x64) AppleWebKit/537.36 (KHTML, like Gecko) Chrome/120.0.0.0 Safari/537.36" "10.0.0.1,195.178.110.101" [-,-,-|0.001]Request_Body: "-"
172.71.183.190 - - [19/Sep/2026:13:41:21 +0800] "www.chicmeshop.com" "GET /wp/index.php?rest_route=/batch/v1 HTTP/1.1" 403 552 "https://chicmeshop.com/wp/wp-admin/" "Mozilla/5.0 (Windows NT 10.0; Win64; x64) AppleWebKit/537.36 (KHTML, like Gecko) Chrome/120.0.0.0 Safari/537.36" "10.0.0.1,195.178.110.101" [-,-,-|0.000]Request_Body: "-"
172.71.103.84 - - [19/Sep/2026:13:41:21 +0800] "chicmeshop.com" "POST /wp/index.php?rest_route=%2Fbatch%2Fv1 HTTP/1.1" 301 166 "https://chicmeshop.com/wp/wp-admin/" "Mozilla/5.0 (Windows NT 10.0; Win64; x64) AppleWebKit/537.36 (KHTML, like Gecko) Chrome/120.0.0.0 Safari/537.36" "10.0.0.1,195.178.110.101" [-,-,-|0.000]Request_Body: "-"
172.71.183.190 - - [19/Sep/2026:13:41:21 +0800] "www.chicmeshop.com" "GET /wp/index.php?rest_route=%2Fbatch%2Fv1 HTTP/1.1" 403 552 "https://chicmeshop.com/wp/wp-admin/" "Mozilla/5.0 (Windows NT 10.0; Win64; x64) AppleWebKit/537.36 (KHTML, like Gecko) Chrome/120.0.0.0 Safari/537.36" "10.0.0.1,195.178.110.101" [-,-,-|0.000]Request_Body: "-"
172.71.103.84 - - [19/Sep/2026:13:41:22 +0800] "chicmeshop.com" "POST /wp/?rest_route=%2Fbatch%2Fv1 HTTP/1.1" 301 166 "https://chicmeshop.com/wp/wp-admin/" "Mozilla/5.0 (Windows NT 10.0; Win64; x64) AppleWebKit/537.36 (KHTML, like Gecko) Chrome/120.0.0.0 Safari/537.36" "10.0.0.1,195.178.110.101" [-,-,-|0.000]Request_Body: "-"
172.71.95.70 - - [19/Sep/2026:13:41:22 +0800] "www.chicmeshop.com" "GET /blog/blog/wp-json/batch/v1 HTTP/1.1" 404 30255 "https://chicmeshop.com/blog/wp-admin/" "Mozilla/5.0 (Windows NT 10.0; Win64; x64) AppleWebKit/537.36 (KHTML, like Gecko) Chrome/120.0.0.0 Safari/537.36" "127.0.0.1,195.178.110.101" [0.002,1.449,1.452|1.451]Request_Body: "-"
172.71.103.84 - - [19/Sep/2026:13:41:22 +0800] "chicmeshop.com" "POST /blog/index.php?rest_route=/batch/v1 HTTP/1.1" 301 166 "https://chicmeshop.com/blog/wp-admin/" "Mozilla/5.0 (Windows NT 10.0; Win64; x64) AppleWebKit/537.36 (KHTML, like Gecko) Chrome/120.0.0.0 Safari/537.36" "10.0.0.1,195.178.110.101" [-,-,-|0.000]Request_Body: "-"
172.71.95.70 - - [19/Sep/2026:13:41:22 +0800] "www.chicmeshop.com" "GET /blog/index.php?rest_route=/batch/v1 HTTP/1.1" 403 552 "https://chicmeshop.com/blog/wp-admin/" "Mozilla/5.0 (Windows NT 10.0; Win64; x64) AppleWebKit/537.36 (KHTML, like Gecko) Chrome/120.0.0.0 Safari/537.36" "10.0.0.1,195.178.110.101" [-,-,-|0.000]Request_Body: "-"
172.71.103.84 - - [19/Sep/2026:13:41:22 +0800] "chicmeshop.com" "POST /blog/index.php?rest_route=%2Fbatch%2Fv1 HTTP/1.1" 301 166 "https://chicmeshop.com/blog/wp-admin/" "Mozilla/5.0 (Windows NT 10.0; Win64; x64) AppleWebKit/537.36 (KHTML, like Gecko) Chrome/120.0.0.0 Safari/537.36" "10.0.0.1,195.178.110.101" [-,-,-|0.000]Request_Body: "-"
172.71.95.70 - - [19/Sep/2026:13:41:23 +0800] "www.chicmeshop.com" "GET /blog/index.php?rest_route=%2Fbatch%2Fv1 HTTP/1.1" 403 552 "https://chicmeshop.com/blog/wp-admin/" "Mozilla/5.0 (Windows NT 10.0; Win64; x64) AppleWebKit/537.36 (KHTML, like Gecko) Chrome/120.0.0.0 Safari/537.36" "10.0.0.1,195.178.110.101" [-,-,-|0.000]Request_Body: "-"
172.71.103.84 - - [19/Sep/2026:13:41:23 +0800] "chicmeshop.com" "POST /blog/?rest_route=%2Fbatch%2Fv1 HTTP/1.1" 301 166 "https://chicmeshop.com/blog/wp-admin/" "Mozilla/5.0 (Windows NT 10.0; Win64; x64) AppleWebKit/537.36 (KHTML, like Gecko) Chrome/120.0.0.0 Safari/537.36" "10.0.0.1,195.178.110.101" [-,-,-|0.000]Request_Body: "-"
172.71.183.190 - - [19/Sep/2026:13:41:23 +0800] "www.chicmeshop.com" "GET /wp/?rest_route=%2Fbatch%2Fv1 HTTP/1.1" 404 125 "https://chicmeshop.com/wp/wp-admin/" "Mozilla/5.0 (Windows NT 10.0; Win64; x64) AppleWebKit/537.36 (KHTML, like Gecko) Chrome/120.0.0.0 Safari/537.36" "10.0.0.1,195.178.110.101" [0.001,1.312,1.312|1.312]Request_Body: "-"
172.71.103.84 - - [19/Sep/2026:13:41:23 +0800] "chicmeshop.com" "POST /wp/?rest_route=/batch%2Fv1 HTTP/1.1" 301 166 "https://chicmeshop.com/wp/wp-admin/" "Mozilla/5.0 (Windows NT 10.0; Win64; x64) AppleWebKit/537.36 (KHTML, like Gecko) Chrome/120.0.0.0 Safari/537.36" "10.0.0.1,195.178.110.101" [-,-,-|0.000]Request_Body: "-"
172.71.95.70 - - [19/Sep/2026:13:41:25 +0800] "www.chicmeshop.com" "GET /blog/?rest_route=%2Fbatch%2Fv1 HTTP/1.1" 404 125 "https://chicmeshop.com/blog/wp-admin/" "Mozilla/5.0 (Windows NT 10.0; Win64; x64) AppleWebKit/537.36 (KHTML, like Gecko) Chrome/120.0.0.0 Safari/537.36" "10.0.0.1,195.178.110.101" [0.001,1.440,1.440|1.440]Request_Body: "-"
172.71.103.84 - - [19/Sep/2026:13:41:25 +0800] "chicmeshop.com" "POST /blog/?rest_route=/batch%2Fv1 HTTP/1.1" 301 166 "https://chicmeshop.com/blog/wp-admin/" "Mozilla/5.0 (Windows NT 10.0; Win64; x64) AppleWebKit/537.36 (KHTML, like Gecko) Chrome/120.0.0.0 Safari/537.36" "10.0.0.1,195.178.110.101" [-,-,-|0.000]Request_Body: "-"
172.71.183.190 - - [19/Sep/2026:13:41:25 +0800] "www.chicmeshop.com" "GET /wp/?rest_route=/batch%2Fv1 HTTP/1.1" 404 125 "https://chicmeshop.com/wp/wp-admin/" "Mozilla/5.0 (Windows NT 10.0; Win64; x64) AppleWebKit/537.36 (KHTML, like Gecko) Chrome/120.0.0.0 Safari/537.36" "10.0.0.1,195.178.110.101" [0.001,1.667,1.667|1.668]Request_Body: "-"
172.71.103.84 - - [19/Sep/2026:13:41:25 +0800] "chicmeshop.com" "POST /wp/?rest_route=/batch/v1 HTTP/1.1" 301 166 "https://chicmeshop.com/wp/wp-admin/" "Mozilla/5.0 (Windows NT 10.0; Win64; x64) AppleWebKit/537.36 (KHTML, like Gecko) Chrome/120.0.0.0 Safari/537.36" "10.0.0.1,195.178.110.101" [-,-,-|0.000]Request_Body: "-"
172.71.95.70 - - [19/Sep/2026:13:41:27 +0800] "www.chicmeshop.com" "GET /wp/?rest_route=/batch/v1 HTTP/1.1" 404 125 "https://chicmeshop.com/wp/wp-admin/" "Mozilla/5.0 (Windows NT 10.0; Win64; x64) AppleWebKit/537.36 (KHTML, like Gecko) Chrome/120.0.0.0 Safari/537.36" "10.0.0.1,195.178.110.101" [0.001,1.362,1.362|1.362]Request_Body: "-"
172.71.183.190 - - [19/Sep/2026:13:41:27 +0800] "www.chicmeshop.com" "GET /blog/?rest_route=/batch%2Fv1 HTTP/1.1" 404 125 "https://chicmeshop.com/blog/wp-admin/" "Mozilla/5.0 (Windows NT 10.0; Win64; x64) AppleWebKit/537.36 (KHTML, like Gecko) Chrome/120.0.0.0 Safari/537.36" "10.0.0.1,195.178.110.101" [0.001,1.795,1.795|1.795]Request_Body: "-"
172.71.103.84 - - [19/Sep/2026:13:41:27 +0800] "chicmeshop.com" "POST /wp/wp-json/batch/v1 HTTP/1.1" 301 166 "https://chicmeshop.com/wp/wp-admin/" "Mozilla/5.0 (Windows NT 10.0; Win64; x64) AppleWebKit/537.36 (KHTML, like Gecko) Chrome/120.0.0.0 Safari/537.36" "10.0.0.1,195.178.110.101" [-,-,-|0.000]Request_Body: "-"
104.23.166.142 - - [19/Sep/2026:13:41:27 +0800] "chicmeshop.com" "POST /blog/?rest_route=/batch/v1 HTTP/1.1" 301 166 "https://chicmeshop.com/blog/wp-admin/" "Mozilla/5.0 (Windows NT 10.0; Win64; x64) AppleWebKit/537.36 (KHTML, like Gecko) Chrome/120.0.0.0 Safari/537.36" "10.0.0.1,195.178.110.101" [-,-,-|0.000]Request_Body: "-"
172.71.183.190 - - [19/Sep/2026:13:41:28 +0800] "www.chicmeshop.com" "GET /wp/wp-json/batch/v1 HTTP/1.1" 404 30251 "https://chicmeshop.com/wp/wp-admin/" "Mozilla/5.0 (Windows NT 10.0; Win64; x64) AppleWebKit/537.36 (KHTML, like Gecko) Chrome/120.0.0.0 Safari/537.36" "10.0.0.1,195.178.110.101" [0.000,1.382,1.385|1.385]Request_Body: "-"
172.71.95.70 - - [19/Sep/2026:13:41:29 +0800] "www.chicmeshop.com" "GET /blog/?rest_route=/batch/v1 HTTP/1.1" 404 125 "https://chicmeshop.com/blog/wp-admin/" "Mozilla/5.0 (Windows NT 10.0; Win64; x64) AppleWebKit/537.36 (KHTML, like Gecko) Chrome/120.0.0.0 Safari/537.36" "10.0.0.1,195.178.110.101" [0.001,1.431,1.431|1.431]Request_Body: "-"
104.23.166.142 - - [19/Sep/2026:13:41:29 +0800] "chicmeshop.com" "POST /wp/wp-json/Batch/v1 HTTP/1.1" 301 166 "https://chicmeshop.com/wp/wp-admin/" "Mozilla/5.0 (Windows NT 10.0; Win64; x64) AppleWebKit/537.36 (KHTML, like Gecko) Chrome/120.0.0.0 Safari/537.36" "10.0.0.1,195.178.110.101" [-,-,-|0.000]Request_Body: "-"
172.71.103.84 - - [19/Sep/2026:13:41:29 +0800] "chicmeshop.com" "POST /blog/wp-json/batch/v1 HTTP/1.1" 301 166 "https://chicmeshop.com/blog/wp-admin/" "Mozilla/5.0 (Windows NT 10.0; Win64; x64) AppleWebKit/537.36 (KHTML, like Gecko) Chrome/120.0.0.0 Safari/537.36" "10.0.0.1,195.178.110.101" [-,-,-|0.000]Request_Body: "-"
172.71.95.70 - - [19/Sep/2026:13:41:30 +0800] "www.chicmeshop.com" "GET /wp/wp-json/Batch/v1 HTTP/1.1" 404 30249 "https://chicmeshop.com/wp/wp-admin/" "Mozilla/5.0 (Windows NT 10.0; Win64; x64) AppleWebKit/537.36 (KHTML, like Gecko) Chrome/120.0.0.0 Safari/537.36" "10.0.0.1,195.178.110.101" [0.000,1.278,1.281|1.281]Request_Body: "-"
172.71.183.190 - - [19/Sep/2026:13:41:30 +0800] "www.chicmeshop.com" "GET /blog/wp-json/batch/v1 HTTP/1.1" 404 30253 "https://chicmeshop.com/blog/wp-admin/" "Mozilla/5.0 (Windows NT 10.0; Win64; x64) AppleWebKit/537.36 (KHTML, like Gecko) Chrome/120.0.0.0 Safari/537.36" "10.0.0.1,195.178.110.101" [0.001,1.322,1.326|1.327]Request_Body: "-"
172.71.103.84 - - [19/Sep/2026:13:41:31 +0800] "chicmeshop.com" "POST /wp//wp-json/batch/v1 HTTP/1.1" 301 166 "https://chicmeshop.com/wp/wp-admin/" "Mozilla/5.0 (Windows NT 10.0; Win64; x64) AppleWebKit/537.36 (KHTML, like Gecko) Chrome/120.0.0.0 Safari/537.36" "10.0.0.1,195.178.110.101" [-,-,-|0.000]Request_Body: "-"
104.23.166.142 - - [19/Sep/2026:13:41:31 +0800] "chicmeshop.com" "POST /blog/wp-json/Batch/v1 HTTP/1.1" 301 166 "https://chicmeshop.com/blog/wp-admin/" "Mozilla/5.0 (Windows NT 10.0; Win64; x64) AppleWebKit/537.36 (KHTML, like Gecko) Chrome/120.0.0.0 Safari/537.36" "10.0.0.1,195.178.110.101" [-,-,-|0.000]Request_Body: "-"
172.71.183.190 - - [19/Sep/2026:13:41:32 +0800] "www.chicmeshop.com" "GET /wp//wp-json/batch/v1 HTTP/1.1" 301 5 "https://chicmeshop.com/wp/wp-admin/" "Mozilla/5.0 (Windows NT 10.0; Win64; x64) AppleWebKit/537.36 (KHTML, like Gecko) Chrome/120.0.0.0 Safari/537.36" "10.0.0.1,195.178.110.101" [0.001,1.180,1.180|1.180]Request_Body: "-"
172.71.95.70 - - [19/Sep/2026:13:41:33 +0800] "www.chicmeshop.com" "GET /blog/wp-json/Batch/v1 HTTP/1.1" 404 30251 "https://chicmeshop.com/blog/wp-admin/" "Mozilla/5.0 (Windows NT 10.0; Win64; x64) AppleWebKit/537.36 (KHTML, like Gecko) Chrome/120.0.0.0 Safari/537.36" "10.0.0.1,195.178.110.101" [0.001,1.432,1.435|1.435]Request_Body: "-"
172.71.103.84 - - [19/Sep/2026:13:41:33 +0800] "chicmeshop.com" "POST /blog//wp-json/batch/v1 HTTP/1.1" 301 166 "https://chicmeshop.com/blog/wp-admin/" "Mozilla/5.0 (Windows NT 10.0; Win64; x64) AppleWebKit/537.36 (KHTML, like Gecko) Chrome/120.0.0.0 Safari/537.36" "10.0.0.1,195.178.110.101" [-,-,-|0.000]Request_Body: "-"
172.71.183.190 - - [19/Sep/2026:13:41:34 +0800] "www.chicmeshop.com" "GET /wp/wp-json/batch/v1 HTTP/1.1" 404 30251 "https://chicmeshop.com/wp/wp-admin/" "Mozilla/5.0 (Windows NT 10.0; Win64; x64) AppleWebKit/537.36 (KHTML, like Gecko) Chrome/120.0.0.0 Safari/537.36" "10.0.0.1,195.178.110.101" [0.002,1.386,1.389|1.389]Request_Body: "-"
172.71.95.70 - - [19/Sep/2026:13:41:34 +0800] "www.chicmeshop.com" "GET /blog//wp-json/batch/v1 HTTP/1.1" 301 5 "https://chicmeshop.com/blog/wp-admin/" "Mozilla/5.0 (Windows NT 10.0; Win64; x64) AppleWebKit/537.36 (KHTML, like Gecko) Chrome/120.0.0.0 Safari/537.36" "10.0.0.1,195.178.110.101" [0.001,1.133,1.133|1.133]Request_Body: "-"
172.71.103.84 - - [19/Sep/2026:13:41:37 +0800] "chicmeshop.com" "POST /wp/wp-json/batch/v1/ HTTP/1.1" 301 166 "https://chicmeshop.com/wp/wp-admin/" "Mozilla/5.0 (Windows NT 10.0; Win64; x64) AppleWebKit/537.36 (KHTML, like Gecko) Chrome/120.0.0.0 Safari/537.36" "10.0.0.1,195.178.110.101" [-,-,-|0.000]Request_Body: "-"
172.71.95.70 - - [19/Sep/2026:13:41:39 +0800] "www.chicmeshop.com" "GET /blog/wp-json/batch/v1 HTTP/1.1" 404 30253 "https://chicmeshop.com/blog/wp-admin/" "Mozilla/5.0 (Windows NT 10.0; Win64; x64) AppleWebKit/537.36 (KHTML, like Gecko) Chrome/120.0.0.0 Safari/537.36" "10.0.0.1,195.178.110.101" [0.001,1.664,1.667|1.667]Request_Body: "-"
172.71.103.84 - - [19/Sep/2026:13:41:39 +0800] "chicmeshop.com" "POST /blog/wp-json/batch/v1/ HTTP/1.1" 301 166 "https://chicmeshop.com/blog/wp-admin/" "Mozilla/5.0 (Windows NT 10.0; Win64; x64) AppleWebKit/537.36 (KHTML, like Gecko) Chrome/120.0.0.0 Safari/537.36" "10.0.0.1,195.178.110.101" [-,-,-|0.000]Request_Body: "-"
172.71.183.190 - - [19/Sep/2026:13:41:39 +0800] "www.chicmeshop.com" "GET /wp/wp-json/batch/v1/ HTTP/1.1" 404 30253 "https://chicmeshop.com/wp/wp-admin/" "Mozilla/5.0 (Windows NT 10.0; Win64; x64) AppleWebKit/537.36 (KHTML, like Gecko) Chrome/120.0.0.0 Safari/537.36" "10.0.0.1,195.178.110.101" [0.001,1.835,1.837|1.837]Request_Body: "-"
172.71.103.84 - - [19/Sep/2026:13:41:39 +0800] "chicmeshop.com" "POST /wp/blog/wp-json/batch/v1 HTTP/1.1" 301 166 "https://chicmeshop.com/wp/wp-admin/" "Mozilla/5.0 (Windows NT 10.0; Win64; x64) AppleWebKit/537.36 (KHTML, like Gecko) Chrome/120.0.0.0 Safari/537.36" "10.0.0.1,195.178.110.101" [-,-,-|0.000]Request_Body: "-"
172.71.95.70 - - [19/Sep/2026:13:41:41 +0800] "www.chicmeshop.com" "GET /blog/wp-json/batch/v1/ HTTP/1.1" 404 30255 "https://chicmeshop.com/blog/wp-admin/" "Mozilla/5.0 (Windows NT 10.0; Win64; x64) AppleWebKit/537.36 (KHTML, like Gecko) Chrome/120.0.0.0 Safari/537.36" "10.0.0.1,195.178.110.101" [0.001,1.532,1.535|1.535]Request_Body: "-"
172.71.183.190 - - [19/Sep/2026:13:41:41 +0800] "www.chicmeshop.com" "GET /wp/blog/wp-json/batch/v1 HTTP/1.1" 404 30255 "https://chicmeshop.com/wp/wp-admin/" "Mozilla/5.0 (Windows NT 10.0; Win64; x64) AppleWebKit/537.36 (KHTML, like Gecko) Chrome/120.0.0.0 Safari/537.36" "10.0.0.1,195.178.110.101" [0.000,1.322,1.324|1.325]Request_Body: "-"
172.71.103.84 - - [19/Sep/2026:13:41:41 +0800] "chicmeshop.com" "POST /blog/blog/wp-json/batch/v1 HTTP/1.1" 301 166 "https://chicmeshop.com/blog/wp-admin/" "Mozilla/5.0 (Windows NT 10.0; Win64; x64) AppleWebKit/537.36 (KHTML, like Gecko) Chrome/120.0.0.0 Safari/537.36" "10.0.0.1,195.178.110.101" [-,-,-|0.000]Request_Body: "-"
104.23.166.142 - - [19/Sep/2026:13:41:41 +0800] "chicmeshop.com" "POST /wp/index.php?rest_route=/batch/v1 HTTP/1.1" 301 166 "https://chicmeshop.com/wp/wp-admin/" "Mozilla/5.0 (Windows NT 10.0; Win64; x64) AppleWebKit/537.36 (KHTML, like Gecko) Chrome/120.0.0.0 Safari/537.36" "127.0.0.1,195.178.110.101" [-,-,-|0.000]Request_Body: "-"
172.71.95.70 - - [19/Sep/2026:13:41:42 +0800] "www.chicmeshop.com" "GET /wp/index.php?rest_route=/batch/v1 HTTP/1.1" 403 552 "https://chicmeshop.com/wp/wp-admin/" "Mozilla/5.0 (Windows NT 10.0; Win64; x64) AppleWebKit/537.36 (KHTML, like Gecko) Chrome/120.0.0.0 Safari/537.36" "127.0.0.1,195.178.110.101" [-,-,-|0.000]Request_Body: "-"
104.23.166.142 - - [19/Sep/2026:13:41:42 +0800] "chicmeshop.com" "POST /wp/index.php?rest_route=%2Fbatch%2Fv1 HTTP/1.1" 301 166 "https://chicmeshop.com/wp/wp-admin/" "Mozilla/5.0 (Windows NT 10.0; Win64; x64) AppleWebKit/537.36 (KHTML, like Gecko) Chrome/120.0.0.0 Safari/537.36" "127.0.0.1,195.178.110.101" [-,-,-|0.000]Request_Body: "-"
