172.71.95.70 - - [19/Sep/2026:13:41:42 +0800] "www.chicmeshop.com" "GET /wp/index.php?rest_route=%2Fbatch%2Fv1 HTTP/1.1" 403 552 "https://chicmeshop.com/wp/wp-admin/" "Mozilla/5.0 (Windows NT 10.0; Win64; x64) AppleWebKit/537.36 (KHTML, like Gecko) Chrome/120.0.0.0 Safari/537.36" "127.0.0.1,195.178.110.101" [-,-,-|0.000]Request_Body: "-"
104.23.166.142 - - [19/Sep/2026:13:41:42 +0800] "chicmeshop.com" "POST /wp/?rest_route=%2Fbatch%2Fv1 HTTP/1.1" 301 166 "https://chicmeshop.com/wp/wp-admin/" "Mozilla/5.0 (Windows NT 10.0; Win64; x64) AppleWebKit/537.36 (KHTML, like Gecko) Chrome/120.0.0.0 Safari/537.36" "127.0.0.1,195.178.110.101" [-,-,-|0.000]Request_Body: "-"
172.71.183.190 - - [19/Sep/2026:13:41:43 +0800] "www.chicmeshop.com" "GET /blog/blog/wp-json/batch/v1 HTTP/1.1" 404 30255 "https://chicmeshop.com/blog/wp-admin/" "Mozilla/5.0 (Windows NT 10.0; Win64; x64) AppleWebKit/537.36 (KHTML, like Gecko) Chrome/120.0.0.0 Safari/537.36" "10.0.0.1,195.178.110.101" [0.001,1.626,1.637|1.636]Request_Body: "-"
104.23.166.142 - - [19/Sep/2026:13:41:43 +0800] "chicmeshop.com" "POST /blog/index.php?rest_route=/batch/v1 HTTP/1.1" 301 166 "https://chicmeshop.com/blog/wp-admin/" "Mozilla/5.0 (Windows NT 10.0; Win64; x64) AppleWebKit/537.36 (KHTML, like Gecko) Chrome/120.0.0.0 Safari/537.36" "127.0.0.1,195.178.110.101" [-,-,-|0.000]Request_Body: "-"
172.71.95.70 - - [19/Sep/2026:13:41:43 +0800] "www.chicmeshop.com" "GET /wp/?rest_route=%2Fbatch%2Fv1 HTTP/1.1" 404 125 "https://chicmeshop.com/wp/wp-admin/" "Mozilla/5.0 (Windows NT 10.0; Win64; x64) AppleWebKit/537.36 (KHTML, like Gecko) Chrome/120.0.0.0 Safari/537.36" "127.0.0.1,195.178.110.101" [0.001,1.275,1.275|1.275]Request_Body: "-"
172.71.183.190 - - [19/Sep/2026:13:41:43 +0800] "www.chicmeshop.com" "GET /blog/index.php?rest_route=/batch/v1 HTTP/1.1" 403 552 "https://chicmeshop.com/blog/wp-admin/" "Mozilla/5.0 (Windows NT 10.0; Win64; x64) AppleWebKit/537.36 (KHTML, like Gecko) Chrome/120.0.0.0 Safari/537.36" "127.0.0.1,195.178.110.101" [-,-,-|0.000]Request_Body: "-"
104.23.166.142 - - [19/Sep/2026:13:41:44 +0800] "chicmeshop.com" "POST /wp/?rest_route=/batch%2Fv1 HTTP/1.1" 301 166 "https://chicmeshop.com/wp/wp-admin/" "Mozilla/5.0 (Windows NT 10.0; Win64; x64) AppleWebKit/537.36 (KHTML, like Gecko) Chrome/120.0.0.0 Safari/537.36" "127.0.0.1,195.178.110.101" [-,-,-|0.000]Request_Body: "-"
172.71.103.84 - - [19/Sep/2026:13:41:44 +0800] "chicmeshop.com" "POST /blog/index.php?rest_route=%2Fbatch%2Fv1 HTTP/1.1" 301 166 "https://chicmeshop.com/blog/wp-admin/" "Mozilla/5.0 (Windows NT 10.0; Win64; x64) AppleWebKit/537.36 (KHTML, like Gecko) Chrome/120.0.0.0 Safari/537.36" "127.0.0.1,195.178.110.101" [-,-,-|0.000]Request_Body: "-"
172.71.95.70 - - [19/Sep/2026:13:41:44 +0800] "www.chicmeshop.com" "GET /blog/index.php?rest_route=%2Fbatch%2Fv1 HTTP/1.1" 403 552 "https://chicmeshop.com/blog/wp-admin/" "Mozilla/5.0 (Windows NT 10.0; Win64; x64) AppleWebKit/537.36 (KHTML, like Gecko) Chrome/120.0.0.0 Safari/537.36" "127.0.0.1,195.178.110.101" [-,-,-|0.000]Request_Body: "-"
172.71.103.84 - - [19/Sep/2026:13:41:44 +0800] "chicmeshop.com" "POST /blog/?rest_route=%2Fbatch%2Fv1 HTTP/1.1" 301 166 "https://chicmeshop.com/blog/wp-admin/" "Mozilla/5.0 (Windows NT 10.0; Win64; x64) AppleWebKit/537.36 (KHTML, like Gecko) Chrome/120.0.0.0 Safari/537.36" "127.0.0.1,195.178.110.101" [-,-,-|0.000]Request_Body: "-"
172.71.183.190 - - [19/Sep/2026:13:41:45 +0800] "www.chicmeshop.com" "GET /wp/?rest_route=/batch%2Fv1 HTTP/1.1" 404 125 "https://chicmeshop.com/wp/wp-admin/" "Mozilla/5.0 (Windows NT 10.0; Win64; x64) AppleWebKit/537.36 (KHTML, like Gecko) Chrome/120.0.0.0 Safari/537.36" "127.0.0.1,195.178.110.101" [0.001,1.336,1.336|1.336]Request_Body: "-"
172.71.103.84 - - [19/Sep/2026:13:41:45 +0800] "chicmeshop.com" "POST /wp/?rest_route=/batch/v1 HTTP/1.1" 301 166 "https://chicmeshop.com/wp/wp-admin/" "Mozilla/5.0 (Windows NT 10.0; Win64; x64) AppleWebKit/537.36 (KHTML, like Gecko) Chrome/120.0.0.0 Safari/537.36" "127.0.0.1,195.178.110.101" [-,-,-|0.000]Request_Body: "-"
172.71.95.70 - - [19/Sep/2026:13:41:45 +0800] "www.chicmeshop.com" "GET /blog/?rest_route=%2Fbatch%2Fv1 HTTP/1.1" 404 125 "https://chicmeshop.com/blog/wp-admin/" "Mozilla/5.0 (Windows NT 10.0; Win64; x64) AppleWebKit/537.36 (KHTML, like Gecko) Chrome/120.0.0.0 Safari/537.36" "127.0.0.1,195.178.110.101" [0.001,1.367,1.367|1.367]Request_Body: "-"
172.71.103.84 - - [19/Sep/2026:13:41:46 +0800] "chicmeshop.com" "POST /blog/?rest_route=/batch%2Fv1 HTTP/1.1" 301 166 "https://chicmeshop.com/blog/wp-admin/" "Mozilla/5.0 (Windows NT 10.0; Win64; x64) AppleWebKit/537.36 (KHTML, like Gecko) Chrome/120.0.0.0 Safari/537.36" "127.0.0.1,195.178.110.101" [-,-,-|0.001]Request_Body: "-"
172.71.183.190 - - [19/Sep/2026:13:41:47 +0800] "www.chicmeshop.com" "GET /wp/?rest_route=/batch/v1 HTTP/1.1" 404 125 "https://chicmeshop.com/wp/wp-admin/" "Mozilla/5.0 (Windows NT 10.0; Win64; x64) AppleWebKit/537.36 (KHTML, like Gecko) Chrome/120.0.0.0 Safari/537.36" "127.0.0.1,195.178.110.101" [0.001,1.745,1.745|1.745]Request_Body: "-"
172.71.95.70 - - [19/Sep/2026:13:41:47 +0800] "www.chicmeshop.com" "GET /blog/?rest_route=/batch%2Fv1 HTTP/1.1" 404 125 "https://chicmeshop.com/blog/wp-admin/" "Mozilla/5.0 (Windows NT 10.0; Win64; x64) AppleWebKit/537.36 (KHTML, like Gecko) Chrome/120.0.0.0 Safari/537.36" "127.0.0.1,195.178.110.101" [0.001,1.439,1.439|1.439]Request_Body: "-"
172.71.103.84 - - [19/Sep/2026:13:41:47 +0800] "chicmeshop.com" "POST /wp/wp-json/batch/v1 HTTP/1.1" 301 166 "https://chicmeshop.com/wp/wp-admin/" "Mozilla/5.0 (Windows NT 10.0; Win64; x64) AppleWebKit/537.36 (KHTML, like Gecko) Chrome/120.0.0.0 Safari/537.36" "127.0.0.1,195.178.110.101" [-,-,-|0.000]Request_Body: "-"
104.23.166.142 - - [19/Sep/2026:13:41:47 +0800] "chicmeshop.com" "POST /blog/?rest_route=/batch/v1 HTTP/1.1" 301 166 "https://chicmeshop.com/blog/wp-admin/" "Mozilla/5.0 (Windows NT 10.0; Win64; x64) AppleWebKit/537.36 (KHTML, like Gecko) Chrome/120.0.0.0 Safari/537.36" "127.0.0.1,195.178.110.101" [-,-,-|0.000]Request_Body: "-"
172.71.95.70 - - [19/Sep/2026:13:41:49 +0800] "www.chicmeshop.com" "GET /wp/wp-json/batch/v1 HTTP/1.1" 404 30251 "https://chicmeshop.com/wp/wp-admin/" "Mozilla/5.0 (Windows NT 10.0; Win64; x64) AppleWebKit/537.36 (KHTML, like Gecko) Chrome/120.0.0.0 Safari/537.36" "127.0.0.1,195.178.110.101" [0.001,1.365,1.372|1.372]Request_Body: "-"
172.71.183.190 - - [19/Sep/2026:13:41:49 +0800] "www.chicmeshop.com" "GET /blog/?rest_route=/batch/v1 HTTP/1.1" 404 125 "https://chicmeshop.com/blog/wp-admin/" "Mozilla/5.0 (Windows NT 10.0; Win64; x64) AppleWebKit/537.36 (KHTML, like Gecko) Chrome/120.0.0.0 Safari/537.36" "127.0.0.1,195.178.110.101" [0.002,1.467,1.467|1.468]Request_Body: "-"
104.23.166.142 - - [19/Sep/2026:13:41:49 +0800] "chicmeshop.com" "POST /wp/wp-json/Batch/v1 HTTP/1.1" 301 166 "https://chicmeshop.com/wp/wp-admin/" "Mozilla/5.0 (Windows NT 10.0; Win64; x64) AppleWebKit/537.36 (KHTML, like Gecko) Chrome/120.0.0.0 Safari/537.36" "127.0.0.1,195.178.110.101" [-,-,-|0.000]Request_Body: "-"
172.71.103.84 - - [19/Sep/2026:13:41:49 +0800] "chicmeshop.com" "POST /blog/wp-json/batch/v1 HTTP/1.1" 301 166 "https://chicmeshop.com/blog/wp-admin/" "Mozilla/5.0 (Windows NT 10.0; Win64; x64) AppleWebKit/537.36 (KHTML, like Gecko) Chrome/120.0.0.0 Safari/537.36" "127.0.0.1,195.178.110.101" [-,-,-|0.000]Request_Body: "-"
172.71.183.190 - - [19/Sep/2026:13:41:50 +0800] "www.chicmeshop.com" "GET /wp/wp-json/Batch/v1 HTTP/1.1" 404 30249 "https://chicmeshop.com/wp/wp-admin/" "Mozilla/5.0 (Windows NT 10.0; Win64; x64) AppleWebKit/537.36 (KHTML, like Gecko) Chrome/120.0.0.0 Safari/537.36" "127.0.0.1,195.178.110.101" [0.000,1.331,1.334|1.334]Request_Body: "-"
172.71.95.70 - - [19/Sep/2026:13:41:51 +0800] "www.chicmeshop.com" "GET /blog/wp-json/batch/v1 HTTP/1.1" 404 30253 "https://chicmeshop.com/blog/wp-admin/" "Mozilla/5.0 (Windows NT 10.0; Win64; x64) AppleWebKit/537.36 (KHTML, like Gecko) Chrome/120.0.0.0 Safari/537.36" "127.0.0.1,195.178.110.101" [0.001,1.390,1.393|1.393]Request_Body: "-"
172.71.103.84 - - [19/Sep/2026:13:41:53 +0800] "chicmeshop.com" "POST /wp//wp-json/batch/v1 HTTP/1.1" 301 166 "https://chicmeshop.com/wp/wp-admin/" "Mozilla/5.0 (Windows NT 10.0; Win64; x64) AppleWebKit/537.36 (KHTML, like Gecko) Chrome/120.0.0.0 Safari/537.36" "127.0.0.1,195.178.110.101" [-,-,-|0.000]Request_Body: "-"
104.23.166.142 - - [19/Sep/2026:13:41:53 +0800] "chicmeshop.com" "POST /blog/wp-json/Batch/v1 HTTP/1.1" 301 166 "https://chicmeshop.com/blog/wp-admin/" "Mozilla/5.0 (Windows NT 10.0; Win64; x64) AppleWebKit/537.36 (KHTML, like Gecko) Chrome/120.0.0.0 Safari/537.36" "127.0.0.1,195.178.110.101" [-,-,-|0.000]Request_Body: "-"
172.71.183.190 - - [19/Sep/2026:13:41:55 +0800] "www.chicmeshop.com" "GET /wp//wp-json/batch/v1 HTTP/1.1" 301 5 "https://chicmeshop.com/wp/wp-admin/" "Mozilla/5.0 (Windows NT 10.0; Win64; x64) AppleWebKit/537.36 (KHTML, like Gecko) Chrome/120.0.0.0 Safari/537.36" "127.0.0.1,195.178.110.101" [0.001,1.074,1.074|1.074]Request_Body: "-"
172.71.95.70 - - [19/Sep/2026:13:41:56 +0800] "www.chicmeshop.com" "GET /blog/wp-json/Batch/v1 HTTP/1.1" 404 30251 "https://chicmeshop.com/blog/wp-admin/" "Mozilla/5.0 (Windows NT 10.0; Win64; x64) AppleWebKit/537.36 (KHTML, like Gecko) Chrome/120.0.0.0 Safari/537.36" "127.0.0.1,195.178.110.101" [0.001,1.320,1.324|1.324]Request_Body: "-"
172.71.103.84 - - [19/Sep/2026:13:41:56 +0800] "chicmeshop.com" "POST /blog//wp-json/batch/v1 HTTP/1.1" 301 166 "https://chicmeshop.com/blog/wp-admin/" "Mozilla/5.0 (Windows NT 10.0; Win64; x64) AppleWebKit/537.36 (KHTML, like Gecko) Chrome/120.0.0.0 Safari/537.36" "127.0.0.1,195.178.110.101" [-,-,-|0.000]Request_Body: "-"
172.71.95.70 - - [19/Sep/2026:13:41:57 +0800] "www.chicmeshop.com" "GET /blog//wp-json/batch/v1 HTTP/1.1" 301 5 "https://chicmeshop.com/blog/wp-admin/" "Mozilla/5.0 (Windows NT 10.0; Win64; x64) AppleWebKit/537.36 (KHTML, like Gecko) Chrome/120.0.0.0 Safari/537.36" "127.0.0.1,195.178.110.101" [0.000,1.253,1.253|1.253]Request_Body: "-"
172.71.183.190 - - [19/Sep/2026:13:41:57 +0800] "www.chicmeshop.com" "GET /wp/wp-json/batch/v1 HTTP/1.1" 404 30251 "https://chicmeshop.com/wp/wp-admin/" "Mozilla/5.0 (Windows NT 10.0; Win64; x64) AppleWebKit/537.36 (KHTML, like Gecko) Chrome/120.0.0.0 Safari/537.36" "127.0.0.1,195.178.110.101" [0.001,1.800,1.802|1.802]Request_Body: "-"
172.71.103.84 - - [19/Sep/2026:13:41:58 +0800] "chicmeshop.com" "POST /wp/wp-json/batch/v1/ HTTP/1.1" 301 166 "https://chicmeshop.com/wp/wp-admin/" "Mozilla/5.0 (Windows NT 10.0; Win64; x64) AppleWebKit/537.36 (KHTML, like Gecko) Chrome/120.0.0.0 Safari/537.36" "127.0.0.1,195.178.110.101" [-,-,-|0.000]Request_Body: "-"
172.71.95.70 - - [19/Sep/2026:13:41:59 +0800] "www.chicmeshop.com" "GET /blog/wp-json/batch/v1 HTTP/1.1" 404 30253 "https://chicmeshop.com/blog/wp-admin/" "Mozilla/5.0 (Windows NT 10.0; Win64; x64) AppleWebKit/537.36 (KHTML, like Gecko) Chrome/120.0.0.0 Safari/537.36" "127.0.0.1,195.178.110.101" [0.001,1.442,1.445|1.444]Request_Body: "-"
172.71.183.190 - - [19/Sep/2026:13:41:59 +0800] "www.chicmeshop.com" "GET /wp/wp-json/batch/v1/ HTTP/1.1" 404 30253 "https://chicmeshop.com/wp/wp-admin/" "Mozilla/5.0 (Windows NT 10.0; Win64; x64) AppleWebKit/537.36 (KHTML, like Gecko) Chrome/120.0.0.0 Safari/537.36" "127.0.0.1,195.178.110.101" [0.001,1.403,1.406|1.406]Request_Body: "-"
172.71.103.84 - - [19/Sep/2026:13:41:59 +0800] "chicmeshop.com" "POST /blog/wp-json/batch/v1/ HTTP/1.1" 301 166 "https://chicmeshop.com/blog/wp-admin/" "Mozilla/5.0 (Windows NT 10.0; Win64; x64) AppleWebKit/537.36 (KHTML, like Gecko) Chrome/120.0.0.0 Safari/537.36" "127.0.0.1,195.178.110.101" [-,-,-|0.000]Request_Body: "-"
172.71.103.84 - - [19/Sep/2026:13:41:59 +0800] "chicmeshop.com" "POST /wp/blog/wp-json/batch/v1 HTTP/1.1" 301 166 "https://chicmeshop.com/wp/wp-admin/" "Mozilla/5.0 (Windows NT 10.0; Win64; x64) AppleWebKit/537.36 (KHTML, like Gecko) Chrome/120.0.0.0 Safari/537.36" "127.0.0.1,195.178.110.101" [-,-,-|0.001]Request_Body: "-"
172.71.95.70 - - [19/Sep/2026:13:42:01 +0800] "www.chicmeshop.com" "GET /blog/wp-json/batch/v1/ HTTP/1.1" 404 30255 "https://chicmeshop.com/blog/wp-admin/" "Mozilla/5.0 (Windows NT 10.0; Win64; x64) AppleWebKit/537.36 (KHTML, like Gecko) Chrome/120.0.0.0 Safari/537.36" "127.0.0.1,195.178.110.101" [0.000,1.514,1.517|1.517]Request_Body: "-"
172.71.183.190 - - [19/Sep/2026:13:42:01 +0800] "www.chicmeshop.com" "GET /wp/blog/wp-json/batch/v1 HTTP/1.1" 404 30255 "https://chicmeshop.com/wp/wp-admin/" "Mozilla/5.0 (Windows NT 10.0; Win64; x64) AppleWebKit/537.36 (KHTML, like Gecko) Chrome/120.0.0.0 Safari/537.36" "127.0.0.1,195.178.110.101" [0.001,1.411,1.414|1.414]Request_Body: "-"
172.71.103.84 - - [19/Sep/2026:13:42:01 +0800] "chicmeshop.com" "POST /blog/blog/wp-json/batch/v1 HTTP/1.1" 301 166 "https://chicmeshop.com/blog/wp-admin/" "Mozilla/5.0 (Windows NT 10.0; Win64; x64) AppleWebKit/537.36 (KHTML, like Gecko) Chrome/120.0.0.0 Safari/537.36" "127.0.0.1,195.178.110.101" [-,-,-|0.000]Request_Body: "-"
172.71.103.84 - - [19/Sep/2026:13:42:01 +0800] "chicmeshop.com" "POST /wp/index.php?rest_route=/batch/v1 HTTP/1.1" 301 166 "https://chicmeshop.com/wp/wp-admin/" "WordPress/6.4.3" "127.0.0.1,195.178.110.101" [-,-,-|0.000]Request_Body: "-"
172.71.183.190 - - [19/Sep/2026:13:42:01 +0800] "www.chicmeshop.com" "GET /wp/index.php?rest_route=/batch/v1 HTTP/1.1" 403 150 "https://chicmeshop.com/wp/wp-admin/" "WordPress/6.4.3" "127.0.0.1,195.178.110.101" [-,-,-|0.000]Request_Body: "-"
172.71.103.84 - - [19/Sep/2026:13:42:02 +0800] "chicmeshop.com" "POST /wp/index.php?rest_route=%2Fbatch%2Fv1 HTTP/1.1" 301 166 "https://chicmeshop.com/wp/wp-admin/" "WordPress/6.4.3" "127.0.0.1,195.178.110.101" [-,-,-|0.000]Request_Body: "-"
172.71.183.190 - - [19/Sep/2026:13:42:02 +0800] "www.chicmeshop.com" "GET /wp/index.php?rest_route=%2Fbatch%2Fv1 HTTP/1.1" 403 150 "https://chicmeshop.com/wp/wp-admin/" "WordPress/6.4.3" "127.0.0.1,195.178.110.101" [-,-,-|0.000]Request_Body: "-"
172.71.103.84 - - [19/Sep/2026:13:42:02 +0800] "chicmeshop.com" "POST /wp/?rest_route=%2Fbatch%2Fv1 HTTP/1.1" 301 166 "https://chicmeshop.com/wp/wp-admin/" "WordPress/6.4.3" "127.0.0.1,195.178.110.101" [-,-,-|0.000]Request_Body: "-"
172.71.95.70 - - [19/Sep/2026:13:42:03 +0800] "www.chicmeshop.com" "GET /blog/blog/wp-json/batch/v1 HTTP/1.1" 404 30255 "https://chicmeshop.com/blog/wp-admin/" "Mozilla/5.0 (Windows NT 10.0; Win64; x64) AppleWebKit/537.36 (KHTML, like Gecko) Chrome/120.0.0.0 Safari/537.36" "127.0.0.1,195.178.110.101" [0.001,1.352,1.355|1.355]Request_Body: "-"
172.71.103.84 - - [19/Sep/2026:13:42:03 +0800] "chicmeshop.com" "POST /blog/index.php?rest_route=/batch/v1 HTTP/1.1" 301 166 "https://chicmeshop.com/blog/wp-admin/" "WordPress/6.4.3" "127.0.0.1,195.178.110.101" [-,-,-|0.000]Request_Body: "-"
172.71.95.70 - - [19/Sep/2026:13:42:03 +0800] "www.chicmeshop.com" "GET /blog/index.php?rest_route=/batch/v1 HTTP/1.1" 403 150 "https://chicmeshop.com/blog/wp-admin/" "WordPress/6.4.3" "127.0.0.1,195.178.110.101" [-,-,-|0.000]Request_Body: "-"
172.71.103.84 - - [19/Sep/2026:13:42:03 +0800] "chicmeshop.com" "POST /blog/index.php?rest_route=%2Fbatch%2Fv1 HTTP/1.1" 301 166 "https://chicmeshop.com/blog/wp-admin/" "WordPress/6.4.3" "127.0.0.1,195.178.110.101" [-,-,-|0.000]Request_Body: "-"
172.71.95.70 - - [19/Sep/2026:13:42:03 +0800] "www.chicmeshop.com" "GET /blog/index.php?rest_route=%2Fbatch%2Fv1 HTTP/1.1" 403 150 "https://chicmeshop.com/blog/wp-admin/" "WordPress/6.4.3" "127.0.0.1,195.178.110.101" [-,-,-|0.000]Request_Body: "-"
172.71.103.84 - - [19/Sep/2026:13:42:04 +0800] "chicmeshop.com" "POST /blog/?rest_route=%2Fbatch%2Fv1 HTTP/1.1" 301 166 "https://chicmeshop.com/blog/wp-admin/" "WordPress/6.4.3" "127.0.0.1,195.178.110.101" [-,-,-|0.001]Request_Body: "-"
172.71.183.190 - - [19/Sep/2026:13:42:04 +0800] "www.chicmeshop.com" "GET /wp/?rest_route=%2Fbatch%2Fv1 HTTP/1.1" 404 125 "https://chicmeshop.com/wp/wp-admin/" "WordPress/6.4.3" "127.0.0.1,195.178.110.101" [0.001,1.594,1.594|1.594]Request_Body: "-"
172.71.103.84 - - [19/Sep/2026:13:42:04 +0800] "chicmeshop.com" "POST /wp/?rest_route=/batch%2Fv1 HTTP/1.1" 301 166 "https://chicmeshop.com/wp/wp-admin/" "WordPress/6.4.3" "127.0.0.1,195.178.110.101" [-,-,-|0.000]Request_Body: "-"
172.71.95.70 - - [19/Sep/2026:13:42:05 +0800] "www.chicmeshop.com" "GET /blog/?rest_route=%2Fbatch%2Fv1 HTTP/1.1" 404 125 "https://chicmeshop.com/blog/wp-admin/" "WordPress/6.4.3" "127.0.0.1,195.178.110.101" [0.001,1.456,1.456|1.456]Request_Body: "-"
172.71.103.84 - - [19/Sep/2026:13:42:05 +0800] "chicmeshop.com" "POST /blog/?rest_route=/batch%2Fv1 HTTP/1.1" 301 166 "https://chicmeshop.com/blog/wp-admin/" "WordPress/6.4.3" "127.0.0.1,195.178.110.101" [-,-,-|0.000]Request_Body: "-"
172.71.183.190 - - [19/Sep/2026:13:42:05 +0800] "www.chicmeshop.com" "GET /wp/?rest_route=/batch%2Fv1 HTTP/1.1" 404 125 "https://chicmeshop.com/wp/wp-admin/" "WordPress/6.4.3" "127.0.0.1,195.178.110.101" [0.001,1.385,1.385|1.385]Request_Body: "-"
172.71.103.84 - - [19/Sep/2026:13:42:05 +0800] "chicmeshop.com" "POST /wp/?rest_route=/batch/v1 HTTP/1.1" 301 166 "https://chicmeshop.com/wp/wp-admin/" "WordPress/6.4.3" "127.0.0.1,195.178.110.101" [-,-,-|0.000]Request_Body: "-"
172.71.95.70 - - [19/Sep/2026:13:42:07 +0800] "www.chicmeshop.com" "GET /blog/?rest_route=/batch%2Fv1 HTTP/1.1" 404 125 "https://chicmeshop.com/blog/wp-admin/" "WordPress/6.4.3" "127.0.0.1,195.178.110.101" [0.001,1.632,1.632|1.632]Request_Body: "-"
172.71.183.190 - - [19/Sep/2026:13:42:07 +0800] "www.chicmeshop.com" "GET /wp/?rest_route=/batch/v1 HTTP/1.1" 404 125 "https://chicmeshop.com/wp/wp-admin/" "WordPress/6.4.3" "127.0.0.1,195.178.110.101" [0.000,1.549,1.550|1.550]Request_Body: "-"
172.71.103.84 - - [19/Sep/2026:13:42:10 +0800] "chicmeshop.com" "POST /blog/?rest_route=/batch/v1 HTTP/1.1" 301 166 "https://chicmeshop.com/blog/wp-admin/" "WordPress/6.4.3" "127.0.0.1,195.178.110.101" [-,-,-|0.000]Request_Body: "-"
104.23.166.142 - - [19/Sep/2026:13:42:10 +0800] "chicmeshop.com" "POST /wp/wp-json/batch/v1 HTTP/1.1" 301 166 "https://chicmeshop.com/wp/wp-admin/" "WordPress/6.4.3" "127.0.0.1,195.178.110.101" [-,-,-|0.000]Request_Body: "-"
172.71.95.70 - - [19/Sep/2026:13:42:12 +0800] "www.chicmeshop.com" "GET /blog/?rest_route=/batch/v1 HTTP/1.1" 404 125 "https://chicmeshop.com/blog/wp-admin/" "WordPress/6.4.3" "127.0.0.1,195.178.110.101" [0.000,1.234,1.234|1.234]Request_Body: "-"
172.71.183.190 - - [19/Sep/2026:13:42:12 +0800] "www.chicmeshop.com" "GET /wp/wp-json/batch/v1 HTTP/1.1" 404 30251 "https://chicmeshop.com/wp/wp-admin/" "WordPress/6.4.3" "127.0.0.1,195.178.110.101" [0.000,1.374,1.381|1.381]Request_Body: "-"
172.71.103.84 - - [19/Sep/2026:13:42:12 +0800] "chicmeshop.com" "POST /blog/wp-json/batch/v1 HTTP/1.1" 301 166 "https://chicmeshop.com/blog/wp-admin/" "WordPress/6.4.3" "127.0.0.1,195.178.110.101" [-,-,-|0.000]Request_Body: "-"
172.71.103.84 - - [19/Sep/2026:13:42:12 +0800] "chicmeshop.com" "POST /wp/wp-json/Batch/v1 HTTP/1.1" 301 166 "https://chicmeshop.com/wp/wp-admin/" "WordPress/6.4.3" "127.0.0.1,195.178.110.101" [-,-,-|0.000]Request_Body: "-"
172.71.95.70 - - [19/Sep/2026:13:42:14 +0800] "www.chicmeshop.com" "GET /blog/wp-json/batch/v1 HTTP/1.1" 404 30253 "https://chicmeshop.com/blog/wp-admin/" "WordPress/6.4.3" "127.0.0.1,195.178.110.101" [0.001,1.969,1.971|1.972]Request_Body: "-"
172.71.103.84 - - [19/Sep/2026:13:42:14 +0800] "chicmeshop.com" "POST /blog/wp-json/Batch/v1 HTTP/1.1" 301 166 "https://chicmeshop.com/blog/wp-admin/" "WordPress/6.4.3" "127.0.0.1,195.178.110.101" [-,-,-|0.000]Request_Body: "-"
172.71.183.190 - - [19/Sep/2026:13:42:14 +0800] "www.chicmeshop.com" "GET /wp/wp-json/Batch/v1 HTTP/1.1" 404 30249 "https://chicmeshop.com/wp/wp-admin/" "WordPress/6.4.3" "127.0.0.1,195.178.110.101" [0.001,1.924,1.928|1.928]Request_Body: "-"
172.71.103.84 - - [19/Sep/2026:13:42:14 +0800] "chicmeshop.com" "POST /wp//wp-json/batch/v1 HTTP/1.1" 301 166 "https://chicmeshop.com/wp/wp-admin/" "WordPress/6.4.3" "127.0.0.1,195.178.110.101" [-,-,-|0.000]Request_Body: "-"
172.71.95.70 - - [19/Sep/2026:13:42:16 +0800] "www.chicmeshop.com" "GET /blog/wp-json/Batch/v1 HTTP/1.1" 404 30251 "https://chicmeshop.com/blog/wp-admin/" "WordPress/6.4.3" "127.0.0.1,195.178.110.101" [0.001,1.484,1.487|1.487]Request_Body: "-"
172.71.183.190 - - [19/Sep/2026:13:42:16 +0800] "www.chicmeshop.com" "GET /wp//wp-json/batch/v1 HTTP/1.1" 301 5 "https://chicmeshop.com/wp/wp-admin/" "WordPress/6.4.3" "127.0.0.1,195.178.110.101" [0.002,1.098,1.098|1.098]Request_Body: "-"
172.71.103.84 - - [19/Sep/2026:13:42:16 +0800] "chicmeshop.com" "POST /blog//wp-json/batch/v1 HTTP/1.1" 301 166 "https://chicmeshop.com/blog/wp-admin/" "WordPress/6.4.3" "127.0.0.1,195.178.110.101" [-,-,-|0.000]Request_Body: "-"
172.71.95.70 - - [19/Sep/2026:13:42:18 +0800] "www.chicmeshop.com" "GET /blog//wp-json/batch/v1 HTTP/1.1" 301 5 "https://chicmeshop.com/blog/wp-admin/" "WordPress/6.4.3" "127.0.0.1,195.178.110.101" [0.001,1.323,1.323|1.323]Request_Body: "-"
172.71.183.190 - - [19/Sep/2026:13:42:18 +0800] "www.chicmeshop.com" "GET /wp/wp-json/batch/v1 HTTP/1.1" 404 30251 "https://chicmeshop.com/wp/wp-admin/" "WordPress/6.4.3" "127.0.0.1,195.178.110.101" [0.001,1.687,1.690|1.690]Request_Body: "-"
172.71.103.84 - - [19/Sep/2026:13:42:18 +0800] "chicmeshop.com" "POST /wp/wp-json/batch/v1/ HTTP/1.1" 301 166 "https://chicmeshop.com/wp/wp-admin/" "WordPress/6.4.3" "127.0.0.1,195.178.110.101" [-,-,-|0.000]Request_Body: "-"
172.71.95.70 - - [19/Sep/2026:13:42:20 +0800] "www.chicmeshop.com" "GET /blog/wp-json/batch/v1 HTTP/1.1" 404 30253 "https://chicmeshop.com/blog/wp-admin/" "WordPress/6.4.3" "127.0.0.1,195.178.110.101" [0.001,1.907,1.910|1.910]Request_Body: "-"
172.71.103.84 - - [19/Sep/2026:13:42:20 +0800] "chicmeshop.com" "POST /blog/wp-json/batch/v1/ HTTP/1.1" 301 166 "https://chicmeshop.com/blog/wp-admin/" "WordPress/6.4.3" "127.0.0.1,195.178.110.101" [-,-,-|0.000]Request_Body: "-"
172.71.183.190 - - [19/Sep/2026:13:42:20 +0800] "www.chicmeshop.com" "GET /wp/wp-json/batch/v1/ HTTP/1.1" 404 30253 "https://chicmeshop.com/wp/wp-admin/" "WordPress/6.4.3" "127.0.0.1,195.178.110.101" [0.001,1.642,1.650|1.651]Request_Body: "-"
172.71.103.84 - - [19/Sep/2026:13:42:20 +0800] "chicmeshop.com" "POST /wp/blog/wp-json/batch/v1 HTTP/1.1" 301 166 "https://chicmeshop.com/wp/wp-admin/" "WordPress/6.4.3" "127.0.0.1,195.178.110.101" [-,-,-|0.000]Request_Body: "-"
172.71.95.70 - - [19/Sep/2026:13:42:22 +0800] "www.chicmeshop.com" "GET /blog/wp-json/batch/v1/ HTTP/1.1" 404 30255 "https://chicmeshop.com/blog/wp-admin/" "WordPress/6.4.3" "127.0.0.1,195.178.110.101" [0.000,1.556,1.559|1.559]Request_Body: "-"
172.71.183.190 - - [19/Sep/2026:13:42:22 +0800] "www.chicmeshop.com" "GET /wp/blog/wp-json/batch/v1 HTTP/1.1" 404 30255 "https://chicmeshop.com/wp/wp-admin/" "WordPress/6.4.3" "127.0.0.1,195.178.110.101" [0.000,1.420,1.423|1.423]Request_Body: "-"
172.71.103.84 - - [19/Sep/2026:13:42:22 +0800] "chicmeshop.com" "POST /blog/blog/wp-json/batch/v1 HTTP/1.1" 301 166 "https://chicmeshop.com/blog/wp-admin/" "WordPress/6.4.3" "127.0.0.1,195.178.110.101" [-,-,-|0.000]Request_Body: "-"
172.71.103.84 - - [19/Sep/2026:13:42:22 +0800] "chicmeshop.com" "GET /wp/wp/v2/posts/999999 HTTP/1.1" 301 166 "-" "Mozilla/5.0 (Windows NT 10.0; Win64; x64) AppleWebKit/537.36 (KHTML, like Gecko) Chrome/120.0.0.0 Safari/537.36" "195.178.110.101" [-,-,-|0.000]Request_Body: "-"
172.71.95.70 - - [19/Sep/2026:13:42:24 +0800] "www.chicmeshop.com" "GET /blog/blog/wp-json/batch/v1 HTTP/1.1" 404 30255 "https://chicmeshop.com/blog/wp-admin/" "WordPress/6.4.3" "127.0.0.1,195.178.110.101" [0.000,1.690,1.693|1.693]Request_Body: "-"
172.71.183.190 - - [19/Sep/2026:13:42:24 +0800] "www.chicmeshop.com" "GET /wp/wp/v2/posts/999999 HTTP/1.1" 404 30500 "http://www.chicmeshop.com/wp/wp/v2/posts/999999" "Mozilla/5.0 (Windows NT 10.0; Win64; x64) AppleWebKit/537.36 (KHTML, like Gecko) Chrome/120.0.0.0 Safari/537.36" "195.178.110.101" [0.001,1.596,1.599|1.599]Request_Body: "-"
172.71.103.84 - - [19/Sep/2026:13:42:27 +0800] "chicmeshop.com" "GET /blog/wp/v2/posts/999999 HTTP/1.1" 301 166 "-" "Mozilla/5.0 (Windows NT 10.0; Win64; x64) AppleWebKit/537.36 (KHTML, like Gecko) Chrome/120.0.0.0 Safari/537.36" "195.178.110.101" [-,-,-|0.000]Request_Body: "-"
172.71.103.84 - - [19/Sep/2026:13:42:28 +0800] "chicmeshop.com" "GET /wp/?rest_route=/wp/v2/posts/999999 HTTP/1.1" 301 166 "-" "Mozilla/5.0 (Windows NT 10.0; Win64; x64) AppleWebKit/537.36 (KHTML, like Gecko) Chrome/120.0.0.0 Safari/537.36" "195.178.110.101" [-,-,-|0.000]Request_Body: "-"
172.71.183.190 - - [19/Sep/2026:13:42:29 +0800] "www.chicmeshop.com" "GET /blog/wp/v2/posts/999999 HTTP/1.1" 404 30502 "http://www.chicmeshop.com/blog/wp/v2/posts/999999" "Mozilla/5.0 (Windows NT 10.0; Win64; x64) AppleWebKit/537.36 (KHTML, like Gecko) Chrome/120.0.0.0 Safari/537.36" "195.178.110.101" [0.001,1.522,1.525|1.525]Request_Body: "-"
172.71.103.84 - - [19/Sep/2026:13:42:29 +0800] "chicmeshop.com" "GET /blog/?rest_route=/wp/v2/posts/999999 HTTP/1.1" 301 166 "-" "Mozilla/5.0 (Windows NT 10.0; Win64; x64) AppleWebKit/537.36 (KHTML, like Gecko) Chrome/120.0.0.0 Safari/537.36" "195.178.110.101" [-,-,-|0.000]Request_Body: "-"
172.71.95.70 - - [19/Sep/2026:13:42:30 +0800] "www.chicmeshop.com" "GET /wp/?rest_route=/wp/v2/posts/999999 HTTP/1.1" 404 93 "http://www.chicmeshop.com/wp/?rest_route=/wp/v2/posts/999999" "Mozilla/5.0 (Windows NT 10.0; Win64; x64) AppleWebKit/537.36 (KHTML, like Gecko) Chrome/120.0.0.0 Safari/537.36" "195.178.110.101" [0.001,1.703,1.703|1.703]Request_Body: "-"
172.71.103.84 - - [19/Sep/2026:13:42:30 +0800] "chicmeshop.com" "GET /wp/wp/v2/pages HTTP/1.1" 301 166 "-" "Mozilla/5.0 (Windows NT 10.0; Win64; x64) AppleWebKit/537.36 (KHTML, like Gecko) Chrome/120.0.0.0 Safari/537.36" "195.178.110.101" [-,-,-|0.000]Request_Body: "-"
172.71.183.190 - - [19/Sep/2026:13:42:31 +0800] "www.chicmeshop.com" "GET /blog/?rest_route=/wp/v2/posts/999999 HTTP/1.1" 404 93 "http://www.chicmeshop.com/blog/?rest_route=/wp/v2/posts/999999" "Mozilla/5.0 (Windows NT 10.0; Win64; x64) AppleWebKit/537.36 (KHTML, like Gecko) Chrome/120.0.0.0 Safari/537.36" "195.178.110.101" [0.001,1.652,1.652|1.652]Request_Body: "-"
172.71.103.84 - - [19/Sep/2026:13:42:31 +0800] "chicmeshop.com" "GET /blog/wp/v2/pages HTTP/1.1" 301 166 "-" "Mozilla/5.0 (Windows NT 10.0; Win64; x64) AppleWebKit/537.36 (KHTML, like Gecko) Chrome/120.0.0.0 Safari/537.36" "195.178.110.101" [-,-,-|0.000]Request_Body: "-"
172.71.95.70 - - [19/Sep/2026:13:42:32 +0800] "www.chicmeshop.com" "GET /wp/wp/v2/pages HTTP/1.1" 404 30497 "http://www.chicmeshop.com/wp/wp/v2/pages" "Mozilla/5.0 (Windows NT 10.0; Win64; x64) AppleWebKit/537.36 (KHTML, like Gecko) Chrome/120.0.0.0 Safari/537.36" "195.178.110.101" [0.000,1.400,1.403|1.403]Request_Body: "-"
172.71.103.84 - - [19/Sep/2026:13:42:32 +0800] "chicmeshop.com" "GET /wp/?rest_route=/wp/v2/pages HTTP/1.1" 301 166 "-" "Mozilla/5.0 (Windows NT 10.0; Win64; x64) AppleWebKit/537.36 (KHTML, like Gecko) Chrome/120.0.0.0 Safari/537.36" "195.178.110.101" [-,-,-|0.000]Request_Body: "-"
172.71.183.190 - - [19/Sep/2026:13:42:33 +0800] "www.chicmeshop.com" "GET /blog/wp/v2/pages HTTP/1.1" 404 30498 "http://www.chicmeshop.com/blog/wp/v2/pages" "Mozilla/5.0 (Windows NT 10.0; Win64; x64) AppleWebKit/537.36 (KHTML, like Gecko) Chrome/120.0.0.0 Safari/537.36" "195.178.110.101" [0.001,1.520,1.525|1.525]Request_Body: "-"
172.71.103.84 - - [19/Sep/2026:13:42:33 +0800] "chicmeshop.com" "GET /blog/?rest_route=/wp/v2/pages HTTP/1.1" 301 166 "-" "Mozilla/5.0 (Windows NT 10.0; Win64; x64) AppleWebKit/537.36 (KHTML, like Gecko) Chrome/120.0.0.0 Safari/537.36" "195.178.110.101" [-,-,-|0.000]Request_Body: "-"
172.71.95.70 - - [19/Sep/2026:13:42:34 +0800] "www.chicmeshop.com" "GET /wp/?rest_route=/wp/v2/pages HTTP/1.1" 200 156447 "http://www.chicmeshop.com/wp/?rest_route=/wp/v2/pages" "Mozilla/5.0 (Windows NT 10.0; Win64; x64) AppleWebKit/537.36 (KHTML, like Gecko) Chrome/120.0.0.0 Safari/537.36" "195.178.110.101" [0.001,1.456,1.459|1.593]Request_Body: "-"
172.71.103.84 - - [19/Sep/2026:13:42:34 +0800] "chicmeshop.com" "GET /wp/wp/v2/posts/999999?author_exclude=1&orderby=none&per_page=5 HTTP/1.1" 301 166 "-" "Mozilla/5.0 (Windows NT 10.0; Win64; x64) AppleWebKit/537.36 (KHTML, like Gecko) Chrome/120.0.0.0 Safari/537.36" "195.178.110.101" [-,-,-|0.000]Request_Body: "-"
172.71.183.190 - - [19/Sep/2026:13:42:35 +0800] "www.chicmeshop.com" "GET /blog/?rest_route=/wp/v2/pages HTTP/1.1" 200 156471 "http://www.chicmeshop.com/blog/?rest_route=/wp/v2/pages" "Mozilla/5.0 (Windows NT 10.0; Win64; x64) AppleWebKit/537.36 (KHTML, like Gecko) Chrome/120.0.0.0 Safari/537.36" "195.178.110.101" [0.001,1.602,1.603|1.739]Request_Body: "-"
172.71.103.84 - - [19/Sep/2026:13:42:36 +0800] "chicmeshop.com" "GET /blog/wp/v2/posts/999999?author_exclude=1&orderby=none&per_page=5 HTTP/1.1" 301 166 "-" "Mozilla/5.0 (Windows NT 10.0; Win64; x64) AppleWebKit/537.36 (KHTML, like Gecko) Chrome/120.0.0.0 Safari/537.36" "195.178.110.101" [-,-,-|0.000]Request_Body: "-"
172.71.95.70 - - [19/Sep/2026:13:42:36 +0800] "www.chicmeshop.com" "GET /wp/wp/v2/posts/999999?author_exclude=1&orderby=none&per_page=5 HTTP/1.1" 404 30539 "http://www.chicmeshop.com/wp/wp/v2/posts/999999?author_exclude=1&orderby=none&per_page=5" "Mozilla/5.0 (Windows NT 10.0; Win64; x64) AppleWebKit/537.36 (KHTML, like Gecko) Chrome/120.0.0.0 Safari/537.36" "195.178.110.101" [0.001,1.477,1.480|1.480]Request_Body: "-"
172.71.103.84 - - [19/Sep/2026:13:42:36 +0800] "chicmeshop.com" "GET /wp/?rest_route=/wp/v2/posts/999999&author_exclude=1&orderby=none&per_page=5 HTTP/1.1" 301 166 "-" "Mozilla/5.0 (Windows NT 10.0; Win64; x64) AppleWebKit/537.36 (KHTML, like Gecko) Chrome/120.0.0.0 Safari/537.36" "195.178.110.101" [-,-,-|0.000]Request_Body: "-"
172.71.183.190 - - [19/Sep/2026:13:42:37 +0800] "www.chicmeshop.com" "GET /blog/wp/v2/posts/999999?author_exclude=1&orderby=none&per_page=5 HTTP/1.1" 404 30540 "http://www.chicmeshop.com/blog/wp/v2/posts/999999?author_exclude=1&orderby=none&per_page=5" "Mozilla/5.0 (Windows NT 10.0; Win64; x64) AppleWebKit/537.36 (KHTML, like Gecko) Chrome/120.0.0.0 Safari/537.36" "195.178.110.101" [0.001,1.576,1.579|1.579]Request_Body: "-"
172.71.103.84 - - [19/Sep/2026:13:42:38 +0800] "chicmeshop.com" "GET /blog/?rest_route=/wp/v2/posts/999999&author_exclude=1&orderby=none&per_page=5 HTTP/1.1" 301 166 "-" "Mozilla/5.0 (Windows NT 10.0; Win64; x64) AppleWebKit/537.36 (KHTML, like Gecko) Chrome/120.0.0.0 Safari/537.36" "195.178.110.101" [-,-,-|0.000]Request_Body: "-"
172.71.95.70 - - [19/Sep/2026:13:42:38 +0800] "www.chicmeshop.com" "GET /wp/?rest_route=/wp/v2/posts/999999&author_exclude=1&orderby=none&per_page=5 HTTP/1.1" 404 93 "http://www.chicmeshop.com/wp/?rest_route=/wp/v2/posts/999999&author_exclude=1&orderby=none&per_page=5" "Mozilla/5.0 (Windows NT 10.0; Win64; x64) AppleWebKit/537.36 (KHTML, like Gecko) Chrome/120.0.0.0 Safari/537.36" "195.178.110.101" [0.001,1.610,1.610|1.610]Request_Body: "-"
172.71.183.190 - - [19/Sep/2026:13:42:39 +0800] "www.chicmeshop.com" "GET /blog/?rest_route=/wp/v2/posts/999999&author_exclude=1&orderby=none&per_page=5 HTTP/1.1" 404 93 "http://www.chicmeshop.com/blog/?rest_route=/wp/v2/posts/999999&author_exclude=1&orderby=none&per_page=5" "Mozilla/5.0 (Windows NT 10.0; Win64; x64) AppleWebKit/537.36 (KHTML, like Gecko) Chrome/120.0.0.0 Safari/537.36" "195.178.110.101" [0.001,1.523,1.523|1.523]Request_Body: "-"
108.162.245.187 - - [19/Sep/2026:13:42:54 +0800] "www.chicmeshop.com" "GET /shop/page/2/?stock_status=instock&per_page=12&shop_view=grid&per_row=2 HTTP/1.1" 200 41903 "-" "Mozilla/5.0 (Linux; Android 6.0.1; Nexus 5X Build/MMB29P) AppleWebKit/537.36 (KHTML, like Gecko) Chrome/153.0.8010.47 Mobile Safari/537.36 (compatible; Googlebot/2.1; +http://www.google.com/bot.html)" "66.249.79.169" [0.001,1.831,1.835|1.835]Request_Body: "-"
104.23.211.161 - - [19/Sep/2026:14:00:23 +0800] "www.chicmeshop.com" "GET /category/tienda/monos-y-camisolas/?per_row=2&per_page=9&shop_view=list HTTP/1.1" 499 0 "-" "Mozilla/5.0 AppleWebKit/537.36 (KHTML, like Gecko; compatible; bingbot/2.0; +http://www.bing.com/bingbot.htm) Chrome/116.0.1938.76 Safari/537.36" "40.77.167.25" [0.001,-,125.013|125.014]Request_Body: "-"
172.71.191.75 - - [19/Sep/2026:14:00:23 +0800] "www.chicmeshop.com" "GET /product/vestido-maxi-de-denim-azul-massie-2/ HTTP/1.1" 499 0 "-" "Mozilla/5.0 AppleWebKit/537.36 (KHTML, like Gecko; compatible; bingbot/2.0; +http://www.bing.com/bingbot.htm) Chrome/116.0.1938.76 Safari/537.36" "52.167.144.213" [0.001,-,125.011|125.011]Request_Body: "-"
104.22.104.86 - - [19/Sep/2026:14:00:38 +0800] "www.chicmeshop.com" "GET /product/vestido-maxi-de-cinturon-con-brillantes-negros-de-valencia/ HTTP/1.1" 499 0 "-" "Mozilla/5.0 AppleWebKit/537.36 (KHTML, like Gecko; compatible; bingbot/2.0; +http://www.bing.com/bingbot.htm) Chrome/116.0.1938.76 Safari/537.36" "40.77.167.4" [0.012,-,125.014|125.014]Request_Body: "-"
172.70.35.191 - - [19/Sep/2026:14:09:17 +0800] "www.chicmeshop.com" "GET /product/mono-de-pierna-larga-con-escote-en-v-y-brillo-dorado-de-mecca/ HTTP/1.1" 200 44005 "-" "Mozilla/5.0 AppleWebKit/537.36 (KHTML, like Gecko; compatible; bingbot/2.0; +http://www.bing.com/bingbot.htm) Chrome/116.0.1938.76 Safari/537.36" "52.167.144.221" [0.001,68.681,68.688|68.688]Request_Body: "-"
172.70.135.84 - - [19/Sep/2026:14:09:50 +0800] "www.chicmeshop.com" "GET /product/udar-vestido-de-tren-con-plumas-negras-y-brillantes/ HTTP/1.1" 499 0 "-" "Mozilla/5.0 AppleWebKit/537.36 (KHTML, like Gecko; compatible; bingbot/2.0; +http://www.bing.com/bingbot.htm) Chrome/116.0.1938.76 Safari/537.36" "52.167.144.183" [0.012,-,125.008|125.008]Request_Body: "-"
172.70.35.103 - - [19/Sep/2026:14:19:29 +0800] "www.chicmeshop.com" "GET /shop/?stock_status=instock&per_row=3&per_page=24&shop_view=list HTTP/1.1" 499 0 "-" "Mozilla/5.0 AppleWebKit/537.36 (KHTML, like Gecko; compatible; bingbot/2.0; +http://www.bing.com/bingbot.htm) Chrome/116.0.1938.76 Safari/537.36" "52.167.144.169" [0.000,-,125.012|125.012]Request_Body: "-"
172.70.174.140 - - [19/Sep/2026:14:21:04 +0800] "www.chicmeshop.com" "GET /shop/page/27/ HTTP/1.1" 499 0 "-" "Mozilla/5.0 AppleWebKit/537.36 (KHTML, like Gecko; compatible; bingbot/2.0; +http://www.bing.com/bingbot.htm) Chrome/116.0.1938.76 Safari/537.36" "40.77.167.16" [0.011,-,125.023|125.023]Request_Body: "-"
162.158.152.206 - - [19/Sep/2026:14:27:35 +0800] "www.chicmeshop.com" "GET /product/conjunto-de-top-blanco-y-mini-short/ HTTP/1.1" 499 0 "-" "Mozilla/5.0 AppleWebKit/537.36 (KHTML, like Gecko; compatible; bingbot/2.0; +http://www.bing.com/bingbot.htm) Chrome/116.0.1938.76 Safari/537.36" "52.167.144.169" [0.001,-,125.014|125.014]Request_Body: "-"
104.22.104.109 - - [19/Sep/2026:14:27:47 +0800] "www.chicmeshop.com" "GET /product/traje-de-bano-con-cinturon-de-estilo-militar-namara/ HTTP/1.1" 499 0 "-" "Mozilla/5.0 AppleWebKit/537.36 (KHTML, like Gecko; compatible; bingbot/2.0; +http://www.bing.com/bingbot.htm) Chrome/116.0.1938.76 Safari/537.36" "52.167.144.199" [0.001,-,125.072|125.072]Request_Body: "-"
104.22.100.195 - - [19/Sep/2026:14:31:03 +0800] "www.chicmeshop.com" "GET /shop/page/48/?per_page=12 HTTP/1.1" 499 0 "-" "Mozilla/5.0 AppleWebKit/537.36 (KHTML, like Gecko; compatible; bingbot/2.0; +http://www.bing.com/bingbot.htm) Chrome/116.0.1938.76 Safari/537.36" "40.77.167.55" [0.001,-,125.016|125.017]Request_Body: "-"
104.23.209.181 - - [19/Sep/2026:14:34:02 +0800] "www.chicmeshop.com" "GET /shop/page/135/?per_page=18&shop_view=list HTTP/1.1" 499 0 "-" "Mozilla/5.0 AppleWebKit/537.36 (KHTML, like Gecko; compatible; bingbot/2.0; +http://www.bing.com/bingbot.htm) Chrome/116.0.1938.76 Safari/537.36" "52.167.144.199" [0.001,-,125.005|125.005]Request_Body: "-"
104.22.100.151 - - [19/Sep/2026:14:34:46 +0800] "www.chicmeshop.com" "GET /product/gafas-de-sol-con-montura-wayfarer-grande-negras-de-marnie/ HTTP/1.1" 499 0 "-" "Mozilla/5.0 AppleWebKit/537.36 (KHTML, like Gecko; compatible; bingbot/2.0; +http://www.bing.com/bingbot.htm) Chrome/116.0.1938.76 Safari/537.36" "40.77.167.55" [0.000,-,125.011|125.011]Request_Body: "-"
104.22.93.95 - - [19/Sep/2026:14:35:15 +0800] "www.chicmeshop.com" "GET /shop/?stock_status=instock&per_page=9&shop_view=grid&per_row=3 HTTP/1.1" 499 0 "-" "Mozilla/5.0 AppleWebKit/537.36 (KHTML, like Gecko; compatible; bingbot/2.0; +http://www.bing.com/bingbot.htm) Chrome/116.0.1938.76 Safari/537.36" "52.167.144.199" [0.001,-,125.065|125.065]Request_Body: "-"
162.158.217.149 - - [19/Sep/2026:14:36:19 +0800] "www.chicmeshop.com" "GET /product/vestido-de-cintura-ajustada-de-hombro-unico-erica-red/ HTTP/1.1" 200 44097 "-" "Mozilla/5.0 (Windows NT 10.0; Win64; x64) AppleWebKit/537.36 (KHTML, like Gecko) Chrome/148.0.0.0 Safari/537.36" "151.80.133.238" [0.001,53.002,53.026|53.026]Request_Body: "-"
141.101.69.48 - - [19/Sep/2026:14:36:31 +0800] "www.chicmeshop.com" "GET /product/vestido-de-cintura-ajustada-de-hombro-unico-erica-red/ HTTP/1.1" 200 44157 "-" "Mozilla/5.0 (Windows NT 10.0; Win64; x64) AppleWebKit/537.36 (KHTML, like Gecko) Chrome/148.0.0.0 Safari/537.36" "141.94.95.178" [0.009,54.402,54.413|54.413]Request_Body: "-"
172.71.141.57 - - [19/Sep/2026:14:36:40 +0800] "www.chicmeshop.com" "GET /category/tienda/blusas/?stock_status=instock&per_row=4&per_page=24&shop_view=list HTTP/1.1" 200 45485 "-" "Mozilla/5.0 (Windows NT 10.0; Win64; x64) AppleWebKit/537.36 (KHTML, like Gecko) Chrome/148.0.0.0 Safari/537.36" "57.129.81.224" [0.000,78.369,78.379|78.379]Request_Body: "-"
172.71.141.56 - - [19/Sep/2026:14:37:09 +0800] "www.chicmeshop.com" "GET /category/tienda/blusas/?stock_status=instock&per_row=4&per_page=24&shop_view=list HTTP/1.1" 200 45485 "-" "Mozilla/5.0 (Windows NT 10.0; Win64; x64) AppleWebKit/537.36 (KHTML, like Gecko) Chrome/148.0.0.0 Safari/537.36" "57.129.81.224" [0.001,86.875,86.909|86.909]Request_Body: "-"
172.69.222.24 - - [19/Sep/2026:14:37:15 +0800] "www.chicmeshop.com" "GET /category/tienda/blusas/page/3/?per_row=2&per_page=24&shop_view=grid HTTP/1.1" 499 0 "-" "Mozilla/5.0 (Windows NT 10.0; Win64; x64) AppleWebKit/537.36 (KHTML, like Gecko) Chrome/148.0.0.0 Safari/537.36" "141.94.79.3" [0.011,-,125.014|125.014]Request_Body: "-"
141.101.98.136 - - [19/Sep/2026:14:37:26 +0800] "www.chicmeshop.com" "GET /category/tienda/blusas/page/3/?per_row=2&per_page=24&shop_view=grid HTTP/1.1" 499 0 "-" "Mozilla/5.0 (Windows NT 10.0; Win64; x64) AppleWebKit/537.36 (KHTML, like Gecko) Chrome/148.0.0.0 Safari/537.36" "51.89.167.163" [0.001,-,125.006|125.006]Request_Body: "-"
172.69.222.24 - - [19/Sep/2026:14:37:35 +0800] "www.chicmeshop.com" "GET /category/tienda/blusas/page/3/?per_row=2&per_page=24&shop_view=grid HTTP/1.1" 499 0 "-" "Mozilla/5.0 (Windows NT 10.0; Win64; x64) AppleWebKit/537.36 (KHTML, like Gecko) Chrome/148.0.0.0 Safari/537.36" "141.94.79.3" [0.001,-,125.014|125.014]Request_Body: "-"
172.71.118.156 - - [19/Sep/2026:14:37:37 +0800] "www.chicmeshop.com" "GET /category/tienda/blusas/?stock_status=instock&per_row=4&per_page=24&shop_view=list HTTP/1.1" 499 0 "-" "Mozilla/5.0 (Windows NT 10.0; Win64; x64) AppleWebKit/537.36 (KHTML, like Gecko) Chrome/148.0.0.0 Safari/537.36" "213.32.68.86" [0.000,-,125.007|125.007]Request_Body: "-"
141.101.98.137 - - [19/Sep/2026:14:37:46 +0800] "www.chicmeshop.com" "GET /category/tienda/blusas/page/3/?per_row=2&per_page=24&shop_view=grid HTTP/1.1" 499 0 "-" "Mozilla/5.0 (Windows NT 10.0; Win64; x64) AppleWebKit/537.36 (KHTML, like Gecko) Chrome/148.0.0.0 Safari/537.36" "51.89.167.163" [0.001,-,125.008|125.008]Request_Body: "-"
162.158.217.149 - - [19/Sep/2026:14:37:51 +0800] "www.chicmeshop.com" "GET /product/vestido-de-cintura-ajustada-de-hombro-unico-erica-red/ HTTP/1.1" 499 0 "-" "Mozilla/5.0 (Windows NT 10.0; Win64; x64) AppleWebKit/537.36 (KHTML, like Gecko) Chrome/148.0.0.0 Safari/537.36" "151.80.133.238" [0.001,-,125.009|125.009]Request_Body: "-"
172.71.118.156 - - [19/Sep/2026:14:37:57 +0800] "www.chicmeshop.com" "GET /category/tienda/blusas/?stock_status=instock&per_row=4&per_page=24&shop_view=list HTTP/1.1" 499 0 "-" "Mozilla/5.0 (Windows NT 10.0; Win64; x64) AppleWebKit/537.36 (KHTML, like Gecko) Chrome/148.0.0.0 Safari/537.36" "213.32.68.86" [0.000,-,125.005|125.006]Request_Body: "-"
141.101.69.47 - - [19/Sep/2026:14:38:02 +0800] "www.chicmeshop.com" "GET /product/vestido-de-cintura-ajustada-de-hombro-unico-erica-red/ HTTP/1.1" 499 0 "-" "Mozilla/5.0 (Windows NT 10.0; Win64; x64) AppleWebKit/537.36 (KHTML, like Gecko) Chrome/148.0.0.0 Safari/537.36" "141.94.95.178" [0.001,-,125.006|125.006]Request_Body: "-"
172.71.127.143 - - [19/Sep/2026:14:39:54 +0800] "www.chicmeshop.com" "GET /category/tienda/blusas/page/2/?per_row=4&per_page=9&shop_view=grid HTTP/1.1" 200 40738 "-" "Mozilla/5.0 (Windows NT 10.0; Win64; x64) AppleWebKit/537.36 (KHTML, like Gecko) Chrome/148.0.0.0 Safari/537.36" "2001:41d0:367:cad::1" [0.001,50.007,50.027|50.027]Request_Body: "-"
141.101.69.79 - - [19/Sep/2026:14:39:58 +0800] "www.chicmeshop.com" "GET /product/shorts-rojos-serafina/ HTTP/1.1" 200 43527 "-" "Mozilla/5.0 (Windows NT 10.0; Win64; x64) AppleWebKit/537.36 (KHTML, like Gecko) Chrome/148.0.0.0 Safari/537.36" "2001:41d0:305:2100::7cbc" [0.001,56.073,56.078|56.078]Request_Body: "-"
162.158.217.21 - - [19/Sep/2026:14:40:10 +0800] "www.chicmeshop.com" "GET /category/tienda/blusas/page/2/?per_row=4&per_page=9&shop_view=grid HTTP/1.1" 200 40738 "-" "Mozilla/5.0 (Windows NT 10.0; Win64; x64) AppleWebKit/537.36 (KHTML, like Gecko) Chrome/148.0.0.0 Safari/537.36" "51.77.210.64" [0.001,54.721,54.729|54.729]Request_Body: "-"
172.69.222.112 - - [19/Sep/2026:14:40:14 +0800] "www.chicmeshop.com" "GET /category/tienda/blusas/page/4/?per_row=4&per_page=24&shop_view=list HTTP/1.1" 200 45138 "-" "Mozilla/5.0 (Windows NT 10.0; Win64; x64) AppleWebKit/537.36 (KHTML, like Gecko) Chrome/148.0.0.0 Safari/537.36" "2001:41d0:367:cab::1" [0.011,57.325,57.336|57.336]Request_Body: "-"
172.71.127.143 - - [19/Sep/2026:14:40:19 +0800] "www.chicmeshop.com" "GET /category/tienda/blusas/page/2/?per_row=4&per_page=9&shop_view=grid HTTP/1.1" 200 40738 "-" "Mozilla/5.0 (Windows NT 10.0; Win64; x64) AppleWebKit/537.36 (KHTML, like Gecko) Chrome/148.0.0.0 Safari/537.36" "213.32.68.81" [0.001,54.113,54.126|54.126]Request_Body: "-"
172.71.141.12 - - [19/Sep/2026:14:40:22 +0800] "www.chicmeshop.com" "GET /category/tienda/blusas/page/4/?per_row=4&per_page=24&shop_view=list HTTP/1.1" 200 45138 "-" "Mozilla/5.0 (Windows NT 10.0; Win64; x64) AppleWebKit/537.36 (KHTML, like Gecko) Chrome/148.0.0.0 Safari/537.36" "57.129.81.225" [0.001,55.364,55.400|55.400]Request_Body: "-"
172.71.241.76 - - [19/Sep/2026:14:40:26 +0800] "www.chicmeshop.com" "GET /product/shorts-rojos-serafina/ HTTP/1.1" 200 43480 "-" "Mozilla/5.0 (Windows NT 10.0; Win64; x64) AppleWebKit/537.36 (KHTML, like Gecko) Chrome/148.0.0.0 Safari/537.36" "57.129.139.88" [0.013,53.412,53.424|53.424]Request_Body: "-"
172.69.222.113 - - [19/Sep/2026:14:40:31 +0800] "www.chicmeshop.com" "GET /category/tienda/blusas/page/4/?per_row=4&per_page=24&shop_view=list HTTP/1.1" 200 45138 "-" "Mozilla/5.0 (Windows NT 10.0; Win64; x64) AppleWebKit/537.36 (KHTML, like Gecko) Chrome/148.0.0.0 Safari/537.36" "2001:41d0:367:cab::1" [0.001,54.688,54.697|54.697]Request_Body: "-"
172.71.241.77 - - [19/Sep/2026:14:40:37 +0800] "www.chicmeshop.com" "GET /product/shorts-rojos-serafina/ HTTP/1.1" 200 43528 "-" "Mozilla/5.0 (Windows NT 10.0; Win64; x64) AppleWebKit/537.36 (KHTML, like Gecko) Chrome/148.0.0.0 Safari/537.36" "57.129.139.88" [0.000,83.918,83.930|83.931]Request_Body: "-"
162.158.217.20 - - [19/Sep/2026:14:40:45 +0800] "www.chicmeshop.com" "GET /category/tienda/blusas/page/2/?per_row=4&per_page=9&shop_view=grid HTTP/1.1" 200 40738 "-" "Mozilla/5.0 (Windows NT 10.0; Win64; x64) AppleWebKit/537.36 (KHTML, like Gecko) Chrome/148.0.0.0 Safari/537.36" "51.77.210.64" [0.001,70.641,70.658|70.658]Request_Body: "-"
172.71.141.13 - - [19/Sep/2026:14:41:11 +0800] "www.chicmeshop.com" "GET /category/tienda/blusas/page/4/?per_row=4&per_page=24&shop_view=list HTTP/1.1" 499 0 "-" "Mozilla/5.0 (Windows NT 10.0; Win64; x64) AppleWebKit/537.36 (KHTML, like Gecko) Chrome/148.0.0.0 Safari/537.36" "57.129.81.225" [0.002,-,125.109|125.109]Request_Body: "-"
141.101.69.79 - - [19/Sep/2026:14:41:27 +0800] "www.chicmeshop.com" "GET /product/shorts-rojos-serafina/ HTTP/1.1" 499 0 "-" "Mozilla/5.0 (Windows NT 10.0; Win64; x64) AppleWebKit/537.36 (KHTML, like Gecko) Chrome/148.0.0.0 Safari/537.36" "2001:41d0:305:2100::7cbc" [0.001,-,125.360|125.359]Request_Body: "-"
104.23.211.137 - - [19/Sep/2026:14:42:13 +0800] "www.chicmeshop.com" "GET /category/tienda/conjuntos/conjuntos-largos/ HTTP/1.1" 200 45685 "-" "Mozilla/5.0 AppleWebKit/537.36 (KHTML, like Gecko; compatible; bingbot/2.0; +http://www.bing.com/bingbot.htm) Chrome/116.0.1938.76 Safari/537.36" "52.167.144.166" [0.001,55.309,55.323|55.323]Request_Body: "-"
104.23.209.180 - - [19/Sep/2026:14:43:35 +0800] "www.chicmeshop.com" "GET /shop/page/135/?per_row=4&per_page=18&shop_view=list&stock_status=instock HTTP/1.1" 499 0 "-" "Mozilla/5.0 AppleWebKit/537.36 (KHTML, like Gecko; compatible; bingbot/2.0; +http://www.bing.com/bingbot.htm) Chrome/116.0.1938.76 Safari/537.36" "40.77.167.14" [0.009,-,124.983|124.983]Request_Body: "-"
162.159.124.46 - - [19/Sep/2026:14:46:39 +0800] "www.chicmeshop.com" "GET /category/tienda/infantiles HTTP/1.1" 499 0 "https://www.chicmeshop.com" "Mozilla/5.0 (Macintosh; Intel Mac OS X 10_15_7) AppleWebKit/537.36 (KHTML, like Gecko) Chrome/145.0.0.0 Safari/537.36" "41.250.130.254" [0.001,-,125.006|125.005]Request_Body: "-"
172.71.232.93 - - [19/Sep/2026:14:46:43 +0800] "www.chicmeshop.com" "GET /category/tienda/blusas/page/4/?stock_status=instock&per_page=9&shop_view=list HTTP/1.1" 200 40638 "-" "Mozilla/5.0 (Windows NT 10.0; Win64; x64) AppleWebKit/537.36 (KHTML, like Gecko) Chrome/148.0.0.0 Safari/537.36" "141.94.79.3" [0.001,52.939,52.950|52.950]Request_Body: "-"
162.158.217.127 - - [19/Sep/2026:14:46:56 +0800] "www.chicmeshop.com" "GET /category/tienda/blusas/page/4/?stock_status=instock&per_page=18&shop_view=list HTTP/1.1" 200 44053 "-" "Mozilla/5.0 (Windows NT 10.0; Win64; x64) AppleWebKit/537.36 (KHTML, like Gecko) Chrome/148.0.0.0 Safari/537.36" "151.80.133.238" [0.000,56.487,56.509|56.509]Request_Body: "-"
172.71.130.115 - - [19/Sep/2026:14:47:00 +0800] "www.chicmeshop.com" "GET /category/tienda/blusas/page/2/?per_row=3&per_page=24&shop_view=grid HTTP/1.1" 200 45982 "-" "Mozilla/5.0 (Windows NT 10.0; Win64; x64) AppleWebKit/537.36 (KHTML, like Gecko) Chrome/148.0.0.0 Safari/537.36" "141.94.95.76" [0.001,56.480,56.507|56.507]Request_Body: "-"
172.68.229.137 - - [19/Sep/2026:14:47:02 +0800] "www.chicmeshop.com" "GET /category/tienda/blusas/page/2/?per_row=3&per_page=24&shop_view=grid HTTP/1.1" 200 45982 "-" "Mozilla/5.0 (Windows NT 10.0; Win64; x64) AppleWebKit/537.36 (KHTML, like Gecko) Chrome/148.0.0.0 Safari/537.36" "57.129.135.175" [0.000,68.674,68.691|68.691]Request_Body: "-"
162.158.217.121 - - [19/Sep/2026:14:47:08 +0800] "www.chicmeshop.com" "GET /category/tienda/blusas/page/4/?stock_status=instock&per_page=9&shop_view=list HTTP/1.1" 200 40638 "-" "Mozilla/5.0 (Windows NT 10.0; Win64; x64) AppleWebKit/537.36 (KHTML, like Gecko) Chrome/148.0.0.0 Safari/537.36" "141.95.54.59" [0.013,67.545,67.554|67.554]Request_Body: "-"
172.68.229.136 - - [19/Sep/2026:14:47:12 +0800] "www.chicmeshop.com" "GET /category/tienda/blusas/page/2/?per_row=3&per_page=24&shop_view=grid HTTP/1.1" 200 45982 "-" "Mozilla/5.0 (Windows NT 10.0; Win64; x64) AppleWebKit/537.36 (KHTML, like Gecko) Chrome/148.0.0.0 Safari/537.36" "57.129.135.175" [0.000,58.657,58.666|58.666]Request_Body: "-"
172.64.198.9 - - [19/Sep/2026:14:47:55 +0800] "www.chicmeshop.com" "GET /category/tienda/blusas/page/4/?stock_status=instock&per_page=18&shop_view=list HTTP/1.1" 499 0 "-" "Mozilla/5.0 (Windows NT 10.0; Win64; x64) AppleWebKit/537.36 (KHTML, like Gecko) Chrome/148.0.0.0 Safari/537.36" "147.135.209.14" [0.001,-,125.012|125.012]Request_Body: "-"
172.64.198.8 - - [19/Sep/2026:14:48:15 +0800] "www.chicmeshop.com" "GET /category/tienda/blusas/page/4/?stock_status=instock&per_page=18&shop_view=list HTTP/1.1" 499 0 "-" "Mozilla/5.0 (Windows NT 10.0; Win64; x64) AppleWebKit/537.36 (KHTML, like Gecko) Chrome/148.0.0.0 Safari/537.36" "147.135.209.14" [0.001,-,125.013|125.013]Request_Body: "-"
172.71.232.92 - - [19/Sep/2026:14:48:15 +0800] "www.chicmeshop.com" "GET /category/tienda/blusas/page/4/?stock_status=instock&per_page=9&shop_view=list HTTP/1.1" 499 0 "-" "Mozilla/5.0 (Windows NT 10.0; Win64; x64) AppleWebKit/537.36 (KHTML, like Gecko) Chrome/148.0.0.0 Safari/537.36" "141.94.79.3" [0.011,-,125.007|125.007]Request_Body: "-"
172.71.151.153 - - [19/Sep/2026:14:48:17 +0800] "www.chicmeshop.com" "GET /product/vestido-maxi-entallado-de-denim-oscuro-santal/ HTTP/1.1" 499 0 "-" "Mozilla/5.0 (Linux; Android 6.0.1; Nexus 5X Build/MMB29P) AppleWebKit/537.36 (KHTML, like Gecko) Chrome/153.0.8010.47 Mobile Safari/537.36 (compatible; Googlebot/2.1; +http://www.google.com/bot.html)" "66.249.79.166" [0.000,-,125.353|125.354]Request_Body: "-"
104.23.168.104 - - [19/Sep/2026:14:48:19 +0800] "www.chicmeshop.com" "GET /category/tienda/blusas/page/2/?per_row=3&per_page=24&shop_view=grid HTTP/1.1" 499 0 "-" "Mozilla/5.0 (Windows NT 10.0; Win64; x64) AppleWebKit/537.36 (KHTML, like Gecko) Chrome/148.0.0.0 Safari/537.36" "141.94.95.76" [0.001,-,125.012|125.012]Request_Body: "-"
162.158.217.127 - - [19/Sep/2026:14:48:25 +0800] "www.chicmeshop.com" "GET /category/tienda/blusas/page/4/?stock_status=instock&per_page=18&shop_view=list HTTP/1.1" 499 0 "-" "Mozilla/5.0 (Windows NT 10.0; Win64; x64) AppleWebKit/537.36 (KHTML, like Gecko) Chrome/148.0.0.0 Safari/537.36" "151.80.133.238" [0.001,-,125.009|125.008]Request_Body: "-"
