104.23.166.132 - - [19/Sep/2026:05:35:38 +0800] "chloebagus.com" "POST /wp/?rest_route=%2Fbatch%2Fv1 HTTP/1.1" 301 166 "https://chloebagus.com/wp/wp-admin/" "Mozilla/5.0 (Windows NT 10.0; Win64; x64) AppleWebKit/537.36 (KHTML, like Gecko) Chrome/120.0.0.0 Safari/537.36" "127.0.0.1,195.178.110.132" [-,-,-|0.000]Request_Body: "-"
162.159.113.60 - - [19/Sep/2026:05:35:39 +0800] "www.chloebagus.com" "GET /blog/?rest_route=/batch%2Fv1 HTTP/1.1" 404 125 "https://chloebagus.com/blog/wp-admin/" "Mozilla/5.0 (Windows NT 10.0; Win64; x64) AppleWebKit/537.36 (KHTML, like Gecko) Chrome/120.0.0.0 Safari/537.36" "127.0.0.1,195.178.110.132" [0.001,1.643,1.644|1.644]Request_Body: "-"
104.23.166.132 - - [19/Sep/2026:05:35:39 +0800] "chloebagus.com" "POST /blog/?rest_route=/batch/v1 HTTP/1.1" 301 166 "https://chloebagus.com/blog/wp-admin/" "Mozilla/5.0 (Windows NT 10.0; Win64; x64) AppleWebKit/537.36 (KHTML, like Gecko) Chrome/120.0.0.0 Safari/537.36" "127.0.0.1,195.178.110.132" [-,-,-|0.001]Request_Body: "-"
104.23.170.118 - - [19/Sep/2026:05:35:40 +0800] "www.chloebagus.com" "GET /wp/?rest_route=%2Fbatch%2Fv1 HTTP/1.1" 404 125 "https://chloebagus.com/wp/wp-admin/" "Mozilla/5.0 (Windows NT 10.0; Win64; x64) AppleWebKit/537.36 (KHTML, like Gecko) Chrome/120.0.0.0 Safari/537.36" "127.0.0.1,195.178.110.132" [0.001,1.943,1.943|1.943]Request_Body: "-"
162.159.113.60 - - [19/Sep/2026:05:35:41 +0800] "www.chloebagus.com" "GET /blog/?rest_route=/batch/v1 HTTP/1.1" 404 125 "https://chloebagus.com/blog/wp-admin/" "Mozilla/5.0 (Windows NT 10.0; Win64; x64) AppleWebKit/537.36 (KHTML, like Gecko) Chrome/120.0.0.0 Safari/537.36" "127.0.0.1,195.178.110.132" [0.000,1.668,1.668|1.668]Request_Body: "-"
104.23.166.132 - - [19/Sep/2026:05:35:41 +0800] "chloebagus.com" "POST /blog/wp-json/batch/v1 HTTP/1.1" 301 166 "https://chloebagus.com/blog/wp-admin/" "Mozilla/5.0 (Windows NT 10.0; Win64; x64) AppleWebKit/537.36 (KHTML, like Gecko) Chrome/120.0.0.0 Safari/537.36" "127.0.0.1,195.178.110.132" [-,-,-|0.000]Request_Body: "-"
104.23.166.132 - - [19/Sep/2026:05:35:43 +0800] "chloebagus.com" "POST /wp/?rest_route=/batch%2Fv1 HTTP/1.1" 301 166 "https://chloebagus.com/wp/wp-admin/" "Mozilla/5.0 (Windows NT 10.0; Win64; x64) AppleWebKit/537.36 (KHTML, like Gecko) Chrome/120.0.0.0 Safari/537.36" "127.0.0.1,195.178.110.132" [-,-,-|0.000]Request_Body: "-"
162.159.113.60 - - [19/Sep/2026:05:35:44 +0800] "www.chloebagus.com" "GET /blog/wp-json/batch/v1 HTTP/1.1" 404 28003 "https://chloebagus.com/blog/wp-admin/" "Mozilla/5.0 (Windows NT 10.0; Win64; x64) AppleWebKit/537.36 (KHTML, like Gecko) Chrome/120.0.0.0 Safari/537.36" "127.0.0.1,195.178.110.132" [0.001,1.981,1.984|1.984]Request_Body: "-"
104.23.166.132 - - [19/Sep/2026:05:35:44 +0800] "chloebagus.com" "POST /blog/wp-json/Batch/v1 HTTP/1.1" 301 166 "https://chloebagus.com/blog/wp-admin/" "Mozilla/5.0 (Windows NT 10.0; Win64; x64) AppleWebKit/537.36 (KHTML, like Gecko) Chrome/120.0.0.0 Safari/537.36" "127.0.0.1,195.178.110.132" [-,-,-|0.000]Request_Body: "-"
104.23.170.118 - - [19/Sep/2026:05:35:45 +0800] "www.chloebagus.com" "GET /wp/?rest_route=/batch%2Fv1 HTTP/1.1" 404 125 "https://chloebagus.com/wp/wp-admin/" "Mozilla/5.0 (Windows NT 10.0; Win64; x64) AppleWebKit/537.36 (KHTML, like Gecko) Chrome/120.0.0.0 Safari/537.36" "127.0.0.1,195.178.110.132" [0.001,2.208,2.208|2.208]Request_Body: "-"
104.23.166.132 - - [19/Sep/2026:05:35:45 +0800] "chloebagus.com" "POST /wp/?rest_route=/batch/v1 HTTP/1.1" 301 166 "https://chloebagus.com/wp/wp-admin/" "Mozilla/5.0 (Windows NT 10.0; Win64; x64) AppleWebKit/537.36 (KHTML, like Gecko) Chrome/120.0.0.0 Safari/537.36" "127.0.0.1,195.178.110.132" [-,-,-|0.000]Request_Body: "-"
162.159.113.60 - - [19/Sep/2026:05:35:47 +0800] "www.chloebagus.com" "GET /blog/wp-json/Batch/v1 HTTP/1.1" 404 28003 "https://chloebagus.com/blog/wp-admin/" "Mozilla/5.0 (Windows NT 10.0; Win64; x64) AppleWebKit/537.36 (KHTML, like Gecko) Chrome/120.0.0.0 Safari/537.36" "127.0.0.1,195.178.110.132" [0.001,2.369,2.375|2.375]Request_Body: "-"
104.23.166.132 - - [19/Sep/2026:05:35:47 +0800] "chloebagus.com" "POST /blog//wp-json/batch/v1 HTTP/1.1" 301 166 "https://chloebagus.com/blog/wp-admin/" "Mozilla/5.0 (Windows NT 10.0; Win64; x64) AppleWebKit/537.36 (KHTML, like Gecko) Chrome/120.0.0.0 Safari/537.36" "127.0.0.1,195.178.110.132" [-,-,-|0.000]Request_Body: "-"
104.23.170.118 - - [19/Sep/2026:05:35:48 +0800] "www.chloebagus.com" "GET /wp/?rest_route=/batch/v1 HTTP/1.1" 404 125 "https://chloebagus.com/wp/wp-admin/" "Mozilla/5.0 (Windows NT 10.0; Win64; x64) AppleWebKit/537.36 (KHTML, like Gecko) Chrome/120.0.0.0 Safari/537.36" "127.0.0.1,195.178.110.132" [0.001,2.234,2.234|2.234]Request_Body: "-"
104.23.166.132 - - [19/Sep/2026:05:35:48 +0800] "chloebagus.com" "POST /wp/wp-json/batch/v1 HTTP/1.1" 301 166 "https://chloebagus.com/wp/wp-admin/" "Mozilla/5.0 (Windows NT 10.0; Win64; x64) AppleWebKit/537.36 (KHTML, like Gecko) Chrome/120.0.0.0 Safari/537.36" "127.0.0.1,195.178.110.132" [-,-,-|0.000]Request_Body: "-"
162.159.113.60 - - [19/Sep/2026:05:35:50 +0800] "www.chloebagus.com" "GET /blog//wp-json/batch/v1 HTTP/1.1" 301 5 "https://chloebagus.com/blog/wp-admin/" "Mozilla/5.0 (Windows NT 10.0; Win64; x64) AppleWebKit/537.36 (KHTML, like Gecko) Chrome/120.0.0.0 Safari/537.36" "127.0.0.1,195.178.110.132" [0.001,2.387,2.388|2.387]Request_Body: "-"
104.23.170.118 - - [19/Sep/2026:05:35:52 +0800] "www.chloebagus.com" "GET /wp/wp-json/batch/v1 HTTP/1.1" 404 27998 "https://chloebagus.com/wp/wp-admin/" "Mozilla/5.0 (Windows NT 10.0; Win64; x64) AppleWebKit/537.36 (KHTML, like Gecko) Chrome/120.0.0.0 Safari/537.36" "127.0.0.1,195.178.110.132" [0.000,3.160,3.163|3.163]Request_Body: "-"
104.23.166.132 - - [19/Sep/2026:05:35:53 +0800] "chloebagus.com" "POST /wp/wp-json/Batch/v1 HTTP/1.1" 301 166 "https://chloebagus.com/wp/wp-admin/" "Mozilla/5.0 (Windows NT 10.0; Win64; x64) AppleWebKit/537.36 (KHTML, like Gecko) Chrome/120.0.0.0 Safari/537.36" "127.0.0.1,195.178.110.132" [-,-,-|0.000]Request_Body: "-"
162.159.113.60 - - [19/Sep/2026:05:35:53 +0800] "www.chloebagus.com" "GET /blog/wp-json/batch/v1 HTTP/1.1" 404 28003 "https://chloebagus.com/blog/wp-admin/" "Mozilla/5.0 (Windows NT 10.0; Win64; x64) AppleWebKit/537.36 (KHTML, like Gecko) Chrome/120.0.0.0 Safari/537.36" "127.0.0.1,195.178.110.132" [0.001,2.625,2.628|2.628]Request_Body: "-"
104.23.166.132 - - [19/Sep/2026:05:35:53 +0800] "chloebagus.com" "POST /blog/wp-json/batch/v1/ HTTP/1.1" 301 166 "https://chloebagus.com/blog/wp-admin/" "Mozilla/5.0 (Windows NT 10.0; Win64; x64) AppleWebKit/537.36 (KHTML, like Gecko) Chrome/120.0.0.0 Safari/537.36" "127.0.0.1,195.178.110.132" [-,-,-|0.001]Request_Body: "-"
104.23.170.118 - - [19/Sep/2026:05:35:56 +0800] "www.chloebagus.com" "GET /wp/wp-json/Batch/v1 HTTP/1.1" 404 27998 "https://chloebagus.com/wp/wp-admin/" "Mozilla/5.0 (Windows NT 10.0; Win64; x64) AppleWebKit/537.36 (KHTML, like Gecko) Chrome/120.0.0.0 Safari/537.36" "127.0.0.1,195.178.110.132" [0.001,3.024,3.027|3.027]Request_Body: "-"
104.23.166.132 - - [19/Sep/2026:05:35:56 +0800] "chloebagus.com" "POST /wp//wp-json/batch/v1 HTTP/1.1" 301 166 "https://chloebagus.com/wp/wp-admin/" "Mozilla/5.0 (Windows NT 10.0; Win64; x64) AppleWebKit/537.36 (KHTML, like Gecko) Chrome/120.0.0.0 Safari/537.36" "127.0.0.1,195.178.110.132" [-,-,-|0.000]Request_Body: "-"
162.159.113.60 - - [19/Sep/2026:05:35:56 +0800] "www.chloebagus.com" "GET /blog/wp-json/batch/v1/ HTTP/1.1" 404 28004 "https://chloebagus.com/blog/wp-admin/" "Mozilla/5.0 (Windows NT 10.0; Win64; x64) AppleWebKit/537.36 (KHTML, like Gecko) Chrome/120.0.0.0 Safari/537.36" "127.0.0.1,195.178.110.132" [0.001,2.630,2.635|2.635]Request_Body: "-"
104.23.166.132 - - [19/Sep/2026:05:35:57 +0800] "chloebagus.com" "POST /blog/blog/wp-json/batch/v1 HTTP/1.1" 301 166 "https://chloebagus.com/blog/wp-admin/" "Mozilla/5.0 (Windows NT 10.0; Win64; x64) AppleWebKit/537.36 (KHTML, like Gecko) Chrome/120.0.0.0 Safari/537.36" "127.0.0.1,195.178.110.132" [-,-,-|0.000]Request_Body: "-"
104.23.170.118 - - [19/Sep/2026:05:35:58 +0800] "www.chloebagus.com" "GET /wp//wp-json/batch/v1 HTTP/1.1" 301 5 "https://chloebagus.com/wp/wp-admin/" "Mozilla/5.0 (Windows NT 10.0; Win64; x64) AppleWebKit/537.36 (KHTML, like Gecko) Chrome/120.0.0.0 Safari/537.36" "127.0.0.1,195.178.110.132" [0.001,1.790,1.790|1.789]Request_Body: "-"
162.159.113.60 - - [19/Sep/2026:05:36:01 +0800] "www.chloebagus.com" "GET /blog/blog/wp-json/batch/v1 HTTP/1.1" 404 28005 "https://chloebagus.com/blog/wp-admin/" "Mozilla/5.0 (Windows NT 10.0; Win64; x64) AppleWebKit/537.36 (KHTML, like Gecko) Chrome/120.0.0.0 Safari/537.36" "127.0.0.1,195.178.110.132" [0.001,3.625,3.641|3.641]Request_Body: "-"
104.23.166.132 - - [19/Sep/2026:05:36:02 +0800] "chloebagus.com" "POST /blog/index.php?rest_route=/batch/v1 HTTP/1.1" 301 166 "https://chloebagus.com/blog/wp-admin/" "Mozilla/5.0 (Windows NT 10.0; Win64; x64) AppleWebKit/537.36 (KHTML, like Gecko) Chrome/120.0.0.0 Safari/537.36" "10.0.0.1,195.178.110.132" [-,-,-|0.000]Request_Body: "-"
104.23.170.118 - - [19/Sep/2026:05:36:02 +0800] "www.chloebagus.com" "GET /wp/wp-json/batch/v1 HTTP/1.1" 404 27998 "https://chloebagus.com/wp/wp-admin/" "Mozilla/5.0 (Windows NT 10.0; Win64; x64) AppleWebKit/537.36 (KHTML, like Gecko) Chrome/120.0.0.0 Safari/537.36" "127.0.0.1,195.178.110.132" [0.000,3.750,3.762|3.762]Request_Body: "-"
162.159.113.60 - - [19/Sep/2026:05:36:03 +0800] "www.chloebagus.com" "GET /blog/index.php?rest_route=/batch/v1 HTTP/1.1" 403 552 "https://chloebagus.com/blog/wp-admin/" "Mozilla/5.0 (Windows NT 10.0; Win64; x64) AppleWebKit/537.36 (KHTML, like Gecko) Chrome/120.0.0.0 Safari/537.36" "10.0.0.1,195.178.110.132" [-,-,-|0.000]Request_Body: "-"
104.23.166.132 - - [19/Sep/2026:05:36:03 +0800] "chloebagus.com" "POST /wp/wp-json/batch/v1/ HTTP/1.1" 301 166 "https://chloebagus.com/wp/wp-admin/" "Mozilla/5.0 (Windows NT 10.0; Win64; x64) AppleWebKit/537.36 (KHTML, like Gecko) Chrome/120.0.0.0 Safari/537.36" "127.0.0.1,195.178.110.132" [-,-,-|0.000]Request_Body: "-"
172.71.99.13 - - [19/Sep/2026:05:36:03 +0800] "chloebagus.com" "POST /blog/index.php?rest_route=%2Fbatch%2Fv1 HTTP/1.1" 301 166 "https://chloebagus.com/blog/wp-admin/" "Mozilla/5.0 (Windows NT 10.0; Win64; x64) AppleWebKit/537.36 (KHTML, like Gecko) Chrome/120.0.0.0 Safari/537.36" "10.0.0.1,195.178.110.132" [-,-,-|0.000]Request_Body: "-"
104.23.170.118 - - [19/Sep/2026:05:36:03 +0800] "www.chloebagus.com" "GET /blog/index.php?rest_route=%2Fbatch%2Fv1 HTTP/1.1" 403 552 "https://chloebagus.com/blog/wp-admin/" "Mozilla/5.0 (Windows NT 10.0; Win64; x64) AppleWebKit/537.36 (KHTML, like Gecko) Chrome/120.0.0.0 Safari/537.36" "10.0.0.1,195.178.110.132" [-,-,-|0.000]Request_Body: "-"
172.71.99.13 - - [19/Sep/2026:05:36:03 +0800] "chloebagus.com" "POST /blog/?rest_route=%2Fbatch%2Fv1 HTTP/1.1" 301 166 "https://chloebagus.com/blog/wp-admin/" "Mozilla/5.0 (Windows NT 10.0; Win64; x64) AppleWebKit/537.36 (KHTML, like Gecko) Chrome/120.0.0.0 Safari/537.36" "10.0.0.1,195.178.110.132" [-,-,-|0.000]Request_Body: "-"
162.159.113.60 - - [19/Sep/2026:05:36:06 +0800] "www.chloebagus.com" "GET /wp/wp-json/batch/v1/ HTTP/1.1" 404 28000 "https://chloebagus.com/wp/wp-admin/" "Mozilla/5.0 (Windows NT 10.0; Win64; x64) AppleWebKit/537.36 (KHTML, like Gecko) Chrome/120.0.0.0 Safari/537.36" "127.0.0.1,195.178.110.132" [0.001,3.525,3.534|3.534]Request_Body: "-"
172.71.99.13 - - [19/Sep/2026:05:36:07 +0800] "chloebagus.com" "POST /wp/blog/wp-json/batch/v1 HTTP/1.1" 301 166 "https://chloebagus.com/wp/wp-admin/" "Mozilla/5.0 (Windows NT 10.0; Win64; x64) AppleWebKit/537.36 (KHTML, like Gecko) Chrome/120.0.0.0 Safari/537.36" "127.0.0.1,195.178.110.132" [-,-,-|0.000]Request_Body: "-"
104.23.170.118 - - [19/Sep/2026:05:36:08 +0800] "www.chloebagus.com" "GET /blog/?rest_route=%2Fbatch%2Fv1 HTTP/1.1" 404 125 "https://chloebagus.com/blog/wp-admin/" "Mozilla/5.0 (Windows NT 10.0; Win64; x64) AppleWebKit/537.36 (KHTML, like Gecko) Chrome/120.0.0.0 Safari/537.36" "10.0.0.1,195.178.110.132" [0.001,4.537,4.537|4.536]Request_Body: "-"
172.71.99.13 - - [19/Sep/2026:05:36:08 +0800] "chloebagus.com" "POST /blog/?rest_route=/batch%2Fv1 HTTP/1.1" 301 166 "https://chloebagus.com/blog/wp-admin/" "Mozilla/5.0 (Windows NT 10.0; Win64; x64) AppleWebKit/537.36 (KHTML, like Gecko) Chrome/120.0.0.0 Safari/537.36" "10.0.0.1,195.178.110.132" [-,-,-|0.000]Request_Body: "-"
172.71.99.13 - - [19/Sep/2026:05:36:12 +0800] "chloebagus.com" "POST /wp/index.php?rest_route=/batch/v1 HTTP/1.1" 301 166 "https://chloebagus.com/wp/wp-admin/" "Mozilla/5.0 (Windows NT 10.0; Win64; x64) AppleWebKit/537.36 (KHTML, like Gecko) Chrome/120.0.0.0 Safari/537.36" "10.0.0.1,195.178.110.132" [-,-,-|0.000]Request_Body: "-"
162.159.113.60 - - [19/Sep/2026:05:36:13 +0800] "www.chloebagus.com" "GET /wp/blog/wp-json/batch/v1 HTTP/1.1" 404 28004 "https://chloebagus.com/wp/wp-admin/" "Mozilla/5.0 (Windows NT 10.0; Win64; x64) AppleWebKit/537.36 (KHTML, like Gecko) Chrome/120.0.0.0 Safari/537.36" "127.0.0.1,195.178.110.132" [0.001,5.662,5.665|5.664]Request_Body: "-"
141.101.76.160 - - [19/Sep/2026:05:36:13 +0800] "www.chloebagus.com" "GET /wp/index.php?rest_route=/batch/v1 HTTP/1.1" 403 552 "https://chloebagus.com/wp/wp-admin/" "Mozilla/5.0 (Windows NT 10.0; Win64; x64) AppleWebKit/537.36 (KHTML, like Gecko) Chrome/120.0.0.0 Safari/537.36" "10.0.0.1,195.178.110.132" [-,-,-|0.000]Request_Body: "-"
172.71.99.13 - - [19/Sep/2026:05:36:13 +0800] "chloebagus.com" "POST /wp/index.php?rest_route=%2Fbatch%2Fv1 HTTP/1.1" 301 166 "https://chloebagus.com/wp/wp-admin/" "Mozilla/5.0 (Windows NT 10.0; Win64; x64) AppleWebKit/537.36 (KHTML, like Gecko) Chrome/120.0.0.0 Safari/537.36" "10.0.0.1,195.178.110.132" [-,-,-|0.001]Request_Body: "-"
141.101.76.160 - - [19/Sep/2026:05:36:13 +0800] "www.chloebagus.com" "GET /wp/index.php?rest_route=%2Fbatch%2Fv1 HTTP/1.1" 403 552 "https://chloebagus.com/wp/wp-admin/" "Mozilla/5.0 (Windows NT 10.0; Win64; x64) AppleWebKit/537.36 (KHTML, like Gecko) Chrome/120.0.0.0 Safari/537.36" "10.0.0.1,195.178.110.132" [-,-,-|0.000]Request_Body: "-"
172.71.99.13 - - [19/Sep/2026:05:36:14 +0800] "chloebagus.com" "POST /wp/?rest_route=%2Fbatch%2Fv1 HTTP/1.1" 301 166 "https://chloebagus.com/wp/wp-admin/" "Mozilla/5.0 (Windows NT 10.0; Win64; x64) AppleWebKit/537.36 (KHTML, like Gecko) Chrome/120.0.0.0 Safari/537.36" "10.0.0.1,195.178.110.132" [-,-,-|0.000]Request_Body: "-"
104.23.166.132 - - [19/Sep/2026:05:36:14 +0800] "chloebagus.com" "POST /blog/?rest_route=/batch/v1 HTTP/1.1" 301 166 "https://chloebagus.com/blog/wp-admin/" "Mozilla/5.0 (Windows NT 10.0; Win64; x64) AppleWebKit/537.36 (KHTML, like Gecko) Chrome/120.0.0.0 Safari/537.36" "10.0.0.1,195.178.110.132" [-,-,-|0.001]Request_Body: "-"
104.23.170.118 - - [19/Sep/2026:05:36:16 +0800] "www.chloebagus.com" "GET /blog/?rest_route=/batch%2Fv1 HTTP/1.1" 404 125 "https://chloebagus.com/blog/wp-admin/" "Mozilla/5.0 (Windows NT 10.0; Win64; x64) AppleWebKit/537.36 (KHTML, like Gecko) Chrome/120.0.0.0 Safari/537.36" "10.0.0.1,195.178.110.132" [0.000,7.303,7.304|7.304]Request_Body: "-"
104.23.166.132 - - [19/Sep/2026:05:36:19 +0800] "chloebagus.com" "POST /wp/?rest_route=/batch%2Fv1 HTTP/1.1" 301 166 "https://chloebagus.com/wp/wp-admin/" "Mozilla/5.0 (Windows NT 10.0; Win64; x64) AppleWebKit/537.36 (KHTML, like Gecko) Chrome/120.0.0.0 Safari/537.36" "10.0.0.1,195.178.110.132" [-,-,-|0.000]Request_Body: "-"
141.101.76.160 - - [19/Sep/2026:05:36:19 +0800] "www.chloebagus.com" "GET /wp/?rest_route=%2Fbatch%2Fv1 HTTP/1.1" 404 125 "https://chloebagus.com/wp/wp-admin/" "Mozilla/5.0 (Windows NT 10.0; Win64; x64) AppleWebKit/537.36 (KHTML, like Gecko) Chrome/120.0.0.0 Safari/537.36" "10.0.0.1,195.178.110.132" [0.001,5.122,5.122|5.122]Request_Body: "-"
172.70.47.57 - - [19/Sep/2026:05:36:20 +0800] "www.chloebagus.com" "GET /blog/?rest_route=/batch/v1 HTTP/1.1" 404 125 "https://chloebagus.com/blog/wp-admin/" "Mozilla/5.0 (Windows NT 10.0; Win64; x64) AppleWebKit/537.36 (KHTML, like Gecko) Chrome/120.0.0.0 Safari/537.36" "10.0.0.1,195.178.110.132" [0.001,3.909,3.909|3.909]Request_Body: "-"
104.23.166.132 - - [19/Sep/2026:05:36:21 +0800] "chloebagus.com" "POST /blog/wp-json/batch/v1 HTTP/1.1" 301 166 "https://chloebagus.com/blog/wp-admin/" "Mozilla/5.0 (Windows NT 10.0; Win64; x64) AppleWebKit/537.36 (KHTML, like Gecko) Chrome/120.0.0.0 Safari/537.36" "10.0.0.1,195.178.110.132" [-,-,-|0.000]Request_Body: "-"
141.101.76.160 - - [19/Sep/2026:05:36:22 +0800] "www.chloebagus.com" "GET /wp/?rest_route=/batch%2Fv1 HTTP/1.1" 404 125 "https://chloebagus.com/wp/wp-admin/" "Mozilla/5.0 (Windows NT 10.0; Win64; x64) AppleWebKit/537.36 (KHTML, like Gecko) Chrome/120.0.0.0 Safari/537.36" "10.0.0.1,195.178.110.132" [0.000,2.345,2.345|2.346]Request_Body: "-"
104.23.166.132 - - [19/Sep/2026:05:36:22 +0800] "chloebagus.com" "POST /wp/?rest_route=/batch/v1 HTTP/1.1" 301 166 "https://chloebagus.com/wp/wp-admin/" "Mozilla/5.0 (Windows NT 10.0; Win64; x64) AppleWebKit/537.36 (KHTML, like Gecko) Chrome/120.0.0.0 Safari/537.36" "10.0.0.1,195.178.110.132" [-,-,-|0.000]Request_Body: "-"
172.70.46.51 - - [19/Sep/2026:05:36:25 +0800] "www.chloebagus.com" "GET /blog/wp-json/batch/v1 HTTP/1.1" 404 28003 "https://chloebagus.com/blog/wp-admin/" "Mozilla/5.0 (Windows NT 10.0; Win64; x64) AppleWebKit/537.36 (KHTML, like Gecko) Chrome/120.0.0.0 Safari/537.36" "10.0.0.1,195.178.110.132" [0.001,3.785,3.788|3.788]Request_Body: "-"
104.23.166.132 - - [19/Sep/2026:05:36:25 +0800] "chloebagus.com" "POST /blog/wp-json/Batch/v1 HTTP/1.1" 301 166 "https://chloebagus.com/blog/wp-admin/" "Mozilla/5.0 (Windows NT 10.0; Win64; x64) AppleWebKit/537.36 (KHTML, like Gecko) Chrome/120.0.0.0 Safari/537.36" "10.0.0.1,195.178.110.132" [-,-,-|0.000]Request_Body: "-"
141.101.76.160 - - [19/Sep/2026:05:36:26 +0800] "www.chloebagus.com" "GET /wp/?rest_route=/batch/v1 HTTP/1.1" 404 125 "https://chloebagus.com/wp/wp-admin/" "Mozilla/5.0 (Windows NT 10.0; Win64; x64) AppleWebKit/537.36 (KHTML, like Gecko) Chrome/120.0.0.0 Safari/537.36" "10.0.0.1,195.178.110.132" [0.006,3.188,3.188|3.188]Request_Body: "-"
104.23.166.132 - - [19/Sep/2026:05:36:26 +0800] "chloebagus.com" "POST /wp/wp-json/batch/v1 HTTP/1.1" 301 166 "https://chloebagus.com/wp/wp-admin/" "Mozilla/5.0 (Windows NT 10.0; Win64; x64) AppleWebKit/537.36 (KHTML, like Gecko) Chrome/120.0.0.0 Safari/537.36" "10.0.0.1,195.178.110.132" [-,-,-|0.001]Request_Body: "-"
172.70.46.51 - - [19/Sep/2026:05:36:28 +0800] "www.chloebagus.com" "GET /blog/wp-json/Batch/v1 HTTP/1.1" 404 28003 "https://chloebagus.com/blog/wp-admin/" "Mozilla/5.0 (Windows NT 10.0; Win64; x64) AppleWebKit/537.36 (KHTML, like Gecko) Chrome/120.0.0.0 Safari/537.36" "10.0.0.1,195.178.110.132" [0.001,2.755,2.760|2.760]Request_Body: "-"
141.101.76.160 - - [19/Sep/2026:05:36:28 +0800] "www.chloebagus.com" "GET /wp/wp-json/batch/v1 HTTP/1.1" 404 27998 "https://chloebagus.com/wp/wp-admin/" "Mozilla/5.0 (Windows NT 10.0; Win64; x64) AppleWebKit/537.36 (KHTML, like Gecko) Chrome/120.0.0.0 Safari/537.36" "10.0.0.1,195.178.110.132" [0.000,2.571,2.575|2.575]Request_Body: "-"
104.23.166.132 - - [19/Sep/2026:05:36:29 +0800] "chloebagus.com" "POST /blog//wp-json/batch/v1 HTTP/1.1" 301 166 "https://chloebagus.com/blog/wp-admin/" "Mozilla/5.0 (Windows NT 10.0; Win64; x64) AppleWebKit/537.36 (KHTML, like Gecko) Chrome/120.0.0.0 Safari/537.36" "10.0.0.1,195.178.110.132" [-,-,-|0.000]Request_Body: "-"
172.71.99.13 - - [19/Sep/2026:05:36:29 +0800] "chloebagus.com" "POST /wp/wp-json/Batch/v1 HTTP/1.1" 301 166 "https://chloebagus.com/wp/wp-admin/" "Mozilla/5.0 (Windows NT 10.0; Win64; x64) AppleWebKit/537.36 (KHTML, like Gecko) Chrome/120.0.0.0 Safari/537.36" "10.0.0.1,195.178.110.132" [-,-,-|0.000]Request_Body: "-"
141.101.76.160 - - [19/Sep/2026:05:36:31 +0800] "www.chloebagus.com" "GET /blog//wp-json/batch/v1 HTTP/1.1" 301 5 "https://chloebagus.com/blog/wp-admin/" "Mozilla/5.0 (Windows NT 10.0; Win64; x64) AppleWebKit/537.36 (KHTML, like Gecko) Chrome/120.0.0.0 Safari/537.36" "10.0.0.1,195.178.110.132" [0.001,1.500,1.500|1.500]Request_Body: "-"
172.70.46.51 - - [19/Sep/2026:05:36:31 +0800] "www.chloebagus.com" "GET /wp/wp-json/Batch/v1 HTTP/1.1" 404 27998 "https://chloebagus.com/wp/wp-admin/" "Mozilla/5.0 (Windows NT 10.0; Win64; x64) AppleWebKit/537.36 (KHTML, like Gecko) Chrome/120.0.0.0 Safari/537.36" "10.0.0.1,195.178.110.132" [0.000,1.636,1.638|1.638]Request_Body: "-"
172.71.99.13 - - [19/Sep/2026:05:36:31 +0800] "chloebagus.com" "POST /wp//wp-json/batch/v1 HTTP/1.1" 301 166 "https://chloebagus.com/wp/wp-admin/" "Mozilla/5.0 (Windows NT 10.0; Win64; x64) AppleWebKit/537.36 (KHTML, like Gecko) Chrome/120.0.0.0 Safari/537.36" "10.0.0.1,195.178.110.132" [-,-,-|0.000]Request_Body: "-"
141.101.76.160 - - [19/Sep/2026:05:36:32 +0800] "www.chloebagus.com" "GET /blog/wp-json/batch/v1 HTTP/1.1" 404 28003 "https://chloebagus.com/blog/wp-admin/" "Mozilla/5.0 (Windows NT 10.0; Win64; x64) AppleWebKit/537.36 (KHTML, like Gecko) Chrome/120.0.0.0 Safari/537.36" "10.0.0.1,195.178.110.132" [0.001,1.642,1.645|1.645]Request_Body: "-"
172.70.46.51 - - [19/Sep/2026:05:36:33 +0800] "www.chloebagus.com" "GET /wp//wp-json/batch/v1 HTTP/1.1" 301 5 "https://chloebagus.com/wp/wp-admin/" "Mozilla/5.0 (Windows NT 10.0; Win64; x64) AppleWebKit/537.36 (KHTML, like Gecko) Chrome/120.0.0.0 Safari/537.36" "10.0.0.1,195.178.110.132" [0.000,1.372,1.372|1.373]Request_Body: "-"
172.71.99.13 - - [19/Sep/2026:05:36:33 +0800] "chloebagus.com" "POST /blog/wp-json/batch/v1/ HTTP/1.1" 301 166 "https://chloebagus.com/blog/wp-admin/" "Mozilla/5.0 (Windows NT 10.0; Win64; x64) AppleWebKit/537.36 (KHTML, like Gecko) Chrome/120.0.0.0 Safari/537.36" "10.0.0.1,195.178.110.132" [-,-,-|0.000]Request_Body: "-"
172.70.46.51 - - [19/Sep/2026:05:36:35 +0800] "www.chloebagus.com" "GET /wp/wp-json/batch/v1 HTTP/1.1" 404 27998 "https://chloebagus.com/wp/wp-admin/" "Mozilla/5.0 (Windows NT 10.0; Win64; x64) AppleWebKit/537.36 (KHTML, like Gecko) Chrome/120.0.0.0 Safari/537.36" "10.0.0.1,195.178.110.132" [0.001,1.738,1.741|1.741]Request_Body: "-"
172.71.99.13 - - [19/Sep/2026:05:36:35 +0800] "chloebagus.com" "POST /wp/wp-json/batch/v1/ HTTP/1.1" 301 166 "https://chloebagus.com/wp/wp-admin/" "Mozilla/5.0 (Windows NT 10.0; Win64; x64) AppleWebKit/537.36 (KHTML, like Gecko) Chrome/120.0.0.0 Safari/537.36" "10.0.0.1,195.178.110.132" [-,-,-|0.000]Request_Body: "-"
141.101.76.160 - - [19/Sep/2026:05:36:35 +0800] "www.chloebagus.com" "GET /blog/wp-json/batch/v1/ HTTP/1.1" 404 28004 "https://chloebagus.com/blog/wp-admin/" "Mozilla/5.0 (Windows NT 10.0; Win64; x64) AppleWebKit/537.36 (KHTML, like Gecko) Chrome/120.0.0.0 Safari/537.36" "10.0.0.1,195.178.110.132" [0.000,1.868,1.871|1.871]Request_Body: "-"
172.71.99.13 - - [19/Sep/2026:05:36:36 +0800] "chloebagus.com" "POST /blog/blog/wp-json/batch/v1 HTTP/1.1" 301 166 "https://chloebagus.com/blog/wp-admin/" "Mozilla/5.0 (Windows NT 10.0; Win64; x64) AppleWebKit/537.36 (KHTML, like Gecko) Chrome/120.0.0.0 Safari/537.36" "10.0.0.1,195.178.110.132" [-,-,-|0.001]Request_Body: "-"
141.101.76.160 - - [19/Sep/2026:05:36:37 +0800] "www.chloebagus.com" "GET /wp/wp-json/batch/v1/ HTTP/1.1" 404 28000 "https://chloebagus.com/wp/wp-admin/" "Mozilla/5.0 (Windows NT 10.0; Win64; x64) AppleWebKit/537.36 (KHTML, like Gecko) Chrome/120.0.0.0 Safari/537.36" "10.0.0.1,195.178.110.132" [0.001,1.785,1.788|1.788]Request_Body: "-"
172.70.47.58 - - [19/Sep/2026:05:36:38 +0800] "www.chloebagus.com" "GET /blog/blog/wp-json/batch/v1 HTTP/1.1" 404 28005 "https://chloebagus.com/blog/wp-admin/" "Mozilla/5.0 (Windows NT 10.0; Win64; x64) AppleWebKit/537.36 (KHTML, like Gecko) Chrome/120.0.0.0 Safari/537.36" "10.0.0.1,195.178.110.132" [0.002,1.792,1.795|1.795]Request_Body: "-"
172.71.99.13 - - [19/Sep/2026:05:36:38 +0800] "chloebagus.com" "POST /wp/blog/wp-json/batch/v1 HTTP/1.1" 301 166 "https://chloebagus.com/wp/wp-admin/" "Mozilla/5.0 (Windows NT 10.0; Win64; x64) AppleWebKit/537.36 (KHTML, like Gecko) Chrome/120.0.0.0 Safari/537.36" "10.0.0.1,195.178.110.132" [-,-,-|0.000]Request_Body: "-"
141.101.76.160 - - [19/Sep/2026:05:36:40 +0800] "www.chloebagus.com" "GET /wp/blog/wp-json/batch/v1 HTTP/1.1" 404 28004 "https://chloebagus.com/wp/wp-admin/" "Mozilla/5.0 (Windows NT 10.0; Win64; x64) AppleWebKit/537.36 (KHTML, like Gecko) Chrome/120.0.0.0 Safari/537.36" "10.0.0.1,195.178.110.132" [0.001,1.949,1.957|1.957]Request_Body: "-"
172.71.99.13 - - [19/Sep/2026:05:36:41 +0800] "chloebagus.com" "POST /blog/index.php?rest_route=/batch/v1 HTTP/1.1" 301 166 "https://chloebagus.com/blog/wp-admin/" "Mozilla/5.0 (Windows NT 10.0; Win64; x64) AppleWebKit/537.36 (KHTML, like Gecko) Chrome/120.0.0.0 Safari/537.36" "127.0.0.1,195.178.110.132" [-,-,-|0.000]Request_Body: "-"
141.101.76.160 - - [19/Sep/2026:05:36:41 +0800] "www.chloebagus.com" "GET /blog/index.php?rest_route=/batch/v1 HTTP/1.1" 403 552 "https://chloebagus.com/blog/wp-admin/" "Mozilla/5.0 (Windows NT 10.0; Win64; x64) AppleWebKit/537.36 (KHTML, like Gecko) Chrome/120.0.0.0 Safari/537.36" "127.0.0.1,195.178.110.132" [-,-,-|0.000]Request_Body: "-"
172.71.99.13 - - [19/Sep/2026:05:36:41 +0800] "chloebagus.com" "POST /blog/index.php?rest_route=%2Fbatch%2Fv1 HTTP/1.1" 301 166 "https://chloebagus.com/blog/wp-admin/" "Mozilla/5.0 (Windows NT 10.0; Win64; x64) AppleWebKit/537.36 (KHTML, like Gecko) Chrome/120.0.0.0 Safari/537.36" "127.0.0.1,195.178.110.132" [-,-,-|0.001]Request_Body: "-"
104.23.166.132 - - [19/Sep/2026:05:36:41 +0800] "chloebagus.com" "POST /wp/index.php?rest_route=/batch/v1 HTTP/1.1" 301 166 "https://chloebagus.com/wp/wp-admin/" "Mozilla/5.0 (Windows NT 10.0; Win64; x64) AppleWebKit/537.36 (KHTML, like Gecko) Chrome/120.0.0.0 Safari/537.36" "127.0.0.1,195.178.110.132" [-,-,-|0.000]Request_Body: "-"
141.101.76.160 - - [19/Sep/2026:05:36:41 +0800] "www.chloebagus.com" "GET /blog/index.php?rest_route=%2Fbatch%2Fv1 HTTP/1.1" 403 552 "https://chloebagus.com/blog/wp-admin/" "Mozilla/5.0 (Windows NT 10.0; Win64; x64) AppleWebKit/537.36 (KHTML, like Gecko) Chrome/120.0.0.0 Safari/537.36" "127.0.0.1,195.178.110.132" [-,-,-|0.000]Request_Body: "-"
172.70.47.58 - - [19/Sep/2026:05:36:42 +0800] "www.chloebagus.com" "GET /wp/index.php?rest_route=/batch/v1 HTTP/1.1" 403 552 "https://chloebagus.com/wp/wp-admin/" "Mozilla/5.0 (Windows NT 10.0; Win64; x64) AppleWebKit/537.36 (KHTML, like Gecko) Chrome/120.0.0.0 Safari/537.36" "127.0.0.1,195.178.110.132" [-,-,-|0.000]Request_Body: "-"
104.23.166.132 - - [19/Sep/2026:05:36:42 +0800] "chloebagus.com" "POST /blog/?rest_route=%2Fbatch%2Fv1 HTTP/1.1" 301 166 "https://chloebagus.com/blog/wp-admin/" "Mozilla/5.0 (Windows NT 10.0; Win64; x64) AppleWebKit/537.36 (KHTML, like Gecko) Chrome/120.0.0.0 Safari/537.36" "127.0.0.1,195.178.110.132" [-,-,-|0.000]Request_Body: "-"
104.23.166.132 - - [19/Sep/2026:05:36:42 +0800] "chloebagus.com" "POST /wp/index.php?rest_route=%2Fbatch%2Fv1 HTTP/1.1" 301 166 "https://chloebagus.com/wp/wp-admin/" "Mozilla/5.0 (Windows NT 10.0; Win64; x64) AppleWebKit/537.36 (KHTML, like Gecko) Chrome/120.0.0.0 Safari/537.36" "127.0.0.1,195.178.110.132" [-,-,-|0.001]Request_Body: "-"
141.101.76.160 - - [19/Sep/2026:05:36:42 +0800] "www.chloebagus.com" "GET /wp/index.php?rest_route=%2Fbatch%2Fv1 HTTP/1.1" 403 552 "https://chloebagus.com/wp/wp-admin/" "Mozilla/5.0 (Windows NT 10.0; Win64; x64) AppleWebKit/537.36 (KHTML, like Gecko) Chrome/120.0.0.0 Safari/537.36" "127.0.0.1,195.178.110.132" [-,-,-|0.000]Request_Body: "-"
104.23.166.132 - - [19/Sep/2026:05:36:42 +0800] "chloebagus.com" "POST /wp/?rest_route=%2Fbatch%2Fv1 HTTP/1.1" 301 166 "https://chloebagus.com/wp/wp-admin/" "Mozilla/5.0 (Windows NT 10.0; Win64; x64) AppleWebKit/537.36 (KHTML, like Gecko) Chrome/120.0.0.0 Safari/537.36" "127.0.0.1,195.178.110.132" [-,-,-|0.000]Request_Body: "-"
172.70.47.58 - - [19/Sep/2026:05:36:44 +0800] "www.chloebagus.com" "GET /blog/?rest_route=%2Fbatch%2Fv1 HTTP/1.1" 404 125 "https://chloebagus.com/blog/wp-admin/" "Mozilla/5.0 (Windows NT 10.0; Win64; x64) AppleWebKit/537.36 (KHTML, like Gecko) Chrome/120.0.0.0 Safari/537.36" "127.0.0.1,195.178.110.132" [0.000,1.921,1.921|1.921]Request_Body: "-"
104.23.166.132 - - [19/Sep/2026:05:36:44 +0800] "chloebagus.com" "POST /blog/?rest_route=/batch%2Fv1 HTTP/1.1" 301 166 "https://chloebagus.com/blog/wp-admin/" "Mozilla/5.0 (Windows NT 10.0; Win64; x64) AppleWebKit/537.36 (KHTML, like Gecko) Chrome/120.0.0.0 Safari/537.36" "127.0.0.1,195.178.110.132" [-,-,-|0.000]Request_Body: "-"
141.101.76.160 - - [19/Sep/2026:05:36:44 +0800] "www.chloebagus.com" "GET /wp/?rest_route=%2Fbatch%2Fv1 HTTP/1.1" 404 125 "https://chloebagus.com/wp/wp-admin/" "Mozilla/5.0 (Windows NT 10.0; Win64; x64) AppleWebKit/537.36 (KHTML, like Gecko) Chrome/120.0.0.0 Safari/537.36" "127.0.0.1,195.178.110.132" [0.000,1.879,1.879|1.879]Request_Body: "-"
104.23.166.132 - - [19/Sep/2026:05:36:45 +0800] "chloebagus.com" "POST /wp/?rest_route=/batch%2Fv1 HTTP/1.1" 301 166 "https://chloebagus.com/wp/wp-admin/" "Mozilla/5.0 (Windows NT 10.0; Win64; x64) AppleWebKit/537.36 (KHTML, like Gecko) Chrome/120.0.0.0 Safari/537.36" "127.0.0.1,195.178.110.132" [-,-,-|0.000]Request_Body: "-"
172.70.47.58 - - [19/Sep/2026:05:36:45 +0800] "www.chloebagus.com" "GET /blog/?rest_route=/batch%2Fv1 HTTP/1.1" 404 125 "https://chloebagus.com/blog/wp-admin/" "Mozilla/5.0 (Windows NT 10.0; Win64; x64) AppleWebKit/537.36 (KHTML, like Gecko) Chrome/120.0.0.0 Safari/537.36" "127.0.0.1,195.178.110.132" [0.001,1.509,1.509|1.510]Request_Body: "-"
104.23.166.132 - - [19/Sep/2026:05:36:46 +0800] "chloebagus.com" "POST /blog/?rest_route=/batch/v1 HTTP/1.1" 301 166 "https://chloebagus.com/blog/wp-admin/" "Mozilla/5.0 (Windows NT 10.0; Win64; x64) AppleWebKit/537.36 (KHTML, like Gecko) Chrome/120.0.0.0 Safari/537.36" "127.0.0.1,195.178.110.132" [-,-,-|0.000]Request_Body: "-"
141.101.76.160 - - [19/Sep/2026:05:36:47 +0800] "www.chloebagus.com" "GET /wp/?rest_route=/batch%2Fv1 HTTP/1.1" 404 125 "https://chloebagus.com/wp/wp-admin/" "Mozilla/5.0 (Windows NT 10.0; Win64; x64) AppleWebKit/537.36 (KHTML, like Gecko) Chrome/120.0.0.0 Safari/537.36" "127.0.0.1,195.178.110.132" [0.001,1.689,1.689|1.689]Request_Body: "-"
104.23.166.132 - - [19/Sep/2026:05:36:47 +0800] "chloebagus.com" "POST /wp/?rest_route=/batch/v1 HTTP/1.1" 301 166 "https://chloebagus.com/wp/wp-admin/" "Mozilla/5.0 (Windows NT 10.0; Win64; x64) AppleWebKit/537.36 (KHTML, like Gecko) Chrome/120.0.0.0 Safari/537.36" "127.0.0.1,195.178.110.132" [-,-,-|0.000]Request_Body: "-"
172.70.47.58 - - [19/Sep/2026:05:36:48 +0800] "www.chloebagus.com" "GET /blog/?rest_route=/batch/v1 HTTP/1.1" 404 125 "https://chloebagus.com/blog/wp-admin/" "Mozilla/5.0 (Windows NT 10.0; Win64; x64) AppleWebKit/537.36 (KHTML, like Gecko) Chrome/120.0.0.0 Safari/537.36" "127.0.0.1,195.178.110.132" [0.001,1.935,1.935|1.935]Request_Body: "-"
104.23.166.132 - - [19/Sep/2026:05:36:48 +0800] "chloebagus.com" "POST /blog/wp-json/batch/v1 HTTP/1.1" 301 166 "https://chloebagus.com/blog/wp-admin/" "Mozilla/5.0 (Windows NT 10.0; Win64; x64) AppleWebKit/537.36 (KHTML, like Gecko) Chrome/120.0.0.0 Safari/537.36" "127.0.0.1,195.178.110.132" [-,-,-|0.000]Request_Body: "-"
141.101.76.160 - - [19/Sep/2026:05:36:51 +0800] "www.chloebagus.com" "GET /blog/wp-json/batch/v1 HTTP/1.1" 404 28003 "https://chloebagus.com/blog/wp-admin/" "Mozilla/5.0 (Windows NT 10.0; Win64; x64) AppleWebKit/537.36 (KHTML, like Gecko) Chrome/120.0.0.0 Safari/537.36" "127.0.0.1,195.178.110.132" [0.001,1.652,1.655|1.655]Request_Body: "-"
172.70.47.58 - - [19/Sep/2026:05:36:51 +0800] "www.chloebagus.com" "GET /wp/?rest_route=/batch/v1 HTTP/1.1" 404 125 "https://chloebagus.com/wp/wp-admin/" "Mozilla/5.0 (Windows NT 10.0; Win64; x64) AppleWebKit/537.36 (KHTML, like Gecko) Chrome/120.0.0.0 Safari/537.36" "127.0.0.1,195.178.110.132" [0.001,1.807,1.807|1.807]Request_Body: "-"
104.23.166.132 - - [19/Sep/2026:05:36:51 +0800] "chloebagus.com" "POST /wp/wp-json/batch/v1 HTTP/1.1" 301 166 "https://chloebagus.com/wp/wp-admin/" "Mozilla/5.0 (Windows NT 10.0; Win64; x64) AppleWebKit/537.36 (KHTML, like Gecko) Chrome/120.0.0.0 Safari/537.36" "127.0.0.1,195.178.110.132" [-,-,-|0.000]Request_Body: "-"
104.23.166.132 - - [19/Sep/2026:05:36:52 +0800] "chloebagus.com" "POST /blog/wp-json/Batch/v1 HTTP/1.1" 301 166 "https://chloebagus.com/blog/wp-admin/" "Mozilla/5.0 (Windows NT 10.0; Win64; x64) AppleWebKit/537.36 (KHTML, like Gecko) Chrome/120.0.0.0 Safari/537.36" "127.0.0.1,195.178.110.132" [-,-,-|0.001]Request_Body: "-"
172.70.47.58 - - [19/Sep/2026:05:36:54 +0800] "www.chloebagus.com" "GET /wp/wp-json/batch/v1 HTTP/1.1" 404 27998 "https://chloebagus.com/wp/wp-admin/" "Mozilla/5.0 (Windows NT 10.0; Win64; x64) AppleWebKit/537.36 (KHTML, like Gecko) Chrome/120.0.0.0 Safari/537.36" "127.0.0.1,195.178.110.132" [0.001,2.091,2.094|2.094]Request_Body: "-"
104.23.166.132 - - [19/Sep/2026:05:36:54 +0800] "chloebagus.com" "POST /wp/wp-json/Batch/v1 HTTP/1.1" 301 166 "https://chloebagus.com/wp/wp-admin/" "Mozilla/5.0 (Windows NT 10.0; Win64; x64) AppleWebKit/537.36 (KHTML, like Gecko) Chrome/120.0.0.0 Safari/537.36" "127.0.0.1,195.178.110.132" [-,-,-|0.000]Request_Body: "-"
141.101.76.160 - - [19/Sep/2026:05:36:54 +0800] "www.chloebagus.com" "GET /blog/wp-json/Batch/v1 HTTP/1.1" 404 28003 "https://chloebagus.com/blog/wp-admin/" "Mozilla/5.0 (Windows NT 10.0; Win64; x64) AppleWebKit/537.36 (KHTML, like Gecko) Chrome/120.0.0.0 Safari/537.36" "127.0.0.1,195.178.110.132" [0.003,1.985,1.990|1.990]Request_Body: "-"
104.23.166.132 - - [19/Sep/2026:05:36:55 +0800] "chloebagus.com" "POST /blog//wp-json/batch/v1 HTTP/1.1" 301 166 "https://chloebagus.com/blog/wp-admin/" "Mozilla/5.0 (Windows NT 10.0; Win64; x64) AppleWebKit/537.36 (KHTML, like Gecko) Chrome/120.0.0.0 Safari/537.36" "127.0.0.1,195.178.110.132" [-,-,-|0.000]Request_Body: "-"
141.101.76.160 - - [19/Sep/2026:05:36:56 +0800] "www.chloebagus.com" "GET /blog//wp-json/batch/v1 HTTP/1.1" 301 5 "https://chloebagus.com/blog/wp-admin/" "Mozilla/5.0 (Windows NT 10.0; Win64; x64) AppleWebKit/537.36 (KHTML, like Gecko) Chrome/120.0.0.0 Safari/537.36" "127.0.0.1,195.178.110.132" [0.001,1.303,1.303|1.303]Request_Body: "-"
172.70.47.58 - - [19/Sep/2026:05:36:57 +0800] "www.chloebagus.com" "GET /wp/wp-json/Batch/v1 HTTP/1.1" 404 27998 "https://chloebagus.com/wp/wp-admin/" "Mozilla/5.0 (Windows NT 10.0; Win64; x64) AppleWebKit/537.36 (KHTML, like Gecko) Chrome/120.0.0.0 Safari/537.36" "127.0.0.1,195.178.110.132" [0.002,1.797,1.799|1.798]Request_Body: "-"
104.23.166.132 - - [19/Sep/2026:05:36:57 +0800] "chloebagus.com" "POST /wp//wp-json/batch/v1 HTTP/1.1" 301 166 "https://chloebagus.com/wp/wp-admin/" "Mozilla/5.0 (Windows NT 10.0; Win64; x64) AppleWebKit/537.36 (KHTML, like Gecko) Chrome/120.0.0.0 Safari/537.36" "127.0.0.1,195.178.110.132" [-,-,-|0.000]Request_Body: "-"
172.70.47.58 - - [19/Sep/2026:05:36:59 +0800] "www.chloebagus.com" "GET /wp//wp-json/batch/v1 HTTP/1.1" 301 5 "https://chloebagus.com/wp/wp-admin/" "Mozilla/5.0 (Windows NT 10.0; Win64; x64) AppleWebKit/537.36 (KHTML, like Gecko) Chrome/120.0.0.0 Safari/537.36" "127.0.0.1,195.178.110.132" [0.001,1.759,1.759|1.759]Request_Body: "-"
141.101.76.160 - - [19/Sep/2026:05:36:59 +0800] "www.chloebagus.com" "GET /blog/wp-json/batch/v1 HTTP/1.1" 404 28003 "https://chloebagus.com/blog/wp-admin/" "Mozilla/5.0 (Windows NT 10.0; Win64; x64) AppleWebKit/537.36 (KHTML, like Gecko) Chrome/120.0.0.0 Safari/537.36" "127.0.0.1,195.178.110.132" [0.001,2.371,2.374|2.374]Request_Body: "-"
104.23.166.132 - - [19/Sep/2026:05:37:00 +0800] "chloebagus.com" "POST /blog/wp-json/batch/v1/ HTTP/1.1" 301 166 "https://chloebagus.com/blog/wp-admin/" "Mozilla/5.0 (Windows NT 10.0; Win64; x64) AppleWebKit/537.36 (KHTML, like Gecko) Chrome/120.0.0.0 Safari/537.36" "127.0.0.1,195.178.110.132" [-,-,-|0.000]Request_Body: "-"
172.70.47.58 - - [19/Sep/2026:05:37:01 +0800] "www.chloebagus.com" "GET /wp/wp-json/batch/v1 HTTP/1.1" 404 27998 "https://chloebagus.com/wp/wp-admin/" "Mozilla/5.0 (Windows NT 10.0; Win64; x64) AppleWebKit/537.36 (KHTML, like Gecko) Chrome/120.0.0.0 Safari/537.36" "127.0.0.1,195.178.110.132" [0.001,2.206,2.209|2.209]Request_Body: "-"
104.23.166.132 - - [19/Sep/2026:05:37:02 +0800] "chloebagus.com" "POST /wp/wp-json/batch/v1/ HTTP/1.1" 301 166 "https://chloebagus.com/wp/wp-admin/" "Mozilla/5.0 (Windows NT 10.0; Win64; x64) AppleWebKit/537.36 (KHTML, like Gecko) Chrome/120.0.0.0 Safari/537.36" "127.0.0.1,195.178.110.132" [-,-,-|0.001]Request_Body: "-"
141.101.76.160 - - [19/Sep/2026:05:37:03 +0800] "www.chloebagus.com" "GET /blog/wp-json/batch/v1/ HTTP/1.1" 404 28004 "https://chloebagus.com/blog/wp-admin/" "Mozilla/5.0 (Windows NT 10.0; Win64; x64) AppleWebKit/537.36 (KHTML, like Gecko) Chrome/120.0.0.0 Safari/537.36" "127.0.0.1,195.178.110.132" [0.010,2.123,2.126|2.126]Request_Body: "-"
104.23.166.132 - - [19/Sep/2026:05:37:03 +0800] "chloebagus.com" "POST /blog/blog/wp-json/batch/v1 HTTP/1.1" 301 166 "https://chloebagus.com/blog/wp-admin/" "Mozilla/5.0 (Windows NT 10.0; Win64; x64) AppleWebKit/537.36 (KHTML, like Gecko) Chrome/120.0.0.0 Safari/537.36" "127.0.0.1,195.178.110.132" [-,-,-|0.000]Request_Body: "-"
172.70.47.58 - - [19/Sep/2026:05:37:04 +0800] "www.chloebagus.com" "GET /wp/wp-json/batch/v1/ HTTP/1.1" 404 28000 "https://chloebagus.com/wp/wp-admin/" "Mozilla/5.0 (Windows NT 10.0; Win64; x64) AppleWebKit/537.36 (KHTML, like Gecko) Chrome/120.0.0.0 Safari/537.36" "127.0.0.1,195.178.110.132" [0.001,1.839,1.842|1.842]Request_Body: "-"
172.71.190.252 - - [19/Sep/2026:05:37:04 +0800] "www.chloebagus.com" "GET /product/the-chloe-iconic-dangling-earrings/ HTTP/1.1" 200 41102 "-" "Mozilla/5.0 AppleWebKit/537.36 (KHTML, like Gecko; compatible; bingbot/2.0; +http://www.bing.com/bingbot.htm) Chrome/116.0.1938.76 Safari/537.36" "52.167.144.210" [0.001,2.101,2.105|2.106]Request_Body: "-"
141.101.76.160 - - [19/Sep/2026:05:37:05 +0800] "www.chloebagus.com" "GET /blog/blog/wp-json/batch/v1 HTTP/1.1" 404 28005 "https://chloebagus.com/blog/wp-admin/" "Mozilla/5.0 (Windows NT 10.0; Win64; x64) AppleWebKit/537.36 (KHTML, like Gecko) Chrome/120.0.0.0 Safari/537.36" "127.0.0.1,195.178.110.132" [0.001,1.603,1.606|1.606]Request_Body: "-"
104.23.166.132 - - [19/Sep/2026:05:37:05 +0800] "chloebagus.com" "POST /blog/index.php?rest_route=/batch/v1 HTTP/1.1" 301 166 "https://chloebagus.com/blog/wp-admin/" "WordPress/6.4.3" "127.0.0.1,195.178.110.132" [-,-,-|0.000]Request_Body: "-"
141.101.76.160 - - [19/Sep/2026:05:37:05 +0800] "www.chloebagus.com" "GET /blog/index.php?rest_route=/batch/v1 HTTP/1.1" 403 150 "https://chloebagus.com/blog/wp-admin/" "WordPress/6.4.3" "127.0.0.1,195.178.110.132" [-,-,-|0.000]Request_Body: "-"
104.23.166.132 - - [19/Sep/2026:05:37:05 +0800] "chloebagus.com" "POST /blog/index.php?rest_route=%2Fbatch%2Fv1 HTTP/1.1" 301 166 "https://chloebagus.com/blog/wp-admin/" "WordPress/6.4.3" "127.0.0.1,195.178.110.132" [-,-,-|0.000]Request_Body: "-"
141.101.76.160 - - [19/Sep/2026:05:37:06 +0800] "www.chloebagus.com" "GET /blog/index.php?rest_route=%2Fbatch%2Fv1 HTTP/1.1" 403 150 "https://chloebagus.com/blog/wp-admin/" "WordPress/6.4.3" "127.0.0.1,195.178.110.132" [-,-,-|0.000]Request_Body: "-"
104.23.166.132 - - [19/Sep/2026:05:37:06 +0800] "chloebagus.com" "POST /blog/?rest_route=%2Fbatch%2Fv1 HTTP/1.1" 301 166 "https://chloebagus.com/blog/wp-admin/" "WordPress/6.4.3" "127.0.0.1,195.178.110.132" [-,-,-|0.001]Request_Body: "-"
104.23.166.132 - - [19/Sep/2026:05:37:07 +0800] "chloebagus.com" "POST /wp/blog/wp-json/batch/v1 HTTP/1.1" 301 166 "https://chloebagus.com/wp/wp-admin/" "Mozilla/5.0 (Windows NT 10.0; Win64; x64) AppleWebKit/537.36 (KHTML, like Gecko) Chrome/120.0.0.0 Safari/537.36" "127.0.0.1,195.178.110.132" [-,-,-|0.000]Request_Body: "-"
141.101.76.160 - - [19/Sep/2026:05:37:07 +0800] "www.chloebagus.com" "GET /blog/?rest_route=%2Fbatch%2Fv1 HTTP/1.1" 404 125 "https://chloebagus.com/blog/wp-admin/" "WordPress/6.4.3" "127.0.0.1,195.178.110.132" [0.000,1.349,1.350|1.350]Request_Body: "-"
104.23.166.132 - - [19/Sep/2026:05:37:07 +0800] "chloebagus.com" "POST /blog/?rest_route=/batch%2Fv1 HTTP/1.1" 301 166 "https://chloebagus.com/blog/wp-admin/" "WordPress/6.4.3" "127.0.0.1,195.178.110.132" [-,-,-|0.001]Request_Body: "-"
104.23.166.113 - - [19/Sep/2026:05:37:09 +0800] "www.chloebagus.com" "GET /wp/blog/wp-json/batch/v1 HTTP/1.1" 404 28004 "https://chloebagus.com/wp/wp-admin/" "Mozilla/5.0 (Windows NT 10.0; Win64; x64) AppleWebKit/537.36 (KHTML, like Gecko) Chrome/120.0.0.0 Safari/537.36" "127.0.0.1,195.178.110.132" [0.001,1.844,1.847|1.847]Request_Body: "-"
104.23.166.132 - - [19/Sep/2026:05:37:09 +0800] "chloebagus.com" "POST /wp/index.php?rest_route=/batch/v1 HTTP/1.1" 301 166 "https://chloebagus.com/wp/wp-admin/" "WordPress/6.4.3" "127.0.0.1,195.178.110.132" [-,-,-|0.000]Request_Body: "-"
141.101.76.160 - - [19/Sep/2026:05:37:09 +0800] "www.chloebagus.com" "GET /blog/?rest_route=/batch%2Fv1 HTTP/1.1" 404 125 "https://chloebagus.com/blog/wp-admin/" "WordPress/6.4.3" "127.0.0.1,195.178.110.132" [0.001,1.778,1.778|1.778]Request_Body: "-"
141.101.76.160 - - [19/Sep/2026:05:37:10 +0800] "www.chloebagus.com" "GET /wp/index.php?rest_route=/batch/v1 HTTP/1.1" 403 150 "https://chloebagus.com/wp/wp-admin/" "WordPress/6.4.3" "127.0.0.1,195.178.110.132" [-,-,-|0.000]Request_Body: "-"
172.71.99.13 - - [19/Sep/2026:05:37:10 +0800] "chloebagus.com" "POST /blog/?rest_route=/batch/v1 HTTP/1.1" 301 166 "https://chloebagus.com/blog/wp-admin/" "WordPress/6.4.3" "127.0.0.1,195.178.110.132" [-,-,-|0.000]Request_Body: "-"
172.71.99.13 - - [19/Sep/2026:05:37:10 +0800] "chloebagus.com" "POST /wp/index.php?rest_route=%2Fbatch%2Fv1 HTTP/1.1" 301 166 "https://chloebagus.com/wp/wp-admin/" "WordPress/6.4.3" "127.0.0.1,195.178.110.132" [-,-,-|0.000]Request_Body: "-"
104.23.166.113 - - [19/Sep/2026:05:37:10 +0800] "www.chloebagus.com" "GET /wp/index.php?rest_route=%2Fbatch%2Fv1 HTTP/1.1" 403 150 "https://chloebagus.com/wp/wp-admin/" "WordPress/6.4.3" "127.0.0.1,195.178.110.132" [-,-,-|0.000]Request_Body: "-"
172.71.99.13 - - [19/Sep/2026:05:37:10 +0800] "chloebagus.com" "POST /wp/?rest_route=%2Fbatch%2Fv1 HTTP/1.1" 301 166 "https://chloebagus.com/wp/wp-admin/" "WordPress/6.4.3" "127.0.0.1,195.178.110.132" [-,-,-|0.000]Request_Body: "-"
141.101.76.160 - - [19/Sep/2026:05:37:11 +0800] "www.chloebagus.com" "GET /blog/?rest_route=/batch/v1 HTTP/1.1" 404 125 "https://chloebagus.com/blog/wp-admin/" "WordPress/6.4.3" "127.0.0.1,195.178.110.132" [0.001,1.570,1.570|1.570]Request_Body: "-"
172.71.99.13 - - [19/Sep/2026:05:37:12 +0800] "chloebagus.com" "POST /blog/wp-json/batch/v1 HTTP/1.1" 301 166 "https://chloebagus.com/blog/wp-admin/" "WordPress/6.4.3" "127.0.0.1,195.178.110.132" [-,-,-|0.000]Request_Body: "-"
104.23.166.113 - - [19/Sep/2026:05:37:12 +0800] "www.chloebagus.com" "GET /wp/?rest_route=%2Fbatch%2Fv1 HTTP/1.1" 404 125 "https://chloebagus.com/wp/wp-admin/" "WordPress/6.4.3" "127.0.0.1,195.178.110.132" [0.000,1.392,1.392|1.392]Request_Body: "-"
172.68.12.34 - - [19/Sep/2026:05:37:12 +0800] "chloebagus.com" "GET /about-us HTTP/1.1" 301 166 "https://chloebagus.com/" "Mozilla/5.0 (Windows NT 10.0; Win64; x64) AppleWebKit/537.36 (KHTML, like Gecko) Chrome/121.0.0.0 Safari/537.36 Edg/121.0.0.0" "186.82.102.133" [-,-,-|0.000]Request_Body: "-"
172.71.99.13 - - [19/Sep/2026:05:37:12 +0800] "chloebagus.com" "POST /wp/?rest_route=/batch%2Fv1 HTTP/1.1" 301 166 "https://chloebagus.com/wp/wp-admin/" "WordPress/6.4.3" "127.0.0.1,195.178.110.132" [-,-,-|0.000]Request_Body: "-"
104.23.166.113 - - [19/Sep/2026:05:37:14 +0800] "www.chloebagus.com" "GET /wp/?rest_route=/batch%2Fv1 HTTP/1.1" 404 125 "https://chloebagus.com/wp/wp-admin/" "WordPress/6.4.3" "127.0.0.1,195.178.110.132" [0.001,1.843,1.843|1.842]Request_Body: "-"
172.71.99.13 - - [19/Sep/2026:05:37:15 +0800] "chloebagus.com" "POST /wp/?rest_route=/batch/v1 HTTP/1.1" 301 166 "https://chloebagus.com/wp/wp-admin/" "WordPress/6.4.3" "127.0.0.1,195.178.110.132" [-,-,-|0.000]Request_Body: "-"
141.101.76.160 - - [19/Sep/2026:05:37:15 +0800] "www.chloebagus.com" "GET /blog/wp-json/batch/v1 HTTP/1.1" 404 28003 "https://chloebagus.com/blog/wp-admin/" "WordPress/6.4.3" "127.0.0.1,195.178.110.132" [0.000,1.694,1.697|1.697]Request_Body: "-"
172.71.99.13 - - [19/Sep/2026:05:37:15 +0800] "chloebagus.com" "POST /blog/wp-json/Batch/v1 HTTP/1.1" 301 166 "https://chloebagus.com/blog/wp-admin/" "WordPress/6.4.3" "127.0.0.1,195.178.110.132" [-,-,-|0.000]Request_Body: "-"
104.23.166.113 - - [19/Sep/2026:05:37:16 +0800] "www.chloebagus.com" "GET /wp/?rest_route=/batch/v1 HTTP/1.1" 404 125 "https://chloebagus.com/wp/wp-admin/" "WordPress/6.4.3" "127.0.0.1,195.178.110.132" [0.000,1.691,1.691|1.691]Request_Body: "-"
172.71.99.13 - - [19/Sep/2026:05:37:17 +0800] "chloebagus.com" "POST /wp/wp-json/batch/v1 HTTP/1.1" 301 166 "https://chloebagus.com/wp/wp-admin/" "WordPress/6.4.3" "127.0.0.1,195.178.110.132" [-,-,-|0.000]Request_Body: "-"
141.101.76.160 - - [19/Sep/2026:05:37:18 +0800] "www.chloebagus.com" "GET /blog/wp-json/Batch/v1 HTTP/1.1" 404 28003 "https://chloebagus.com/blog/wp-admin/" "WordPress/6.4.3" "127.0.0.1,195.178.110.132" [0.000,1.956,1.959|1.959]Request_Body: "-"
172.68.19.253 - - [19/Sep/2026:05:37:18 +0800] "www.chloebagus.com" "GET /about-us HTTP/1.1" 301 5 "https://chloebagus.com/" "Mozilla/5.0 (Windows NT 10.0; Win64; x64) AppleWebKit/537.36 (KHTML, like Gecko) Chrome/121.0.0.0 Safari/537.36 Edg/121.0.0.0" "45.163.173.111" [0.000,1.534,1.534|1.534]Request_Body: "-"
172.71.99.13 - - [19/Sep/2026:05:37:18 +0800] "chloebagus.com" "POST /blog//wp-json/batch/v1 HTTP/1.1" 301 166 "https://chloebagus.com/blog/wp-admin/" "WordPress/6.4.3" "127.0.0.1,195.178.110.132" [-,-,-|0.000]Request_Body: "-"
104.23.166.113 - - [19/Sep/2026:05:37:19 +0800] "www.chloebagus.com" "GET /wp/wp-json/batch/v1 HTTP/1.1" 404 27998 "https://chloebagus.com/wp/wp-admin/" "WordPress/6.4.3" "127.0.0.1,195.178.110.132" [0.001,1.794,1.797|1.797]Request_Body: "-"
172.71.99.13 - - [19/Sep/2026:05:37:19 +0800] "chloebagus.com" "POST /wp/wp-json/Batch/v1 HTTP/1.1" 301 166 "https://chloebagus.com/wp/wp-admin/" "WordPress/6.4.3" "127.0.0.1,195.178.110.132" [-,-,-|0.001]Request_Body: "-"
141.101.76.160 - - [19/Sep/2026:05:37:20 +0800] "www.chloebagus.com" "GET /blog//wp-json/batch/v1 HTTP/1.1" 301 5 "https://chloebagus.com/blog/wp-admin/" "WordPress/6.4.3" "127.0.0.1,195.178.110.132" [0.001,1.835,1.835|1.835]Request_Body: "-"
104.23.166.113 - - [19/Sep/2026:05:37:21 +0800] "www.chloebagus.com" "GET /wp/wp-json/Batch/v1 HTTP/1.1" 404 27998 "https://chloebagus.com/wp/wp-admin/" "WordPress/6.4.3" "127.0.0.1,195.178.110.132" [0.001,1.774,1.777|1.777]Request_Body: "-"
172.71.99.13 - - [19/Sep/2026:05:37:22 +0800] "chloebagus.com" "POST /wp//wp-json/batch/v1 HTTP/1.1" 301 166 "https://chloebagus.com/wp/wp-admin/" "WordPress/6.4.3" "127.0.0.1,195.178.110.132" [-,-,-|0.001]Request_Body: "-"
141.101.76.160 - - [19/Sep/2026:05:37:23 +0800] "www.chloebagus.com" "GET /blog/wp-json/batch/v1 HTTP/1.1" 404 28003 "https://chloebagus.com/blog/wp-admin/" "WordPress/6.4.3" "127.0.0.1,195.178.110.132" [0.001,2.496,2.499|2.499]Request_Body: "-"
104.23.248.87 - - [19/Sep/2026:05:37:24 +0800] "www.chloebagus.com" "GET /about-us/ HTTP/1.1" 200 30889 "https://chloebagus.com/" "Mozilla/5.0 (Windows NT 10.0; Win64; x64) AppleWebKit/537.36 (KHTML, like Gecko) Chrome/121.0.0.0 Safari/537.36 Edg/121.0.0.0" "153.51.234.225" [0.001,3.317,3.320|3.320]Request_Body: "-"
172.71.99.13 - - [19/Sep/2026:05:37:24 +0800] "chloebagus.com" "POST /blog/wp-json/batch/v1/ HTTP/1.1" 301 166 "https://chloebagus.com/blog/wp-admin/" "WordPress/6.4.3" "127.0.0.1,195.178.110.132" [-,-,-|0.000]Request_Body: "-"
104.23.166.113 - - [19/Sep/2026:05:37:25 +0800] "www.chloebagus.com" "GET /wp//wp-json/batch/v1 HTTP/1.1" 301 5 "https://chloebagus.com/wp/wp-admin/" "WordPress/6.4.3" "127.0.0.1,195.178.110.132" [0.001,3.248,3.248|3.248]Request_Body: "-"
172.71.99.13 - - [19/Sep/2026:05:37:30 +0800] "chloebagus.com" "POST /blog/blog/wp-json/batch/v1 HTTP/1.1" 301 166 "https://chloebagus.com/blog/wp-admin/" "WordPress/6.4.3" "127.0.0.1,195.178.110.132" [-,-,-|0.000]Request_Body: "-"
172.71.99.13 - - [19/Sep/2026:05:37:30 +0800] "chloebagus.com" "POST /wp/wp-json/batch/v1/ HTTP/1.1" 301 166 "https://chloebagus.com/wp/wp-admin/" "WordPress/6.4.3" "127.0.0.1,195.178.110.132" [-,-,-|0.000]Request_Body: "-"
141.101.76.160 - - [19/Sep/2026:05:37:30 +0800] "www.chloebagus.com" "GET /blog/wp-json/batch/v1/ HTTP/1.1" 404 28004 "https://chloebagus.com/blog/wp-admin/" "WordPress/6.4.3" "127.0.0.1,195.178.110.132" [0.001,5.898,5.902|5.902]Request_Body: "-"
104.23.166.113 - - [19/Sep/2026:05:37:32 +0800] "www.chloebagus.com" "GET /wp/wp-json/batch/v1 HTTP/1.1" 404 27998 "https://chloebagus.com/wp/wp-admin/" "WordPress/6.4.3" "127.0.0.1,195.178.110.132" [0.001,7.167,7.180|7.179]Request_Body: "-"
104.23.170.119 - - [19/Sep/2026:05:37:35 +0800] "www.chloebagus.com" "GET /wp/wp-json/batch/v1/ HTTP/1.1" 404 28000 "https://chloebagus.com/wp/wp-admin/" "WordPress/6.4.3" "127.0.0.1,195.178.110.132" [0.000,3.513,3.531|3.531]Request_Body: "-"
172.71.99.13 - - [19/Sep/2026:05:37:35 +0800] "chloebagus.com" "POST /wp/blog/wp-json/batch/v1 HTTP/1.1" 301 166 "https://chloebagus.com/wp/wp-admin/" "WordPress/6.4.3" "127.0.0.1,195.178.110.132" [-,-,-|0.000]Request_Body: "-"
172.71.99.13 - - [19/Sep/2026:05:37:36 +0800] "chloebagus.com" "GET /blog/wp/v2/posts/999999 HTTP/1.1" 301 166 "-" "Mozilla/5.0 (Windows NT 10.0; Win64; x64) AppleWebKit/537.36 (KHTML, like Gecko) Chrome/120.0.0.0 Safari/537.36" "195.178.110.132" [-,-,-|0.000]Request_Body: "-"
172.71.98.244 - - [19/Sep/2026:05:37:37 +0800] "www.chloebagus.com" "GET /blog/blog/wp-json/batch/v1 HTTP/1.1" 404 28005 "https://chloebagus.com/blog/wp-admin/" "WordPress/6.4.3" "127.0.0.1,195.178.110.132" [0.001,6.248,6.272|6.272]Request_Body: "-"
