File: /www/sites/clothingawaiianshirt.com/log/access.log
141.101.98.99 - - [19/Sep/2026:04:04:41 +0800] "clothingawaiianshirt.com" "GET /wp-json/ HTTP/1.1" 301 166 "-" "Mozilla/5.0 (Windows NT 10.0; Win64; x64) AppleWebKit/537.36 (KHTML, like Gecko) Chrome/120.0.0.0 Safari/537.36" "45.148.10.244" [-,-,-|0.000]Request_Body: "-"
104.23.229.86 - - [19/Sep/2026:04:04:45 +0800] "clothingawaiianshirt.com" "GET /?rest_route=/batch/v1 HTTP/1.1" 301 166 "http://clothingawaiianshirt.com/?rest_route=/batch/v1" "Mozilla/5.0 (Windows NT 10.0; Win64; x64) AppleWebKit/537.36 (KHTML, like Gecko) Chrome/120.0.0.0 Safari/537.36" "45.148.10.244" [-,-,-|0.000]Request_Body: "-"
104.23.229.20 - - [19/Sep/2026:04:04:47 +0800] "clothingawaiianshirt.com" "GET /?rest_route=/batch/v1 HTTP/1.1" 301 166 "http://clothingawaiianshirt.com/?rest_route=/batch/v1" "Mozilla/5.0 (Windows NT 10.0; Win64; x64) AppleWebKit/537.36 (KHTML, like Gecko) Chrome/120.0.0.0 Safari/537.36" "45.148.10.244" [-,-,-|0.000]Request_Body: "-"
104.23.229.20 - - [19/Sep/2026:04:04:51 +0800] "clothingawaiianshirt.com" "GET /wp-json/ HTTP/1.1" 301 166 "http://clothingawaiianshirt.com/wp-json/" "Mozilla/5.0 (Windows NT 10.0; Win64; x64) AppleWebKit/537.36 (KHTML, like Gecko) Chrome/120.0.0.0 Safari/537.36" "45.148.10.244" [-,-,-|0.000]Request_Body: "-"
172.71.99.95 - - [19/Sep/2026:04:04:53 +0800] "www.clothingawaiianshirt.com" "GET /wp-json/ HTTP/1.1" 200 1748206 "http://www.clothingawaiianshirt.com/wp-json/" "Mozilla/5.0 (Windows NT 10.0; Win64; x64) AppleWebKit/537.36 (KHTML, like Gecko) Chrome/120.0.0.0 Safari/537.36" "45.148.10.244" [0.001,1.400,1.404|2.098]Request_Body: "-"
104.23.229.86 - - [19/Sep/2026:04:04:54 +0800] "clothingawaiianshirt.com" "GET /index.php?rest_route=/batch/v1 HTTP/1.1" 301 166 "http://clothingawaiianshirt.com/index.php?rest_route=/batch/v1" "Mozilla/5.0 (Windows NT 10.0; Win64; x64) AppleWebKit/537.36 (KHTML, like Gecko) Chrome/120.0.0.0 Safari/537.36" "45.148.10.244" [-,-,-|0.000]Request_Body: "-"
104.23.170.81 - - [19/Sep/2026:04:04:56 +0800] "www.clothingawaiianshirt.com" "GET /index.php?rest_route=/batch/v1 HTTP/1.1" 404 125 "http://www.clothingawaiianshirt.com/index.php?rest_route=/batch/v1" "Mozilla/5.0 (Windows NT 10.0; Win64; x64) AppleWebKit/537.36 (KHTML, like Gecko) Chrome/120.0.0.0 Safari/537.36" "45.148.10.244" [0.000,1.368,1.368|1.368]Request_Body: "-"
104.23.229.86 - - [19/Sep/2026:04:04:57 +0800] "clothingawaiianshirt.com" "GET /index.php?rest_route=%2Fbatch%2Fv1 HTTP/1.1" 301 166 "http://clothingawaiianshirt.com/index.php?rest_route=%2Fbatch%2Fv1" "Mozilla/5.0 (Windows NT 10.0; Win64; x64) AppleWebKit/537.36 (KHTML, like Gecko) Chrome/120.0.0.0 Safari/537.36" "45.148.10.244" [-,-,-|0.000]Request_Body: "-"
104.23.170.42 - - [19/Sep/2026:04:04:59 +0800] "www.clothingawaiianshirt.com" "GET /index.php?rest_route=%2Fbatch%2Fv1 HTTP/1.1" 404 125 "http://www.clothingawaiianshirt.com/index.php?rest_route=%2Fbatch%2Fv1" "Mozilla/5.0 (Windows NT 10.0; Win64; x64) AppleWebKit/537.36 (KHTML, like Gecko) Chrome/120.0.0.0 Safari/537.36" "45.148.10.244" [0.000,1.701,1.701|1.701]Request_Body: "-"
104.23.229.86 - - [19/Sep/2026:04:05:00 +0800] "clothingawaiianshirt.com" "GET /?rest_route=%2Fbatch%2Fv1 HTTP/1.1" 301 166 "http://clothingawaiianshirt.com/?rest_route=%2Fbatch%2Fv1" "Mozilla/5.0 (Windows NT 10.0; Win64; x64) AppleWebKit/537.36 (KHTML, like Gecko) Chrome/120.0.0.0 Safari/537.36" "45.148.10.244" [-,-,-|0.000]Request_Body: "-"
104.23.170.42 - - [19/Sep/2026:04:05:02 +0800] "www.clothingawaiianshirt.com" "GET /?rest_route=%2Fbatch%2Fv1 HTTP/1.1" 404 125 "http://www.clothingawaiianshirt.com/?rest_route=%2Fbatch%2Fv1" "Mozilla/5.0 (Windows NT 10.0; Win64; x64) AppleWebKit/537.36 (KHTML, like Gecko) Chrome/120.0.0.0 Safari/537.36" "45.148.10.244" [0.000,1.841,1.841|1.841]Request_Body: "-"
104.23.229.86 - - [19/Sep/2026:04:05:02 +0800] "clothingawaiianshirt.com" "GET /?rest_route=/batch%2Fv1 HTTP/1.1" 301 166 "http://clothingawaiianshirt.com/?rest_route=/batch%2Fv1" "Mozilla/5.0 (Windows NT 10.0; Win64; x64) AppleWebKit/537.36 (KHTML, like Gecko) Chrome/120.0.0.0 Safari/537.36" "45.148.10.244" [-,-,-|0.000]Request_Body: "-"
104.23.170.42 - - [19/Sep/2026:04:05:04 +0800] "www.clothingawaiianshirt.com" "GET /?rest_route=/batch%2Fv1 HTTP/1.1" 404 125 "http://www.clothingawaiianshirt.com/?rest_route=/batch%2Fv1" "Mozilla/5.0 (Windows NT 10.0; Win64; x64) AppleWebKit/537.36 (KHTML, like Gecko) Chrome/120.0.0.0 Safari/537.36" "45.148.10.244" [0.000,1.503,1.503|1.503]Request_Body: "-"
104.23.229.86 - - [19/Sep/2026:04:05:04 +0800] "clothingawaiianshirt.com" "GET /?rest_route=/batch/v1 HTTP/1.1" 301 166 "http://clothingawaiianshirt.com/?rest_route=/batch/v1" "Mozilla/5.0 (Windows NT 10.0; Win64; x64) AppleWebKit/537.36 (KHTML, like Gecko) Chrome/120.0.0.0 Safari/537.36" "45.148.10.244" [-,-,-|0.000]Request_Body: "-"
104.23.170.81 - - [19/Sep/2026:04:05:06 +0800] "www.clothingawaiianshirt.com" "GET /?rest_route=/batch/v1 HTTP/1.1" 404 125 "http://www.clothingawaiianshirt.com/?rest_route=/batch/v1" "Mozilla/5.0 (Windows NT 10.0; Win64; x64) AppleWebKit/537.36 (KHTML, like Gecko) Chrome/120.0.0.0 Safari/537.36" "45.148.10.244" [0.001,1.486,1.487|1.487]Request_Body: "-"
104.23.229.86 - - [19/Sep/2026:04:05:07 +0800] "clothingawaiianshirt.com" "GET /wp-json/batch/v1 HTTP/1.1" 301 166 "http://clothingawaiianshirt.com/wp-json/batch/v1" "Mozilla/5.0 (Windows NT 10.0; Win64; x64) AppleWebKit/537.36 (KHTML, like Gecko) Chrome/120.0.0.0 Safari/537.36" "45.148.10.244" [-,-,-|0.000]Request_Body: "-"
104.23.170.81 - - [19/Sep/2026:04:05:09 +0800] "www.clothingawaiianshirt.com" "GET /wp-json/batch/v1 HTTP/1.1" 404 125 "http://www.clothingawaiianshirt.com/wp-json/batch/v1" "Mozilla/5.0 (Windows NT 10.0; Win64; x64) AppleWebKit/537.36 (KHTML, like Gecko) Chrome/120.0.0.0 Safari/537.36" "45.148.10.244" [0.002,1.655,1.655|1.655]Request_Body: "-"
104.23.229.86 - - [19/Sep/2026:04:05:10 +0800] "clothingawaiianshirt.com" "GET /wp-json/Batch/v1 HTTP/1.1" 301 166 "http://clothingawaiianshirt.com/wp-json/Batch/v1" "Mozilla/5.0 (Windows NT 10.0; Win64; x64) AppleWebKit/537.36 (KHTML, like Gecko) Chrome/120.0.0.0 Safari/537.36" "45.148.10.244" [-,-,-|0.000]Request_Body: "-"
104.23.170.81 - - [19/Sep/2026:04:05:12 +0800] "www.clothingawaiianshirt.com" "GET /wp-json/Batch/v1 HTTP/1.1" 404 125 "http://www.clothingawaiianshirt.com/wp-json/Batch/v1" "Mozilla/5.0 (Windows NT 10.0; Win64; x64) AppleWebKit/537.36 (KHTML, like Gecko) Chrome/120.0.0.0 Safari/537.36" "45.148.10.244" [0.001,2.012,2.012|2.012]Request_Body: "-"
104.23.229.86 - - [19/Sep/2026:04:05:12 +0800] "clothingawaiianshirt.com" "GET //wp-json/batch/v1 HTTP/1.1" 301 166 "http://clothingawaiianshirt.com//wp-json/batch/v1" "Mozilla/5.0 (Windows NT 10.0; Win64; x64) AppleWebKit/537.36 (KHTML, like Gecko) Chrome/120.0.0.0 Safari/537.36" "45.148.10.244" [-,-,-|0.000]Request_Body: "-"
104.23.170.81 - - [19/Sep/2026:04:05:15 +0800] "www.clothingawaiianshirt.com" "GET //wp-json/batch/v1 HTTP/1.1" 404 125 "http://www.clothingawaiianshirt.com//wp-json/batch/v1" "Mozilla/5.0 (Windows NT 10.0; Win64; x64) AppleWebKit/537.36 (KHTML, like Gecko) Chrome/120.0.0.0 Safari/537.36" "45.148.10.244" [0.001,1.974,1.974|1.974]Request_Body: "-"
104.23.229.86 - - [19/Sep/2026:04:05:15 +0800] "clothingawaiianshirt.com" "GET /wp-json/batch/v1/ HTTP/1.1" 301 166 "http://clothingawaiianshirt.com/wp-json/batch/v1/" "Mozilla/5.0 (Windows NT 10.0; Win64; x64) AppleWebKit/537.36 (KHTML, like Gecko) Chrome/120.0.0.0 Safari/537.36" "45.148.10.244" [-,-,-|0.000]Request_Body: "-"
104.23.229.86 - - [19/Sep/2026:04:05:16 +0800] "clothingawaiianshirt.com" "GET / HTTP/1.1" 301 166 "http://clothingawaiianshirt.com/" "Mozilla/5.0 (Windows NT 10.0; Win64; x64) AppleWebKit/537.36 (KHTML, like Gecko) Chrome/120.0.0.0 Safari/537.36" "45.148.10.244" [-,-,-|0.000]Request_Body: "-"
104.23.170.81 - - [19/Sep/2026:04:05:18 +0800] "www.clothingawaiianshirt.com" "GET /wp-json/batch/v1/ HTTP/1.1" 404 125 "http://www.clothingawaiianshirt.com/wp-json/batch/v1/" "Mozilla/5.0 (Windows NT 10.0; Win64; x64) AppleWebKit/537.36 (KHTML, like Gecko) Chrome/120.0.0.0 Safari/537.36" "45.148.10.244" [0.002,2.116,2.116|2.116]Request_Body: "-"
104.23.172.22 - - [19/Sep/2026:04:05:20 +0800] "www.clothingawaiianshirt.com" "GET / HTTP/1.1" 200 50812 "http://www.clothingawaiianshirt.com/" "Mozilla/5.0 (Windows NT 10.0; Win64; x64) AppleWebKit/537.36 (KHTML, like Gecko) Chrome/120.0.0.0 Safari/537.36" "45.148.10.244" [0.000,1.863,1.868|1.868]Request_Body: "-"
104.23.229.86 - - [19/Sep/2026:04:05:22 +0800] "clothingawaiianshirt.com" "GET /wp-json/gravitysmtp/v1/tests/mock-data?page=gravitysmtp-settings HTTP/1.1" 301 166 "-" "Mozilla/5.0 (Windows NT 10.0; Win64; x64) AppleWebKit/537.36 (KHTML, like Gecko) Chrome/120.0.0.0 Safari/537.36" "45.148.10.244" [-,-,-|0.000]Request_Body: "-"
104.23.172.22 - - [19/Sep/2026:04:05:25 +0800] "www.clothingawaiianshirt.com" "GET /wp-json/gravitysmtp/v1/tests/mock-data?page=gravitysmtp-settings HTTP/1.1" 404 125 "http://www.clothingawaiianshirt.com/wp-json/gravitysmtp/v1/tests/mock-data?page=gravitysmtp-settings" "Mozilla/5.0 (Windows NT 10.0; Win64; x64) AppleWebKit/537.36 (KHTML, like Gecko) Chrome/120.0.0.0 Safari/537.36" "45.148.10.244" [0.001,2.681,2.681|2.681]Request_Body: "-"
104.23.229.86 - - [19/Sep/2026:04:05:26 +0800] "clothingawaiianshirt.com" "GET /?rest_route=/gravitysmtp/v1/tests/mock-data&page=gravitysmtp-settings HTTP/1.1" 301 166 "-" "Mozilla/5.0 (Macintosh; Intel Mac OS X 10_15_7) AppleWebKit/605.1.15 (KHTML, like Gecko) Version/17.0 Safari/605.1.15" "45.148.10.244" [-,-,-|0.000]Request_Body: "-"
104.23.172.22 - - [19/Sep/2026:04:05:29 +0800] "www.clothingawaiianshirt.com" "GET /?rest_route=/gravitysmtp/v1/tests/mock-data&page=gravitysmtp-settings HTTP/1.1" 404 125 "http://www.clothingawaiianshirt.com/?rest_route=/gravitysmtp/v1/tests/mock-data&page=gravitysmtp-settings" "Mozilla/5.0 (Macintosh; Intel Mac OS X 10_15_7) AppleWebKit/605.1.15 (KHTML, like Gecko) Version/17.0 Safari/605.1.15" "45.148.10.244" [0.001,2.000,2.000|1.999]Request_Body: "-"
104.23.229.86 - - [19/Sep/2026:04:05:29 +0800] "clothingawaiianshirt.com" "GET /wp-json/gravitysmtp/v1/tests/mock-data?page=gravitysmtp-connections HTTP/1.1" 301 166 "-" "Mozilla/5.0 (X11; Linux x86_64; rv:121.0) Gecko/20100101 Firefox/121.0" "45.148.10.244" [-,-,-|0.000]Request_Body: "-"
104.23.172.22 - - [19/Sep/2026:04:05:31 +0800] "www.clothingawaiianshirt.com" "GET /wp-json/gravitysmtp/v1/tests/mock-data?page=gravitysmtp-connections HTTP/1.1" 404 125 "http://www.clothingawaiianshirt.com/wp-json/gravitysmtp/v1/tests/mock-data?page=gravitysmtp-connections" "Mozilla/5.0 (X11; Linux x86_64; rv:121.0) Gecko/20100101 Firefox/121.0" "45.148.10.244" [0.004,1.592,1.592|1.592]Request_Body: "-"
104.23.229.86 - - [19/Sep/2026:04:05:31 +0800] "clothingawaiianshirt.com" "GET /?rest_route=/gravitysmtp/v1/tests/mock-data&page=gravitysmtp-connections HTTP/1.1" 301 166 "-" "Mozilla/5.0 (Windows NT 10.0; Win64; x64; rv:121.0) Gecko/20100101 Firefox/121.0" "45.148.10.244" [-,-,-|0.000]Request_Body: "-"
104.23.172.22 - - [19/Sep/2026:04:05:34 +0800] "www.clothingawaiianshirt.com" "GET /?rest_route=/gravitysmtp/v1/tests/mock-data&page=gravitysmtp-connections HTTP/1.1" 404 125 "http://www.clothingawaiianshirt.com/?rest_route=/gravitysmtp/v1/tests/mock-data&page=gravitysmtp-connections" "Mozilla/5.0 (Windows NT 10.0; Win64; x64; rv:121.0) Gecko/20100101 Firefox/121.0" "45.148.10.244" [0.001,1.647,1.647|1.647]Request_Body: "-"
104.23.229.86 - - [19/Sep/2026:04:05:34 +0800] "clothingawaiianshirt.com" "GET /index.php?rest_route=/gravitysmtp/v1/tests/mock-data&page=gravitysmtp-settings HTTP/1.1" 301 166 "-" "Mozilla/5.0 (iPhone; CPU iPhone OS 17_0 like Mac OS X) AppleWebKit/605.1.15 (KHTML, like Gecko) Version/17.0 Mobile/15E148 Safari/604.1" "45.148.10.244" [-,-,-|0.000]Request_Body: "-"
104.23.172.22 - - [19/Sep/2026:04:05:36 +0800] "www.clothingawaiianshirt.com" "GET /index.php?rest_route=/gravitysmtp/v1/tests/mock-data&page=gravitysmtp-settings HTTP/1.1" 404 125 "http://www.clothingawaiianshirt.com/index.php?rest_route=/gravitysmtp/v1/tests/mock-data&page=gravitysmtp-settings" "Mozilla/5.0 (iPhone; CPU iPhone OS 17_0 like Mac OS X) AppleWebKit/605.1.15 (KHTML, like Gecko) Version/17.0 Mobile/15E148 Safari/604.1" "45.148.10.244" [0.000,1.401,1.401|1.401]Request_Body: "-"
104.23.229.86 - - [19/Sep/2026:04:05:36 +0800] "clothingawaiianshirt.com" "GET /wp-json/gravitysmtp/v1/tests/mock-data HTTP/1.1" 301 166 "-" "Mozilla/5.0 (Linux; Android 13; SM-S918B) AppleWebKit/537.36 (KHTML, like Gecko) Chrome/120.0.0.0 Mobile Safari/537.36" "45.148.10.244" [-,-,-|0.000]Request_Body: "-"
104.23.172.22 - - [19/Sep/2026:04:05:40 +0800] "www.clothingawaiianshirt.com" "GET /wp-json/gravitysmtp/v1/tests/mock-data HTTP/1.1" 404 125 "http://www.clothingawaiianshirt.com/wp-json/gravitysmtp/v1/tests/mock-data" "Mozilla/5.0 (Linux; Android 13; SM-S918B) AppleWebKit/537.36 (KHTML, like Gecko) Chrome/120.0.0.0 Mobile Safari/537.36" "45.148.10.244" [0.001,1.750,1.750|1.750]Request_Body: "-"
104.23.229.86 - - [19/Sep/2026:04:05:40 +0800] "clothingawaiianshirt.com" "GET /wp/wp-login.php HTTP/1.1" 301 166 "-" "Mozilla/5.0 (Windows NT 10.0; Win64; x64) AppleWebKit/537.36 (KHTML, like Gecko) Chrome/120.0.0.0 Safari/537.36" "45.148.10.244" [-,-,-|0.000]Request_Body: "-"
104.23.172.22 - - [19/Sep/2026:04:05:41 +0800] "www.clothingawaiianshirt.com" "GET /wp/wp-login.php HTTP/1.1" 403 552 "http://www.clothingawaiianshirt.com/wp/wp-login.php" "Mozilla/5.0 (Windows NT 10.0; Win64; x64) AppleWebKit/537.36 (KHTML, like Gecko) Chrome/120.0.0.0 Safari/537.36" "45.148.10.244" [-,-,-|0.000]Request_Body: "-"
104.23.229.86 - - [19/Sep/2026:04:05:41 +0800] "clothingawaiianshirt.com" "GET /blog/wp-login.php HTTP/1.1" 301 166 "-" "Mozilla/5.0 (Windows NT 10.0; Win64; x64) AppleWebKit/537.36 (KHTML, like Gecko) Chrome/120.0.0.0 Safari/537.36" "45.148.10.244" [-,-,-|0.000]Request_Body: "-"
104.23.172.22 - - [19/Sep/2026:04:05:41 +0800] "www.clothingawaiianshirt.com" "GET /blog/wp-login.php HTTP/1.1" 403 552 "http://www.clothingawaiianshirt.com/blog/wp-login.php" "Mozilla/5.0 (Windows NT 10.0; Win64; x64) AppleWebKit/537.36 (KHTML, like Gecko) Chrome/120.0.0.0 Safari/537.36" "45.148.10.244" [-,-,-|0.000]Request_Body: "-"
104.23.229.86 - - [19/Sep/2026:04:05:41 +0800] "clothingawaiianshirt.com" "GET /wp/feed/ HTTP/1.1" 301 166 "-" "Mozilla/5.0 (Windows NT 10.0; Win64; x64) AppleWebKit/537.36 (KHTML, like Gecko) Chrome/120.0.0.0 Safari/537.36" "45.148.10.244" [-,-,-|0.000]Request_Body: "-"
104.23.229.86 - - [19/Sep/2026:04:05:41 +0800] "clothingawaiianshirt.com" "GET /blog/feed/ HTTP/1.1" 301 166 "-" "Mozilla/5.0 (Windows NT 10.0; Win64; x64) AppleWebKit/537.36 (KHTML, like Gecko) Chrome/120.0.0.0 Safari/537.36" "45.148.10.244" [-,-,-|0.000]Request_Body: "-"
104.23.172.22 - - [19/Sep/2026:04:05:43 +0800] "www.clothingawaiianshirt.com" "GET /wp/feed/ HTTP/1.1" 200 709 "http://www.clothingawaiianshirt.com/wp/feed/" "Mozilla/5.0 (Windows NT 10.0; Win64; x64) AppleWebKit/537.36 (KHTML, like Gecko) Chrome/120.0.0.0 Safari/537.36" "45.148.10.244" [0.001,1.980,1.980|1.980]Request_Body: "-"
172.68.229.137 - - [19/Sep/2026:04:05:44 +0800] "clothingawaiianshirt.com" "GET /wp/ HTTP/1.1" 301 166 "-" "Mozilla/5.0 (Windows NT 10.0; Win64; x64) AppleWebKit/537.36 (KHTML, like Gecko) Chrome/120.0.0.0 Safari/537.36" "45.148.10.244" [-,-,-|0.000]Request_Body: "-"
172.70.162.61 - - [19/Sep/2026:04:05:44 +0800] "www.clothingawaiianshirt.com" "GET /blog/feed/ HTTP/1.1" 200 893 "http://www.clothingawaiianshirt.com/blog/feed/" "Mozilla/5.0 (Windows NT 10.0; Win64; x64) AppleWebKit/537.36 (KHTML, like Gecko) Chrome/120.0.0.0 Safari/537.36" "45.148.10.244" [0.000,1.550,1.550|1.550]Request_Body: "-"
172.68.229.96 - - [19/Sep/2026:04:05:45 +0800] "clothingawaiianshirt.com" "GET /blog/ HTTP/1.1" 301 166 "-" "Mozilla/5.0 (Windows NT 10.0; Win64; x64) AppleWebKit/537.36 (KHTML, like Gecko) Chrome/120.0.0.0 Safari/537.36" "45.148.10.244" [-,-,-|0.000]Request_Body: "-"
104.23.172.22 - - [19/Sep/2026:04:05:46 +0800] "www.clothingawaiianshirt.com" "GET /wp/ HTTP/1.1" 404 31713 "http://www.clothingawaiianshirt.com/wp/" "Mozilla/5.0 (Windows NT 10.0; Win64; x64) AppleWebKit/537.36 (KHTML, like Gecko) Chrome/120.0.0.0 Safari/537.36" "45.148.10.244" [0.001,1.816,1.819|1.819]Request_Body: "-"
172.68.229.96 - - [19/Sep/2026:04:05:47 +0800] "clothingawaiianshirt.com" "POST /wp/index.php?rest_route=/batch/v1 HTTP/1.1" 301 166 "-" "Mozilla/5.0 (Windows NT 10.0; Win64; x64) AppleWebKit/537.36 (KHTML, like Gecko) Chrome/120.0.0.0 Safari/537.36" "45.148.10.244" [-,-,-|0.000]Request_Body: "-"
104.23.172.22 - - [19/Sep/2026:04:05:47 +0800] "www.clothingawaiianshirt.com" "GET /wp/index.php?rest_route=/batch/v1 HTTP/1.1" 403 552 "http://www.clothingawaiianshirt.com/wp/index.php?rest_route=/batch/v1" "Mozilla/5.0 (Windows NT 10.0; Win64; x64) AppleWebKit/537.36 (KHTML, like Gecko) Chrome/120.0.0.0 Safari/537.36" "45.148.10.244" [-,-,-|0.000]Request_Body: "-"
172.68.229.137 - - [19/Sep/2026:04:05:47 +0800] "clothingawaiianshirt.com" "POST /wp/index.php?rest_route=%2Fbatch%2Fv1 HTTP/1.1" 301 166 "-" "Mozilla/5.0 (Windows NT 10.0; Win64; x64) AppleWebKit/537.36 (KHTML, like Gecko) Chrome/120.0.0.0 Safari/537.36" "45.148.10.244" [-,-,-|0.000]Request_Body: "-"
104.23.172.22 - - [19/Sep/2026:04:05:47 +0800] "www.clothingawaiianshirt.com" "GET /wp/index.php?rest_route=%2Fbatch%2Fv1 HTTP/1.1" 403 552 "http://www.clothingawaiianshirt.com/wp/index.php?rest_route=%2Fbatch%2Fv1" "Mozilla/5.0 (Windows NT 10.0; Win64; x64) AppleWebKit/537.36 (KHTML, like Gecko) Chrome/120.0.0.0 Safari/537.36" "45.148.10.244" [-,-,-|0.000]Request_Body: "-"
172.70.162.166 - - [19/Sep/2026:04:05:47 +0800] "www.clothingawaiianshirt.com" "GET /blog/ HTTP/1.1" 200 32257 "http://www.clothingawaiianshirt.com/blog/" "Mozilla/5.0 (Windows NT 10.0; Win64; x64) AppleWebKit/537.36 (KHTML, like Gecko) Chrome/120.0.0.0 Safari/537.36" "45.148.10.244" [0.000,2.078,2.082|2.082]Request_Body: "-"
172.68.229.96 - - [19/Sep/2026:04:05:48 +0800] "clothingawaiianshirt.com" "POST /wp/?rest_route=%2Fbatch%2Fv1 HTTP/1.1" 301 166 "-" "Mozilla/5.0 (Windows NT 10.0; Win64; x64) AppleWebKit/537.36 (KHTML, like Gecko) Chrome/120.0.0.0 Safari/537.36" "45.148.10.244" [-,-,-|0.000]Request_Body: "-"
172.70.163.45 - - [19/Sep/2026:04:05:48 +0800] "clothingawaiianshirt.com" "POST /blog/index.php?rest_route=/batch/v1 HTTP/1.1" 301 166 "-" "Mozilla/5.0 (Windows NT 10.0; Win64; x64) AppleWebKit/537.36 (KHTML, like Gecko) Chrome/120.0.0.0 Safari/537.36" "45.148.10.244" [-,-,-|0.000]Request_Body: "-"
104.23.172.22 - - [19/Sep/2026:04:05:48 +0800] "www.clothingawaiianshirt.com" "GET /blog/index.php?rest_route=/batch/v1 HTTP/1.1" 403 552 "http://www.clothingawaiianshirt.com/blog/index.php?rest_route=/batch/v1" "Mozilla/5.0 (Windows NT 10.0; Win64; x64) AppleWebKit/537.36 (KHTML, like Gecko) Chrome/120.0.0.0 Safari/537.36" "45.148.10.244" [-,-,-|0.000]Request_Body: "-"
172.70.163.45 - - [19/Sep/2026:04:05:48 +0800] "clothingawaiianshirt.com" "POST /blog/index.php?rest_route=%2Fbatch%2Fv1 HTTP/1.1" 301 166 "-" "Mozilla/5.0 (Windows NT 10.0; Win64; x64) AppleWebKit/537.36 (KHTML, like Gecko) Chrome/120.0.0.0 Safari/537.36" "45.148.10.244" [-,-,-|0.003]Request_Body: "-"
104.23.172.22 - - [19/Sep/2026:04:05:48 +0800] "www.clothingawaiianshirt.com" "GET /blog/index.php?rest_route=%2Fbatch%2Fv1 HTTP/1.1" 403 552 "http://www.clothingawaiianshirt.com/blog/index.php?rest_route=%2Fbatch%2Fv1" "Mozilla/5.0 (Windows NT 10.0; Win64; x64) AppleWebKit/537.36 (KHTML, like Gecko) Chrome/120.0.0.0 Safari/537.36" "45.148.10.244" [-,-,-|0.000]Request_Body: "-"
172.70.163.45 - - [19/Sep/2026:04:05:48 +0800] "clothingawaiianshirt.com" "POST /blog/?rest_route=%2Fbatch%2Fv1 HTTP/1.1" 301 166 "-" "Mozilla/5.0 (Windows NT 10.0; Win64; x64) AppleWebKit/537.36 (KHTML, like Gecko) Chrome/120.0.0.0 Safari/537.36" "45.148.10.244" [-,-,-|0.000]Request_Body: "-"
172.70.162.61 - - [19/Sep/2026:04:05:49 +0800] "www.clothingawaiianshirt.com" "GET /wp/?rest_route=%2Fbatch%2Fv1 HTTP/1.1" 404 125 "http://www.clothingawaiianshirt.com/wp/?rest_route=%2Fbatch%2Fv1" "Mozilla/5.0 (Windows NT 10.0; Win64; x64) AppleWebKit/537.36 (KHTML, like Gecko) Chrome/120.0.0.0 Safari/537.36" "45.148.10.244" [0.001,1.738,1.738|1.738]Request_Body: "-"
172.70.163.45 - - [19/Sep/2026:04:05:50 +0800] "clothingawaiianshirt.com" "POST /wp/?rest_route=/batch%2Fv1 HTTP/1.1" 301 166 "-" "Mozilla/5.0 (Windows NT 10.0; Win64; x64) AppleWebKit/537.36 (KHTML, like Gecko) Chrome/120.0.0.0 Safari/537.36" "45.148.10.244" [-,-,-|0.000]Request_Body: "-"
104.23.172.22 - - [19/Sep/2026:04:05:50 +0800] "www.clothingawaiianshirt.com" "GET /blog/?rest_route=%2Fbatch%2Fv1 HTTP/1.1" 404 125 "http://www.clothingawaiianshirt.com/blog/?rest_route=%2Fbatch%2Fv1" "Mozilla/5.0 (Windows NT 10.0; Win64; x64) AppleWebKit/537.36 (KHTML, like Gecko) Chrome/120.0.0.0 Safari/537.36" "45.148.10.244" [0.001,1.418,1.418|1.417]Request_Body: "-"
172.70.163.45 - - [19/Sep/2026:04:05:51 +0800] "clothingawaiianshirt.com" "POST /blog/?rest_route=/batch%2Fv1 HTTP/1.1" 301 166 "-" "Mozilla/5.0 (Windows NT 10.0; Win64; x64) AppleWebKit/537.36 (KHTML, like Gecko) Chrome/120.0.0.0 Safari/537.36" "45.148.10.244" [-,-,-|0.001]Request_Body: "-"
172.70.162.166 - - [19/Sep/2026:04:05:51 +0800] "www.clothingawaiianshirt.com" "GET /wp/?rest_route=/batch%2Fv1 HTTP/1.1" 404 125 "http://www.clothingawaiianshirt.com/wp/?rest_route=/batch%2Fv1" "Mozilla/5.0 (Windows NT 10.0; Win64; x64) AppleWebKit/537.36 (KHTML, like Gecko) Chrome/120.0.0.0 Safari/537.36" "45.148.10.244" [0.001,1.342,1.342|1.342]Request_Body: "-"
172.71.102.206 - - [19/Sep/2026:04:05:51 +0800] "clothingawaiianshirt.com" "POST /wp/?rest_route=/batch/v1 HTTP/1.1" 301 166 "-" "Mozilla/5.0 (Windows NT 10.0; Win64; x64) AppleWebKit/537.36 (KHTML, like Gecko) Chrome/120.0.0.0 Safari/537.36" "45.148.10.244" [-,-,-|0.000]Request_Body: "-"
104.23.172.22 - - [19/Sep/2026:04:05:53 +0800] "www.clothingawaiianshirt.com" "GET /blog/?rest_route=/batch%2Fv1 HTTP/1.1" 404 125 "http://www.clothingawaiianshirt.com/blog/?rest_route=/batch%2Fv1" "Mozilla/5.0 (Windows NT 10.0; Win64; x64) AppleWebKit/537.36 (KHTML, like Gecko) Chrome/120.0.0.0 Safari/537.36" "45.148.10.244" [0.001,1.594,1.594|1.594]Request_Body: "-"
172.71.102.109 - - [19/Sep/2026:04:05:53 +0800] "clothingawaiianshirt.com" "POST /blog/?rest_route=/batch/v1 HTTP/1.1" 301 166 "-" "Mozilla/5.0 (Windows NT 10.0; Win64; x64) AppleWebKit/537.36 (KHTML, like Gecko) Chrome/120.0.0.0 Safari/537.36" "45.148.10.244" [-,-,-|0.000]Request_Body: "-"
172.70.162.61 - - [19/Sep/2026:04:05:54 +0800] "www.clothingawaiianshirt.com" "GET /wp/?rest_route=/batch/v1 HTTP/1.1" 404 125 "http://www.clothingawaiianshirt.com/wp/?rest_route=/batch/v1" "Mozilla/5.0 (Windows NT 10.0; Win64; x64) AppleWebKit/537.36 (KHTML, like Gecko) Chrome/120.0.0.0 Safari/537.36" "45.148.10.244" [0.001,1.615,1.615|1.615]Request_Body: "-"
172.71.102.206 - - [19/Sep/2026:04:05:54 +0800] "clothingawaiianshirt.com" "POST /wp/wp-json/batch/v1 HTTP/1.1" 301 166 "-" "Mozilla/5.0 (Windows NT 10.0; Win64; x64) AppleWebKit/537.36 (KHTML, like Gecko) Chrome/120.0.0.0 Safari/537.36" "45.148.10.244" [-,-,-|0.000]Request_Body: "-"
104.23.172.22 - - [19/Sep/2026:04:05:56 +0800] "www.clothingawaiianshirt.com" "GET /blog/?rest_route=/batch/v1 HTTP/1.1" 404 125 "http://www.clothingawaiianshirt.com/blog/?rest_route=/batch/v1" "Mozilla/5.0 (Windows NT 10.0; Win64; x64) AppleWebKit/537.36 (KHTML, like Gecko) Chrome/120.0.0.0 Safari/537.36" "45.148.10.244" [0.001,2.328,2.328|2.328]Request_Body: "-"
172.71.102.109 - - [19/Sep/2026:04:05:56 +0800] "clothingawaiianshirt.com" "POST /blog/wp-json/batch/v1 HTTP/1.1" 301 166 "-" "Mozilla/5.0 (Windows NT 10.0; Win64; x64) AppleWebKit/537.36 (KHTML, like Gecko) Chrome/120.0.0.0 Safari/537.36" "45.148.10.244" [-,-,-|0.000]Request_Body: "-"
172.70.162.61 - - [19/Sep/2026:04:05:57 +0800] "www.clothingawaiianshirt.com" "GET /wp/wp-json/batch/v1 HTTP/1.1" 404 31503 "http://www.clothingawaiianshirt.com/wp/wp-json/batch/v1" "Mozilla/5.0 (Windows NT 10.0; Win64; x64) AppleWebKit/537.36 (KHTML, like Gecko) Chrome/120.0.0.0 Safari/537.36" "45.148.10.244" [0.000,2.284,2.290|2.290]Request_Body: "-"
104.23.172.22 - - [19/Sep/2026:04:06:02 +0800] "www.clothingawaiianshirt.com" "GET /blog/wp-json/batch/v1 HTTP/1.1" 404 31504 "http://www.clothingawaiianshirt.com/blog/wp-json/batch/v1" "Mozilla/5.0 (Windows NT 10.0; Win64; x64) AppleWebKit/537.36 (KHTML, like Gecko) Chrome/120.0.0.0 Safari/537.36" "45.148.10.244" [0.000,1.993,1.996|1.997]Request_Body: "-"
172.71.102.109 - - [19/Sep/2026:04:06:02 +0800] "clothingawaiianshirt.com" "POST /blog/wp-json/Batch/v1 HTTP/1.1" 301 166 "-" "Mozilla/5.0 (Windows NT 10.0; Win64; x64) AppleWebKit/537.36 (KHTML, like Gecko) Chrome/120.0.0.0 Safari/537.36" "45.148.10.244" [-,-,-|0.000]Request_Body: "-"
172.70.163.45 - - [19/Sep/2026:04:06:02 +0800] "clothingawaiianshirt.com" "POST /wp/wp-json/Batch/v1 HTTP/1.1" 301 166 "-" "Mozilla/5.0 (Windows NT 10.0; Win64; x64) AppleWebKit/537.36 (KHTML, like Gecko) Chrome/120.0.0.0 Safari/537.36" "45.148.10.244" [-,-,-|0.000]Request_Body: "-"
172.70.162.61 - - [19/Sep/2026:04:06:04 +0800] "www.clothingawaiianshirt.com" "GET /blog/wp-json/Batch/v1 HTTP/1.1" 404 31502 "http://www.clothingawaiianshirt.com/blog/wp-json/Batch/v1" "Mozilla/5.0 (Windows NT 10.0; Win64; x64) AppleWebKit/537.36 (KHTML, like Gecko) Chrome/120.0.0.0 Safari/537.36" "45.148.10.244" [0.000,1.828,1.831|1.831]Request_Body: "-"
104.23.172.22 - - [19/Sep/2026:04:06:04 +0800] "www.clothingawaiianshirt.com" "GET /wp/wp-json/Batch/v1 HTTP/1.1" 404 31501 "http://www.clothingawaiianshirt.com/wp/wp-json/Batch/v1" "Mozilla/5.0 (Windows NT 10.0; Win64; x64) AppleWebKit/537.36 (KHTML, like Gecko) Chrome/120.0.0.0 Safari/537.36" "45.148.10.244" [0.001,1.842,1.845|1.846]Request_Body: "-"
172.70.163.45 - - [19/Sep/2026:04:06:05 +0800] "clothingawaiianshirt.com" "POST /blog//wp-json/batch/v1 HTTP/1.1" 301 166 "-" "Mozilla/5.0 (Windows NT 10.0; Win64; x64) AppleWebKit/537.36 (KHTML, like Gecko) Chrome/120.0.0.0 Safari/537.36" "45.148.10.244" [-,-,-|0.000]Request_Body: "-"
172.70.86.133 - - [19/Sep/2026:04:06:05 +0800] "clothingawaiianshirt.com" "POST /wp//wp-json/batch/v1 HTTP/1.1" 301 166 "-" "Mozilla/5.0 (Windows NT 10.0; Win64; x64) AppleWebKit/537.36 (KHTML, like Gecko) Chrome/120.0.0.0 Safari/537.36" "45.148.10.244" [-,-,-|0.000]Request_Body: "-"
104.23.172.22 - - [19/Sep/2026:04:06:07 +0800] "www.clothingawaiianshirt.com" "GET /blog//wp-json/batch/v1 HTTP/1.1" 301 5 "http://www.clothingawaiianshirt.com/blog//wp-json/batch/v1" "Mozilla/5.0 (Windows NT 10.0; Win64; x64) AppleWebKit/537.36 (KHTML, like Gecko) Chrome/120.0.0.0 Safari/537.36" "45.148.10.244" [0.000,1.633,1.633|1.633]Request_Body: "-"
172.70.162.61 - - [19/Sep/2026:04:06:08 +0800] "www.clothingawaiianshirt.com" "GET /wp//wp-json/batch/v1 HTTP/1.1" 301 5 "http://www.clothingawaiianshirt.com/wp//wp-json/batch/v1" "Mozilla/5.0 (Windows NT 10.0; Win64; x64) AppleWebKit/537.36 (KHTML, like Gecko) Chrome/120.0.0.0 Safari/537.36" "45.148.10.244" [0.000,1.246,1.246|1.247]Request_Body: "-"
172.70.162.61 - - [19/Sep/2026:04:06:10 +0800] "www.clothingawaiianshirt.com" "GET /blog/wp-json/batch/v1 HTTP/1.1" 404 31504 "https://www.clothingawaiianshirt.com/blog//wp-json/batch/v1" "Mozilla/5.0 (Windows NT 10.0; Win64; x64) AppleWebKit/537.36 (KHTML, like Gecko) Chrome/120.0.0.0 Safari/537.36" "45.148.10.244" [0.001,1.876,1.881|1.881]Request_Body: "-"
104.23.172.22 - - [19/Sep/2026:04:06:10 +0800] "www.clothingawaiianshirt.com" "GET /wp/wp-json/batch/v1 HTTP/1.1" 404 31503 "https://www.clothingawaiianshirt.com/wp//wp-json/batch/v1" "Mozilla/5.0 (Windows NT 10.0; Win64; x64) AppleWebKit/537.36 (KHTML, like Gecko) Chrome/120.0.0.0 Safari/537.36" "45.148.10.244" [0.001,1.965,1.967|1.968]Request_Body: "-"
172.70.86.133 - - [19/Sep/2026:04:06:10 +0800] "clothingawaiianshirt.com" "POST /wp/wp-json/batch/v1/ HTTP/1.1" 301 166 "-" "Mozilla/5.0 (Windows NT 10.0; Win64; x64) AppleWebKit/537.36 (KHTML, like Gecko) Chrome/120.0.0.0 Safari/537.36" "45.148.10.244" [-,-,-|0.000]Request_Body: "-"
104.23.172.22 - - [19/Sep/2026:04:06:12 +0800] "www.clothingawaiianshirt.com" "GET /wp/wp-json/batch/v1/ HTTP/1.1" 404 31504 "http://www.clothingawaiianshirt.com/wp/wp-json/batch/v1/" "Mozilla/5.0 (Windows NT 10.0; Win64; x64) AppleWebKit/537.36 (KHTML, like Gecko) Chrome/120.0.0.0 Safari/537.36" "45.148.10.244" [0.001,1.543,1.547|1.547]Request_Body: "-"
172.70.86.133 - - [19/Sep/2026:04:06:12 +0800] "clothingawaiianshirt.com" "POST /blog/wp-json/batch/v1/ HTTP/1.1" 301 166 "-" "Mozilla/5.0 (Windows NT 10.0; Win64; x64) AppleWebKit/537.36 (KHTML, like Gecko) Chrome/120.0.0.0 Safari/537.36" "45.148.10.244" [-,-,-|0.000]Request_Body: "-"
172.70.163.45 - - [19/Sep/2026:04:06:12 +0800] "clothingawaiianshirt.com" "POST /wp/blog/wp-json/batch/v1 HTTP/1.1" 301 166 "-" "Mozilla/5.0 (Windows NT 10.0; Win64; x64) AppleWebKit/537.36 (KHTML, like Gecko) Chrome/120.0.0.0 Safari/537.36" "45.148.10.244" [-,-,-|0.000]Request_Body: "-"
104.23.172.22 - - [19/Sep/2026:04:06:14 +0800] "www.clothingawaiianshirt.com" "GET /blog/wp-json/batch/v1/ HTTP/1.1" 404 31506 "http://www.clothingawaiianshirt.com/blog/wp-json/batch/v1/" "Mozilla/5.0 (Windows NT 10.0; Win64; x64) AppleWebKit/537.36 (KHTML, like Gecko) Chrome/120.0.0.0 Safari/537.36" "45.148.10.244" [0.001,1.481,1.484|1.484]Request_Body: "-"
172.70.162.61 - - [19/Sep/2026:04:06:14 +0800] "www.clothingawaiianshirt.com" "GET /wp/blog/wp-json/batch/v1 HTTP/1.1" 404 31506 "http://www.clothingawaiianshirt.com/wp/blog/wp-json/batch/v1" "Mozilla/5.0 (Windows NT 10.0; Win64; x64) AppleWebKit/537.36 (KHTML, like Gecko) Chrome/120.0.0.0 Safari/537.36" "45.148.10.244" [0.000,1.391,1.395|1.395]Request_Body: "-"
172.70.163.45 - - [19/Sep/2026:04:06:14 +0800] "clothingawaiianshirt.com" "POST /blog/blog/wp-json/batch/v1 HTTP/1.1" 301 166 "-" "Mozilla/5.0 (Windows NT 10.0; Win64; x64) AppleWebKit/537.36 (KHTML, like Gecko) Chrome/120.0.0.0 Safari/537.36" "45.148.10.244" [-,-,-|0.000]Request_Body: "-"
172.70.86.133 - - [19/Sep/2026:04:06:15 +0800] "clothingawaiianshirt.com" "POST /wp/index.php?rest_route=/batch/v1 HTTP/1.1" 301 166 "https://clothingawaiianshirt.com/wp/wp-admin/" "Mozilla/5.0 (Windows NT 10.0; Win64; x64) AppleWebKit/537.36 (KHTML, like Gecko) Chrome/120.0.0.0 Safari/537.36" "127.0.0.1,45.148.10.244" [-,-,-|0.000]Request_Body: "-"
104.23.172.22 - - [19/Sep/2026:04:06:15 +0800] "www.clothingawaiianshirt.com" "GET /wp/index.php?rest_route=/batch/v1 HTTP/1.1" 403 552 "https://clothingawaiianshirt.com/wp/wp-admin/" "Mozilla/5.0 (Windows NT 10.0; Win64; x64) AppleWebKit/537.36 (KHTML, like Gecko) Chrome/120.0.0.0 Safari/537.36" "127.0.0.1,45.148.10.244" [-,-,-|0.000]Request_Body: "-"
172.70.86.133 - - [19/Sep/2026:04:06:16 +0800] "clothingawaiianshirt.com" "POST /wp/index.php?rest_route=%2Fbatch%2Fv1 HTTP/1.1" 301 166 "https://clothingawaiianshirt.com/wp/wp-admin/" "Mozilla/5.0 (Windows NT 10.0; Win64; x64) AppleWebKit/537.36 (KHTML, like Gecko) Chrome/120.0.0.0 Safari/537.36" "127.0.0.1,45.148.10.244" [-,-,-|0.000]Request_Body: "-"
172.70.162.61 - - [19/Sep/2026:04:06:16 +0800] "www.clothingawaiianshirt.com" "GET /blog/blog/wp-json/batch/v1 HTTP/1.1" 404 31506 "http://www.clothingawaiianshirt.com/blog/blog/wp-json/batch/v1" "Mozilla/5.0 (Windows NT 10.0; Win64; x64) AppleWebKit/537.36 (KHTML, like Gecko) Chrome/120.0.0.0 Safari/537.36" "45.148.10.244" [0.001,1.515,1.522|1.522]Request_Body: "-"
172.70.162.61 - - [19/Sep/2026:04:06:21 +0800] "www.clothingawaiianshirt.com" "GET /wp/index.php?rest_route=%2Fbatch%2Fv1 HTTP/1.1" 403 552 "https://clothingawaiianshirt.com/wp/wp-admin/" "Mozilla/5.0 (Windows NT 10.0; Win64; x64) AppleWebKit/537.36 (KHTML, like Gecko) Chrome/120.0.0.0 Safari/537.36" "127.0.0.1,45.148.10.244" [-,-,-|0.000]Request_Body: "-"
172.70.163.45 - - [19/Sep/2026:04:06:21 +0800] "clothingawaiianshirt.com" "POST /wp/?rest_route=%2Fbatch%2Fv1 HTTP/1.1" 301 166 "https://clothingawaiianshirt.com/wp/wp-admin/" "Mozilla/5.0 (Windows NT 10.0; Win64; x64) AppleWebKit/537.36 (KHTML, like Gecko) Chrome/120.0.0.0 Safari/537.36" "127.0.0.1,45.148.10.244" [-,-,-|0.001]Request_Body: "-"
172.70.86.133 - - [19/Sep/2026:04:06:22 +0800] "clothingawaiianshirt.com" "POST /blog/index.php?rest_route=/batch/v1 HTTP/1.1" 301 166 "https://clothingawaiianshirt.com/blog/wp-admin/" "Mozilla/5.0 (Windows NT 10.0; Win64; x64) AppleWebKit/537.36 (KHTML, like Gecko) Chrome/120.0.0.0 Safari/537.36" "127.0.0.1,45.148.10.244" [-,-,-|0.000]Request_Body: "-"
104.23.172.22 - - [19/Sep/2026:04:06:22 +0800] "www.clothingawaiianshirt.com" "GET /blog/index.php?rest_route=/batch/v1 HTTP/1.1" 403 552 "https://clothingawaiianshirt.com/blog/wp-admin/" "Mozilla/5.0 (Windows NT 10.0; Win64; x64) AppleWebKit/537.36 (KHTML, like Gecko) Chrome/120.0.0.0 Safari/537.36" "127.0.0.1,45.148.10.244" [-,-,-|0.000]Request_Body: "-"
172.70.86.133 - - [19/Sep/2026:04:06:22 +0800] "clothingawaiianshirt.com" "POST /blog/index.php?rest_route=%2Fbatch%2Fv1 HTTP/1.1" 301 166 "https://clothingawaiianshirt.com/blog/wp-admin/" "Mozilla/5.0 (Windows NT 10.0; Win64; x64) AppleWebKit/537.36 (KHTML, like Gecko) Chrome/120.0.0.0 Safari/537.36" "127.0.0.1,45.148.10.244" [-,-,-|0.001]Request_Body: "-"
104.23.172.22 - - [19/Sep/2026:04:06:22 +0800] "www.clothingawaiianshirt.com" "GET /blog/index.php?rest_route=%2Fbatch%2Fv1 HTTP/1.1" 403 552 "https://clothingawaiianshirt.com/blog/wp-admin/" "Mozilla/5.0 (Windows NT 10.0; Win64; x64) AppleWebKit/537.36 (KHTML, like Gecko) Chrome/120.0.0.0 Safari/537.36" "127.0.0.1,45.148.10.244" [-,-,-|0.000]Request_Body: "-"
172.70.86.133 - - [19/Sep/2026:04:06:23 +0800] "clothingawaiianshirt.com" "POST /blog/?rest_route=%2Fbatch%2Fv1 HTTP/1.1" 301 166 "https://clothingawaiianshirt.com/blog/wp-admin/" "Mozilla/5.0 (Windows NT 10.0; Win64; x64) AppleWebKit/537.36 (KHTML, like Gecko) Chrome/120.0.0.0 Safari/537.36" "127.0.0.1,45.148.10.244" [-,-,-|0.001]Request_Body: "-"
172.70.162.61 - - [19/Sep/2026:04:06:23 +0800] "www.clothingawaiianshirt.com" "GET /wp/?rest_route=%2Fbatch%2Fv1 HTTP/1.1" 404 125 "https://clothingawaiianshirt.com/wp/wp-admin/" "Mozilla/5.0 (Windows NT 10.0; Win64; x64) AppleWebKit/537.36 (KHTML, like Gecko) Chrome/120.0.0.0 Safari/537.36" "127.0.0.1,45.148.10.244" [0.001,1.765,1.765|1.765]Request_Body: "-"
172.70.86.133 - - [19/Sep/2026:04:06:23 +0800] "clothingawaiianshirt.com" "POST /wp/?rest_route=/batch%2Fv1 HTTP/1.1" 301 166 "https://clothingawaiianshirt.com/wp/wp-admin/" "Mozilla/5.0 (Windows NT 10.0; Win64; x64) AppleWebKit/537.36 (KHTML, like Gecko) Chrome/120.0.0.0 Safari/537.36" "127.0.0.1,45.148.10.244" [-,-,-|0.001]Request_Body: "-"
104.23.172.22 - - [19/Sep/2026:04:06:25 +0800] "www.clothingawaiianshirt.com" "GET /blog/?rest_route=%2Fbatch%2Fv1 HTTP/1.1" 404 125 "https://clothingawaiianshirt.com/blog/wp-admin/" "Mozilla/5.0 (Windows NT 10.0; Win64; x64) AppleWebKit/537.36 (KHTML, like Gecko) Chrome/120.0.0.0 Safari/537.36" "127.0.0.1,45.148.10.244" [0.001,1.723,1.723|1.723]Request_Body: "-"
172.70.162.61 - - [19/Sep/2026:04:06:25 +0800] "www.clothingawaiianshirt.com" "GET /wp/?rest_route=/batch%2Fv1 HTTP/1.1" 404 125 "https://clothingawaiianshirt.com/wp/wp-admin/" "Mozilla/5.0 (Windows NT 10.0; Win64; x64) AppleWebKit/537.36 (KHTML, like Gecko) Chrome/120.0.0.0 Safari/537.36" "127.0.0.1,45.148.10.244" [0.004,1.671,1.671|1.671]Request_Body: "-"
172.70.86.133 - - [19/Sep/2026:04:06:25 +0800] "clothingawaiianshirt.com" "POST /blog/?rest_route=/batch%2Fv1 HTTP/1.1" 301 166 "https://clothingawaiianshirt.com/blog/wp-admin/" "Mozilla/5.0 (Windows NT 10.0; Win64; x64) AppleWebKit/537.36 (KHTML, like Gecko) Chrome/120.0.0.0 Safari/537.36" "127.0.0.1,45.148.10.244" [-,-,-|0.001]Request_Body: "-"
172.70.163.45 - - [19/Sep/2026:04:06:25 +0800] "clothingawaiianshirt.com" "POST /wp/?rest_route=/batch/v1 HTTP/1.1" 301 166 "https://clothingawaiianshirt.com/wp/wp-admin/" "Mozilla/5.0 (Windows NT 10.0; Win64; x64) AppleWebKit/537.36 (KHTML, like Gecko) Chrome/120.0.0.0 Safari/537.36" "127.0.0.1,45.148.10.244" [-,-,-|0.000]Request_Body: "-"
172.70.162.61 - - [19/Sep/2026:04:06:28 +0800] "www.clothingawaiianshirt.com" "GET /blog/?rest_route=/batch%2Fv1 HTTP/1.1" 404 125 "https://clothingawaiianshirt.com/blog/wp-admin/" "Mozilla/5.0 (Windows NT 10.0; Win64; x64) AppleWebKit/537.36 (KHTML, like Gecko) Chrome/120.0.0.0 Safari/537.36" "127.0.0.1,45.148.10.244" [0.001,1.951,1.951|1.950]Request_Body: "-"
104.23.172.22 - - [19/Sep/2026:04:06:28 +0800] "www.clothingawaiianshirt.com" "GET /wp/?rest_route=/batch/v1 HTTP/1.1" 404 125 "https://clothingawaiianshirt.com/wp/wp-admin/" "Mozilla/5.0 (Windows NT 10.0; Win64; x64) AppleWebKit/537.36 (KHTML, like Gecko) Chrome/120.0.0.0 Safari/537.36" "127.0.0.1,45.148.10.244" [0.000,1.693,1.693|1.693]Request_Body: "-"
172.70.163.45 - - [19/Sep/2026:04:06:28 +0800] "clothingawaiianshirt.com" "POST /wp/wp-json/batch/v1 HTTP/1.1" 301 166 "https://clothingawaiianshirt.com/wp/wp-admin/" "Mozilla/5.0 (Windows NT 10.0; Win64; x64) AppleWebKit/537.36 (KHTML, like Gecko) Chrome/120.0.0.0 Safari/537.36" "127.0.0.1,45.148.10.244" [-,-,-|0.001]Request_Body: "-"
172.70.86.133 - - [19/Sep/2026:04:06:28 +0800] "clothingawaiianshirt.com" "POST /blog/?rest_route=/batch/v1 HTTP/1.1" 301 166 "https://clothingawaiianshirt.com/blog/wp-admin/" "Mozilla/5.0 (Windows NT 10.0; Win64; x64) AppleWebKit/537.36 (KHTML, like Gecko) Chrome/120.0.0.0 Safari/537.36" "127.0.0.1,45.148.10.244" [-,-,-|0.000]Request_Body: "-"
172.70.162.61 - - [19/Sep/2026:04:06:31 +0800] "www.clothingawaiianshirt.com" "GET /wp/wp-json/batch/v1 HTTP/1.1" 404 31503 "https://clothingawaiianshirt.com/wp/wp-admin/" "Mozilla/5.0 (Windows NT 10.0; Win64; x64) AppleWebKit/537.36 (KHTML, like Gecko) Chrome/120.0.0.0 Safari/537.36" "127.0.0.1,45.148.10.244" [0.001,1.927,1.941|1.941]Request_Body: "-"
104.23.172.22 - - [19/Sep/2026:04:06:34 +0800] "www.clothingawaiianshirt.com" "GET /blog/?rest_route=/batch/v1 HTTP/1.1" 404 125 "https://clothingawaiianshirt.com/blog/wp-admin/" "Mozilla/5.0 (Windows NT 10.0; Win64; x64) AppleWebKit/537.36 (KHTML, like Gecko) Chrome/120.0.0.0 Safari/537.36" "127.0.0.1,45.148.10.244" [0.001,1.554,1.554|1.554]Request_Body: "-"
172.70.86.133 - - [19/Sep/2026:04:06:35 +0800] "clothingawaiianshirt.com" "POST /blog/wp-json/batch/v1 HTTP/1.1" 301 166 "https://clothingawaiianshirt.com/blog/wp-admin/" "Mozilla/5.0 (Windows NT 10.0; Win64; x64) AppleWebKit/537.36 (KHTML, like Gecko) Chrome/120.0.0.0 Safari/537.36" "127.0.0.1,45.148.10.244" [-,-,-|0.001]Request_Body: "-"
172.70.86.133 - - [19/Sep/2026:04:06:35 +0800] "clothingawaiianshirt.com" "POST /wp/wp-json/Batch/v1 HTTP/1.1" 301 166 "https://clothingawaiianshirt.com/wp/wp-admin/" "Mozilla/5.0 (Windows NT 10.0; Win64; x64) AppleWebKit/537.36 (KHTML, like Gecko) Chrome/120.0.0.0 Safari/537.36" "127.0.0.1,45.148.10.244" [-,-,-|0.000]Request_Body: "-"
172.70.162.61 - - [19/Sep/2026:04:06:36 +0800] "www.clothingawaiianshirt.com" "GET /wp/wp-json/Batch/v1 HTTP/1.1" 404 31501 "https://clothingawaiianshirt.com/wp/wp-admin/" "Mozilla/5.0 (Windows NT 10.0; Win64; x64) AppleWebKit/537.36 (KHTML, like Gecko) Chrome/120.0.0.0 Safari/537.36" "127.0.0.1,45.148.10.244" [0.001,1.402,1.405|1.405]Request_Body: "-"
104.23.172.22 - - [19/Sep/2026:04:06:36 +0800] "www.clothingawaiianshirt.com" "GET /blog/wp-json/batch/v1 HTTP/1.1" 404 31504 "https://clothingawaiianshirt.com/blog/wp-admin/" "Mozilla/5.0 (Windows NT 10.0; Win64; x64) AppleWebKit/537.36 (KHTML, like Gecko) Chrome/120.0.0.0 Safari/537.36" "127.0.0.1,45.148.10.244" [0.001,1.490,1.493|1.493]Request_Body: "-"
172.70.86.133 - - [19/Sep/2026:04:06:38 +0800] "clothingawaiianshirt.com" "POST /blog/wp-json/Batch/v1 HTTP/1.1" 301 166 "https://clothingawaiianshirt.com/blog/wp-admin/" "Mozilla/5.0 (Windows NT 10.0; Win64; x64) AppleWebKit/537.36 (KHTML, like Gecko) Chrome/120.0.0.0 Safari/537.36" "127.0.0.1,45.148.10.244" [-,-,-|0.000]Request_Body: "-"
172.70.163.45 - - [19/Sep/2026:04:06:38 +0800] "clothingawaiianshirt.com" "POST /wp//wp-json/batch/v1 HTTP/1.1" 301 166 "https://clothingawaiianshirt.com/wp/wp-admin/" "Mozilla/5.0 (Windows NT 10.0; Win64; x64) AppleWebKit/537.36 (KHTML, like Gecko) Chrome/120.0.0.0 Safari/537.36" "127.0.0.1,45.148.10.244" [-,-,-|0.000]Request_Body: "-"
104.23.172.22 - - [19/Sep/2026:04:06:40 +0800] "www.clothingawaiianshirt.com" "GET /wp//wp-json/batch/v1 HTTP/1.1" 301 5 "https://clothingawaiianshirt.com/wp/wp-admin/" "Mozilla/5.0 (Windows NT 10.0; Win64; x64) AppleWebKit/537.36 (KHTML, like Gecko) Chrome/120.0.0.0 Safari/537.36" "127.0.0.1,45.148.10.244" [0.001,1.110,1.110|1.110]Request_Body: "-"
172.70.162.61 - - [19/Sep/2026:04:06:40 +0800] "www.clothingawaiianshirt.com" "GET /blog/wp-json/Batch/v1 HTTP/1.1" 404 31502 "https://clothingawaiianshirt.com/blog/wp-admin/" "Mozilla/5.0 (Windows NT 10.0; Win64; x64) AppleWebKit/537.36 (KHTML, like Gecko) Chrome/120.0.0.0 Safari/537.36" "127.0.0.1,45.148.10.244" [0.001,1.396,1.399|1.399]Request_Body: "-"
172.70.163.45 - - [19/Sep/2026:04:06:40 +0800] "clothingawaiianshirt.com" "POST /blog//wp-json/batch/v1 HTTP/1.1" 301 166 "https://clothingawaiianshirt.com/blog/wp-admin/" "Mozilla/5.0 (Windows NT 10.0; Win64; x64) AppleWebKit/537.36 (KHTML, like Gecko) Chrome/120.0.0.0 Safari/537.36" "127.0.0.1,45.148.10.244" [-,-,-|0.000]Request_Body: "-"
104.23.172.22 - - [19/Sep/2026:04:06:42 +0800] "www.clothingawaiianshirt.com" "GET /wp/wp-json/batch/v1 HTTP/1.1" 404 31503 "https://clothingawaiianshirt.com/wp/wp-admin/" "Mozilla/5.0 (Windows NT 10.0; Win64; x64) AppleWebKit/537.36 (KHTML, like Gecko) Chrome/120.0.0.0 Safari/537.36" "127.0.0.1,45.148.10.244" [0.001,1.509,1.511|1.511]Request_Body: "-"
172.70.162.61 - - [19/Sep/2026:04:06:42 +0800] "www.clothingawaiianshirt.com" "GET /blog//wp-json/batch/v1 HTTP/1.1" 301 5 "https://clothingawaiianshirt.com/blog/wp-admin/" "Mozilla/5.0 (Windows NT 10.0; Win64; x64) AppleWebKit/537.36 (KHTML, like Gecko) Chrome/120.0.0.0 Safari/537.36" "127.0.0.1,45.148.10.244" [0.002,1.298,1.298|1.298]Request_Body: "-"
172.70.163.45 - - [19/Sep/2026:04:06:42 +0800] "clothingawaiianshirt.com" "POST /wp/wp-json/batch/v1/ HTTP/1.1" 301 166 "https://clothingawaiianshirt.com/wp/wp-admin/" "Mozilla/5.0 (Windows NT 10.0; Win64; x64) AppleWebKit/537.36 (KHTML, like Gecko) Chrome/120.0.0.0 Safari/537.36" "127.0.0.1,45.148.10.244" [-,-,-|0.000]Request_Body: "-"
104.23.172.22 - - [19/Sep/2026:04:06:44 +0800] "www.clothingawaiianshirt.com" "GET /wp/wp-json/batch/v1/ HTTP/1.1" 404 31504 "https://clothingawaiianshirt.com/wp/wp-admin/" "Mozilla/5.0 (Windows NT 10.0; Win64; x64) AppleWebKit/537.36 (KHTML, like Gecko) Chrome/120.0.0.0 Safari/537.36" "127.0.0.1,45.148.10.244" [0.000,1.609,1.612|1.612]Request_Body: "-"
172.70.162.61 - - [19/Sep/2026:04:06:45 +0800] "www.clothingawaiianshirt.com" "GET /blog/wp-json/batch/v1 HTTP/1.1" 404 31504 "https://clothingawaiianshirt.com/blog/wp-admin/" "Mozilla/5.0 (Windows NT 10.0; Win64; x64) AppleWebKit/537.36 (KHTML, like Gecko) Chrome/120.0.0.0 Safari/537.36" "127.0.0.1,45.148.10.244" [0.001,1.837,1.841|1.840]Request_Body: "-"
172.70.163.45 - - [19/Sep/2026:04:06:45 +0800] "clothingawaiianshirt.com" "POST /wp/blog/wp-json/batch/v1 HTTP/1.1" 301 166 "https://clothingawaiianshirt.com/wp/wp-admin/" "Mozilla/5.0 (Windows NT 10.0; Win64; x64) AppleWebKit/537.36 (KHTML, like Gecko) Chrome/120.0.0.0 Safari/537.36" "127.0.0.1,45.148.10.244" [-,-,-|0.000]Request_Body: "-"
172.70.86.133 - - [19/Sep/2026:04:06:45 +0800] "clothingawaiianshirt.com" "POST /blog/wp-json/batch/v1/ HTTP/1.1" 301 166 "https://clothingawaiianshirt.com/blog/wp-admin/" "Mozilla/5.0 (Windows NT 10.0; Win64; x64) AppleWebKit/537.36 (KHTML, like Gecko) Chrome/120.0.0.0 Safari/537.36" "127.0.0.1,45.148.10.244" [-,-,-|0.000]Request_Body: "-"
172.70.162.61 - - [19/Sep/2026:04:06:47 +0800] "www.clothingawaiianshirt.com" "GET /wp/blog/wp-json/batch/v1 HTTP/1.1" 404 31506 "https://clothingawaiianshirt.com/wp/wp-admin/" "Mozilla/5.0 (Windows NT 10.0; Win64; x64) AppleWebKit/537.36 (KHTML, like Gecko) Chrome/120.0.0.0 Safari/537.36" "127.0.0.1,45.148.10.244" [0.001,1.839,1.843|1.843]Request_Body: "-"
104.23.172.22 - - [19/Sep/2026:04:06:48 +0800] "www.clothingawaiianshirt.com" "GET /blog/wp-json/batch/v1/ HTTP/1.1" 404 31506 "https://clothingawaiianshirt.com/blog/wp-admin/" "Mozilla/5.0 (Windows NT 10.0; Win64; x64) AppleWebKit/537.36 (KHTML, like Gecko) Chrome/120.0.0.0 Safari/537.36" "127.0.0.1,45.148.10.244" [0.003,2.081,2.086|2.086]Request_Body: "-"
172.70.86.133 - - [19/Sep/2026:04:06:48 +0800] "clothingawaiianshirt.com" "POST /wp/index.php?rest_route=/batch/v1 HTTP/1.1" 301 166 "https://clothingawaiianshirt.com/wp/wp-admin/" "Mozilla/5.0 (Windows NT 10.0; Win64; x64) AppleWebKit/537.36 (KHTML, like Gecko) Chrome/120.0.0.0 Safari/537.36" "10.0.0.1,45.148.10.244" [-,-,-|0.000]Request_Body: "-"
172.70.163.45 - - [19/Sep/2026:04:06:48 +0800] "clothingawaiianshirt.com" "POST /blog/blog/wp-json/batch/v1 HTTP/1.1" 301 166 "https://clothingawaiianshirt.com/blog/wp-admin/" "Mozilla/5.0 (Windows NT 10.0; Win64; x64) AppleWebKit/537.36 (KHTML, like Gecko) Chrome/120.0.0.0 Safari/537.36" "127.0.0.1,45.148.10.244" [-,-,-|0.000]Request_Body: "-"
172.70.162.61 - - [19/Sep/2026:04:06:49 +0800] "www.clothingawaiianshirt.com" "GET /wp/index.php?rest_route=/batch/v1 HTTP/1.1" 403 552 "https://clothingawaiianshirt.com/wp/wp-admin/" "Mozilla/5.0 (Windows NT 10.0; Win64; x64) AppleWebKit/537.36 (KHTML, like Gecko) Chrome/120.0.0.0 Safari/537.36" "10.0.0.1,45.148.10.244" [-,-,-|0.000]Request_Body: "-"
172.70.86.133 - - [19/Sep/2026:04:06:49 +0800] "clothingawaiianshirt.com" "POST /wp/index.php?rest_route=%2Fbatch%2Fv1 HTTP/1.1" 301 166 "https://clothingawaiianshirt.com/wp/wp-admin/" "Mozilla/5.0 (Windows NT 10.0; Win64; x64) AppleWebKit/537.36 (KHTML, like Gecko) Chrome/120.0.0.0 Safari/537.36" "10.0.0.1,45.148.10.244" [-,-,-|0.001]Request_Body: "-"
172.70.162.61 - - [19/Sep/2026:04:06:49 +0800] "www.clothingawaiianshirt.com" "GET /wp/index.php?rest_route=%2Fbatch%2Fv1 HTTP/1.1" 403 552 "https://clothingawaiianshirt.com/wp/wp-admin/" "Mozilla/5.0 (Windows NT 10.0; Win64; x64) AppleWebKit/537.36 (KHTML, like Gecko) Chrome/120.0.0.0 Safari/537.36" "10.0.0.1,45.148.10.244" [-,-,-|0.000]Request_Body: "-"
172.70.86.133 - - [19/Sep/2026:04:06:49 +0800] "clothingawaiianshirt.com" "POST /wp/?rest_route=%2Fbatch%2Fv1 HTTP/1.1" 301 166 "https://clothingawaiianshirt.com/wp/wp-admin/" "Mozilla/5.0 (Windows NT 10.0; Win64; x64) AppleWebKit/537.36 (KHTML, like Gecko) Chrome/120.0.0.0 Safari/537.36" "10.0.0.1,45.148.10.244" [-,-,-|0.000]Request_Body: "-"
104.23.172.22 - - [19/Sep/2026:04:06:50 +0800] "www.clothingawaiianshirt.com" "GET /blog/blog/wp-json/batch/v1 HTTP/1.1" 404 31506 "https://clothingawaiianshirt.com/blog/wp-admin/" "Mozilla/5.0 (Windows NT 10.0; Win64; x64) AppleWebKit/537.36 (KHTML, like Gecko) Chrome/120.0.0.0 Safari/537.36" "127.0.0.1,45.148.10.244" [0.000,1.747,1.754|1.754]Request_Body: "-"
172.70.162.61 - - [19/Sep/2026:04:06:51 +0800] "www.clothingawaiianshirt.com" "GET /wp/?rest_route=%2Fbatch%2Fv1 HTTP/1.1" 404 125 "https://clothingawaiianshirt.com/wp/wp-admin/" "Mozilla/5.0 (Windows NT 10.0; Win64; x64) AppleWebKit/537.36 (KHTML, like Gecko) Chrome/120.0.0.0 Safari/537.36" "10.0.0.1,45.148.10.244" [0.001,1.343,1.343|1.343]Request_Body: "-"
172.70.86.133 - - [19/Sep/2026:04:06:51 +0800] "clothingawaiianshirt.com" "POST /blog/index.php?rest_route=/batch/v1 HTTP/1.1" 301 166 "https://clothingawaiianshirt.com/blog/wp-admin/" "Mozilla/5.0 (Windows NT 10.0; Win64; x64) AppleWebKit/537.36 (KHTML, like Gecko) Chrome/120.0.0.0 Safari/537.36" "10.0.0.1,45.148.10.244" [-,-,-|0.000]Request_Body: "-"
172.70.163.45 - - [19/Sep/2026:04:06:52 +0800] "clothingawaiianshirt.com" "POST /wp/?rest_route=/batch%2Fv1 HTTP/1.1" 301 166 "https://clothingawaiianshirt.com/wp/wp-admin/" "Mozilla/5.0 (Windows NT 10.0; Win64; x64) AppleWebKit/537.36 (KHTML, like Gecko) Chrome/120.0.0.0 Safari/537.36" "10.0.0.1,45.148.10.244" [-,-,-|0.000]Request_Body: "-"
172.70.162.61 - - [19/Sep/2026:04:06:52 +0800] "www.clothingawaiianshirt.com" "GET /blog/index.php?rest_route=/batch/v1 HTTP/1.1" 403 552 "https://clothingawaiianshirt.com/blog/wp-admin/" "Mozilla/5.0 (Windows NT 10.0; Win64; x64) AppleWebKit/537.36 (KHTML, like Gecko) Chrome/120.0.0.0 Safari/537.36" "10.0.0.1,45.148.10.244" [-,-,-|0.000]Request_Body: "-"
104.23.172.22 - - [19/Sep/2026:04:06:54 +0800] "www.clothingawaiianshirt.com" "GET /wp/?rest_route=/batch%2Fv1 HTTP/1.1" 404 125 "https://clothingawaiianshirt.com/wp/wp-admin/" "Mozilla/5.0 (Windows NT 10.0; Win64; x64) AppleWebKit/537.36 (KHTML, like Gecko) Chrome/120.0.0.0 Safari/537.36" "10.0.0.1,45.148.10.244" [0.001,1.544,1.544|1.544]Request_Body: "-"
172.70.163.45 - - [19/Sep/2026:04:06:56 +0800] "clothingawaiianshirt.com" "POST /wp/?rest_route=/batch/v1 HTTP/1.1" 301 166 "https://clothingawaiianshirt.com/wp/wp-admin/" "Mozilla/5.0 (Windows NT 10.0; Win64; x64) AppleWebKit/537.36 (KHTML, like Gecko) Chrome/120.0.0.0 Safari/537.36" "10.0.0.1,45.148.10.244" [-,-,-|0.000]Request_Body: "-"
172.70.86.133 - - [19/Sep/2026:04:06:56 +0800] "clothingawaiianshirt.com" "POST /blog/index.php?rest_route=%2Fbatch%2Fv1 HTTP/1.1" 301 166 "https://clothingawaiianshirt.com/blog/wp-admin/" "Mozilla/5.0 (Windows NT 10.0; Win64; x64) AppleWebKit/537.36 (KHTML, like Gecko) Chrome/120.0.0.0 Safari/537.36" "10.0.0.1,45.148.10.244" [-,-,-|0.000]Request_Body: "-"
