172.71.241.157 - - [19/Sep/2026:04:21:48 +0800] "www.clothingawaiianshirt.com" "GET /wp-json/batch/v1 HTTP/1.1" 404 125 "http://www.clothingawaiianshirt.com/wp-json/batch/v1" "Mozilla/5.0 (Windows NT 10.0; Win64; x64) AppleWebKit/537.36 (KHTML, like Gecko) Chrome/120.0.0.0 Safari/537.36" "45.148.10.247" [0.001,1.887,1.887|1.887]Request_Body: "-"
172.68.229.136 - - [19/Sep/2026:04:21:48 +0800] "clothingawaiianshirt.com" "POST /wp-json/Batch/v1 HTTP/1.1" 301 166 "-" "Mozilla/5.0 (Windows NT 10.0; Win64; x64) AppleWebKit/537.36 (KHTML, like Gecko) Chrome/120.0.0.0 Safari/537.36" "45.148.10.247" [-,-,-|0.001]Request_Body: "-"
172.71.241.157 - - [19/Sep/2026:04:21:50 +0800] "www.clothingawaiianshirt.com" "GET /wp-json/Batch/v1 HTTP/1.1" 404 125 "http://www.clothingawaiianshirt.com/wp-json/Batch/v1" "Mozilla/5.0 (Windows NT 10.0; Win64; x64) AppleWebKit/537.36 (KHTML, like Gecko) Chrome/120.0.0.0 Safari/537.36" "45.148.10.247" [0.001,1.579,1.579|1.579]Request_Body: "-"
172.68.229.136 - - [19/Sep/2026:04:21:50 +0800] "clothingawaiianshirt.com" "POST //wp-json/batch/v1 HTTP/1.1" 301 166 "-" "Mozilla/5.0 (Windows NT 10.0; Win64; x64) AppleWebKit/537.36 (KHTML, like Gecko) Chrome/120.0.0.0 Safari/537.36" "45.148.10.247" [-,-,-|0.000]Request_Body: "-"
172.71.241.157 - - [19/Sep/2026:04:21:52 +0800] "www.clothingawaiianshirt.com" "GET //wp-json/batch/v1 HTTP/1.1" 404 125 "http://www.clothingawaiianshirt.com//wp-json/batch/v1" "Mozilla/5.0 (Windows NT 10.0; Win64; x64) AppleWebKit/537.36 (KHTML, like Gecko) Chrome/120.0.0.0 Safari/537.36" "45.148.10.247" [0.001,1.890,1.890|1.890]Request_Body: "-"
172.68.229.136 - - [19/Sep/2026:04:21:52 +0800] "clothingawaiianshirt.com" "POST /wp-json/batch/v1/ HTTP/1.1" 301 166 "-" "Mozilla/5.0 (Windows NT 10.0; Win64; x64) AppleWebKit/537.36 (KHTML, like Gecko) Chrome/120.0.0.0 Safari/537.36" "45.148.10.247" [-,-,-|0.000]Request_Body: "-"
172.71.241.157 - - [19/Sep/2026:04:21:54 +0800] "www.clothingawaiianshirt.com" "GET /wp-json/batch/v1/ HTTP/1.1" 404 125 "http://www.clothingawaiianshirt.com/wp-json/batch/v1/" "Mozilla/5.0 (Windows NT 10.0; Win64; x64) AppleWebKit/537.36 (KHTML, like Gecko) Chrome/120.0.0.0 Safari/537.36" "45.148.10.247" [0.001,1.496,1.496|1.495]Request_Body: "-"
172.68.229.136 - - [19/Sep/2026:04:21:57 +0800] "clothingawaiianshirt.com" "POST /blog/wp-json/batch/v1 HTTP/1.1" 301 166 "-" "Mozilla/5.0 (Windows NT 10.0; Win64; x64) AppleWebKit/537.36 (KHTML, like Gecko) Chrome/120.0.0.0 Safari/537.36" "45.148.10.247" [-,-,-|0.000]Request_Body: "-"
172.71.241.157 - - [19/Sep/2026:04:21:59 +0800] "www.clothingawaiianshirt.com" "GET /blog/wp-json/batch/v1 HTTP/1.1" 404 31504 "http://www.clothingawaiianshirt.com/blog/wp-json/batch/v1" "Mozilla/5.0 (Windows NT 10.0; Win64; x64) AppleWebKit/537.36 (KHTML, like Gecko) Chrome/120.0.0.0 Safari/537.36" "45.148.10.247" [0.001,2.010,2.013|2.014]Request_Body: "-"
172.68.229.136 - - [19/Sep/2026:04:21:59 +0800] "clothingawaiianshirt.com" "POST /index.php?rest_route=/batch/v1 HTTP/1.1" 301 166 "https://clothingawaiianshirt.com/wp-admin/" "Mozilla/5.0 (Windows NT 10.0; Win64; x64) AppleWebKit/537.36 (KHTML, like Gecko) Chrome/120.0.0.0 Safari/537.36" "127.0.0.1,45.148.10.247" [-,-,-|0.000]Request_Body: "-"
172.71.241.157 - - [19/Sep/2026:04:22:02 +0800] "www.clothingawaiianshirt.com" "GET /index.php?rest_route=/batch/v1 HTTP/1.1" 404 125 "https://clothingawaiianshirt.com/wp-admin/" "Mozilla/5.0 (Windows NT 10.0; Win64; x64) AppleWebKit/537.36 (KHTML, like Gecko) Chrome/120.0.0.0 Safari/537.36" "127.0.0.1,45.148.10.247" [0.001,2.012,2.012|2.012]Request_Body: "-"
172.68.229.136 - - [19/Sep/2026:04:22:02 +0800] "clothingawaiianshirt.com" "POST /index.php?rest_route=%2Fbatch%2Fv1 HTTP/1.1" 301 166 "https://clothingawaiianshirt.com/wp-admin/" "Mozilla/5.0 (Windows NT 10.0; Win64; x64) AppleWebKit/537.36 (KHTML, like Gecko) Chrome/120.0.0.0 Safari/537.36" "127.0.0.1,45.148.10.247" [-,-,-|0.000]Request_Body: "-"
172.71.241.157 - - [19/Sep/2026:04:22:04 +0800] "www.clothingawaiianshirt.com" "GET /index.php?rest_route=%2Fbatch%2Fv1 HTTP/1.1" 404 125 "https://clothingawaiianshirt.com/wp-admin/" "Mozilla/5.0 (Windows NT 10.0; Win64; x64) AppleWebKit/537.36 (KHTML, like Gecko) Chrome/120.0.0.0 Safari/537.36" "127.0.0.1,45.148.10.247" [0.000,1.705,1.705|1.705]Request_Body: "-"
172.68.229.136 - - [19/Sep/2026:04:22:04 +0800] "clothingawaiianshirt.com" "POST /?rest_route=%2Fbatch%2Fv1 HTTP/1.1" 301 166 "https://clothingawaiianshirt.com/wp-admin/" "Mozilla/5.0 (Windows NT 10.0; Win64; x64) AppleWebKit/537.36 (KHTML, like Gecko) Chrome/120.0.0.0 Safari/537.36" "127.0.0.1,45.148.10.247" [-,-,-|0.000]Request_Body: "-"
172.71.241.157 - - [19/Sep/2026:04:22:06 +0800] "www.clothingawaiianshirt.com" "GET /?rest_route=%2Fbatch%2Fv1 HTTP/1.1" 404 125 "https://clothingawaiianshirt.com/wp-admin/" "Mozilla/5.0 (Windows NT 10.0; Win64; x64) AppleWebKit/537.36 (KHTML, like Gecko) Chrome/120.0.0.0 Safari/537.36" "127.0.0.1,45.148.10.247" [0.001,1.677,1.677|1.677]Request_Body: "-"
172.68.229.136 - - [19/Sep/2026:04:22:11 +0800] "clothingawaiianshirt.com" "POST /?rest_route=/batch%2Fv1 HTTP/1.1" 301 166 "https://clothingawaiianshirt.com/wp-admin/" "Mozilla/5.0 (Windows NT 10.0; Win64; x64) AppleWebKit/537.36 (KHTML, like Gecko) Chrome/120.0.0.0 Safari/537.36" "127.0.0.1,45.148.10.247" [-,-,-|0.000]Request_Body: "-"
172.71.241.157 - - [19/Sep/2026:04:22:12 +0800] "www.clothingawaiianshirt.com" "GET /?rest_route=/batch%2Fv1 HTTP/1.1" 404 125 "https://clothingawaiianshirt.com/wp-admin/" "Mozilla/5.0 (Windows NT 10.0; Win64; x64) AppleWebKit/537.36 (KHTML, like Gecko) Chrome/120.0.0.0 Safari/537.36" "127.0.0.1,45.148.10.247" [0.001,1.678,1.678|1.678]Request_Body: "-"
172.68.229.136 - - [19/Sep/2026:04:22:13 +0800] "clothingawaiianshirt.com" "POST /?rest_route=/batch/v1 HTTP/1.1" 301 166 "https://clothingawaiianshirt.com/wp-admin/" "Mozilla/5.0 (Windows NT 10.0; Win64; x64) AppleWebKit/537.36 (KHTML, like Gecko) Chrome/120.0.0.0 Safari/537.36" "127.0.0.1,45.148.10.247" [-,-,-|0.001]Request_Body: "-"
172.71.241.157 - - [19/Sep/2026:04:22:14 +0800] "www.clothingawaiianshirt.com" "GET /?rest_route=/batch/v1 HTTP/1.1" 404 125 "https://clothingawaiianshirt.com/wp-admin/" "Mozilla/5.0 (Windows NT 10.0; Win64; x64) AppleWebKit/537.36 (KHTML, like Gecko) Chrome/120.0.0.0 Safari/537.36" "127.0.0.1,45.148.10.247" [0.002,1.371,1.371|1.372]Request_Body: "-"
172.68.229.136 - - [19/Sep/2026:04:22:14 +0800] "clothingawaiianshirt.com" "POST /wp-json/batch/v1 HTTP/1.1" 301 166 "https://clothingawaiianshirt.com/wp-admin/" "Mozilla/5.0 (Windows NT 10.0; Win64; x64) AppleWebKit/537.36 (KHTML, like Gecko) Chrome/120.0.0.0 Safari/537.36" "127.0.0.1,45.148.10.247" [-,-,-|0.000]Request_Body: "-"
172.71.241.157 - - [19/Sep/2026:04:22:16 +0800] "www.clothingawaiianshirt.com" "GET /wp-json/batch/v1 HTTP/1.1" 404 125 "https://clothingawaiianshirt.com/wp-admin/" "Mozilla/5.0 (Windows NT 10.0; Win64; x64) AppleWebKit/537.36 (KHTML, like Gecko) Chrome/120.0.0.0 Safari/537.36" "127.0.0.1,45.148.10.247" [0.002,1.254,1.254|1.254]Request_Body: "-"
172.68.229.136 - - [19/Sep/2026:04:22:16 +0800] "clothingawaiianshirt.com" "POST /wp-json/Batch/v1 HTTP/1.1" 301 166 "https://clothingawaiianshirt.com/wp-admin/" "Mozilla/5.0 (Windows NT 10.0; Win64; x64) AppleWebKit/537.36 (KHTML, like Gecko) Chrome/120.0.0.0 Safari/537.36" "127.0.0.1,45.148.10.247" [-,-,-|0.000]Request_Body: "-"
172.71.241.157 - - [19/Sep/2026:04:22:18 +0800] "www.clothingawaiianshirt.com" "GET /wp-json/Batch/v1 HTTP/1.1" 404 125 "https://clothingawaiianshirt.com/wp-admin/" "Mozilla/5.0 (Windows NT 10.0; Win64; x64) AppleWebKit/537.36 (KHTML, like Gecko) Chrome/120.0.0.0 Safari/537.36" "127.0.0.1,45.148.10.247" [0.001,1.561,1.561|1.561]Request_Body: "-"
172.68.229.136 - - [19/Sep/2026:04:22:18 +0800] "clothingawaiianshirt.com" "POST //wp-json/batch/v1 HTTP/1.1" 301 166 "https://clothingawaiianshirt.com/wp-admin/" "Mozilla/5.0 (Windows NT 10.0; Win64; x64) AppleWebKit/537.36 (KHTML, like Gecko) Chrome/120.0.0.0 Safari/537.36" "127.0.0.1,45.148.10.247" [-,-,-|0.000]Request_Body: "-"
172.71.241.157 - - [19/Sep/2026:04:22:20 +0800] "www.clothingawaiianshirt.com" "GET //wp-json/batch/v1 HTTP/1.1" 404 125 "https://clothingawaiianshirt.com/wp-admin/" "Mozilla/5.0 (Windows NT 10.0; Win64; x64) AppleWebKit/537.36 (KHTML, like Gecko) Chrome/120.0.0.0 Safari/537.36" "127.0.0.1,45.148.10.247" [0.001,1.678,1.678|1.678]Request_Body: "-"
172.68.229.136 - - [19/Sep/2026:04:22:22 +0800] "clothingawaiianshirt.com" "POST /wp-json/batch/v1/ HTTP/1.1" 301 166 "https://clothingawaiianshirt.com/wp-admin/" "Mozilla/5.0 (Windows NT 10.0; Win64; x64) AppleWebKit/537.36 (KHTML, like Gecko) Chrome/120.0.0.0 Safari/537.36" "127.0.0.1,45.148.10.247" [-,-,-|0.001]Request_Body: "-"
172.71.241.157 - - [19/Sep/2026:04:22:24 +0800] "www.clothingawaiianshirt.com" "GET /wp-json/batch/v1/ HTTP/1.1" 404 125 "https://clothingawaiianshirt.com/wp-admin/" "Mozilla/5.0 (Windows NT 10.0; Win64; x64) AppleWebKit/537.36 (KHTML, like Gecko) Chrome/120.0.0.0 Safari/537.36" "127.0.0.1,45.148.10.247" [0.000,1.618,1.618|1.618]Request_Body: "-"
172.68.229.136 - - [19/Sep/2026:04:22:24 +0800] "clothingawaiianshirt.com" "POST /blog/wp-json/batch/v1 HTTP/1.1" 301 166 "https://clothingawaiianshirt.com/wp-admin/" "Mozilla/5.0 (Windows NT 10.0; Win64; x64) AppleWebKit/537.36 (KHTML, like Gecko) Chrome/120.0.0.0 Safari/537.36" "127.0.0.1,45.148.10.247" [-,-,-|0.000]Request_Body: "-"
172.71.241.157 - - [19/Sep/2026:04:22:26 +0800] "www.clothingawaiianshirt.com" "GET /blog/wp-json/batch/v1 HTTP/1.1" 404 31504 "https://clothingawaiianshirt.com/wp-admin/" "Mozilla/5.0 (Windows NT 10.0; Win64; x64) AppleWebKit/537.36 (KHTML, like Gecko) Chrome/120.0.0.0 Safari/537.36" "127.0.0.1,45.148.10.247" [0.000,1.445,1.449|1.449]Request_Body: "-"
172.68.229.136 - - [19/Sep/2026:04:22:26 +0800] "clothingawaiianshirt.com" "POST /index.php?rest_route=/batch/v1 HTTP/1.1" 301 166 "https://clothingawaiianshirt.com/wp-admin/" "Mozilla/5.0 (Windows NT 10.0; Win64; x64) AppleWebKit/537.36 (KHTML, like Gecko) Chrome/120.0.0.0 Safari/537.36" "10.0.0.1,45.148.10.247" [-,-,-|0.001]Request_Body: "-"
172.71.241.157 - - [19/Sep/2026:04:22:28 +0800] "www.clothingawaiianshirt.com" "GET /index.php?rest_route=/batch/v1 HTTP/1.1" 404 125 "https://clothingawaiianshirt.com/wp-admin/" "Mozilla/5.0 (Windows NT 10.0; Win64; x64) AppleWebKit/537.36 (KHTML, like Gecko) Chrome/120.0.0.0 Safari/537.36" "10.0.0.1,45.148.10.247" [0.001,1.337,1.337|1.337]Request_Body: "-"
172.68.229.136 - - [19/Sep/2026:04:22:28 +0800] "clothingawaiianshirt.com" "POST /index.php?rest_route=%2Fbatch%2Fv1 HTTP/1.1" 301 166 "https://clothingawaiianshirt.com/wp-admin/" "Mozilla/5.0 (Windows NT 10.0; Win64; x64) AppleWebKit/537.36 (KHTML, like Gecko) Chrome/120.0.0.0 Safari/537.36" "10.0.0.1,45.148.10.247" [-,-,-|0.000]Request_Body: "-"
172.71.241.157 - - [19/Sep/2026:04:22:30 +0800] "www.clothingawaiianshirt.com" "GET /index.php?rest_route=%2Fbatch%2Fv1 HTTP/1.1" 404 125 "https://clothingawaiianshirt.com/wp-admin/" "Mozilla/5.0 (Windows NT 10.0; Win64; x64) AppleWebKit/537.36 (KHTML, like Gecko) Chrome/120.0.0.0 Safari/537.36" "10.0.0.1,45.148.10.247" [0.000,1.516,1.516|1.516]Request_Body: "-"
172.68.229.136 - - [19/Sep/2026:04:22:30 +0800] "clothingawaiianshirt.com" "POST /?rest_route=%2Fbatch%2Fv1 HTTP/1.1" 301 166 "https://clothingawaiianshirt.com/wp-admin/" "Mozilla/5.0 (Windows NT 10.0; Win64; x64) AppleWebKit/537.36 (KHTML, like Gecko) Chrome/120.0.0.0 Safari/537.36" "10.0.0.1,45.148.10.247" [-,-,-|0.000]Request_Body: "-"
172.71.241.157 - - [19/Sep/2026:04:22:31 +0800] "www.clothingawaiianshirt.com" "GET /?rest_route=%2Fbatch%2Fv1 HTTP/1.1" 404 125 "https://clothingawaiianshirt.com/wp-admin/" "Mozilla/5.0 (Windows NT 10.0; Win64; x64) AppleWebKit/537.36 (KHTML, like Gecko) Chrome/120.0.0.0 Safari/537.36" "10.0.0.1,45.148.10.247" [0.002,1.336,1.336|1.336]Request_Body: "-"
172.68.229.136 - - [19/Sep/2026:04:22:35 +0800] "clothingawaiianshirt.com" "POST /?rest_route=/batch%2Fv1 HTTP/1.1" 301 166 "https://clothingawaiianshirt.com/wp-admin/" "Mozilla/5.0 (Windows NT 10.0; Win64; x64) AppleWebKit/537.36 (KHTML, like Gecko) Chrome/120.0.0.0 Safari/537.36" "10.0.0.1,45.148.10.247" [-,-,-|0.000]Request_Body: "-"
172.68.229.136 - - [19/Sep/2026:04:22:37 +0800] "clothingawaiianshirt.com" "GET / HTTP/1.1" 301 166 "-" "Mozilla/5.0 (Windows NT 10.0; Win64; x64) AppleWebKit/537.36 (KHTML, like Gecko) Chrome/120.0.0.0 Safari/537.36" "45.148.10.247" [-,-,-|0.000]Request_Body: "-"
172.71.241.157 - - [19/Sep/2026:04:22:38 +0800] "www.clothingawaiianshirt.com" "GET /?rest_route=/batch%2Fv1 HTTP/1.1" 404 125 "https://clothingawaiianshirt.com/wp-admin/" "Mozilla/5.0 (Windows NT 10.0; Win64; x64) AppleWebKit/537.36 (KHTML, like Gecko) Chrome/120.0.0.0 Safari/537.36" "10.0.0.1,45.148.10.247" [0.000,1.947,1.947|1.947]Request_Body: "-"
141.101.98.232 - - [19/Sep/2026:04:22:39 +0800] "www.clothingawaiianshirt.com" "GET / HTTP/1.1" 200 50812 "http://www.clothingawaiianshirt.com/" "Mozilla/5.0 (Windows NT 10.0; Win64; x64) AppleWebKit/537.36 (KHTML, like Gecko) Chrome/120.0.0.0 Safari/537.36" "45.148.10.247" [0.001,1.806,1.811|1.811]Request_Body: "-"
172.68.229.136 - - [19/Sep/2026:04:22:40 +0800] "clothingawaiianshirt.com" "GET /wp-json/gravitysmtp/v1/tests/mock-data?page=gravitysmtp-settings HTTP/1.1" 301 166 "-" "Mozilla/5.0 (Windows NT 10.0; Win64; x64) AppleWebKit/537.36 (KHTML, like Gecko) Chrome/120.0.0.0 Safari/537.36" "45.148.10.247" [-,-,-|0.000]Request_Body: "-"
141.101.98.232 - - [19/Sep/2026:04:22:41 +0800] "www.clothingawaiianshirt.com" "GET /wp-json/gravitysmtp/v1/tests/mock-data?page=gravitysmtp-settings HTTP/1.1" 404 125 "http://www.clothingawaiianshirt.com/wp-json/gravitysmtp/v1/tests/mock-data?page=gravitysmtp-settings" "Mozilla/5.0 (Windows NT 10.0; Win64; x64) AppleWebKit/537.36 (KHTML, like Gecko) Chrome/120.0.0.0 Safari/537.36" "45.148.10.247" [0.001,1.364,1.364|1.364]Request_Body: "-"
172.68.229.136 - - [19/Sep/2026:04:22:41 +0800] "clothingawaiianshirt.com" "GET /?rest_route=/gravitysmtp/v1/tests/mock-data&page=gravitysmtp-settings HTTP/1.1" 301 166 "-" "Mozilla/5.0 (Macintosh; Intel Mac OS X 10_15_7) AppleWebKit/605.1.15 (KHTML, like Gecko) Version/17.0 Safari/605.1.15" "45.148.10.247" [-,-,-|0.000]Request_Body: "-"
141.101.98.232 - - [19/Sep/2026:04:22:43 +0800] "www.clothingawaiianshirt.com" "GET /?rest_route=/gravitysmtp/v1/tests/mock-data&page=gravitysmtp-settings HTTP/1.1" 404 125 "http://www.clothingawaiianshirt.com/?rest_route=/gravitysmtp/v1/tests/mock-data&page=gravitysmtp-settings" "Mozilla/5.0 (Macintosh; Intel Mac OS X 10_15_7) AppleWebKit/605.1.15 (KHTML, like Gecko) Version/17.0 Safari/605.1.15" "45.148.10.247" [0.001,1.268,1.268|1.267]Request_Body: "-"
172.68.229.136 - - [19/Sep/2026:04:22:43 +0800] "clothingawaiianshirt.com" "GET /wp-json/gravitysmtp/v1/tests/mock-data?page=gravitysmtp-connections HTTP/1.1" 301 166 "-" "Mozilla/5.0 (X11; Linux x86_64; rv:121.0) Gecko/20100101 Firefox/121.0" "45.148.10.247" [-,-,-|0.000]Request_Body: "-"
141.101.98.232 - - [19/Sep/2026:04:22:45 +0800] "www.clothingawaiianshirt.com" "GET /wp-json/gravitysmtp/v1/tests/mock-data?page=gravitysmtp-connections HTTP/1.1" 404 125 "http://www.clothingawaiianshirt.com/wp-json/gravitysmtp/v1/tests/mock-data?page=gravitysmtp-connections" "Mozilla/5.0 (X11; Linux x86_64; rv:121.0) Gecko/20100101 Firefox/121.0" "45.148.10.247" [0.001,1.407,1.407|1.407]Request_Body: "-"
172.68.229.136 - - [19/Sep/2026:04:22:47 +0800] "clothingawaiianshirt.com" "GET /?rest_route=/gravitysmtp/v1/tests/mock-data&page=gravitysmtp-connections HTTP/1.1" 301 166 "-" "Mozilla/5.0 (Windows NT 10.0; Win64; x64; rv:121.0) Gecko/20100101 Firefox/121.0" "45.148.10.247" [-,-,-|0.000]Request_Body: "-"
141.101.98.232 - - [19/Sep/2026:04:22:49 +0800] "www.clothingawaiianshirt.com" "GET /?rest_route=/gravitysmtp/v1/tests/mock-data&page=gravitysmtp-connections HTTP/1.1" 404 125 "http://www.clothingawaiianshirt.com/?rest_route=/gravitysmtp/v1/tests/mock-data&page=gravitysmtp-connections" "Mozilla/5.0 (Windows NT 10.0; Win64; x64; rv:121.0) Gecko/20100101 Firefox/121.0" "45.148.10.247" [0.000,1.379,1.379|1.379]Request_Body: "-"
172.68.229.136 - - [19/Sep/2026:04:22:49 +0800] "clothingawaiianshirt.com" "GET /index.php?rest_route=/gravitysmtp/v1/tests/mock-data&page=gravitysmtp-settings HTTP/1.1" 301 166 "-" "Mozilla/5.0 (iPhone; CPU iPhone OS 17_0 like Mac OS X) AppleWebKit/605.1.15 (KHTML, like Gecko) Version/17.0 Mobile/15E148 Safari/604.1" "45.148.10.247" [-,-,-|0.000]Request_Body: "-"
141.101.98.232 - - [19/Sep/2026:04:22:51 +0800] "www.clothingawaiianshirt.com" "GET /index.php?rest_route=/gravitysmtp/v1/tests/mock-data&page=gravitysmtp-settings HTTP/1.1" 404 125 "http://www.clothingawaiianshirt.com/index.php?rest_route=/gravitysmtp/v1/tests/mock-data&page=gravitysmtp-settings" "Mozilla/5.0 (iPhone; CPU iPhone OS 17_0 like Mac OS X) AppleWebKit/605.1.15 (KHTML, like Gecko) Version/17.0 Mobile/15E148 Safari/604.1" "45.148.10.247" [0.000,1.411,1.411|1.411]Request_Body: "-"
172.68.229.136 - - [19/Sep/2026:04:22:51 +0800] "clothingawaiianshirt.com" "GET /wp-json/gravitysmtp/v1/tests/mock-data HTTP/1.1" 301 166 "-" "Mozilla/5.0 (Linux; Android 13; SM-S918B) AppleWebKit/537.36 (KHTML, like Gecko) Chrome/120.0.0.0 Mobile Safari/537.36" "45.148.10.247" [-,-,-|0.000]Request_Body: "-"
141.101.98.232 - - [19/Sep/2026:04:22:52 +0800] "www.clothingawaiianshirt.com" "GET /wp-json/gravitysmtp/v1/tests/mock-data HTTP/1.1" 404 125 "http://www.clothingawaiianshirt.com/wp-json/gravitysmtp/v1/tests/mock-data" "Mozilla/5.0 (Linux; Android 13; SM-S918B) AppleWebKit/537.36 (KHTML, like Gecko) Chrome/120.0.0.0 Mobile Safari/537.36" "45.148.10.247" [0.001,1.245,1.245|1.245]Request_Body: "-"
172.68.229.136 - - [19/Sep/2026:04:22:52 +0800] "clothingawaiianshirt.com" "GET /wp/wp-login.php HTTP/1.1" 301 166 "-" "Mozilla/5.0 (Windows NT 10.0; Win64; x64) AppleWebKit/537.36 (KHTML, like Gecko) Chrome/120.0.0.0 Safari/537.36" "45.148.10.247" [-,-,-|0.000]Request_Body: "-"
104.23.168.108 - - [19/Sep/2026:04:22:53 +0800] "clothingawaiianshirt.com" "GET /blog/wp-login.php HTTP/1.1" 301 166 "-" "Mozilla/5.0 (Windows NT 10.0; Win64; x64) AppleWebKit/537.36 (KHTML, like Gecko) Chrome/120.0.0.0 Safari/537.36" "45.148.10.247" [-,-,-|0.000]Request_Body: "-"
141.101.98.232 - - [19/Sep/2026:04:22:53 +0800] "www.clothingawaiianshirt.com" "GET /wp/wp-login.php HTTP/1.1" 403 552 "http://www.clothingawaiianshirt.com/wp/wp-login.php" "Mozilla/5.0 (Windows NT 10.0; Win64; x64) AppleWebKit/537.36 (KHTML, like Gecko) Chrome/120.0.0.0 Safari/537.36" "45.148.10.247" [-,-,-|0.000]Request_Body: "-"
172.68.229.136 - - [19/Sep/2026:04:22:53 +0800] "clothingawaiianshirt.com" "GET /wp/feed/ HTTP/1.1" 301 166 "-" "Mozilla/5.0 (Windows NT 10.0; Win64; x64) AppleWebKit/537.36 (KHTML, like Gecko) Chrome/120.0.0.0 Safari/537.36" "45.148.10.247" [-,-,-|0.000]Request_Body: "-"
141.101.98.232 - - [19/Sep/2026:04:22:53 +0800] "www.clothingawaiianshirt.com" "GET /blog/wp-login.php HTTP/1.1" 403 552 "http://www.clothingawaiianshirt.com/blog/wp-login.php" "Mozilla/5.0 (Windows NT 10.0; Win64; x64) AppleWebKit/537.36 (KHTML, like Gecko) Chrome/120.0.0.0 Safari/537.36" "45.148.10.247" [-,-,-|0.000]Request_Body: "-"
172.68.229.136 - - [19/Sep/2026:04:22:53 +0800] "clothingawaiianshirt.com" "GET /blog/feed/ HTTP/1.1" 301 166 "-" "Mozilla/5.0 (Windows NT 10.0; Win64; x64) AppleWebKit/537.36 (KHTML, like Gecko) Chrome/120.0.0.0 Safari/537.36" "45.148.10.247" [-,-,-|0.000]Request_Body: "-"
141.101.98.232 - - [19/Sep/2026:04:22:54 +0800] "www.clothingawaiianshirt.com" "GET /wp/feed/ HTTP/1.1" 200 709 "http://www.clothingawaiianshirt.com/wp/feed/" "Mozilla/5.0 (Windows NT 10.0; Win64; x64) AppleWebKit/537.36 (KHTML, like Gecko) Chrome/120.0.0.0 Safari/537.36" "45.148.10.247" [0.001,1.546,1.546|1.545]Request_Body: "-"
141.101.76.40 - - [19/Sep/2026:04:22:55 +0800] "www.clothingawaiianshirt.com" "GET /blog/feed/ HTTP/1.1" 200 893 "http://www.clothingawaiianshirt.com/blog/feed/" "Mozilla/5.0 (Windows NT 10.0; Win64; x64) AppleWebKit/537.36 (KHTML, like Gecko) Chrome/120.0.0.0 Safari/537.36" "45.148.10.247" [0.001,1.314,1.314|1.314]Request_Body: "-"
172.68.229.136 - - [19/Sep/2026:04:22:55 +0800] "clothingawaiianshirt.com" "GET /wp/ HTTP/1.1" 301 166 "-" "Mozilla/5.0 (Windows NT 10.0; Win64; x64) AppleWebKit/537.36 (KHTML, like Gecko) Chrome/120.0.0.0 Safari/537.36" "45.148.10.247" [-,-,-|0.000]Request_Body: "-"
104.23.168.4 - - [19/Sep/2026:04:22:55 +0800] "clothingawaiianshirt.com" "GET /blog/ HTTP/1.1" 301 166 "-" "Mozilla/5.0 (Windows NT 10.0; Win64; x64) AppleWebKit/537.36 (KHTML, like Gecko) Chrome/120.0.0.0 Safari/537.36" "45.148.10.247" [-,-,-|0.000]Request_Body: "-"
141.101.76.118 - - [19/Sep/2026:04:22:57 +0800] "www.clothingawaiianshirt.com" "GET /wp/ HTTP/1.1" 404 31713 "http://www.clothingawaiianshirt.com/wp/" "Mozilla/5.0 (Windows NT 10.0; Win64; x64) AppleWebKit/537.36 (KHTML, like Gecko) Chrome/120.0.0.0 Safari/537.36" "45.148.10.247" [0.001,1.744,1.747|1.747]Request_Body: "-"
141.101.98.232 - - [19/Sep/2026:04:22:57 +0800] "www.clothingawaiianshirt.com" "GET /blog/ HTTP/1.1" 200 32257 "http://www.clothingawaiianshirt.com/blog/" "Mozilla/5.0 (Windows NT 10.0; Win64; x64) AppleWebKit/537.36 (KHTML, like Gecko) Chrome/120.0.0.0 Safari/537.36" "45.148.10.247" [0.000,1.868,1.871|1.871]Request_Body: "-"
172.68.229.136 - - [19/Sep/2026:04:23:01 +0800] "clothingawaiianshirt.com" "POST /blog/index.php?rest_route=/batch/v1 HTTP/1.1" 301 166 "-" "Mozilla/5.0 (Windows NT 10.0; Win64; x64) AppleWebKit/537.36 (KHTML, like Gecko) Chrome/120.0.0.0 Safari/537.36" "45.148.10.247" [-,-,-|0.000]Request_Body: "-"
141.101.98.232 - - [19/Sep/2026:04:23:01 +0800] "www.clothingawaiianshirt.com" "GET /blog/index.php?rest_route=/batch/v1 HTTP/1.1" 403 552 "http://www.clothingawaiianshirt.com/blog/index.php?rest_route=/batch/v1" "Mozilla/5.0 (Windows NT 10.0; Win64; x64) AppleWebKit/537.36 (KHTML, like Gecko) Chrome/120.0.0.0 Safari/537.36" "45.148.10.247" [-,-,-|0.000]Request_Body: "-"
104.23.168.4 - - [19/Sep/2026:04:23:02 +0800] "clothingawaiianshirt.com" "POST /wp/index.php?rest_route=/batch/v1 HTTP/1.1" 301 166 "-" "Mozilla/5.0 (Windows NT 10.0; Win64; x64) AppleWebKit/537.36 (KHTML, like Gecko) Chrome/120.0.0.0 Safari/537.36" "45.148.10.247" [-,-,-|0.000]Request_Body: "-"
172.68.229.136 - - [19/Sep/2026:04:23:02 +0800] "clothingawaiianshirt.com" "POST /blog/index.php?rest_route=%2Fbatch%2Fv1 HTTP/1.1" 301 166 "-" "Mozilla/5.0 (Windows NT 10.0; Win64; x64) AppleWebKit/537.36 (KHTML, like Gecko) Chrome/120.0.0.0 Safari/537.36" "45.148.10.247" [-,-,-|0.000]Request_Body: "-"
141.101.98.232 - - [19/Sep/2026:04:23:02 +0800] "www.clothingawaiianshirt.com" "GET /wp/index.php?rest_route=/batch/v1 HTTP/1.1" 403 552 "http://www.clothingawaiianshirt.com/wp/index.php?rest_route=/batch/v1" "Mozilla/5.0 (Windows NT 10.0; Win64; x64) AppleWebKit/537.36 (KHTML, like Gecko) Chrome/120.0.0.0 Safari/537.36" "45.148.10.247" [-,-,-|0.000]Request_Body: "-"
141.101.76.118 - - [19/Sep/2026:04:23:02 +0800] "www.clothingawaiianshirt.com" "GET /blog/index.php?rest_route=%2Fbatch%2Fv1 HTTP/1.1" 403 552 "http://www.clothingawaiianshirt.com/blog/index.php?rest_route=%2Fbatch%2Fv1" "Mozilla/5.0 (Windows NT 10.0; Win64; x64) AppleWebKit/537.36 (KHTML, like Gecko) Chrome/120.0.0.0 Safari/537.36" "45.148.10.247" [-,-,-|0.000]Request_Body: "-"
172.68.229.136 - - [19/Sep/2026:04:23:02 +0800] "clothingawaiianshirt.com" "POST /wp/index.php?rest_route=%2Fbatch%2Fv1 HTTP/1.1" 301 166 "-" "Mozilla/5.0 (Windows NT 10.0; Win64; x64) AppleWebKit/537.36 (KHTML, like Gecko) Chrome/120.0.0.0 Safari/537.36" "45.148.10.247" [-,-,-|0.000]Request_Body: "-"
104.23.168.4 - - [19/Sep/2026:04:23:02 +0800] "clothingawaiianshirt.com" "POST /blog/?rest_route=%2Fbatch%2Fv1 HTTP/1.1" 301 166 "-" "Mozilla/5.0 (Windows NT 10.0; Win64; x64) AppleWebKit/537.36 (KHTML, like Gecko) Chrome/120.0.0.0 Safari/537.36" "45.148.10.247" [-,-,-|0.000]Request_Body: "-"
141.101.76.118 - - [19/Sep/2026:04:23:02 +0800] "www.clothingawaiianshirt.com" "GET /wp/index.php?rest_route=%2Fbatch%2Fv1 HTTP/1.1" 403 552 "http://www.clothingawaiianshirt.com/wp/index.php?rest_route=%2Fbatch%2Fv1" "Mozilla/5.0 (Windows NT 10.0; Win64; x64) AppleWebKit/537.36 (KHTML, like Gecko) Chrome/120.0.0.0 Safari/537.36" "45.148.10.247" [-,-,-|0.000]Request_Body: "-"
104.23.168.108 - - [19/Sep/2026:04:23:02 +0800] "clothingawaiianshirt.com" "POST /wp/?rest_route=%2Fbatch%2Fv1 HTTP/1.1" 301 166 "-" "Mozilla/5.0 (Windows NT 10.0; Win64; x64) AppleWebKit/537.36 (KHTML, like Gecko) Chrome/120.0.0.0 Safari/537.36" "45.148.10.247" [-,-,-|0.000]Request_Body: "-"
141.101.98.232 - - [19/Sep/2026:04:23:04 +0800] "www.clothingawaiianshirt.com" "GET /blog/?rest_route=%2Fbatch%2Fv1 HTTP/1.1" 404 125 "http://www.clothingawaiianshirt.com/blog/?rest_route=%2Fbatch%2Fv1" "Mozilla/5.0 (Windows NT 10.0; Win64; x64) AppleWebKit/537.36 (KHTML, like Gecko) Chrome/120.0.0.0 Safari/537.36" "45.148.10.247" [0.001,1.571,1.571|1.571]Request_Body: "-"
104.23.168.108 - - [19/Sep/2026:04:23:04 +0800] "clothingawaiianshirt.com" "POST /blog/?rest_route=/batch%2Fv1 HTTP/1.1" 301 166 "-" "Mozilla/5.0 (Windows NT 10.0; Win64; x64) AppleWebKit/537.36 (KHTML, like Gecko) Chrome/120.0.0.0 Safari/537.36" "45.148.10.247" [-,-,-|0.000]Request_Body: "-"
141.101.76.40 - - [19/Sep/2026:04:23:04 +0800] "www.clothingawaiianshirt.com" "GET /wp/?rest_route=%2Fbatch%2Fv1 HTTP/1.1" 404 125 "http://www.clothingawaiianshirt.com/wp/?rest_route=%2Fbatch%2Fv1" "Mozilla/5.0 (Windows NT 10.0; Win64; x64) AppleWebKit/537.36 (KHTML, like Gecko) Chrome/120.0.0.0 Safari/537.36" "45.148.10.247" [0.001,1.467,1.467|1.467]Request_Body: "-"
104.23.168.108 - - [19/Sep/2026:04:23:04 +0800] "clothingawaiianshirt.com" "POST /wp/?rest_route=/batch%2Fv1 HTTP/1.1" 301 166 "-" "Mozilla/5.0 (Windows NT 10.0; Win64; x64) AppleWebKit/537.36 (KHTML, like Gecko) Chrome/120.0.0.0 Safari/537.36" "45.148.10.247" [-,-,-|0.000]Request_Body: "-"
141.101.98.232 - - [19/Sep/2026:04:23:05 +0800] "www.clothingawaiianshirt.com" "GET /blog/?rest_route=/batch%2Fv1 HTTP/1.1" 404 125 "http://www.clothingawaiianshirt.com/blog/?rest_route=/batch%2Fv1" "Mozilla/5.0 (Windows NT 10.0; Win64; x64) AppleWebKit/537.36 (KHTML, like Gecko) Chrome/120.0.0.0 Safari/537.36" "45.148.10.247" [0.001,1.378,1.378|1.377]Request_Body: "-"
104.23.168.108 - - [19/Sep/2026:04:23:06 +0800] "clothingawaiianshirt.com" "POST /blog/?rest_route=/batch/v1 HTTP/1.1" 301 166 "-" "Mozilla/5.0 (Windows NT 10.0; Win64; x64) AppleWebKit/537.36 (KHTML, like Gecko) Chrome/120.0.0.0 Safari/537.36" "45.148.10.247" [-,-,-|0.000]Request_Body: "-"
141.101.76.40 - - [19/Sep/2026:04:23:06 +0800] "www.clothingawaiianshirt.com" "GET /wp/?rest_route=/batch%2Fv1 HTTP/1.1" 404 125 "http://www.clothingawaiianshirt.com/wp/?rest_route=/batch%2Fv1" "Mozilla/5.0 (Windows NT 10.0; Win64; x64) AppleWebKit/537.36 (KHTML, like Gecko) Chrome/120.0.0.0 Safari/537.36" "45.148.10.247" [0.001,1.451,1.451|1.451]Request_Body: "-"
104.23.168.108 - - [19/Sep/2026:04:23:06 +0800] "clothingawaiianshirt.com" "POST /wp/?rest_route=/batch/v1 HTTP/1.1" 301 166 "-" "Mozilla/5.0 (Windows NT 10.0; Win64; x64) AppleWebKit/537.36 (KHTML, like Gecko) Chrome/120.0.0.0 Safari/537.36" "45.148.10.247" [-,-,-|0.000]Request_Body: "-"
141.101.98.232 - - [19/Sep/2026:04:23:07 +0800] "www.clothingawaiianshirt.com" "GET /blog/?rest_route=/batch/v1 HTTP/1.1" 404 125 "http://www.clothingawaiianshirt.com/blog/?rest_route=/batch/v1" "Mozilla/5.0 (Windows NT 10.0; Win64; x64) AppleWebKit/537.36 (KHTML, like Gecko) Chrome/120.0.0.0 Safari/537.36" "45.148.10.247" [0.000,1.377,1.377|1.377]Request_Body: "-"
104.23.168.108 - - [19/Sep/2026:04:23:08 +0800] "clothingawaiianshirt.com" "POST /blog/wp-json/batch/v1 HTTP/1.1" 301 166 "-" "Mozilla/5.0 (Windows NT 10.0; Win64; x64) AppleWebKit/537.36 (KHTML, like Gecko) Chrome/120.0.0.0 Safari/537.36" "45.148.10.247" [-,-,-|0.320]Request_Body: "-"
141.101.76.40 - - [19/Sep/2026:04:23:08 +0800] "www.clothingawaiianshirt.com" "GET /wp/?rest_route=/batch/v1 HTTP/1.1" 404 125 "http://www.clothingawaiianshirt.com/wp/?rest_route=/batch/v1" "Mozilla/5.0 (Windows NT 10.0; Win64; x64) AppleWebKit/537.36 (KHTML, like Gecko) Chrome/120.0.0.0 Safari/537.36" "45.148.10.247" [0.000,1.691,1.691|1.691]Request_Body: "-"
104.23.168.108 - - [19/Sep/2026:04:23:08 +0800] "clothingawaiianshirt.com" "POST /wp/wp-json/batch/v1 HTTP/1.1" 301 166 "-" "Mozilla/5.0 (Windows NT 10.0; Win64; x64) AppleWebKit/537.36 (KHTML, like Gecko) Chrome/120.0.0.0 Safari/537.36" "45.148.10.247" [-,-,-|0.000]Request_Body: "-"
141.101.98.232 - - [19/Sep/2026:04:23:09 +0800] "www.clothingawaiianshirt.com" "GET /blog/wp-json/batch/v1 HTTP/1.1" 404 31504 "http://www.clothingawaiianshirt.com/blog/wp-json/batch/v1" "Mozilla/5.0 (Windows NT 10.0; Win64; x64) AppleWebKit/537.36 (KHTML, like Gecko) Chrome/120.0.0.0 Safari/537.36" "45.148.10.247" [0.001,1.903,1.907|1.907]Request_Body: "-"
104.23.168.108 - - [19/Sep/2026:04:23:10 +0800] "clothingawaiianshirt.com" "POST /blog/wp-json/Batch/v1 HTTP/1.1" 301 166 "-" "Mozilla/5.0 (Windows NT 10.0; Win64; x64) AppleWebKit/537.36 (KHTML, like Gecko) Chrome/120.0.0.0 Safari/537.36" "45.148.10.247" [-,-,-|0.000]Request_Body: "-"
141.101.76.40 - - [19/Sep/2026:04:23:10 +0800] "www.clothingawaiianshirt.com" "GET /wp/wp-json/batch/v1 HTTP/1.1" 404 31503 "http://www.clothingawaiianshirt.com/wp/wp-json/batch/v1" "Mozilla/5.0 (Windows NT 10.0; Win64; x64) AppleWebKit/537.36 (KHTML, like Gecko) Chrome/120.0.0.0 Safari/537.36" "45.148.10.247" [0.001,1.845,1.848|1.848]Request_Body: "-"
141.101.98.232 - - [19/Sep/2026:04:23:11 +0800] "www.clothingawaiianshirt.com" "GET /blog/wp-json/Batch/v1 HTTP/1.1" 404 31502 "http://www.clothingawaiianshirt.com/blog/wp-json/Batch/v1" "Mozilla/5.0 (Windows NT 10.0; Win64; x64) AppleWebKit/537.36 (KHTML, like Gecko) Chrome/120.0.0.0 Safari/537.36" "45.148.10.247" [0.001,1.610,1.613|1.613]Request_Body: "-"
172.68.229.136 - - [19/Sep/2026:04:23:14 +0800] "clothingawaiianshirt.com" "POST /blog//wp-json/batch/v1 HTTP/1.1" 301 166 "-" "Mozilla/5.0 (Windows NT 10.0; Win64; x64) AppleWebKit/537.36 (KHTML, like Gecko) Chrome/120.0.0.0 Safari/537.36" "45.148.10.247" [-,-,-|0.000]Request_Body: "-"
104.23.168.108 - - [19/Sep/2026:04:23:14 +0800] "clothingawaiianshirt.com" "POST /wp/wp-json/Batch/v1 HTTP/1.1" 301 166 "-" "Mozilla/5.0 (Windows NT 10.0; Win64; x64) AppleWebKit/537.36 (KHTML, like Gecko) Chrome/120.0.0.0 Safari/537.36" "45.148.10.247" [-,-,-|0.000]Request_Body: "-"
141.101.98.232 - - [19/Sep/2026:04:23:15 +0800] "www.clothingawaiianshirt.com" "GET /blog//wp-json/batch/v1 HTTP/1.1" 301 5 "http://www.clothingawaiianshirt.com/blog//wp-json/batch/v1" "Mozilla/5.0 (Windows NT 10.0; Win64; x64) AppleWebKit/537.36 (KHTML, like Gecko) Chrome/120.0.0.0 Safari/537.36" "45.148.10.247" [0.001,1.461,1.461|1.461]Request_Body: "-"
141.101.76.40 - - [19/Sep/2026:04:23:16 +0800] "www.clothingawaiianshirt.com" "GET /wp/wp-json/Batch/v1 HTTP/1.1" 404 31501 "http://www.clothingawaiianshirt.com/wp/wp-json/Batch/v1" "Mozilla/5.0 (Windows NT 10.0; Win64; x64) AppleWebKit/537.36 (KHTML, like Gecko) Chrome/120.0.0.0 Safari/537.36" "45.148.10.247" [0.001,1.814,1.817|1.817]Request_Body: "-"
104.23.168.108 - - [19/Sep/2026:04:23:16 +0800] "clothingawaiianshirt.com" "POST /wp//wp-json/batch/v1 HTTP/1.1" 301 166 "-" "Mozilla/5.0 (Windows NT 10.0; Win64; x64) AppleWebKit/537.36 (KHTML, like Gecko) Chrome/120.0.0.0 Safari/537.36" "45.148.10.247" [-,-,-|0.000]Request_Body: "-"
141.101.98.232 - - [19/Sep/2026:04:23:17 +0800] "www.clothingawaiianshirt.com" "GET /blog/wp-json/batch/v1 HTTP/1.1" 404 31504 "https://www.clothingawaiianshirt.com/blog//wp-json/batch/v1" "Mozilla/5.0 (Windows NT 10.0; Win64; x64) AppleWebKit/537.36 (KHTML, like Gecko) Chrome/120.0.0.0 Safari/537.36" "45.148.10.247" [0.000,1.382,1.385|1.385]Request_Body: "-"
104.23.168.108 - - [19/Sep/2026:04:23:17 +0800] "clothingawaiianshirt.com" "POST /blog/wp-json/batch/v1/ HTTP/1.1" 301 166 "-" "Mozilla/5.0 (Windows NT 10.0; Win64; x64) AppleWebKit/537.36 (KHTML, like Gecko) Chrome/120.0.0.0 Safari/537.36" "45.148.10.247" [-,-,-|0.000]Request_Body: "-"
141.101.76.40 - - [19/Sep/2026:04:23:17 +0800] "www.clothingawaiianshirt.com" "GET /wp//wp-json/batch/v1 HTTP/1.1" 301 5 "http://www.clothingawaiianshirt.com/wp//wp-json/batch/v1" "Mozilla/5.0 (Windows NT 10.0; Win64; x64) AppleWebKit/537.36 (KHTML, like Gecko) Chrome/120.0.0.0 Safari/537.36" "45.148.10.247" [0.001,1.062,1.062|1.062]Request_Body: "-"
141.101.98.232 - - [19/Sep/2026:04:23:19 +0800] "www.clothingawaiianshirt.com" "GET /blog/wp-json/batch/v1/ HTTP/1.1" 404 31506 "http://www.clothingawaiianshirt.com/blog/wp-json/batch/v1/" "Mozilla/5.0 (Windows NT 10.0; Win64; x64) AppleWebKit/537.36 (KHTML, like Gecko) Chrome/120.0.0.0 Safari/537.36" "45.148.10.247" [0.001,1.405,1.412|1.412]Request_Body: "-"
104.23.168.108 - - [19/Sep/2026:04:23:19 +0800] "clothingawaiianshirt.com" "POST /blog/blog/wp-json/batch/v1 HTTP/1.1" 301 166 "-" "Mozilla/5.0 (Windows NT 10.0; Win64; x64) AppleWebKit/537.36 (KHTML, like Gecko) Chrome/120.0.0.0 Safari/537.36" "45.148.10.247" [-,-,-|0.000]Request_Body: "-"
141.101.76.40 - - [19/Sep/2026:04:23:19 +0800] "www.clothingawaiianshirt.com" "GET /wp/wp-json/batch/v1 HTTP/1.1" 404 31503 "https://www.clothingawaiianshirt.com/wp//wp-json/batch/v1" "Mozilla/5.0 (Windows NT 10.0; Win64; x64) AppleWebKit/537.36 (KHTML, like Gecko) Chrome/120.0.0.0 Safari/537.36" "45.148.10.247" [0.002,1.541,1.545|1.544]Request_Body: "-"
104.23.168.108 - - [19/Sep/2026:04:23:20 +0800] "clothingawaiianshirt.com" "POST /wp/wp-json/batch/v1/ HTTP/1.1" 301 166 "-" "Mozilla/5.0 (Windows NT 10.0; Win64; x64) AppleWebKit/537.36 (KHTML, like Gecko) Chrome/120.0.0.0 Safari/537.36" "45.148.10.247" [-,-,-|0.000]Request_Body: "-"
141.101.98.232 - - [19/Sep/2026:04:23:21 +0800] "www.clothingawaiianshirt.com" "GET /blog/blog/wp-json/batch/v1 HTTP/1.1" 404 31506 "http://www.clothingawaiianshirt.com/blog/blog/wp-json/batch/v1" "Mozilla/5.0 (Windows NT 10.0; Win64; x64) AppleWebKit/537.36 (KHTML, like Gecko) Chrome/120.0.0.0 Safari/537.36" "45.148.10.247" [0.001,1.991,1.994|1.993]Request_Body: "-"
104.23.168.108 - - [19/Sep/2026:04:23:22 +0800] "clothingawaiianshirt.com" "POST /blog/index.php?rest_route=/batch/v1 HTTP/1.1" 301 166 "https://clothingawaiianshirt.com/blog/wp-admin/" "Mozilla/5.0 (Windows NT 10.0; Win64; x64) AppleWebKit/537.36 (KHTML, like Gecko) Chrome/120.0.0.0 Safari/537.36" "127.0.0.1,45.148.10.247" [-,-,-|0.000]Request_Body: "-"
141.101.76.40 - - [19/Sep/2026:04:23:22 +0800] "www.clothingawaiianshirt.com" "GET /wp/wp-json/batch/v1/ HTTP/1.1" 404 31504 "http://www.clothingawaiianshirt.com/wp/wp-json/batch/v1/" "Mozilla/5.0 (Windows NT 10.0; Win64; x64) AppleWebKit/537.36 (KHTML, like Gecko) Chrome/120.0.0.0 Safari/537.36" "45.148.10.247" [0.001,1.929,1.932|1.932]Request_Body: "-"
141.101.98.232 - - [19/Sep/2026:04:23:22 +0800] "www.clothingawaiianshirt.com" "GET /blog/index.php?rest_route=/batch/v1 HTTP/1.1" 403 552 "https://clothingawaiianshirt.com/blog/wp-admin/" "Mozilla/5.0 (Windows NT 10.0; Win64; x64) AppleWebKit/537.36 (KHTML, like Gecko) Chrome/120.0.0.0 Safari/537.36" "127.0.0.1,45.148.10.247" [-,-,-|0.000]Request_Body: "-"
104.23.168.108 - - [19/Sep/2026:04:23:22 +0800] "clothingawaiianshirt.com" "POST /blog/index.php?rest_route=%2Fbatch%2Fv1 HTTP/1.1" 301 166 "https://clothingawaiianshirt.com/blog/wp-admin/" "Mozilla/5.0 (Windows NT 10.0; Win64; x64) AppleWebKit/537.36 (KHTML, like Gecko) Chrome/120.0.0.0 Safari/537.36" "127.0.0.1,45.148.10.247" [-,-,-|0.000]Request_Body: "-"
172.68.229.136 - - [19/Sep/2026:04:23:22 +0800] "clothingawaiianshirt.com" "POST /wp/blog/wp-json/batch/v1 HTTP/1.1" 301 166 "-" "Mozilla/5.0 (Windows NT 10.0; Win64; x64) AppleWebKit/537.36 (KHTML, like Gecko) Chrome/120.0.0.0 Safari/537.36" "45.148.10.247" [-,-,-|0.000]Request_Body: "-"
141.101.76.40 - - [19/Sep/2026:04:23:22 +0800] "www.clothingawaiianshirt.com" "GET /blog/index.php?rest_route=%2Fbatch%2Fv1 HTTP/1.1" 403 552 "https://clothingawaiianshirt.com/blog/wp-admin/" "Mozilla/5.0 (Windows NT 10.0; Win64; x64) AppleWebKit/537.36 (KHTML, like Gecko) Chrome/120.0.0.0 Safari/537.36" "127.0.0.1,45.148.10.247" [-,-,-|0.000]Request_Body: "-"
104.23.168.108 - - [19/Sep/2026:04:23:28 +0800] "clothingawaiianshirt.com" "POST /blog/?rest_route=%2Fbatch%2Fv1 HTTP/1.1" 301 166 "https://clothingawaiianshirt.com/blog/wp-admin/" "Mozilla/5.0 (Windows NT 10.0; Win64; x64) AppleWebKit/537.36 (KHTML, like Gecko) Chrome/120.0.0.0 Safari/537.36" "127.0.0.1,45.148.10.247" [-,-,-|0.000]Request_Body: "-"
141.101.76.40 - - [19/Sep/2026:04:23:29 +0800] "www.clothingawaiianshirt.com" "GET /wp/blog/wp-json/batch/v1 HTTP/1.1" 404 31506 "http://www.clothingawaiianshirt.com/wp/blog/wp-json/batch/v1" "Mozilla/5.0 (Windows NT 10.0; Win64; x64) AppleWebKit/537.36 (KHTML, like Gecko) Chrome/120.0.0.0 Safari/537.36" "45.148.10.247" [0.002,1.384,1.391|1.391]Request_Body: "-"
141.101.98.232 - - [19/Sep/2026:04:23:29 +0800] "www.clothingawaiianshirt.com" "GET /blog/?rest_route=%2Fbatch%2Fv1 HTTP/1.1" 404 125 "https://clothingawaiianshirt.com/blog/wp-admin/" "Mozilla/5.0 (Windows NT 10.0; Win64; x64) AppleWebKit/537.36 (KHTML, like Gecko) Chrome/120.0.0.0 Safari/537.36" "127.0.0.1,45.148.10.247" [0.001,1.349,1.349|1.349]Request_Body: "-"
104.23.168.108 - - [19/Sep/2026:04:23:29 +0800] "clothingawaiianshirt.com" "POST /blog/?rest_route=/batch%2Fv1 HTTP/1.1" 301 166 "https://clothingawaiianshirt.com/blog/wp-admin/" "Mozilla/5.0 (Windows NT 10.0; Win64; x64) AppleWebKit/537.36 (KHTML, like Gecko) Chrome/120.0.0.0 Safari/537.36" "127.0.0.1,45.148.10.247" [-,-,-|0.000]Request_Body: "-"
172.68.229.136 - - [19/Sep/2026:04:23:29 +0800] "clothingawaiianshirt.com" "POST /wp/index.php?rest_route=/batch/v1 HTTP/1.1" 301 166 "https://clothingawaiianshirt.com/wp/wp-admin/" "Mozilla/5.0 (Windows NT 10.0; Win64; x64) AppleWebKit/537.36 (KHTML, like Gecko) Chrome/120.0.0.0 Safari/537.36" "127.0.0.1,45.148.10.247" [-,-,-|0.001]Request_Body: "-"
141.101.98.232 - - [19/Sep/2026:04:23:29 +0800] "www.clothingawaiianshirt.com" "GET /wp/index.php?rest_route=/batch/v1 HTTP/1.1" 403 552 "https://clothingawaiianshirt.com/wp/wp-admin/" "Mozilla/5.0 (Windows NT 10.0; Win64; x64) AppleWebKit/537.36 (KHTML, like Gecko) Chrome/120.0.0.0 Safari/537.36" "127.0.0.1,45.148.10.247" [-,-,-|0.000]Request_Body: "-"
172.68.229.136 - - [19/Sep/2026:04:23:30 +0800] "clothingawaiianshirt.com" "POST /wp/index.php?rest_route=%2Fbatch%2Fv1 HTTP/1.1" 301 166 "https://clothingawaiianshirt.com/wp/wp-admin/" "Mozilla/5.0 (Windows NT 10.0; Win64; x64) AppleWebKit/537.36 (KHTML, like Gecko) Chrome/120.0.0.0 Safari/537.36" "127.0.0.1,45.148.10.247" [-,-,-|0.000]Request_Body: "-"
141.101.98.232 - - [19/Sep/2026:04:23:30 +0800] "www.clothingawaiianshirt.com" "GET /wp/index.php?rest_route=%2Fbatch%2Fv1 HTTP/1.1" 403 552 "https://clothingawaiianshirt.com/wp/wp-admin/" "Mozilla/5.0 (Windows NT 10.0; Win64; x64) AppleWebKit/537.36 (KHTML, like Gecko) Chrome/120.0.0.0 Safari/537.36" "127.0.0.1,45.148.10.247" [-,-,-|0.000]Request_Body: "-"
172.68.229.136 - - [19/Sep/2026:04:23:30 +0800] "clothingawaiianshirt.com" "POST /wp/?rest_route=%2Fbatch%2Fv1 HTTP/1.1" 301 166 "https://clothingawaiianshirt.com/wp/wp-admin/" "Mozilla/5.0 (Windows NT 10.0; Win64; x64) AppleWebKit/537.36 (KHTML, like Gecko) Chrome/120.0.0.0 Safari/537.36" "127.0.0.1,45.148.10.247" [-,-,-|0.000]Request_Body: "-"
141.101.76.40 - - [19/Sep/2026:04:23:32 +0800] "www.clothingawaiianshirt.com" "GET /blog/?rest_route=/batch%2Fv1 HTTP/1.1" 404 125 "https://clothingawaiianshirt.com/blog/wp-admin/" "Mozilla/5.0 (Windows NT 10.0; Win64; x64) AppleWebKit/537.36 (KHTML, like Gecko) Chrome/120.0.0.0 Safari/537.36" "127.0.0.1,45.148.10.247" [0.002,2.056,2.056|2.056]Request_Body: "-"
141.101.98.232 - - [19/Sep/2026:04:23:32 +0800] "www.clothingawaiianshirt.com" "GET /wp/?rest_route=%2Fbatch%2Fv1 HTTP/1.1" 404 125 "https://clothingawaiianshirt.com/wp/wp-admin/" "Mozilla/5.0 (Windows NT 10.0; Win64; x64) AppleWebKit/537.36 (KHTML, like Gecko) Chrome/120.0.0.0 Safari/537.36" "127.0.0.1,45.148.10.247" [0.001,1.607,1.607|1.607]Request_Body: "-"
172.68.229.136 - - [19/Sep/2026:04:23:32 +0800] "clothingawaiianshirt.com" "POST /blog/?rest_route=/batch/v1 HTTP/1.1" 301 166 "https://clothingawaiianshirt.com/blog/wp-admin/" "Mozilla/5.0 (Windows NT 10.0; Win64; x64) AppleWebKit/537.36 (KHTML, like Gecko) Chrome/120.0.0.0 Safari/537.36" "127.0.0.1,45.148.10.247" [-,-,-|0.000]Request_Body: "-"
104.23.168.108 - - [19/Sep/2026:04:23:32 +0800] "clothingawaiianshirt.com" "POST /wp/?rest_route=/batch%2Fv1 HTTP/1.1" 301 166 "https://clothingawaiianshirt.com/wp/wp-admin/" "Mozilla/5.0 (Windows NT 10.0; Win64; x64) AppleWebKit/537.36 (KHTML, like Gecko) Chrome/120.0.0.0 Safari/537.36" "127.0.0.1,45.148.10.247" [-,-,-|0.001]Request_Body: "-"
141.101.76.40 - - [19/Sep/2026:04:23:34 +0800] "www.clothingawaiianshirt.com" "GET /wp/?rest_route=/batch%2Fv1 HTTP/1.1" 404 125 "https://clothingawaiianshirt.com/wp/wp-admin/" "Mozilla/5.0 (Windows NT 10.0; Win64; x64) AppleWebKit/537.36 (KHTML, like Gecko) Chrome/120.0.0.0 Safari/537.36" "127.0.0.1,45.148.10.247" [0.001,1.638,1.638|1.637]Request_Body: "-"
104.23.168.108 - - [19/Sep/2026:04:23:34 +0800] "clothingawaiianshirt.com" "POST /wp/?rest_route=/batch/v1 HTTP/1.1" 301 166 "https://clothingawaiianshirt.com/wp/wp-admin/" "Mozilla/5.0 (Windows NT 10.0; Win64; x64) AppleWebKit/537.36 (KHTML, like Gecko) Chrome/120.0.0.0 Safari/537.36" "127.0.0.1,45.148.10.247" [-,-,-|0.000]Request_Body: "-"
141.101.98.232 - - [19/Sep/2026:04:23:34 +0800] "www.clothingawaiianshirt.com" "GET /blog/?rest_route=/batch/v1 HTTP/1.1" 404 125 "https://clothingawaiianshirt.com/blog/wp-admin/" "Mozilla/5.0 (Windows NT 10.0; Win64; x64) AppleWebKit/537.36 (KHTML, like Gecko) Chrome/120.0.0.0 Safari/537.36" "127.0.0.1,45.148.10.247" [0.000,1.931,1.931|1.931]Request_Body: "-"
104.23.168.108 - - [19/Sep/2026:04:23:34 +0800] "clothingawaiianshirt.com" "POST /blog/wp-json/batch/v1 HTTP/1.1" 301 166 "https://clothingawaiianshirt.com/blog/wp-admin/" "Mozilla/5.0 (Windows NT 10.0; Win64; x64) AppleWebKit/537.36 (KHTML, like Gecko) Chrome/120.0.0.0 Safari/537.36" "127.0.0.1,45.148.10.247" [-,-,-|0.001]Request_Body: "-"
141.101.76.40 - - [19/Sep/2026:04:23:35 +0800] "www.clothingawaiianshirt.com" "GET /wp/?rest_route=/batch/v1 HTTP/1.1" 404 125 "https://clothingawaiianshirt.com/wp/wp-admin/" "Mozilla/5.0 (Windows NT 10.0; Win64; x64) AppleWebKit/537.36 (KHTML, like Gecko) Chrome/120.0.0.0 Safari/537.36" "127.0.0.1,45.148.10.247" [0.000,1.324,1.324|1.325]Request_Body: "-"
104.23.168.108 - - [19/Sep/2026:04:23:36 +0800] "clothingawaiianshirt.com" "POST /wp/wp-json/batch/v1 HTTP/1.1" 301 166 "https://clothingawaiianshirt.com/wp/wp-admin/" "Mozilla/5.0 (Windows NT 10.0; Win64; x64) AppleWebKit/537.36 (KHTML, like Gecko) Chrome/120.0.0.0 Safari/537.36" "127.0.0.1,45.148.10.247" [-,-,-|0.000]Request_Body: "-"
141.101.98.232 - - [19/Sep/2026:04:23:36 +0800] "www.clothingawaiianshirt.com" "GET /blog/wp-json/batch/v1 HTTP/1.1" 404 31504 "https://clothingawaiianshirt.com/blog/wp-admin/" "Mozilla/5.0 (Windows NT 10.0; Win64; x64) AppleWebKit/537.36 (KHTML, like Gecko) Chrome/120.0.0.0 Safari/537.36" "127.0.0.1,45.148.10.247" [0.000,1.428,1.431|1.431]Request_Body: "-"
172.68.229.136 - - [19/Sep/2026:04:23:39 +0800] "clothingawaiianshirt.com" "POST /blog/wp-json/Batch/v1 HTTP/1.1" 301 166 "https://clothingawaiianshirt.com/blog/wp-admin/" "Mozilla/5.0 (Windows NT 10.0; Win64; x64) AppleWebKit/537.36 (KHTML, like Gecko) Chrome/120.0.0.0 Safari/537.36" "127.0.0.1,45.148.10.247" [-,-,-|0.000]Request_Body: "-"
141.101.98.232 - - [19/Sep/2026:04:23:41 +0800] "www.clothingawaiianshirt.com" "GET /wp/wp-json/batch/v1 HTTP/1.1" 404 31503 "https://clothingawaiianshirt.com/wp/wp-admin/" "Mozilla/5.0 (Windows NT 10.0; Win64; x64) AppleWebKit/537.36 (KHTML, like Gecko) Chrome/120.0.0.0 Safari/537.36" "127.0.0.1,45.148.10.247" [0.001,1.709,1.712|1.712]Request_Body: "-"
172.68.229.136 - - [19/Sep/2026:04:23:41 +0800] "clothingawaiianshirt.com" "POST /wp/wp-json/Batch/v1 HTTP/1.1" 301 166 "https://clothingawaiianshirt.com/wp/wp-admin/" "Mozilla/5.0 (Windows NT 10.0; Win64; x64) AppleWebKit/537.36 (KHTML, like Gecko) Chrome/120.0.0.0 Safari/537.36" "127.0.0.1,45.148.10.247" [-,-,-|0.000]Request_Body: "-"
141.101.76.40 - - [19/Sep/2026:04:23:42 +0800] "www.clothingawaiianshirt.com" "GET /blog/wp-json/Batch/v1 HTTP/1.1" 404 31502 "https://clothingawaiianshirt.com/blog/wp-admin/" "Mozilla/5.0 (Windows NT 10.0; Win64; x64) AppleWebKit/537.36 (KHTML, like Gecko) Chrome/120.0.0.0 Safari/537.36" "127.0.0.1,45.148.10.247" [0.004,2.032,2.039|2.039]Request_Body: "-"
172.68.229.136 - - [19/Sep/2026:04:23:42 +0800] "clothingawaiianshirt.com" "POST /blog//wp-json/batch/v1 HTTP/1.1" 301 166 "https://clothingawaiianshirt.com/blog/wp-admin/" "Mozilla/5.0 (Windows NT 10.0; Win64; x64) AppleWebKit/537.36 (KHTML, like Gecko) Chrome/120.0.0.0 Safari/537.36" "127.0.0.1,45.148.10.247" [-,-,-|0.000]Request_Body: "-"
141.101.98.232 - - [19/Sep/2026:04:23:43 +0800] "www.clothingawaiianshirt.com" "GET /wp/wp-json/Batch/v1 HTTP/1.1" 404 31501 "https://clothingawaiianshirt.com/wp/wp-admin/" "Mozilla/5.0 (Windows NT 10.0; Win64; x64) AppleWebKit/537.36 (KHTML, like Gecko) Chrome/120.0.0.0 Safari/537.36" "127.0.0.1,45.148.10.247" [0.000,1.624,1.628|1.628]Request_Body: "-"
172.68.229.136 - - [19/Sep/2026:04:23:43 +0800] "clothingawaiianshirt.com" "POST /wp//wp-json/batch/v1 HTTP/1.1" 301 166 "https://clothingawaiianshirt.com/wp/wp-admin/" "Mozilla/5.0 (Windows NT 10.0; Win64; x64) AppleWebKit/537.36 (KHTML, like Gecko) Chrome/120.0.0.0 Safari/537.36" "127.0.0.1,45.148.10.247" [-,-,-|0.001]Request_Body: "-"
141.101.76.40 - - [19/Sep/2026:04:23:44 +0800] "www.clothingawaiianshirt.com" "GET /blog//wp-json/batch/v1 HTTP/1.1" 301 5 "https://clothingawaiianshirt.com/blog/wp-admin/" "Mozilla/5.0 (Windows NT 10.0; Win64; x64) AppleWebKit/537.36 (KHTML, like Gecko) Chrome/120.0.0.0 Safari/537.36" "127.0.0.1,45.148.10.247" [0.000,1.541,1.541|1.541]Request_Body: "-"
141.101.98.232 - - [19/Sep/2026:04:23:45 +0800] "www.clothingawaiianshirt.com" "GET /wp//wp-json/batch/v1 HTTP/1.1" 301 5 "https://clothingawaiianshirt.com/wp/wp-admin/" "Mozilla/5.0 (Windows NT 10.0; Win64; x64) AppleWebKit/537.36 (KHTML, like Gecko) Chrome/120.0.0.0 Safari/537.36" "127.0.0.1,45.148.10.247" [0.001,1.465,1.465|1.465]Request_Body: "-"
141.101.76.40 - - [19/Sep/2026:04:23:46 +0800] "www.clothingawaiianshirt.com" "GET /blog/wp-json/batch/v1 HTTP/1.1" 404 31504 "https://clothingawaiianshirt.com/blog/wp-admin/" "Mozilla/5.0 (Windows NT 10.0; Win64; x64) AppleWebKit/537.36 (KHTML, like Gecko) Chrome/120.0.0.0 Safari/537.36" "127.0.0.1,45.148.10.247" [0.000,1.916,1.920|1.920]Request_Body: "-"
172.68.229.136 - - [19/Sep/2026:04:23:46 +0800] "clothingawaiianshirt.com" "POST /blog/wp-json/batch/v1/ HTTP/1.1" 301 166 "https://clothingawaiianshirt.com/blog/wp-admin/" "Mozilla/5.0 (Windows NT 10.0; Win64; x64) AppleWebKit/537.36 (KHTML, like Gecko) Chrome/120.0.0.0 Safari/537.36" "127.0.0.1,45.148.10.247" [-,-,-|0.000]Request_Body: "-"
141.101.98.232 - - [19/Sep/2026:04:23:47 +0800] "www.clothingawaiianshirt.com" "GET /wp/wp-json/batch/v1 HTTP/1.1" 404 31503 "https://clothingawaiianshirt.com/wp/wp-admin/" "Mozilla/5.0 (Windows NT 10.0; Win64; x64) AppleWebKit/537.36 (KHTML, like Gecko) Chrome/120.0.0.0 Safari/537.36" "127.0.0.1,45.148.10.247" [0.001,1.975,1.979|1.979]Request_Body: "-"
172.68.229.136 - - [19/Sep/2026:04:23:47 +0800] "clothingawaiianshirt.com" "POST /wp/wp-json/batch/v1/ HTTP/1.1" 301 166 "https://clothingawaiianshirt.com/wp/wp-admin/" "Mozilla/5.0 (Windows NT 10.0; Win64; x64) AppleWebKit/537.36 (KHTML, like Gecko) Chrome/120.0.0.0 Safari/537.36" "127.0.0.1,45.148.10.247" [-,-,-|0.000]Request_Body: "-"
141.101.76.40 - - [19/Sep/2026:04:23:48 +0800] "www.clothingawaiianshirt.com" "GET /blog/wp-json/batch/v1/ HTTP/1.1" 404 31506 "https://clothingawaiianshirt.com/blog/wp-admin/" "Mozilla/5.0 (Windows NT 10.0; Win64; x64) AppleWebKit/537.36 (KHTML, like Gecko) Chrome/120.0.0.0 Safari/537.36" "127.0.0.1,45.148.10.247" [0.001,1.634,1.638|1.638]Request_Body: "-"
141.101.98.232 - - [19/Sep/2026:04:23:50 +0800] "www.clothingawaiianshirt.com" "GET /wp/wp-json/batch/v1/ HTTP/1.1" 404 31504 "https://clothingawaiianshirt.com/wp/wp-admin/" "Mozilla/5.0 (Windows NT 10.0; Win64; x64) AppleWebKit/537.36 (KHTML, like Gecko) Chrome/120.0.0.0 Safari/537.36" "127.0.0.1,45.148.10.247" [0.001,1.888,1.891|1.891]Request_Body: "-"
172.68.229.136 - - [19/Sep/2026:04:23:53 +0800] "clothingawaiianshirt.com" "POST /blog/blog/wp-json/batch/v1 HTTP/1.1" 301 166 "https://clothingawaiianshirt.com/blog/wp-admin/" "Mozilla/5.0 (Windows NT 10.0; Win64; x64) AppleWebKit/537.36 (KHTML, like Gecko) Chrome/120.0.0.0 Safari/537.36" "127.0.0.1,45.148.10.247" [-,-,-|0.000]Request_Body: "-"
104.23.168.108 - - [19/Sep/2026:04:23:53 +0800] "clothingawaiianshirt.com" "POST /wp/blog/wp-json/batch/v1 HTTP/1.1" 301 166 "https://clothingawaiianshirt.com/wp/wp-admin/" "Mozilla/5.0 (Windows NT 10.0; Win64; x64) AppleWebKit/537.36 (KHTML, like Gecko) Chrome/120.0.0.0 Safari/537.36" "127.0.0.1,45.148.10.247" [-,-,-|0.000]Request_Body: "-"
141.101.98.232 - - [19/Sep/2026:04:23:55 +0800] "www.clothingawaiianshirt.com" "GET /blog/blog/wp-json/batch/v1 HTTP/1.1" 404 31506 "https://clothingawaiianshirt.com/blog/wp-admin/" "Mozilla/5.0 (Windows NT 10.0; Win64; x64) AppleWebKit/537.36 (KHTML, like Gecko) Chrome/120.0.0.0 Safari/537.36" "127.0.0.1,45.148.10.247" [0.001,2.024,2.027|2.027]Request_Body: "-"
