172.71.99.219 - - [19/Sep/2026:08:39:53 +0800] "cricutjoyshop.com" "POST /wp-login.php HTTP/1.1" 301 166 "https://cricutjoyshop.com/wp-login.php" "Mozilla/5.0 (Windows NT 10.0; Win64; x64) AppleWebKit/537.36 (KHTML, like Gecko) Chrome/124.0.0.0 Safari/537.36" "2a03:b0c0:3:f0:0:2:a88d:6000" [-,-,-|0.000]Request_Body: "-"
172.71.119.34 - - [19/Sep/2026:08:43:02 +0800] "cricutjoyshop.com" "POST /wp-login.php HTTP/1.1" 301 166 "https://cricutjoyshop.com/wp-login.php" "Mozilla/5.0 (Windows NT 10.0; Win64; x64) AppleWebKit/537.36 (KHTML, like Gecko) Chrome/124.0.0.0 Safari/537.36" "2001:41d0:20a:900::2b4" [-,-,-|0.000]Request_Body: "-"
141.101.99.72 - - [19/Sep/2026:08:45:40 +0800] "cricutjoyshop.com" "POST /wp-login.php HTTP/1.1" 301 166 "https://cricutjoyshop.com/wp-login.php" "Mozilla/5.0 (Windows NT 10.0; Win64; x64) AppleWebKit/537.36 (KHTML, like Gecko) Chrome/124.0.0.0 Safari/537.36" "2a03:b0c0:3:f0:0:2:a88d:6000" [-,-,-|0.000]Request_Body: "-"
172.69.176.110 - - [19/Sep/2026:08:47:31 +0800] "cricutjoyshop.com" "POST /wp-login.php HTTP/1.1" 301 166 "https://cricutjoyshop.com/wp-login.php" "Mozilla/5.0 (Windows NT 10.0; Win64; x64) AppleWebKit/537.36 (KHTML, like Gecko) Chrome/124.0.0.0 Safari/537.36" "2407:1c00:6101:65f0::" [-,-,-|0.000]Request_Body: "-"
104.23.166.108 - - [19/Sep/2026:08:51:26 +0800] "cricutjoyshop.com" "POST /wp-login.php HTTP/1.1" 301 166 "https://cricutjoyshop.com/wp-login.php" "Mozilla/5.0 (Windows NT 10.0; Win64; x64) AppleWebKit/537.36 (KHTML, like Gecko) Chrome/124.0.0.0 Safari/537.36" "2a03:b0c0:3:f0:0:2:a88d:6000" [-,-,-|0.000]Request_Body: "-"
141.101.76.94 - - [19/Sep/2026:08:53:29 +0800] "cricutjoyshop.com" "POST /wp-login.php HTTP/1.1" 301 166 "https://cricutjoyshop.com/wp-login.php" "Mozilla/5.0 (Windows NT 10.0; Win64; x64) AppleWebKit/537.36 (KHTML, like Gecko) Chrome/124.0.0.0 Safari/537.36" "2001:41d0:20a:900::2b4" [-,-,-|0.000]Request_Body: "-"
172.70.93.33 - - [19/Sep/2026:08:55:55 +0800] "cricutjoyshop.com" "POST /wp-login.php HTTP/1.1" 301 166 "https://cricutjoyshop.com/wp-login.php" "Mozilla/5.0 (Windows NT 10.0; Win64; x64) AppleWebKit/537.36 (KHTML, like Gecko) Chrome/124.0.0.0 Safari/537.36" "2407:1c00:6101:65f0::" [-,-,-|0.000]Request_Body: "-"
172.71.178.114 - - [19/Sep/2026:08:56:42 +0800] "cricutjoyshop.com" "POST /wp-login.php HTTP/1.1" 301 166 "https://cricutjoyshop.com/wp-login.php" "Mozilla/5.0 (Windows NT 10.0; Win64; x64) AppleWebKit/537.36 (KHTML, like Gecko) Chrome/124.0.0.0 Safari/537.36" "206.189.60.220" [-,-,-|0.000]Request_Body: "-"
104.23.172.38 - - [19/Sep/2026:09:02:16 +0800] "cricutjoyshop.com" "POST /wp-login.php HTTP/1.1" 301 166 "https://cricutjoyshop.com/wp-login.php" "Mozilla/5.0 (Windows NT 10.0; Win64; x64) AppleWebKit/537.36 (KHTML, like Gecko) Chrome/124.0.0.0 Safari/537.36" "2a03:b0c0:3:f0:0:2:a88d:6000" [-,-,-|0.000]Request_Body: "-"
104.23.225.19 - - [19/Sep/2026:09:03:38 +0800] "cricutjoyshop.com" "POST /wp-login.php HTTP/1.1" 301 166 "https://cricutjoyshop.com/wp-login.php" "Mozilla/5.0 (Windows NT 10.0; Win64; x64) AppleWebKit/537.36 (KHTML, like Gecko) Chrome/124.0.0.0 Safari/537.36" "2001:41d0:20a:900::2b4" [-,-,-|0.000]Request_Body: "-"
162.158.108.11 - - [19/Sep/2026:09:03:52 +0800] "cricutjoyshop.com" "POST /wp-login.php HTTP/1.1" 301 166 "https://cricutjoyshop.com/wp-login.php" "Mozilla/5.0 (Windows NT 10.0; Win64; x64) AppleWebKit/537.36 (KHTML, like Gecko) Chrome/124.0.0.0 Safari/537.36" "2407:1c00:6101:65f0::" [-,-,-|0.000]Request_Body: "-"
104.23.221.39 - - [19/Sep/2026:09:04:07 +0800] "cricutjoyshop.com" "GET /wp-admin/install.php?step=1 HTTP/1.1" 301 166 "-" "http://cricutjoyshop.com/wp-admin/install.php?step=1" "2a06:98c0:3600::103" [-,-,-|0.000]Request_Body: "-"
104.23.221.125 - - [19/Sep/2026:09:04:07 +0800] "www.cricutjoyshop.com" "GET /wp-admin/install.php?step=1 HTTP/1.1" 200 545 "-" "http://cricutjoyshop.com/wp-admin/install.php?step=1" "2a06:98c0:3600::103" [0.000,0.269,0.269|0.269]Request_Body: "-"
162.159.113.146 - - [19/Sep/2026:09:06:51 +0800] "cricutjoyshop.com" "POST /wp-login.php HTTP/1.1" 301 166 "https://cricutjoyshop.com/wp-login.php" "Mozilla/5.0 (Windows NT 10.0; Win64; x64) AppleWebKit/537.36 (KHTML, like Gecko) Chrome/124.0.0.0 Safari/537.36" "2a03:b0c0:3:f0:0:2:a88d:6000" [-,-,-|0.000]Request_Body: "-"
172.69.195.213 - - [19/Sep/2026:09:11:09 +0800] "cricutjoyshop.com" "POST /wp-login.php HTTP/1.1" 301 166 "https://cricutjoyshop.com/wp-login.php" "Mozilla/5.0 (Windows NT 10.0; Win64; x64) AppleWebKit/537.36 (KHTML, like Gecko) Chrome/124.0.0.0 Safari/537.36" "2a03:b0c0:3:f0:0:2:a88d:6000" [-,-,-|0.000]Request_Body: "-"
108.162.227.13 - - [19/Sep/2026:09:12:34 +0800] "cricutjoyshop.com" "POST /wp-login.php HTTP/1.1" 301 166 "https://cricutjoyshop.com/wp-login.php" "Mozilla/5.0 (Windows NT 10.0; Win64; x64) AppleWebKit/537.36 (KHTML, like Gecko) Chrome/124.0.0.0 Safari/537.36" "2407:1c00:6101:65f0::" [-,-,-|0.000]Request_Body: "-"
172.71.119.33 - - [19/Sep/2026:09:13:45 +0800] "cricutjoyshop.com" "POST /wp-login.php HTTP/1.1" 301 166 "https://cricutjoyshop.com/wp-login.php" "Mozilla/5.0 (Windows NT 10.0; Win64; x64) AppleWebKit/537.36 (KHTML, like Gecko) Chrome/124.0.0.0 Safari/537.36" "2001:41d0:20a:900::2b4" [-,-,-|0.000]Request_Body: "-"
172.71.102.202 - - [19/Sep/2026:09:16:51 +0800] "cricutjoyshop.com" "POST /wp-login.php HTTP/1.1" 301 166 "https://cricutjoyshop.com/wp-login.php" "Mozilla/5.0 (Windows NT 10.0; Win64; x64) AppleWebKit/537.36 (KHTML, like Gecko) Chrome/124.0.0.0 Safari/537.36" "2a03:b0c0:3:f0:0:2:a88d:6000" [-,-,-|0.000]Request_Body: "-"
104.23.209.160 - - [19/Sep/2026:09:18:32 +0800] "www.cricutjoyshop.com" "GET /product/etincelles-autocollantes-smart-iron-on-3-pi/ HTTP/1.1" 499 0 "-" "Mozilla/5.0 (Linux; Android 6.0.1; Nexus 5X Build/MMB29P) AppleWebKit/537.36 (KHTML, like Gecko) Chrome/153.0.8010.47 Mobile Safari/537.36 (compatible; Googlebot/2.1; +http://www.google.com/bot.html)" "66.249.66.206" [0.000,-,125.013|125.013]Request_Body: "-"
172.70.142.99 - - [19/Sep/2026:09:21:19 +0800] "cricutjoyshop.com" "POST /wp-login.php HTTP/1.1" 301 166 "https://cricutjoyshop.com/wp-login.php" "Mozilla/5.0 (Windows NT 10.0; Win64; x64) AppleWebKit/537.36 (KHTML, like Gecko) Chrome/124.0.0.0 Safari/537.36" "2407:1c00:6101:65f0::" [-,-,-|0.000]Request_Body: "-"
172.71.232.11 - - [19/Sep/2026:09:23:52 +0800] "cricutjoyshop.com" "POST /wp-login.php HTTP/1.1" 301 166 "https://cricutjoyshop.com/wp-login.php" "Mozilla/5.0 (Windows NT 10.0; Win64; x64) AppleWebKit/537.36 (KHTML, like Gecko) Chrome/124.0.0.0 Safari/537.36" "2001:41d0:20a:900::2b4" [-,-,-|0.000]Request_Body: "-"
104.23.172.39 - - [19/Sep/2026:09:25:18 +0800] "cricutjoyshop.com" "POST /wp-login.php HTTP/1.1" 301 166 "https://cricutjoyshop.com/wp-login.php" "Mozilla/5.0 (Windows NT 10.0; Win64; x64) AppleWebKit/537.36 (KHTML, like Gecko) Chrome/124.0.0.0 Safari/537.36" "2a03:b0c0:3:f0:0:2:a88d:6000" [-,-,-|0.001]Request_Body: "-"
172.70.163.90 - - [19/Sep/2026:09:25:18 +0800] "cricutjoyshop.com" "POST /wp-login.php HTTP/1.1" 301 166 "https://cricutjoyshop.com/wp-login.php" "Mozilla/5.0 (Windows NT 10.0; Win64; x64) AppleWebKit/537.36 (KHTML, like Gecko) Chrome/124.0.0.0 Safari/537.36" "2a03:b0c0:3:f0:0:2:a88d:6000" [-,-,-|0.000]Request_Body: "-"
104.23.166.108 - - [19/Sep/2026:09:27:10 +0800] "cricutjoyshop.com" "POST /?rest_route=/batch/v1 HTTP/1.1" 301 166 "-" "Mozilla/5.0 (Windows NT 10.0; Win64; x64) AppleWebKit/537.36 (KHTML, like Gecko) Chrome/120.0.0.0 Safari/537.36" "45.148.10.244" [-,-,-|0.000]Request_Body: "-"
172.71.102.202 - - [19/Sep/2026:09:27:14 +0800] "cricutjoyshop.com" "GET /wp-json/ HTTP/1.1" 301 166 "-" "Mozilla/5.0 (Windows NT 10.0; Win64; x64) AppleWebKit/537.36 (KHTML, like Gecko) Chrome/120.0.0.0 Safari/537.36" "45.148.10.244" [-,-,-|0.000]Request_Body: "-"
172.71.102.202 - - [19/Sep/2026:09:27:20 +0800] "cricutjoyshop.com" "GET /?rest_route=/batch/v1 HTTP/1.1" 301 166 "http://cricutjoyshop.com/?rest_route=/batch/v1" "Mozilla/5.0 (Windows NT 10.0; Win64; x64) AppleWebKit/537.36 (KHTML, like Gecko) Chrome/120.0.0.0 Safari/537.36" "45.148.10.244" [-,-,-|0.000]Request_Body: "-"
172.71.102.202 - - [19/Sep/2026:09:27:22 +0800] "cricutjoyshop.com" "GET /?rest_route=/batch/v1 HTTP/1.1" 301 166 "http://cricutjoyshop.com/?rest_route=/batch/v1" "Mozilla/5.0 (Windows NT 10.0; Win64; x64) AppleWebKit/537.36 (KHTML, like Gecko) Chrome/120.0.0.0 Safari/537.36" "45.148.10.244" [-,-,-|0.000]Request_Body: "-"
104.23.172.55 - - [19/Sep/2026:09:27:23 +0800] "www.cricutjoyshop.com" "GET /?rest_route=/batch/v1 HTTP/1.1" 404 125 "http://www.cricutjoyshop.com/?rest_route=/batch/v1" "Mozilla/5.0 (Windows NT 10.0; Win64; x64) AppleWebKit/537.36 (KHTML, like Gecko) Chrome/120.0.0.0 Safari/537.36" "45.148.10.244" [0.001,1.372,1.372|1.372]Request_Body: "-"
172.71.102.202 - - [19/Sep/2026:09:27:26 +0800] "cricutjoyshop.com" "GET /wp-json/ HTTP/1.1" 301 166 "http://cricutjoyshop.com/wp-json/" "Mozilla/5.0 (Windows NT 10.0; Win64; x64) AppleWebKit/537.36 (KHTML, like Gecko) Chrome/120.0.0.0 Safari/537.36" "45.148.10.244" [-,-,-|0.000]Request_Body: "-"
104.23.168.70 - - [19/Sep/2026:09:27:27 +0800] "www.cricutjoyshop.com" "GET /?rest_route=/batch/v1 HTTP/1.1" 404 125 "http://www.cricutjoyshop.com/?rest_route=/batch/v1" "Mozilla/5.0 (Windows NT 10.0; Win64; x64) AppleWebKit/537.36 (KHTML, like Gecko) Chrome/120.0.0.0 Safari/537.36" "45.148.10.244" [0.000,1.700,1.700|1.701]Request_Body: "-"
104.23.166.32 - - [19/Sep/2026:09:27:29 +0800] "www.cricutjoyshop.com" "GET /wp-json/ HTTP/1.1" 200 1775570 "http://www.cricutjoyshop.com/wp-json/" "Mozilla/5.0 (Windows NT 10.0; Win64; x64) AppleWebKit/537.36 (KHTML, like Gecko) Chrome/120.0.0.0 Safari/537.36" "45.148.10.244" [0.000,1.861,1.866|2.547]Request_Body: "-"
172.71.102.202 - - [19/Sep/2026:09:27:30 +0800] "cricutjoyshop.com" "GET /index.php?rest_route=/batch/v1 HTTP/1.1" 301 166 "http://cricutjoyshop.com/index.php?rest_route=/batch/v1" "Mozilla/5.0 (Windows NT 10.0; Win64; x64) AppleWebKit/537.36 (KHTML, like Gecko) Chrome/120.0.0.0 Safari/537.36" "45.148.10.244" [-,-,-|0.000]Request_Body: "-"
172.71.95.136 - - [19/Sep/2026:09:27:36 +0800] "www.cricutjoyshop.com" "GET /index.php?rest_route=/batch/v1 HTTP/1.1" 404 125 "http://www.cricutjoyshop.com/index.php?rest_route=/batch/v1" "Mozilla/5.0 (Windows NT 10.0; Win64; x64) AppleWebKit/537.36 (KHTML, like Gecko) Chrome/120.0.0.0 Safari/537.36" "45.148.10.244" [0.001,1.533,1.533|1.533]Request_Body: "-"
172.71.102.202 - - [19/Sep/2026:09:27:36 +0800] "cricutjoyshop.com" "GET /index.php?rest_route=%2Fbatch%2Fv1 HTTP/1.1" 301 166 "http://cricutjoyshop.com/index.php?rest_route=%2Fbatch%2Fv1" "Mozilla/5.0 (Windows NT 10.0; Win64; x64) AppleWebKit/537.36 (KHTML, like Gecko) Chrome/120.0.0.0 Safari/537.36" "45.148.10.244" [-,-,-|0.000]Request_Body: "-"
172.71.95.121 - - [19/Sep/2026:09:27:38 +0800] "www.cricutjoyshop.com" "GET /index.php?rest_route=%2Fbatch%2Fv1 HTTP/1.1" 404 125 "http://www.cricutjoyshop.com/index.php?rest_route=%2Fbatch%2Fv1" "Mozilla/5.0 (Windows NT 10.0; Win64; x64) AppleWebKit/537.36 (KHTML, like Gecko) Chrome/120.0.0.0 Safari/537.36" "45.148.10.244" [0.001,1.972,1.972|1.971]Request_Body: "-"
172.71.102.202 - - [19/Sep/2026:09:27:39 +0800] "cricutjoyshop.com" "GET /?rest_route=%2Fbatch%2Fv1 HTTP/1.1" 301 166 "http://cricutjoyshop.com/?rest_route=%2Fbatch%2Fv1" "Mozilla/5.0 (Windows NT 10.0; Win64; x64) AppleWebKit/537.36 (KHTML, like Gecko) Chrome/120.0.0.0 Safari/537.36" "45.148.10.244" [-,-,-|0.000]Request_Body: "-"
172.71.95.121 - - [19/Sep/2026:09:27:41 +0800] "www.cricutjoyshop.com" "GET /?rest_route=%2Fbatch%2Fv1 HTTP/1.1" 404 125 "http://www.cricutjoyshop.com/?rest_route=%2Fbatch%2Fv1" "Mozilla/5.0 (Windows NT 10.0; Win64; x64) AppleWebKit/537.36 (KHTML, like Gecko) Chrome/120.0.0.0 Safari/537.36" "45.148.10.244" [0.000,1.488,1.488|1.488]Request_Body: "-"
172.71.102.202 - - [19/Sep/2026:09:27:45 +0800] "cricutjoyshop.com" "GET /?rest_route=/batch%2Fv1 HTTP/1.1" 301 166 "http://cricutjoyshop.com/?rest_route=/batch%2Fv1" "Mozilla/5.0 (Windows NT 10.0; Win64; x64) AppleWebKit/537.36 (KHTML, like Gecko) Chrome/120.0.0.0 Safari/537.36" "45.148.10.244" [-,-,-|0.000]Request_Body: "-"
104.23.168.70 - - [19/Sep/2026:09:27:49 +0800] "www.cricutjoyshop.com" "GET /?rest_route=/batch%2Fv1 HTTP/1.1" 404 125 "http://www.cricutjoyshop.com/?rest_route=/batch%2Fv1" "Mozilla/5.0 (Windows NT 10.0; Win64; x64) AppleWebKit/537.36 (KHTML, like Gecko) Chrome/120.0.0.0 Safari/537.36" "45.148.10.244" [0.002,1.856,1.856|1.856]Request_Body: "-"
172.71.102.202 - - [19/Sep/2026:09:27:50 +0800] "cricutjoyshop.com" "GET /?rest_route=/batch/v1 HTTP/1.1" 301 166 "http://cricutjoyshop.com/?rest_route=/batch/v1" "Mozilla/5.0 (Windows NT 10.0; Win64; x64) AppleWebKit/537.36 (KHTML, like Gecko) Chrome/120.0.0.0 Safari/537.36" "45.148.10.244" [-,-,-|0.000]Request_Body: "-"
104.23.168.70 - - [19/Sep/2026:09:27:51 +0800] "www.cricutjoyshop.com" "GET /?rest_route=/batch/v1 HTTP/1.1" 404 125 "http://www.cricutjoyshop.com/?rest_route=/batch/v1" "Mozilla/5.0 (Windows NT 10.0; Win64; x64) AppleWebKit/537.36 (KHTML, like Gecko) Chrome/120.0.0.0 Safari/537.36" "45.148.10.244" [0.001,1.334,1.334|1.334]Request_Body: "-"
172.71.102.202 - - [19/Sep/2026:09:27:53 +0800] "cricutjoyshop.com" "GET /wp-json/gravitysmtp/v1/tests/mock-data?page=gravitysmtp-settings HTTP/1.1" 301 166 "-" "Mozilla/5.0 (Windows NT 10.0; Win64; x64) AppleWebKit/537.36 (KHTML, like Gecko) Chrome/120.0.0.0 Safari/537.36" "45.148.10.244" [-,-,-|0.000]Request_Body: "-"
162.159.113.91 - - [19/Sep/2026:09:27:55 +0800] "www.cricutjoyshop.com" "GET /wp-json/gravitysmtp/v1/tests/mock-data?page=gravitysmtp-settings HTTP/1.1" 404 125 "http://www.cricutjoyshop.com/wp-json/gravitysmtp/v1/tests/mock-data?page=gravitysmtp-settings" "Mozilla/5.0 (Windows NT 10.0; Win64; x64) AppleWebKit/537.36 (KHTML, like Gecko) Chrome/120.0.0.0 Safari/537.36" "45.148.10.244" [0.000,1.848,1.848|1.848]Request_Body: "-"
172.71.102.202 - - [19/Sep/2026:09:27:56 +0800] "cricutjoyshop.com" "GET /?rest_route=/gravitysmtp/v1/tests/mock-data&page=gravitysmtp-settings HTTP/1.1" 301 166 "-" "Mozilla/5.0 (Macintosh; Intel Mac OS X 10_15_7) AppleWebKit/605.1.15 (KHTML, like Gecko) Version/17.0 Safari/605.1.15" "45.148.10.244" [-,-,-|0.000]Request_Body: "-"
162.159.113.91 - - [19/Sep/2026:09:28:03 +0800] "www.cricutjoyshop.com" "GET /?rest_route=/gravitysmtp/v1/tests/mock-data&page=gravitysmtp-settings HTTP/1.1" 404 125 "http://www.cricutjoyshop.com/?rest_route=/gravitysmtp/v1/tests/mock-data&page=gravitysmtp-settings" "Mozilla/5.0 (Macintosh; Intel Mac OS X 10_15_7) AppleWebKit/605.1.15 (KHTML, like Gecko) Version/17.0 Safari/605.1.15" "45.148.10.244" [0.000,1.814,1.814|1.814]Request_Body: "-"
172.71.102.202 - - [19/Sep/2026:09:28:05 +0800] "cricutjoyshop.com" "GET /wp-json/gravitysmtp/v1/tests/mock-data?page=gravitysmtp-connections HTTP/1.1" 301 166 "-" "Mozilla/5.0 (X11; Linux x86_64; rv:121.0) Gecko/20100101 Firefox/121.0" "45.148.10.244" [-,-,-|0.000]Request_Body: "-"
162.159.113.91 - - [19/Sep/2026:09:28:10 +0800] "www.cricutjoyshop.com" "GET /wp-json/gravitysmtp/v1/tests/mock-data?page=gravitysmtp-connections HTTP/1.1" 404 125 "http://www.cricutjoyshop.com/wp-json/gravitysmtp/v1/tests/mock-data?page=gravitysmtp-connections" "Mozilla/5.0 (X11; Linux x86_64; rv:121.0) Gecko/20100101 Firefox/121.0" "45.148.10.244" [0.000,1.917,1.917|1.917]Request_Body: "-"
172.71.102.202 - - [19/Sep/2026:09:28:17 +0800] "cricutjoyshop.com" "GET /?rest_route=/gravitysmtp/v1/tests/mock-data&page=gravitysmtp-connections HTTP/1.1" 301 166 "-" "Mozilla/5.0 (Windows NT 10.0; Win64; x64; rv:121.0) Gecko/20100101 Firefox/121.0" "45.148.10.244" [-,-,-|0.000]Request_Body: "-"
104.23.166.32 - - [19/Sep/2026:09:28:20 +0800] "www.cricutjoyshop.com" "GET /?rest_route=/gravitysmtp/v1/tests/mock-data&page=gravitysmtp-connections HTTP/1.1" 404 125 "http://www.cricutjoyshop.com/?rest_route=/gravitysmtp/v1/tests/mock-data&page=gravitysmtp-connections" "Mozilla/5.0 (Windows NT 10.0; Win64; x64; rv:121.0) Gecko/20100101 Firefox/121.0" "45.148.10.244" [0.001,1.757,1.757|1.757]Request_Body: "-"
172.71.102.202 - - [19/Sep/2026:09:28:22 +0800] "cricutjoyshop.com" "GET /index.php?rest_route=/gravitysmtp/v1/tests/mock-data&page=gravitysmtp-settings HTTP/1.1" 301 166 "-" "Mozilla/5.0 (iPhone; CPU iPhone OS 17_0 like Mac OS X) AppleWebKit/605.1.15 (KHTML, like Gecko) Version/17.0 Mobile/15E148 Safari/604.1" "45.148.10.244" [-,-,-|0.000]Request_Body: "-"
104.23.166.108 - - [19/Sep/2026:09:28:23 +0800] "cricutjoyshop.com" "GET /blog/wp-login.php HTTP/1.1" 301 166 "-" "Mozilla/5.0 (Windows NT 10.0; Win64; x64) AppleWebKit/537.36 (KHTML, like Gecko) Chrome/120.0.0.0 Safari/537.36" "45.148.10.244" [-,-,-|0.000]Request_Body: "-"
172.71.99.219 - - [19/Sep/2026:09:28:23 +0800] "cricutjoyshop.com" "GET /wp/wp-login.php HTTP/1.1" 301 166 "-" "Mozilla/5.0 (Windows NT 10.0; Win64; x64) AppleWebKit/537.36 (KHTML, like Gecko) Chrome/120.0.0.0 Safari/537.36" "45.148.10.244" [-,-,-|0.000]Request_Body: "-"
104.23.166.32 - - [19/Sep/2026:09:28:24 +0800] "www.cricutjoyshop.com" "GET /wp/wp-login.php HTTP/1.1" 403 552 "http://www.cricutjoyshop.com/wp/wp-login.php" "Mozilla/5.0 (Windows NT 10.0; Win64; x64) AppleWebKit/537.36 (KHTML, like Gecko) Chrome/120.0.0.0 Safari/537.36" "45.148.10.244" [-,-,-|0.000]Request_Body: "-"
104.23.166.108 - - [19/Sep/2026:09:28:25 +0800] "cricutjoyshop.com" "GET /wp/feed/ HTTP/1.1" 301 166 "-" "Mozilla/5.0 (Windows NT 10.0; Win64; x64) AppleWebKit/537.36 (KHTML, like Gecko) Chrome/120.0.0.0 Safari/537.36" "45.148.10.244" [-,-,-|0.000]Request_Body: "-"
104.23.166.32 - - [19/Sep/2026:09:28:25 +0800] "www.cricutjoyshop.com" "GET /blog/wp-login.php HTTP/1.1" 403 552 "http://www.cricutjoyshop.com/blog/wp-login.php" "Mozilla/5.0 (Windows NT 10.0; Win64; x64) AppleWebKit/537.36 (KHTML, like Gecko) Chrome/120.0.0.0 Safari/537.36" "45.148.10.244" [-,-,-|0.000]Request_Body: "-"
172.71.98.108 - - [19/Sep/2026:09:28:25 +0800] "cricutjoyshop.com" "GET /blog/feed/ HTTP/1.1" 301 166 "-" "Mozilla/5.0 (Windows NT 10.0; Win64; x64) AppleWebKit/537.36 (KHTML, like Gecko) Chrome/120.0.0.0 Safari/537.36" "45.148.10.244" [-,-,-|0.000]Request_Body: "-"
104.23.166.32 - - [19/Sep/2026:09:28:28 +0800] "www.cricutjoyshop.com" "GET /wp/feed/ HTTP/1.1" 200 702 "http://www.cricutjoyshop.com/wp/feed/" "Mozilla/5.0 (Windows NT 10.0; Win64; x64) AppleWebKit/537.36 (KHTML, like Gecko) Chrome/120.0.0.0 Safari/537.36" "45.148.10.244" [0.001,1.622,1.622|1.621]Request_Body: "-"
104.23.166.108 - - [19/Sep/2026:09:28:33 +0800] "cricutjoyshop.com" "GET /wp/ HTTP/1.1" 301 166 "-" "Mozilla/5.0 (Windows NT 10.0; Win64; x64) AppleWebKit/537.36 (KHTML, like Gecko) Chrome/120.0.0.0 Safari/537.36" "45.148.10.244" [-,-,-|0.000]Request_Body: "-"
104.23.170.8 - - [19/Sep/2026:09:28:35 +0800] "cricutjoyshop.com" "GET /blog/ HTTP/1.1" 301 166 "-" "Mozilla/5.0 (Windows NT 10.0; Win64; x64) AppleWebKit/537.36 (KHTML, like Gecko) Chrome/120.0.0.0 Safari/537.36" "45.148.10.244" [-,-,-|0.000]Request_Body: "-"
104.23.166.32 - - [19/Sep/2026:09:28:37 +0800] "www.cricutjoyshop.com" "GET /wp/ HTTP/1.1" 404 31745 "http://www.cricutjoyshop.com/wp/" "Mozilla/5.0 (Windows NT 10.0; Win64; x64) AppleWebKit/537.36 (KHTML, like Gecko) Chrome/120.0.0.0 Safari/537.36" "45.148.10.244" [0.001,1.778,1.781|1.781]Request_Body: "-"
104.23.170.165 - - [19/Sep/2026:09:28:38 +0800] "cricutjoyshop.com" "POST /wp/index.php?rest_route=/batch/v1 HTTP/1.1" 301 166 "-" "Mozilla/5.0 (Windows NT 10.0; Win64; x64) AppleWebKit/537.36 (KHTML, like Gecko) Chrome/120.0.0.0 Safari/537.36" "45.148.10.244" [-,-,-|0.000]Request_Body: "-"
104.23.170.64 - - [19/Sep/2026:09:28:39 +0800] "www.cricutjoyshop.com" "GET /wp/index.php?rest_route=/batch/v1 HTTP/1.1" 403 552 "http://www.cricutjoyshop.com/wp/index.php?rest_route=/batch/v1" "Mozilla/5.0 (Windows NT 10.0; Win64; x64) AppleWebKit/537.36 (KHTML, like Gecko) Chrome/120.0.0.0 Safari/537.36" "45.148.10.244" [-,-,-|0.000]Request_Body: "-"
104.23.166.32 - - [19/Sep/2026:09:28:39 +0800] "www.cricutjoyshop.com" "GET /blog/ HTTP/1.1" 200 32288 "http://www.cricutjoyshop.com/blog/" "Mozilla/5.0 (Windows NT 10.0; Win64; x64) AppleWebKit/537.36 (KHTML, like Gecko) Chrome/120.0.0.0 Safari/537.36" "45.148.10.244" [0.001,1.354,1.357|1.357]Request_Body: "-"
104.23.170.165 - - [19/Sep/2026:09:28:39 +0800] "cricutjoyshop.com" "POST /wp/index.php?rest_route=%2Fbatch%2Fv1 HTTP/1.1" 301 166 "-" "Mozilla/5.0 (Windows NT 10.0; Win64; x64) AppleWebKit/537.36 (KHTML, like Gecko) Chrome/120.0.0.0 Safari/537.36" "45.148.10.244" [-,-,-|0.000]Request_Body: "-"
104.23.166.108 - - [19/Sep/2026:09:28:39 +0800] "cricutjoyshop.com" "POST /blog/index.php?rest_route=/batch/v1 HTTP/1.1" 301 166 "-" "Mozilla/5.0 (Windows NT 10.0; Win64; x64) AppleWebKit/537.36 (KHTML, like Gecko) Chrome/120.0.0.0 Safari/537.36" "45.148.10.244" [-,-,-|0.000]Request_Body: "-"
104.23.166.32 - - [19/Sep/2026:09:28:41 +0800] "www.cricutjoyshop.com" "GET /wp/index.php?rest_route=%2Fbatch%2Fv1 HTTP/1.1" 403 552 "http://www.cricutjoyshop.com/wp/index.php?rest_route=%2Fbatch%2Fv1" "Mozilla/5.0 (Windows NT 10.0; Win64; x64) AppleWebKit/537.36 (KHTML, like Gecko) Chrome/120.0.0.0 Safari/537.36" "45.148.10.244" [-,-,-|0.000]Request_Body: "-"
104.23.170.64 - - [19/Sep/2026:09:28:47 +0800] "www.cricutjoyshop.com" "GET /blog/index.php?rest_route=/batch/v1 HTTP/1.1" 403 552 "http://www.cricutjoyshop.com/blog/index.php?rest_route=/batch/v1" "Mozilla/5.0 (Windows NT 10.0; Win64; x64) AppleWebKit/537.36 (KHTML, like Gecko) Chrome/120.0.0.0 Safari/537.36" "45.148.10.244" [-,-,-|0.000]Request_Body: "-"
172.70.46.246 - - [19/Sep/2026:09:28:47 +0800] "cricutjoyshop.com" "POST /wp/?rest_route=%2Fbatch%2Fv1 HTTP/1.1" 301 166 "-" "Mozilla/5.0 (Windows NT 10.0; Win64; x64) AppleWebKit/537.36 (KHTML, like Gecko) Chrome/120.0.0.0 Safari/537.36" "45.148.10.244" [-,-,-|0.000]Request_Body: "-"
104.23.170.8 - - [19/Sep/2026:09:28:47 +0800] "cricutjoyshop.com" "POST /blog/index.php?rest_route=%2Fbatch%2Fv1 HTTP/1.1" 301 166 "-" "Mozilla/5.0 (Windows NT 10.0; Win64; x64) AppleWebKit/537.36 (KHTML, like Gecko) Chrome/120.0.0.0 Safari/537.36" "45.148.10.244" [-,-,-|0.000]Request_Body: "-"
172.71.103.231 - - [19/Sep/2026:09:28:48 +0800] "www.cricutjoyshop.com" "GET /blog/index.php?rest_route=%2Fbatch%2Fv1 HTTP/1.1" 403 552 "http://www.cricutjoyshop.com/blog/index.php?rest_route=%2Fbatch%2Fv1" "Mozilla/5.0 (Windows NT 10.0; Win64; x64) AppleWebKit/537.36 (KHTML, like Gecko) Chrome/120.0.0.0 Safari/537.36" "45.148.10.244" [-,-,-|0.000]Request_Body: "-"
104.23.170.8 - - [19/Sep/2026:09:28:48 +0800] "cricutjoyshop.com" "POST /blog/?rest_route=%2Fbatch%2Fv1 HTTP/1.1" 301 166 "-" "Mozilla/5.0 (Windows NT 10.0; Win64; x64) AppleWebKit/537.36 (KHTML, like Gecko) Chrome/120.0.0.0 Safari/537.36" "45.148.10.244" [-,-,-|0.000]Request_Body: "-"
104.23.170.64 - - [19/Sep/2026:09:28:49 +0800] "www.cricutjoyshop.com" "GET /wp/?rest_route=%2Fbatch%2Fv1 HTTP/1.1" 404 125 "http://www.cricutjoyshop.com/wp/?rest_route=%2Fbatch%2Fv1" "Mozilla/5.0 (Windows NT 10.0; Win64; x64) AppleWebKit/537.36 (KHTML, like Gecko) Chrome/120.0.0.0 Safari/537.36" "45.148.10.244" [0.000,1.777,1.777|1.777]Request_Body: "-"
104.23.170.8 - - [19/Sep/2026:09:28:49 +0800] "cricutjoyshop.com" "POST /wp/?rest_route=/batch%2Fv1 HTTP/1.1" 301 166 "-" "Mozilla/5.0 (Windows NT 10.0; Win64; x64) AppleWebKit/537.36 (KHTML, like Gecko) Chrome/120.0.0.0 Safari/537.36" "45.148.10.244" [-,-,-|0.000]Request_Body: "-"
172.71.103.231 - - [19/Sep/2026:09:28:50 +0800] "www.cricutjoyshop.com" "GET /blog/?rest_route=%2Fbatch%2Fv1 HTTP/1.1" 404 125 "http://www.cricutjoyshop.com/blog/?rest_route=%2Fbatch%2Fv1" "Mozilla/5.0 (Windows NT 10.0; Win64; x64) AppleWebKit/537.36 (KHTML, like Gecko) Chrome/120.0.0.0 Safari/537.36" "45.148.10.244" [0.001,1.813,1.813|1.813]Request_Body: "-"
104.23.170.8 - - [19/Sep/2026:09:28:50 +0800] "cricutjoyshop.com" "POST /blog/?rest_route=/batch%2Fv1 HTTP/1.1" 301 166 "-" "Mozilla/5.0 (Windows NT 10.0; Win64; x64) AppleWebKit/537.36 (KHTML, like Gecko) Chrome/120.0.0.0 Safari/537.36" "45.148.10.244" [-,-,-|0.000]Request_Body: "-"
104.23.170.64 - - [19/Sep/2026:09:28:51 +0800] "www.cricutjoyshop.com" "GET /wp/?rest_route=/batch%2Fv1 HTTP/1.1" 404 125 "http://www.cricutjoyshop.com/wp/?rest_route=/batch%2Fv1" "Mozilla/5.0 (Windows NT 10.0; Win64; x64) AppleWebKit/537.36 (KHTML, like Gecko) Chrome/120.0.0.0 Safari/537.36" "45.148.10.244" [0.001,1.403,1.403|1.403]Request_Body: "-"
104.23.170.8 - - [19/Sep/2026:09:28:51 +0800] "cricutjoyshop.com" "POST /wp/?rest_route=/batch/v1 HTTP/1.1" 301 166 "-" "Mozilla/5.0 (Windows NT 10.0; Win64; x64) AppleWebKit/537.36 (KHTML, like Gecko) Chrome/120.0.0.0 Safari/537.36" "45.148.10.244" [-,-,-|0.000]Request_Body: "-"
172.71.103.231 - - [19/Sep/2026:09:28:52 +0800] "www.cricutjoyshop.com" "GET /blog/?rest_route=/batch%2Fv1 HTTP/1.1" 404 125 "http://www.cricutjoyshop.com/blog/?rest_route=/batch%2Fv1" "Mozilla/5.0 (Windows NT 10.0; Win64; x64) AppleWebKit/537.36 (KHTML, like Gecko) Chrome/120.0.0.0 Safari/537.36" "45.148.10.244" [0.001,1.768,1.768|1.767]Request_Body: "-"
104.23.170.8 - - [19/Sep/2026:09:28:53 +0800] "cricutjoyshop.com" "POST /blog/?rest_route=/batch/v1 HTTP/1.1" 301 166 "-" "Mozilla/5.0 (Windows NT 10.0; Win64; x64) AppleWebKit/537.36 (KHTML, like Gecko) Chrome/120.0.0.0 Safari/537.36" "45.148.10.244" [-,-,-|0.000]Request_Body: "-"
104.23.170.64 - - [19/Sep/2026:09:28:53 +0800] "www.cricutjoyshop.com" "GET /wp/?rest_route=/batch/v1 HTTP/1.1" 404 125 "http://www.cricutjoyshop.com/wp/?rest_route=/batch/v1" "Mozilla/5.0 (Windows NT 10.0; Win64; x64) AppleWebKit/537.36 (KHTML, like Gecko) Chrome/120.0.0.0 Safari/537.36" "45.148.10.244" [0.001,1.827,1.827|1.826]Request_Body: "-"
104.23.170.8 - - [19/Sep/2026:09:28:54 +0800] "cricutjoyshop.com" "POST /wp/wp-json/batch/v1 HTTP/1.1" 301 166 "-" "Mozilla/5.0 (Windows NT 10.0; Win64; x64) AppleWebKit/537.36 (KHTML, like Gecko) Chrome/120.0.0.0 Safari/537.36" "45.148.10.244" [-,-,-|0.000]Request_Body: "-"
104.23.170.64 - - [19/Sep/2026:09:28:55 +0800] "www.cricutjoyshop.com" "GET /blog/?rest_route=/batch/v1 HTTP/1.1" 404 125 "http://www.cricutjoyshop.com/blog/?rest_route=/batch/v1" "Mozilla/5.0 (Windows NT 10.0; Win64; x64) AppleWebKit/537.36 (KHTML, like Gecko) Chrome/120.0.0.0 Safari/537.36" "45.148.10.244" [0.000,1.871,1.871|1.871]Request_Body: "-"
172.71.103.231 - - [19/Sep/2026:09:28:57 +0800] "www.cricutjoyshop.com" "GET /wp/wp-json/batch/v1 HTTP/1.1" 404 31546 "http://www.cricutjoyshop.com/wp/wp-json/batch/v1" "Mozilla/5.0 (Windows NT 10.0; Win64; x64) AppleWebKit/537.36 (KHTML, like Gecko) Chrome/120.0.0.0 Safari/537.36" "45.148.10.244" [0.000,1.776,1.786|1.786]Request_Body: "-"
104.23.170.8 - - [19/Sep/2026:09:29:00 +0800] "cricutjoyshop.com" "POST /wp/wp-json/Batch/v1 HTTP/1.1" 301 166 "-" "Mozilla/5.0 (Windows NT 10.0; Win64; x64) AppleWebKit/537.36 (KHTML, like Gecko) Chrome/120.0.0.0 Safari/537.36" "45.148.10.244" [-,-,-|0.000]Request_Body: "-"
104.23.170.8 - - [19/Sep/2026:09:29:01 +0800] "cricutjoyshop.com" "POST /blog/wp-json/batch/v1 HTTP/1.1" 301 166 "-" "Mozilla/5.0 (Windows NT 10.0; Win64; x64) AppleWebKit/537.36 (KHTML, like Gecko) Chrome/120.0.0.0 Safari/537.36" "45.148.10.244" [-,-,-|0.000]Request_Body: "-"
104.23.170.64 - - [19/Sep/2026:09:29:03 +0800] "www.cricutjoyshop.com" "GET /wp/wp-json/Batch/v1 HTTP/1.1" 404 31547 "http://www.cricutjoyshop.com/wp/wp-json/Batch/v1" "Mozilla/5.0 (Windows NT 10.0; Win64; x64) AppleWebKit/537.36 (KHTML, like Gecko) Chrome/120.0.0.0 Safari/537.36" "45.148.10.244" [0.000,1.921,1.924|1.924]Request_Body: "-"
104.23.170.8 - - [19/Sep/2026:09:29:03 +0800] "cricutjoyshop.com" "POST /wp//wp-json/batch/v1 HTTP/1.1" 301 166 "-" "Mozilla/5.0 (Windows NT 10.0; Win64; x64) AppleWebKit/537.36 (KHTML, like Gecko) Chrome/120.0.0.0 Safari/537.36" "45.148.10.244" [-,-,-|0.000]Request_Body: "-"
104.23.166.32 - - [19/Sep/2026:09:29:05 +0800] "www.cricutjoyshop.com" "GET /blog/wp-json/batch/v1 HTTP/1.1" 404 31548 "http://www.cricutjoyshop.com/blog/wp-json/batch/v1" "Mozilla/5.0 (Windows NT 10.0; Win64; x64) AppleWebKit/537.36 (KHTML, like Gecko) Chrome/120.0.0.0 Safari/537.36" "45.148.10.244" [0.001,1.678,1.682|1.681]Request_Body: "-"
172.70.46.246 - - [19/Sep/2026:09:29:06 +0800] "cricutjoyshop.com" "POST /blog/wp-json/Batch/v1 HTTP/1.1" 301 166 "-" "Mozilla/5.0 (Windows NT 10.0; Win64; x64) AppleWebKit/537.36 (KHTML, like Gecko) Chrome/120.0.0.0 Safari/537.36" "45.148.10.244" [-,-,-|0.000]Request_Body: "-"
104.23.166.32 - - [19/Sep/2026:09:29:08 +0800] "www.cricutjoyshop.com" "GET /blog/wp-json/Batch/v1 HTTP/1.1" 404 31548 "http://www.cricutjoyshop.com/blog/wp-json/Batch/v1" "Mozilla/5.0 (Windows NT 10.0; Win64; x64) AppleWebKit/537.36 (KHTML, like Gecko) Chrome/120.0.0.0 Safari/537.36" "45.148.10.244" [0.001,1.972,1.975|1.975]Request_Body: "-"
104.23.166.108 - - [19/Sep/2026:09:29:08 +0800] "cricutjoyshop.com" "POST /blog//wp-json/batch/v1 HTTP/1.1" 301 166 "-" "Mozilla/5.0 (Windows NT 10.0; Win64; x64) AppleWebKit/537.36 (KHTML, like Gecko) Chrome/120.0.0.0 Safari/537.36" "45.148.10.244" [-,-,-|0.000]Request_Body: "-"
104.23.170.64 - - [19/Sep/2026:09:29:09 +0800] "www.cricutjoyshop.com" "GET /wp//wp-json/batch/v1 HTTP/1.1" 301 5 "http://www.cricutjoyshop.com/wp//wp-json/batch/v1" "Mozilla/5.0 (Windows NT 10.0; Win64; x64) AppleWebKit/537.36 (KHTML, like Gecko) Chrome/120.0.0.0 Safari/537.36" "45.148.10.244" [0.001,1.591,1.591|1.592]Request_Body: "-"
104.23.166.32 - - [19/Sep/2026:09:29:10 +0800] "www.cricutjoyshop.com" "GET /blog//wp-json/batch/v1 HTTP/1.1" 301 5 "http://www.cricutjoyshop.com/blog//wp-json/batch/v1" "Mozilla/5.0 (Windows NT 10.0; Win64; x64) AppleWebKit/537.36 (KHTML, like Gecko) Chrome/120.0.0.0 Safari/537.36" "45.148.10.244" [0.001,1.161,1.161|1.161]Request_Body: "-"
104.23.170.64 - - [19/Sep/2026:09:29:11 +0800] "www.cricutjoyshop.com" "GET /wp/wp-json/batch/v1 HTTP/1.1" 404 31546 "https://www.cricutjoyshop.com/wp//wp-json/batch/v1" "Mozilla/5.0 (Windows NT 10.0; Win64; x64) AppleWebKit/537.36 (KHTML, like Gecko) Chrome/120.0.0.0 Safari/537.36" "45.148.10.244" [0.001,1.375,1.379|1.378]Request_Body: "-"
104.23.166.32 - - [19/Sep/2026:09:29:13 +0800] "www.cricutjoyshop.com" "GET /blog/wp-json/batch/v1 HTTP/1.1" 404 31548 "https://www.cricutjoyshop.com/blog//wp-json/batch/v1" "Mozilla/5.0 (Windows NT 10.0; Win64; x64) AppleWebKit/537.36 (KHTML, like Gecko) Chrome/120.0.0.0 Safari/537.36" "45.148.10.244" [0.001,1.730,1.735|1.735]Request_Body: "-"
104.23.166.108 - - [19/Sep/2026:09:29:15 +0800] "cricutjoyshop.com" "POST /wp/wp-json/batch/v1/ HTTP/1.1" 301 166 "-" "Mozilla/5.0 (Windows NT 10.0; Win64; x64) AppleWebKit/537.36 (KHTML, like Gecko) Chrome/120.0.0.0 Safari/537.36" "45.148.10.244" [-,-,-|0.000]Request_Body: "-"
104.23.166.108 - - [19/Sep/2026:09:29:16 +0800] "cricutjoyshop.com" "POST /blog/wp-json/batch/v1/ HTTP/1.1" 301 166 "-" "Mozilla/5.0 (Windows NT 10.0; Win64; x64) AppleWebKit/537.36 (KHTML, like Gecko) Chrome/120.0.0.0 Safari/537.36" "45.148.10.244" [-,-,-|0.000]Request_Body: "-"
104.22.109.16 - - [19/Sep/2026:09:29:17 +0800] "www.cricutjoyshop.com" "GET /wp/wp-json/batch/v1/ HTTP/1.1" 404 31548 "http://www.cricutjoyshop.com/wp/wp-json/batch/v1/" "Mozilla/5.0 (Windows NT 10.0; Win64; x64) AppleWebKit/537.36 (KHTML, like Gecko) Chrome/120.0.0.0 Safari/537.36" "45.148.10.244" [0.001,1.504,1.507|1.507]Request_Body: "-"
104.23.166.32 - - [19/Sep/2026:09:29:20 +0800] "www.cricutjoyshop.com" "GET /blog/wp-json/batch/v1/ HTTP/1.1" 404 31550 "http://www.cricutjoyshop.com/blog/wp-json/batch/v1/" "Mozilla/5.0 (Windows NT 10.0; Win64; x64) AppleWebKit/537.36 (KHTML, like Gecko) Chrome/120.0.0.0 Safari/537.36" "45.148.10.244" [0.001,1.378,1.382|1.382]Request_Body: "-"
104.23.166.108 - - [19/Sep/2026:09:29:21 +0800] "cricutjoyshop.com" "POST /blog/blog/wp-json/batch/v1 HTTP/1.1" 301 166 "-" "Mozilla/5.0 (Windows NT 10.0; Win64; x64) AppleWebKit/537.36 (KHTML, like Gecko) Chrome/120.0.0.0 Safari/537.36" "45.148.10.244" [-,-,-|0.000]Request_Body: "-"
104.23.166.108 - - [19/Sep/2026:09:29:22 +0800] "cricutjoyshop.com" "POST /wp/blog/wp-json/batch/v1 HTTP/1.1" 301 166 "-" "Mozilla/5.0 (Windows NT 10.0; Win64; x64) AppleWebKit/537.36 (KHTML, like Gecko) Chrome/120.0.0.0 Safari/537.36" "45.148.10.244" [-,-,-|0.000]Request_Body: "-"
104.23.166.32 - - [19/Sep/2026:09:29:23 +0800] "www.cricutjoyshop.com" "GET /blog/blog/wp-json/batch/v1 HTTP/1.1" 404 31550 "http://www.cricutjoyshop.com/blog/blog/wp-json/batch/v1" "Mozilla/5.0 (Windows NT 10.0; Win64; x64) AppleWebKit/537.36 (KHTML, like Gecko) Chrome/120.0.0.0 Safari/537.36" "45.148.10.244" [0.000,1.808,1.811|1.812]Request_Body: "-"
104.23.166.108 - - [19/Sep/2026:09:29:23 +0800] "cricutjoyshop.com" "POST /blog/index.php?rest_route=/batch/v1 HTTP/1.1" 301 166 "https://cricutjoyshop.com/blog/wp-admin/" "Mozilla/5.0 (Windows NT 10.0; Win64; x64) AppleWebKit/537.36 (KHTML, like Gecko) Chrome/120.0.0.0 Safari/537.36" "127.0.0.1,45.148.10.244" [-,-,-|0.001]Request_Body: "-"
104.22.109.16 - - [19/Sep/2026:09:29:24 +0800] "www.cricutjoyshop.com" "GET /wp/blog/wp-json/batch/v1 HTTP/1.1" 404 31550 "http://www.cricutjoyshop.com/wp/blog/wp-json/batch/v1" "Mozilla/5.0 (Windows NT 10.0; Win64; x64) AppleWebKit/537.36 (KHTML, like Gecko) Chrome/120.0.0.0 Safari/537.36" "45.148.10.244" [0.000,1.632,1.636|1.636]Request_Body: "-"
104.22.109.16 - - [19/Sep/2026:09:29:25 +0800] "www.cricutjoyshop.com" "GET /blog/index.php?rest_route=/batch/v1 HTTP/1.1" 403 552 "https://cricutjoyshop.com/blog/wp-admin/" "Mozilla/5.0 (Windows NT 10.0; Win64; x64) AppleWebKit/537.36 (KHTML, like Gecko) Chrome/120.0.0.0 Safari/537.36" "127.0.0.1,45.148.10.244" [-,-,-|0.000]Request_Body: "-"
104.23.166.108 - - [19/Sep/2026:09:29:26 +0800] "cricutjoyshop.com" "POST /wp/index.php?rest_route=/batch/v1 HTTP/1.1" 301 166 "https://cricutjoyshop.com/wp/wp-admin/" "Mozilla/5.0 (Windows NT 10.0; Win64; x64) AppleWebKit/537.36 (KHTML, like Gecko) Chrome/120.0.0.0 Safari/537.36" "127.0.0.1,45.148.10.244" [-,-,-|0.001]Request_Body: "-"
104.23.170.8 - - [19/Sep/2026:09:29:31 +0800] "cricutjoyshop.com" "POST /blog/index.php?rest_route=%2Fbatch%2Fv1 HTTP/1.1" 301 166 "https://cricutjoyshop.com/blog/wp-admin/" "Mozilla/5.0 (Windows NT 10.0; Win64; x64) AppleWebKit/537.36 (KHTML, like Gecko) Chrome/120.0.0.0 Safari/537.36" "127.0.0.1,45.148.10.244" [-,-,-|0.000]Request_Body: "-"
104.23.166.32 - - [19/Sep/2026:09:29:31 +0800] "www.cricutjoyshop.com" "GET /blog/index.php?rest_route=%2Fbatch%2Fv1 HTTP/1.1" 403 552 "https://cricutjoyshop.com/blog/wp-admin/" "Mozilla/5.0 (Windows NT 10.0; Win64; x64) AppleWebKit/537.36 (KHTML, like Gecko) Chrome/120.0.0.0 Safari/537.36" "127.0.0.1,45.148.10.244" [-,-,-|0.000]Request_Body: "-"
104.23.170.8 - - [19/Sep/2026:09:29:31 +0800] "cricutjoyshop.com" "POST /wp/index.php?rest_route=%2Fbatch%2Fv1 HTTP/1.1" 301 166 "https://cricutjoyshop.com/wp/wp-admin/" "Mozilla/5.0 (Windows NT 10.0; Win64; x64) AppleWebKit/537.36 (KHTML, like Gecko) Chrome/120.0.0.0 Safari/537.36" "127.0.0.1,45.148.10.244" [-,-,-|0.000]Request_Body: "-"
104.23.166.32 - - [19/Sep/2026:09:29:31 +0800] "www.cricutjoyshop.com" "GET /wp/index.php?rest_route=%2Fbatch%2Fv1 HTTP/1.1" 403 552 "https://cricutjoyshop.com/wp/wp-admin/" "Mozilla/5.0 (Windows NT 10.0; Win64; x64) AppleWebKit/537.36 (KHTML, like Gecko) Chrome/120.0.0.0 Safari/537.36" "127.0.0.1,45.148.10.244" [-,-,-|0.000]Request_Body: "-"
104.23.170.8 - - [19/Sep/2026:09:29:31 +0800] "cricutjoyshop.com" "POST /wp/?rest_route=%2Fbatch%2Fv1 HTTP/1.1" 301 166 "https://cricutjoyshop.com/wp/wp-admin/" "Mozilla/5.0 (Windows NT 10.0; Win64; x64) AppleWebKit/537.36 (KHTML, like Gecko) Chrome/120.0.0.0 Safari/537.36" "127.0.0.1,45.148.10.244" [-,-,-|0.000]Request_Body: "-"
172.70.46.246 - - [19/Sep/2026:09:29:31 +0800] "cricutjoyshop.com" "POST /blog/?rest_route=%2Fbatch%2Fv1 HTTP/1.1" 301 166 "https://cricutjoyshop.com/blog/wp-admin/" "Mozilla/5.0 (Windows NT 10.0; Win64; x64) AppleWebKit/537.36 (KHTML, like Gecko) Chrome/120.0.0.0 Safari/537.36" "127.0.0.1,45.148.10.244" [-,-,-|0.000]Request_Body: "-"
104.23.166.32 - - [19/Sep/2026:09:29:33 +0800] "www.cricutjoyshop.com" "GET /blog/?rest_route=%2Fbatch%2Fv1 HTTP/1.1" 404 125 "https://cricutjoyshop.com/blog/wp-admin/" "Mozilla/5.0 (Windows NT 10.0; Win64; x64) AppleWebKit/537.36 (KHTML, like Gecko) Chrome/120.0.0.0 Safari/537.36" "127.0.0.1,45.148.10.244" [0.001,1.316,1.316|1.316]Request_Body: "-"
104.23.170.8 - - [19/Sep/2026:09:29:33 +0800] "cricutjoyshop.com" "POST /blog/?rest_route=/batch%2Fv1 HTTP/1.1" 301 166 "https://cricutjoyshop.com/blog/wp-admin/" "Mozilla/5.0 (Windows NT 10.0; Win64; x64) AppleWebKit/537.36 (KHTML, like Gecko) Chrome/120.0.0.0 Safari/537.36" "127.0.0.1,45.148.10.244" [-,-,-|0.001]Request_Body: "-"
104.23.166.32 - - [19/Sep/2026:09:29:34 +0800] "www.cricutjoyshop.com" "GET /wp/?rest_route=%2Fbatch%2Fv1 HTTP/1.1" 404 125 "https://cricutjoyshop.com/wp/wp-admin/" "Mozilla/5.0 (Windows NT 10.0; Win64; x64) AppleWebKit/537.36 (KHTML, like Gecko) Chrome/120.0.0.0 Safari/537.36" "127.0.0.1,45.148.10.244" [0.001,1.338,1.338|1.338]Request_Body: "-"
104.23.170.8 - - [19/Sep/2026:09:29:35 +0800] "cricutjoyshop.com" "POST /wp/?rest_route=/batch%2Fv1 HTTP/1.1" 301 166 "https://cricutjoyshop.com/wp/wp-admin/" "Mozilla/5.0 (Windows NT 10.0; Win64; x64) AppleWebKit/537.36 (KHTML, like Gecko) Chrome/120.0.0.0 Safari/537.36" "127.0.0.1,45.148.10.244" [-,-,-|0.000]Request_Body: "-"
104.23.166.32 - - [19/Sep/2026:09:29:36 +0800] "www.cricutjoyshop.com" "GET /blog/?rest_route=/batch%2Fv1 HTTP/1.1" 404 125 "https://cricutjoyshop.com/blog/wp-admin/" "Mozilla/5.0 (Windows NT 10.0; Win64; x64) AppleWebKit/537.36 (KHTML, like Gecko) Chrome/120.0.0.0 Safari/537.36" "127.0.0.1,45.148.10.244" [0.001,1.433,1.433|1.433]Request_Body: "-"
172.71.183.129 - - [19/Sep/2026:09:29:37 +0800] "www.cricutjoyshop.com" "GET /wp/?rest_route=/batch%2Fv1 HTTP/1.1" 404 125 "https://cricutjoyshop.com/wp/wp-admin/" "Mozilla/5.0 (Windows NT 10.0; Win64; x64) AppleWebKit/537.36 (KHTML, like Gecko) Chrome/120.0.0.0 Safari/537.36" "127.0.0.1,45.148.10.244" [0.001,1.717,1.717|1.718]Request_Body: "-"
104.23.170.8 - - [19/Sep/2026:09:29:37 +0800] "cricutjoyshop.com" "POST /blog/?rest_route=/batch/v1 HTTP/1.1" 301 166 "https://cricutjoyshop.com/blog/wp-admin/" "Mozilla/5.0 (Windows NT 10.0; Win64; x64) AppleWebKit/537.36 (KHTML, like Gecko) Chrome/120.0.0.0 Safari/537.36" "127.0.0.1,45.148.10.244" [-,-,-|0.000]Request_Body: "-"
104.23.170.8 - - [19/Sep/2026:09:29:38 +0800] "cricutjoyshop.com" "POST /wp/?rest_route=/batch/v1 HTTP/1.1" 301 166 "https://cricutjoyshop.com/wp/wp-admin/" "Mozilla/5.0 (Windows NT 10.0; Win64; x64) AppleWebKit/537.36 (KHTML, like Gecko) Chrome/120.0.0.0 Safari/537.36" "127.0.0.1,45.148.10.244" [-,-,-|0.001]Request_Body: "-"
172.71.183.129 - - [19/Sep/2026:09:29:39 +0800] "www.cricutjoyshop.com" "GET /blog/?rest_route=/batch/v1 HTTP/1.1" 404 125 "https://cricutjoyshop.com/blog/wp-admin/" "Mozilla/5.0 (Windows NT 10.0; Win64; x64) AppleWebKit/537.36 (KHTML, like Gecko) Chrome/120.0.0.0 Safari/537.36" "127.0.0.1,45.148.10.244" [0.001,1.338,1.339|1.339]Request_Body: "-"
162.159.113.90 - - [19/Sep/2026:09:29:40 +0800] "www.cricutjoyshop.com" "GET /wp/?rest_route=/batch/v1 HTTP/1.1" 404 125 "https://cricutjoyshop.com/wp/wp-admin/" "Mozilla/5.0 (Windows NT 10.0; Win64; x64) AppleWebKit/537.36 (KHTML, like Gecko) Chrome/120.0.0.0 Safari/537.36" "127.0.0.1,45.148.10.244" [0.000,1.455,1.456|1.456]Request_Body: "-"
104.23.170.8 - - [19/Sep/2026:09:29:45 +0800] "cricutjoyshop.com" "POST /wp/wp-json/batch/v1 HTTP/1.1" 301 166 "https://cricutjoyshop.com/wp/wp-admin/" "Mozilla/5.0 (Windows NT 10.0; Win64; x64) AppleWebKit/537.36 (KHTML, like Gecko) Chrome/120.0.0.0 Safari/537.36" "127.0.0.1,45.148.10.244" [-,-,-|0.000]Request_Body: "-"
104.23.170.8 - - [19/Sep/2026:09:29:45 +0800] "cricutjoyshop.com" "POST /blog/wp-json/batch/v1 HTTP/1.1" 301 166 "https://cricutjoyshop.com/blog/wp-admin/" "Mozilla/5.0 (Windows NT 10.0; Win64; x64) AppleWebKit/537.36 (KHTML, like Gecko) Chrome/120.0.0.0 Safari/537.36" "127.0.0.1,45.148.10.244" [-,-,-|0.000]Request_Body: "-"
104.23.166.32 - - [19/Sep/2026:09:29:46 +0800] "www.cricutjoyshop.com" "GET /wp/wp-json/batch/v1 HTTP/1.1" 404 31546 "https://cricutjoyshop.com/wp/wp-admin/" "Mozilla/5.0 (Windows NT 10.0; Win64; x64) AppleWebKit/537.36 (KHTML, like Gecko) Chrome/120.0.0.0 Safari/537.36" "127.0.0.1,45.148.10.244" [0.001,1.432,1.435|1.435]Request_Body: "-"
172.71.183.129 - - [19/Sep/2026:09:29:48 +0800] "www.cricutjoyshop.com" "GET /blog/wp-json/batch/v1 HTTP/1.1" 404 31548 "https://cricutjoyshop.com/blog/wp-admin/" "Mozilla/5.0 (Windows NT 10.0; Win64; x64) AppleWebKit/537.36 (KHTML, like Gecko) Chrome/120.0.0.0 Safari/537.36" "127.0.0.1,45.148.10.244" [0.001,1.811,1.814|1.814]Request_Body: "-"
104.23.170.8 - - [19/Sep/2026:09:29:49 +0800] "cricutjoyshop.com" "POST /blog/wp-json/Batch/v1 HTTP/1.1" 301 166 "https://cricutjoyshop.com/blog/wp-admin/" "Mozilla/5.0 (Windows NT 10.0; Win64; x64) AppleWebKit/537.36 (KHTML, like Gecko) Chrome/120.0.0.0 Safari/537.36" "127.0.0.1,45.148.10.244" [-,-,-|0.000]Request_Body: "-"
104.23.170.8 - - [19/Sep/2026:09:29:51 +0800] "cricutjoyshop.com" "POST /wp/wp-json/Batch/v1 HTTP/1.1" 301 166 "https://cricutjoyshop.com/wp/wp-admin/" "Mozilla/5.0 (Windows NT 10.0; Win64; x64) AppleWebKit/537.36 (KHTML, like Gecko) Chrome/120.0.0.0 Safari/537.36" "127.0.0.1,45.148.10.244" [-,-,-|0.000]Request_Body: "-"
172.71.183.129 - - [19/Sep/2026:09:29:53 +0800] "www.cricutjoyshop.com" "GET /blog/wp-json/Batch/v1 HTTP/1.1" 404 31548 "https://cricutjoyshop.com/blog/wp-admin/" "Mozilla/5.0 (Windows NT 10.0; Win64; x64) AppleWebKit/537.36 (KHTML, like Gecko) Chrome/120.0.0.0 Safari/537.36" "127.0.0.1,45.148.10.244" [0.001,1.359,1.361|1.361]Request_Body: "-"
104.23.166.32 - - [19/Sep/2026:09:29:53 +0800] "www.cricutjoyshop.com" "GET /wp/wp-json/Batch/v1 HTTP/1.1" 404 31547 "https://cricutjoyshop.com/wp/wp-admin/" "Mozilla/5.0 (Windows NT 10.0; Win64; x64) AppleWebKit/537.36 (KHTML, like Gecko) Chrome/120.0.0.0 Safari/537.36" "127.0.0.1,45.148.10.244" [0.001,1.474,1.476|1.476]Request_Body: "-"
104.23.170.8 - - [19/Sep/2026:09:29:53 +0800] "cricutjoyshop.com" "POST /blog//wp-json/batch/v1 HTTP/1.1" 301 166 "https://cricutjoyshop.com/blog/wp-admin/" "Mozilla/5.0 (Windows NT 10.0; Win64; x64) AppleWebKit/537.36 (KHTML, like Gecko) Chrome/120.0.0.0 Safari/537.36" "127.0.0.1,45.148.10.244" [-,-,-|0.000]Request_Body: "-"
172.70.46.246 - - [19/Sep/2026:09:29:54 +0800] "cricutjoyshop.com" "POST /wp//wp-json/batch/v1 HTTP/1.1" 301 166 "https://cricutjoyshop.com/wp/wp-admin/" "Mozilla/5.0 (Windows NT 10.0; Win64; x64) AppleWebKit/537.36 (KHTML, like Gecko) Chrome/120.0.0.0 Safari/537.36" "127.0.0.1,45.148.10.244" [-,-,-|0.001]Request_Body: "-"
104.23.166.32 - - [19/Sep/2026:09:29:56 +0800] "www.cricutjoyshop.com" "GET /blog//wp-json/batch/v1 HTTP/1.1" 301 5 "https://cricutjoyshop.com/blog/wp-admin/" "Mozilla/5.0 (Windows NT 10.0; Win64; x64) AppleWebKit/537.36 (KHTML, like Gecko) Chrome/120.0.0.0 Safari/537.36" "127.0.0.1,45.148.10.244" [0.001,1.189,1.189|1.189]Request_Body: "-"
172.71.183.129 - - [19/Sep/2026:09:29:57 +0800] "www.cricutjoyshop.com" "GET /wp//wp-json/batch/v1 HTTP/1.1" 301 5 "https://cricutjoyshop.com/wp/wp-admin/" "Mozilla/5.0 (Windows NT 10.0; Win64; x64) AppleWebKit/537.36 (KHTML, like Gecko) Chrome/120.0.0.0 Safari/537.36" "127.0.0.1,45.148.10.244" [0.001,1.421,1.421|1.422]Request_Body: "-"
172.71.183.129 - - [19/Sep/2026:09:30:01 +0800] "www.cricutjoyshop.com" "GET /wp/wp-json/batch/v1 HTTP/1.1" 404 31546 "https://cricutjoyshop.com/wp/wp-admin/" "Mozilla/5.0 (Windows NT 10.0; Win64; x64) AppleWebKit/537.36 (KHTML, like Gecko) Chrome/120.0.0.0 Safari/537.36" "127.0.0.1,45.148.10.244" [0.001,1.492,1.500|1.499]Request_Body: "-"
104.23.166.32 - - [19/Sep/2026:09:30:01 +0800] "www.cricutjoyshop.com" "GET /blog/wp-json/batch/v1 HTTP/1.1" 404 31548 "https://cricutjoyshop.com/blog/wp-admin/" "Mozilla/5.0 (Windows NT 10.0; Win64; x64) AppleWebKit/537.36 (KHTML, like Gecko) Chrome/120.0.0.0 Safari/537.36" "127.0.0.1,45.148.10.244" [0.001,1.879,1.882|1.882]Request_Body: "-"
172.70.46.246 - - [19/Sep/2026:09:30:03 +0800] "cricutjoyshop.com" "POST /wp/wp-json/batch/v1/ HTTP/1.1" 301 166 "https://cricutjoyshop.com/wp/wp-admin/" "Mozilla/5.0 (Windows NT 10.0; Win64; x64) AppleWebKit/537.36 (KHTML, like Gecko) Chrome/120.0.0.0 Safari/537.36" "127.0.0.1,45.148.10.244" [-,-,-|0.000]Request_Body: "-"
172.70.46.246 - - [19/Sep/2026:09:30:04 +0800] "cricutjoyshop.com" "POST /blog/wp-json/batch/v1/ HTTP/1.1" 301 166 "https://cricutjoyshop.com/blog/wp-admin/" "Mozilla/5.0 (Windows NT 10.0; Win64; x64) AppleWebKit/537.36 (KHTML, like Gecko) Chrome/120.0.0.0 Safari/537.36" "127.0.0.1,45.148.10.244" [-,-,-|0.000]Request_Body: "-"
172.71.183.129 - - [19/Sep/2026:09:30:05 +0800] "www.cricutjoyshop.com" "GET /wp/wp-json/batch/v1/ HTTP/1.1" 404 31548 "https://cricutjoyshop.com/wp/wp-admin/" "Mozilla/5.0 (Windows NT 10.0; Win64; x64) AppleWebKit/537.36 (KHTML, like Gecko) Chrome/120.0.0.0 Safari/537.36" "127.0.0.1,45.148.10.244" [0.001,1.937,1.940|1.940]Request_Body: "-"
172.70.46.246 - - [19/Sep/2026:09:30:05 +0800] "cricutjoyshop.com" "POST /wp/blog/wp-json/batch/v1 HTTP/1.1" 301 166 "https://cricutjoyshop.com/wp/wp-admin/" "Mozilla/5.0 (Windows NT 10.0; Win64; x64) AppleWebKit/537.36 (KHTML, like Gecko) Chrome/120.0.0.0 Safari/537.36" "127.0.0.1,45.148.10.244" [-,-,-|0.000]Request_Body: "-"
104.23.166.32 - - [19/Sep/2026:09:30:06 +0800] "www.cricutjoyshop.com" "GET /blog/wp-json/batch/v1/ HTTP/1.1" 404 31550 "https://cricutjoyshop.com/blog/wp-admin/" "Mozilla/5.0 (Windows NT 10.0; Win64; x64) AppleWebKit/537.36 (KHTML, like Gecko) Chrome/120.0.0.0 Safari/537.36" "127.0.0.1,45.148.10.244" [0.001,2.039,2.042|2.043]Request_Body: "-"
172.70.46.246 - - [19/Sep/2026:09:30:07 +0800] "cricutjoyshop.com" "POST /blog/blog/wp-json/batch/v1 HTTP/1.1" 301 166 "https://cricutjoyshop.com/blog/wp-admin/" "Mozilla/5.0 (Windows NT 10.0; Win64; x64) AppleWebKit/537.36 (KHTML, like Gecko) Chrome/120.0.0.0 Safari/537.36" "127.0.0.1,45.148.10.244" [-,-,-|0.000]Request_Body: "-"
172.71.183.129 - - [19/Sep/2026:09:30:08 +0800] "www.cricutjoyshop.com" "GET /wp/blog/wp-json/batch/v1 HTTP/1.1" 404 31550 "https://cricutjoyshop.com/wp/wp-admin/" "Mozilla/5.0 (Windows NT 10.0; Win64; x64) AppleWebKit/537.36 (KHTML, like Gecko) Chrome/120.0.0.0 Safari/537.36" "127.0.0.1,45.148.10.244" [0.001,2.093,2.095|2.095]Request_Body: "-"
172.70.46.246 - - [19/Sep/2026:09:30:09 +0800] "cricutjoyshop.com" "POST /wp/index.php?rest_route=/batch/v1 HTTP/1.1" 301 166 "https://cricutjoyshop.com/wp/wp-admin/" "Mozilla/5.0 (Windows NT 10.0; Win64; x64) AppleWebKit/537.36 (KHTML, like Gecko) Chrome/120.0.0.0 Safari/537.36" "10.0.0.1,45.148.10.244" [-,-,-|0.001]Request_Body: "-"
104.23.166.32 - - [19/Sep/2026:09:30:09 +0800] "www.cricutjoyshop.com" "GET /blog/blog/wp-json/batch/v1 HTTP/1.1" 404 31550 "https://cricutjoyshop.com/blog/wp-admin/" "Mozilla/5.0 (Windows NT 10.0; Win64; x64) AppleWebKit/537.36 (KHTML, like Gecko) Chrome/120.0.0.0 Safari/537.36" "127.0.0.1,45.148.10.244" [0.001,1.424,1.432|1.432]Request_Body: "-"
104.23.170.8 - - [19/Sep/2026:09:30:14 +0800] "cricutjoyshop.com" "POST /wp/index.php?rest_route=%2Fbatch%2Fv1 HTTP/1.1" 301 166 "https://cricutjoyshop.com/wp/wp-admin/" "Mozilla/5.0 (Windows NT 10.0; Win64; x64) AppleWebKit/537.36 (KHTML, like Gecko) Chrome/120.0.0.0 Safari/537.36" "10.0.0.1,45.148.10.244" [-,-,-|0.000]Request_Body: "-"
172.71.183.129 - - [19/Sep/2026:09:30:15 +0800] "www.cricutjoyshop.com" "GET /wp/index.php?rest_route=%2Fbatch%2Fv1 HTTP/1.1" 403 552 "https://cricutjoyshop.com/wp/wp-admin/" "Mozilla/5.0 (Windows NT 10.0; Win64; x64) AppleWebKit/537.36 (KHTML, like Gecko) Chrome/120.0.0.0 Safari/537.36" "10.0.0.1,45.148.10.244" [-,-,-|0.000]Request_Body: "-"
104.23.170.8 - - [19/Sep/2026:09:30:15 +0800] "cricutjoyshop.com" "POST /wp/?rest_route=%2Fbatch%2Fv1 HTTP/1.1" 301 166 "https://cricutjoyshop.com/wp/wp-admin/" "Mozilla/5.0 (Windows NT 10.0; Win64; x64) AppleWebKit/537.36 (KHTML, like Gecko) Chrome/120.0.0.0 Safari/537.36" "10.0.0.1,45.148.10.244" [-,-,-|0.001]Request_Body: "-"
172.69.176.111 - - [19/Sep/2026:09:30:15 +0800] "cricutjoyshop.com" "POST /wp-login.php HTTP/1.1" 301 166 "https://cricutjoyshop.com/wp-login.php" "Mozilla/5.0 (Windows NT 10.0; Win64; x64) AppleWebKit/537.36 (KHTML, like Gecko) Chrome/124.0.0.0 Safari/537.36" "2407:1c00:6101:65f0::" [-,-,-|0.000]Request_Body: "-"
104.23.170.8 - - [19/Sep/2026:09:30:15 +0800] "cricutjoyshop.com" "POST /blog/index.php?rest_route=/batch/v1 HTTP/1.1" 301 166 "https://cricutjoyshop.com/blog/wp-admin/" "Mozilla/5.0 (Windows NT 10.0; Win64; x64) AppleWebKit/537.36 (KHTML, like Gecko) Chrome/120.0.0.0 Safari/537.36" "10.0.0.1,45.148.10.244" [-,-,-|0.000]Request_Body: "-"
172.71.183.129 - - [19/Sep/2026:09:30:17 +0800] "www.cricutjoyshop.com" "GET /wp/?rest_route=%2Fbatch%2Fv1 HTTP/1.1" 404 125 "https://cricutjoyshop.com/wp/wp-admin/" "Mozilla/5.0 (Windows NT 10.0; Win64; x64) AppleWebKit/537.36 (KHTML, like Gecko) Chrome/120.0.0.0 Safari/537.36" "10.0.0.1,45.148.10.244" [0.001,1.522,1.522|1.522]Request_Body: "-"
172.71.183.129 - - [19/Sep/2026:09:30:18 +0800] "www.cricutjoyshop.com" "GET /blog/index.php?rest_route=/batch/v1 HTTP/1.1" 403 552 "https://cricutjoyshop.com/blog/wp-admin/" "Mozilla/5.0 (Windows NT 10.0; Win64; x64) AppleWebKit/537.36 (KHTML, like Gecko) Chrome/120.0.0.0 Safari/537.36" "10.0.0.1,45.148.10.244" [-,-,-|0.000]Request_Body: "-"
104.23.170.8 - - [19/Sep/2026:09:30:18 +0800] "cricutjoyshop.com" "POST /wp/?rest_route=/batch%2Fv1 HTTP/1.1" 301 166 "https://cricutjoyshop.com/wp/wp-admin/" "Mozilla/5.0 (Windows NT 10.0; Win64; x64) AppleWebKit/537.36 (KHTML, like Gecko) Chrome/120.0.0.0 Safari/537.36" "10.0.0.1,45.148.10.244" [-,-,-|0.000]Request_Body: "-"
