141.101.98.172 - - [19/Sep/2026:22:37:46 +0800] "emannuele.com" "POST /blog/wp-json/Batch/v1 HTTP/1.1" 301 166 "-" "Mozilla/5.0 (Windows NT 10.0; Win64; x64) AppleWebKit/537.36 (KHTML, like Gecko) Chrome/120.0.0.0 Safari/537.36" "195.178.110.72" [-,-,-|0.000]Request_Body: "-"
172.71.103.86 - - [19/Sep/2026:22:37:49 +0800] "www.emannuele.com" "GET /blog/wp-json/Batch/v1 HTTP/1.1" 404 28270 "http://www.emannuele.com/blog/wp-json/Batch/v1" "Mozilla/5.0 (Windows NT 10.0; Win64; x64) AppleWebKit/537.36 (KHTML, like Gecko) Chrome/120.0.0.0 Safari/537.36" "195.178.110.72" [0.001,2.420,2.422|2.422]Request_Body: "-"
172.71.183.144 - - [19/Sep/2026:22:37:51 +0800] "emannuele.com" "POST /blog//wp-json/batch/v1 HTTP/1.1" 301 166 "-" "Mozilla/5.0 (Windows NT 10.0; Win64; x64) AppleWebKit/537.36 (KHTML, like Gecko) Chrome/120.0.0.0 Safari/537.36" "195.178.110.72" [-,-,-|0.000]Request_Body: "-"
172.71.99.212 - - [19/Sep/2026:22:37:52 +0800] "emannuele.com" "POST /wp/wp-json/Batch/v1 HTTP/1.1" 301 166 "-" "Mozilla/5.0 (Windows NT 10.0; Win64; x64) AppleWebKit/537.36 (KHTML, like Gecko) Chrome/120.0.0.0 Safari/537.36" "195.178.110.72" [-,-,-|0.000]Request_Body: "-"
104.23.170.195 - - [19/Sep/2026:22:37:54 +0800] "www.emannuele.com" "GET /blog//wp-json/batch/v1 HTTP/1.1" 301 5 "http://www.emannuele.com/blog//wp-json/batch/v1" "Mozilla/5.0 (Windows NT 10.0; Win64; x64) AppleWebKit/537.36 (KHTML, like Gecko) Chrome/120.0.0.0 Safari/537.36" "195.178.110.72" [0.001,1.933,1.933|1.933]Request_Body: "-"
172.71.103.86 - - [19/Sep/2026:22:37:54 +0800] "www.emannuele.com" "GET /wp/wp-json/Batch/v1 HTTP/1.1" 404 28266 "http://www.emannuele.com/wp/wp-json/Batch/v1" "Mozilla/5.0 (Windows NT 10.0; Win64; x64) AppleWebKit/537.36 (KHTML, like Gecko) Chrome/120.0.0.0 Safari/537.36" "195.178.110.72" [0.000,2.134,2.137|2.137]Request_Body: "-"
104.23.170.195 - - [19/Sep/2026:22:37:58 +0800] "www.emannuele.com" "GET /blog/wp-json/batch/v1 HTTP/1.1" 404 28273 "https://www.emannuele.com/blog//wp-json/batch/v1" "Mozilla/5.0 (Windows NT 10.0; Win64; x64) AppleWebKit/537.36 (KHTML, like Gecko) Chrome/120.0.0.0 Safari/537.36" "195.178.110.72" [0.001,2.013,2.015|2.015]Request_Body: "-"
141.101.98.172 - - [19/Sep/2026:22:37:58 +0800] "emannuele.com" "POST /blog/wp-json/batch/v1/ HTTP/1.1" 301 166 "-" "Mozilla/5.0 (Windows NT 10.0; Win64; x64) AppleWebKit/537.36 (KHTML, like Gecko) Chrome/120.0.0.0 Safari/537.36" "195.178.110.72" [-,-,-|0.000]Request_Body: "-"
141.101.98.172 - - [19/Sep/2026:22:37:59 +0800] "emannuele.com" "POST /wp//wp-json/batch/v1 HTTP/1.1" 301 166 "-" "Mozilla/5.0 (Windows NT 10.0; Win64; x64) AppleWebKit/537.36 (KHTML, like Gecko) Chrome/120.0.0.0 Safari/537.36" "195.178.110.72" [-,-,-|0.000]Request_Body: "-"
104.23.170.195 - - [19/Sep/2026:22:38:00 +0800] "www.emannuele.com" "GET /blog/wp-json/batch/v1/ HTTP/1.1" 404 28275 "http://www.emannuele.com/blog/wp-json/batch/v1/" "Mozilla/5.0 (Windows NT 10.0; Win64; x64) AppleWebKit/537.36 (KHTML, like Gecko) Chrome/120.0.0.0 Safari/537.36" "195.178.110.72" [0.000,1.547,1.550|1.550]Request_Body: "-"
172.71.103.86 - - [19/Sep/2026:22:38:02 +0800] "www.emannuele.com" "GET /wp//wp-json/batch/v1 HTTP/1.1" 301 5 "http://www.emannuele.com/wp//wp-json/batch/v1" "Mozilla/5.0 (Windows NT 10.0; Win64; x64) AppleWebKit/537.36 (KHTML, like Gecko) Chrome/120.0.0.0 Safari/537.36" "195.178.110.72" [0.001,1.870,1.870|1.869]Request_Body: "-"
141.101.98.172 - - [19/Sep/2026:22:38:03 +0800] "emannuele.com" "POST /blog/blog/wp-json/batch/v1 HTTP/1.1" 301 166 "-" "Mozilla/5.0 (Windows NT 10.0; Win64; x64) AppleWebKit/537.36 (KHTML, like Gecko) Chrome/120.0.0.0 Safari/537.36" "195.178.110.72" [-,-,-|0.000]Request_Body: "-"
172.71.103.86 - - [19/Sep/2026:22:38:04 +0800] "www.emannuele.com" "GET /wp/wp-json/batch/v1 HTTP/1.1" 404 28269 "https://www.emannuele.com/wp//wp-json/batch/v1" "Mozilla/5.0 (Windows NT 10.0; Win64; x64) AppleWebKit/537.36 (KHTML, like Gecko) Chrome/120.0.0.0 Safari/537.36" "195.178.110.72" [0.001,1.902,1.904|1.904]Request_Body: "-"
141.101.98.172 - - [19/Sep/2026:22:38:04 +0800] "emannuele.com" "POST /wp/wp-json/batch/v1/ HTTP/1.1" 301 166 "-" "Mozilla/5.0 (Windows NT 10.0; Win64; x64) AppleWebKit/537.36 (KHTML, like Gecko) Chrome/120.0.0.0 Safari/537.36" "195.178.110.72" [-,-,-|0.000]Request_Body: "-"
104.23.170.195 - - [19/Sep/2026:22:38:05 +0800] "www.emannuele.com" "GET /blog/blog/wp-json/batch/v1 HTTP/1.1" 404 28275 "http://www.emannuele.com/blog/blog/wp-json/batch/v1" "Mozilla/5.0 (Windows NT 10.0; Win64; x64) AppleWebKit/537.36 (KHTML, like Gecko) Chrome/120.0.0.0 Safari/537.36" "195.178.110.72" [0.001,1.732,1.735|1.735]Request_Body: "-"
172.71.103.86 - - [19/Sep/2026:22:38:07 +0800] "www.emannuele.com" "GET /wp/wp-json/batch/v1/ HTTP/1.1" 404 28271 "http://www.emannuele.com/wp/wp-json/batch/v1/" "Mozilla/5.0 (Windows NT 10.0; Win64; x64) AppleWebKit/537.36 (KHTML, like Gecko) Chrome/120.0.0.0 Safari/537.36" "195.178.110.72" [0.001,1.902,1.905|1.905]Request_Body: "-"
141.101.98.172 - - [19/Sep/2026:22:38:07 +0800] "emannuele.com" "POST /blog/index.php?rest_route=/batch/v1 HTTP/1.1" 301 166 "https://emannuele.com/blog/wp-admin/" "Mozilla/5.0 (Windows NT 10.0; Win64; x64) AppleWebKit/537.36 (KHTML, like Gecko) Chrome/120.0.0.0 Safari/537.36" "127.0.0.1,195.178.110.72" [-,-,-|0.000]Request_Body: "-"
104.23.170.195 - - [19/Sep/2026:22:38:07 +0800] "www.emannuele.com" "GET /blog/index.php?rest_route=/batch/v1 HTTP/1.1" 403 552 "https://emannuele.com/blog/wp-admin/" "Mozilla/5.0 (Windows NT 10.0; Win64; x64) AppleWebKit/537.36 (KHTML, like Gecko) Chrome/120.0.0.0 Safari/537.36" "127.0.0.1,195.178.110.72" [-,-,-|0.000]Request_Body: "-"
141.101.98.172 - - [19/Sep/2026:22:38:08 +0800] "emannuele.com" "POST /blog/index.php?rest_route=%2Fbatch%2Fv1 HTTP/1.1" 301 166 "https://emannuele.com/blog/wp-admin/" "Mozilla/5.0 (Windows NT 10.0; Win64; x64) AppleWebKit/537.36 (KHTML, like Gecko) Chrome/120.0.0.0 Safari/537.36" "127.0.0.1,195.178.110.72" [-,-,-|0.000]Request_Body: "-"
104.23.170.195 - - [19/Sep/2026:22:38:08 +0800] "www.emannuele.com" "GET /blog/index.php?rest_route=%2Fbatch%2Fv1 HTTP/1.1" 403 552 "https://emannuele.com/blog/wp-admin/" "Mozilla/5.0 (Windows NT 10.0; Win64; x64) AppleWebKit/537.36 (KHTML, like Gecko) Chrome/120.0.0.0 Safari/537.36" "127.0.0.1,195.178.110.72" [-,-,-|0.000]Request_Body: "-"
141.101.98.172 - - [19/Sep/2026:22:38:08 +0800] "emannuele.com" "POST /blog/?rest_route=%2Fbatch%2Fv1 HTTP/1.1" 301 166 "https://emannuele.com/blog/wp-admin/" "Mozilla/5.0 (Windows NT 10.0; Win64; x64) AppleWebKit/537.36 (KHTML, like Gecko) Chrome/120.0.0.0 Safari/537.36" "127.0.0.1,195.178.110.72" [-,-,-|0.000]Request_Body: "-"
104.23.170.195 - - [19/Sep/2026:22:38:10 +0800] "www.emannuele.com" "GET /blog/?rest_route=%2Fbatch%2Fv1 HTTP/1.1" 404 125 "https://emannuele.com/blog/wp-admin/" "Mozilla/5.0 (Windows NT 10.0; Win64; x64) AppleWebKit/537.36 (KHTML, like Gecko) Chrome/120.0.0.0 Safari/537.36" "127.0.0.1,195.178.110.72" [0.001,1.800,1.800|1.800]Request_Body: "-"
141.101.98.172 - - [19/Sep/2026:22:38:10 +0800] "emannuele.com" "POST /blog/?rest_route=/batch%2Fv1 HTTP/1.1" 301 166 "https://emannuele.com/blog/wp-admin/" "Mozilla/5.0 (Windows NT 10.0; Win64; x64) AppleWebKit/537.36 (KHTML, like Gecko) Chrome/120.0.0.0 Safari/537.36" "127.0.0.1,195.178.110.72" [-,-,-|0.000]Request_Body: "-"
104.23.170.195 - - [19/Sep/2026:22:38:12 +0800] "www.emannuele.com" "GET /blog/?rest_route=/batch%2Fv1 HTTP/1.1" 404 125 "https://emannuele.com/blog/wp-admin/" "Mozilla/5.0 (Windows NT 10.0; Win64; x64) AppleWebKit/537.36 (KHTML, like Gecko) Chrome/120.0.0.0 Safari/537.36" "127.0.0.1,195.178.110.72" [0.001,1.741,1.741|1.741]Request_Body: "-"
141.101.98.172 - - [19/Sep/2026:22:38:12 +0800] "emannuele.com" "POST /blog/?rest_route=/batch/v1 HTTP/1.1" 301 166 "https://emannuele.com/blog/wp-admin/" "Mozilla/5.0 (Windows NT 10.0; Win64; x64) AppleWebKit/537.36 (KHTML, like Gecko) Chrome/120.0.0.0 Safari/537.36" "127.0.0.1,195.178.110.72" [-,-,-|0.001]Request_Body: "-"
141.101.98.172 - - [19/Sep/2026:22:38:14 +0800] "emannuele.com" "POST /wp/blog/wp-json/batch/v1 HTTP/1.1" 301 166 "-" "Mozilla/5.0 (Windows NT 10.0; Win64; x64) AppleWebKit/537.36 (KHTML, like Gecko) Chrome/120.0.0.0 Safari/537.36" "195.178.110.72" [-,-,-|0.000]Request_Body: "-"
104.23.170.195 - - [19/Sep/2026:22:38:14 +0800] "www.emannuele.com" "GET /blog/?rest_route=/batch/v1 HTTP/1.1" 404 125 "https://emannuele.com/blog/wp-admin/" "Mozilla/5.0 (Windows NT 10.0; Win64; x64) AppleWebKit/537.36 (KHTML, like Gecko) Chrome/120.0.0.0 Safari/537.36" "127.0.0.1,195.178.110.72" [0.001,1.892,1.892|1.892]Request_Body: "-"
141.101.98.172 - - [19/Sep/2026:22:38:15 +0800] "emannuele.com" "POST /blog/wp-json/batch/v1 HTTP/1.1" 301 166 "https://emannuele.com/blog/wp-admin/" "Mozilla/5.0 (Windows NT 10.0; Win64; x64) AppleWebKit/537.36 (KHTML, like Gecko) Chrome/120.0.0.0 Safari/537.36" "127.0.0.1,195.178.110.72" [-,-,-|0.000]Request_Body: "-"
172.71.103.86 - - [19/Sep/2026:22:38:16 +0800] "www.emannuele.com" "GET /wp/blog/wp-json/batch/v1 HTTP/1.1" 404 28276 "http://www.emannuele.com/wp/blog/wp-json/batch/v1" "Mozilla/5.0 (Windows NT 10.0; Win64; x64) AppleWebKit/537.36 (KHTML, like Gecko) Chrome/120.0.0.0 Safari/537.36" "195.178.110.72" [0.000,2.142,2.145|2.145]Request_Body: "-"
104.23.170.195 - - [19/Sep/2026:22:38:18 +0800] "www.emannuele.com" "GET /blog/wp-json/batch/v1 HTTP/1.1" 404 28273 "https://emannuele.com/blog/wp-admin/" "Mozilla/5.0 (Windows NT 10.0; Win64; x64) AppleWebKit/537.36 (KHTML, like Gecko) Chrome/120.0.0.0 Safari/537.36" "127.0.0.1,195.178.110.72" [0.001,1.741,1.744|1.744]Request_Body: "-"
141.101.98.172 - - [19/Sep/2026:22:38:22 +0800] "emannuele.com" "POST /wp/index.php?rest_route=/batch/v1 HTTP/1.1" 301 166 "https://emannuele.com/wp/wp-admin/" "Mozilla/5.0 (Windows NT 10.0; Win64; x64) AppleWebKit/537.36 (KHTML, like Gecko) Chrome/120.0.0.0 Safari/537.36" "127.0.0.1,195.178.110.72" [-,-,-|0.000]Request_Body: "-"
172.71.103.86 - - [19/Sep/2026:22:38:22 +0800] "www.emannuele.com" "GET /wp/index.php?rest_route=/batch/v1 HTTP/1.1" 403 552 "https://emannuele.com/wp/wp-admin/" "Mozilla/5.0 (Windows NT 10.0; Win64; x64) AppleWebKit/537.36 (KHTML, like Gecko) Chrome/120.0.0.0 Safari/537.36" "127.0.0.1,195.178.110.72" [-,-,-|0.000]Request_Body: "-"
141.101.98.172 - - [19/Sep/2026:22:38:22 +0800] "emannuele.com" "POST /wp/index.php?rest_route=%2Fbatch%2Fv1 HTTP/1.1" 301 166 "https://emannuele.com/wp/wp-admin/" "Mozilla/5.0 (Windows NT 10.0; Win64; x64) AppleWebKit/537.36 (KHTML, like Gecko) Chrome/120.0.0.0 Safari/537.36" "127.0.0.1,195.178.110.72" [-,-,-|0.000]Request_Body: "-"
104.23.170.195 - - [19/Sep/2026:22:38:26 +0800] "www.emannuele.com" "GET /wp/index.php?rest_route=%2Fbatch%2Fv1 HTTP/1.1" 403 552 "https://emannuele.com/wp/wp-admin/" "Mozilla/5.0 (Windows NT 10.0; Win64; x64) AppleWebKit/537.36 (KHTML, like Gecko) Chrome/120.0.0.0 Safari/537.36" "127.0.0.1,195.178.110.72" [-,-,-|0.000]Request_Body: "-"
141.101.98.172 - - [19/Sep/2026:22:38:26 +0800] "emannuele.com" "POST /blog/wp-json/Batch/v1 HTTP/1.1" 301 166 "https://emannuele.com/blog/wp-admin/" "Mozilla/5.0 (Windows NT 10.0; Win64; x64) AppleWebKit/537.36 (KHTML, like Gecko) Chrome/120.0.0.0 Safari/537.36" "127.0.0.1,195.178.110.72" [-,-,-|0.001]Request_Body: "-"
141.101.98.172 - - [19/Sep/2026:22:38:26 +0800] "emannuele.com" "POST /wp/?rest_route=%2Fbatch%2Fv1 HTTP/1.1" 301 166 "https://emannuele.com/wp/wp-admin/" "Mozilla/5.0 (Windows NT 10.0; Win64; x64) AppleWebKit/537.36 (KHTML, like Gecko) Chrome/120.0.0.0 Safari/537.36" "127.0.0.1,195.178.110.72" [-,-,-|0.000]Request_Body: "-"
104.23.170.195 - - [19/Sep/2026:22:38:28 +0800] "www.emannuele.com" "GET /blog/wp-json/Batch/v1 HTTP/1.1" 404 28270 "https://emannuele.com/blog/wp-admin/" "Mozilla/5.0 (Windows NT 10.0; Win64; x64) AppleWebKit/537.36 (KHTML, like Gecko) Chrome/120.0.0.0 Safari/537.36" "127.0.0.1,195.178.110.72" [0.001,1.890,1.893|1.893]Request_Body: "-"
172.71.103.86 - - [19/Sep/2026:22:38:29 +0800] "www.emannuele.com" "GET /wp/?rest_route=%2Fbatch%2Fv1 HTTP/1.1" 404 125 "https://emannuele.com/wp/wp-admin/" "Mozilla/5.0 (Windows NT 10.0; Win64; x64) AppleWebKit/537.36 (KHTML, like Gecko) Chrome/120.0.0.0 Safari/537.36" "127.0.0.1,195.178.110.72" [0.001,2.029,2.029|2.028]Request_Body: "-"
141.101.98.172 - - [19/Sep/2026:22:38:34 +0800] "emannuele.com" "POST /wp/?rest_route=/batch%2Fv1 HTTP/1.1" 301 166 "https://emannuele.com/wp/wp-admin/" "Mozilla/5.0 (Windows NT 10.0; Win64; x64) AppleWebKit/537.36 (KHTML, like Gecko) Chrome/120.0.0.0 Safari/537.36" "127.0.0.1,195.178.110.72" [-,-,-|0.000]Request_Body: "-"
172.71.103.86 - - [19/Sep/2026:22:38:36 +0800] "www.emannuele.com" "GET /wp/?rest_route=/batch%2Fv1 HTTP/1.1" 404 125 "https://emannuele.com/wp/wp-admin/" "Mozilla/5.0 (Windows NT 10.0; Win64; x64) AppleWebKit/537.36 (KHTML, like Gecko) Chrome/120.0.0.0 Safari/537.36" "127.0.0.1,195.178.110.72" [0.001,2.333,2.333|2.334]Request_Body: "-"
141.101.98.172 - - [19/Sep/2026:22:38:36 +0800] "emannuele.com" "POST /wp/?rest_route=/batch/v1 HTTP/1.1" 301 166 "https://emannuele.com/wp/wp-admin/" "Mozilla/5.0 (Windows NT 10.0; Win64; x64) AppleWebKit/537.36 (KHTML, like Gecko) Chrome/120.0.0.0 Safari/537.36" "127.0.0.1,195.178.110.72" [-,-,-|0.000]Request_Body: "-"
141.101.98.172 - - [19/Sep/2026:22:38:38 +0800] "emannuele.com" "POST /blog//wp-json/batch/v1 HTTP/1.1" 301 166 "https://emannuele.com/blog/wp-admin/" "Mozilla/5.0 (Windows NT 10.0; Win64; x64) AppleWebKit/537.36 (KHTML, like Gecko) Chrome/120.0.0.0 Safari/537.36" "127.0.0.1,195.178.110.72" [-,-,-|0.000]Request_Body: "-"
172.71.103.86 - - [19/Sep/2026:22:38:40 +0800] "www.emannuele.com" "GET /wp/?rest_route=/batch/v1 HTTP/1.1" 404 125 "https://emannuele.com/wp/wp-admin/" "Mozilla/5.0 (Windows NT 10.0; Win64; x64) AppleWebKit/537.36 (KHTML, like Gecko) Chrome/120.0.0.0 Safari/537.36" "127.0.0.1,195.178.110.72" [0.001,3.175,3.175|3.175]Request_Body: "-"
141.101.98.172 - - [19/Sep/2026:22:38:40 +0800] "emannuele.com" "POST /wp/wp-json/batch/v1 HTTP/1.1" 301 166 "https://emannuele.com/wp/wp-admin/" "Mozilla/5.0 (Windows NT 10.0; Win64; x64) AppleWebKit/537.36 (KHTML, like Gecko) Chrome/120.0.0.0 Safari/537.36" "127.0.0.1,195.178.110.72" [-,-,-|0.000]Request_Body: "-"
104.23.170.195 - - [19/Sep/2026:22:38:40 +0800] "www.emannuele.com" "GET /blog//wp-json/batch/v1 HTTP/1.1" 301 5 "https://emannuele.com/blog/wp-admin/" "Mozilla/5.0 (Windows NT 10.0; Win64; x64) AppleWebKit/537.36 (KHTML, like Gecko) Chrome/120.0.0.0 Safari/537.36" "127.0.0.1,195.178.110.72" [0.000,1.976,1.977|1.977]Request_Body: "-"
104.23.170.195 - - [19/Sep/2026:22:38:42 +0800] "www.emannuele.com" "GET /blog/wp-json/batch/v1 HTTP/1.1" 404 28273 "https://emannuele.com/blog/wp-admin/" "Mozilla/5.0 (Windows NT 10.0; Win64; x64) AppleWebKit/537.36 (KHTML, like Gecko) Chrome/120.0.0.0 Safari/537.36" "127.0.0.1,195.178.110.72" [0.001,1.987,1.990|1.990]Request_Body: "-"
172.71.103.86 - - [19/Sep/2026:22:38:42 +0800] "www.emannuele.com" "GET /wp/wp-json/batch/v1 HTTP/1.1" 404 28269 "https://emannuele.com/wp/wp-admin/" "Mozilla/5.0 (Windows NT 10.0; Win64; x64) AppleWebKit/537.36 (KHTML, like Gecko) Chrome/120.0.0.0 Safari/537.36" "127.0.0.1,195.178.110.72" [0.001,2.028,2.031|2.031]Request_Body: "-"
141.101.98.172 - - [19/Sep/2026:22:38:43 +0800] "emannuele.com" "POST /blog/wp-json/batch/v1/ HTTP/1.1" 301 166 "https://emannuele.com/blog/wp-admin/" "Mozilla/5.0 (Windows NT 10.0; Win64; x64) AppleWebKit/537.36 (KHTML, like Gecko) Chrome/120.0.0.0 Safari/537.36" "127.0.0.1,195.178.110.72" [-,-,-|0.001]Request_Body: "-"
104.23.170.195 - - [19/Sep/2026:22:38:45 +0800] "www.emannuele.com" "GET /blog/wp-json/batch/v1/ HTTP/1.1" 404 28275 "https://emannuele.com/blog/wp-admin/" "Mozilla/5.0 (Windows NT 10.0; Win64; x64) AppleWebKit/537.36 (KHTML, like Gecko) Chrome/120.0.0.0 Safari/537.36" "127.0.0.1,195.178.110.72" [0.000,1.963,1.966|1.966]Request_Body: "-"
141.101.98.172 - - [19/Sep/2026:22:38:45 +0800] "emannuele.com" "POST /blog/blog/wp-json/batch/v1 HTTP/1.1" 301 166 "https://emannuele.com/blog/wp-admin/" "Mozilla/5.0 (Windows NT 10.0; Win64; x64) AppleWebKit/537.36 (KHTML, like Gecko) Chrome/120.0.0.0 Safari/537.36" "127.0.0.1,195.178.110.72" [-,-,-|0.000]Request_Body: "-"
104.23.170.195 - - [19/Sep/2026:22:38:48 +0800] "www.emannuele.com" "GET /blog/blog/wp-json/batch/v1 HTTP/1.1" 404 28275 "https://emannuele.com/blog/wp-admin/" "Mozilla/5.0 (Windows NT 10.0; Win64; x64) AppleWebKit/537.36 (KHTML, like Gecko) Chrome/120.0.0.0 Safari/537.36" "127.0.0.1,195.178.110.72" [0.001,2.491,2.494|2.494]Request_Body: "-"
141.101.98.172 - - [19/Sep/2026:22:38:48 +0800] "emannuele.com" "POST /blog/index.php?rest_route=/batch/v1 HTTP/1.1" 301 166 "https://emannuele.com/blog/wp-admin/" "Mozilla/5.0 (Windows NT 10.0; Win64; x64) AppleWebKit/537.36 (KHTML, like Gecko) Chrome/120.0.0.0 Safari/537.36" "10.0.0.1,195.178.110.72" [-,-,-|0.000]Request_Body: "-"
104.23.170.195 - - [19/Sep/2026:22:38:48 +0800] "www.emannuele.com" "GET /blog/index.php?rest_route=/batch/v1 HTTP/1.1" 403 552 "https://emannuele.com/blog/wp-admin/" "Mozilla/5.0 (Windows NT 10.0; Win64; x64) AppleWebKit/537.36 (KHTML, like Gecko) Chrome/120.0.0.0 Safari/537.36" "10.0.0.1,195.178.110.72" [-,-,-|0.000]Request_Body: "-"
141.101.98.172 - - [19/Sep/2026:22:38:49 +0800] "emannuele.com" "POST /blog/index.php?rest_route=%2Fbatch%2Fv1 HTTP/1.1" 301 166 "https://emannuele.com/blog/wp-admin/" "Mozilla/5.0 (Windows NT 10.0; Win64; x64) AppleWebKit/537.36 (KHTML, like Gecko) Chrome/120.0.0.0 Safari/537.36" "10.0.0.1,195.178.110.72" [-,-,-|0.001]Request_Body: "-"
141.101.98.172 - - [19/Sep/2026:22:38:50 +0800] "emannuele.com" "POST /wp/wp-json/Batch/v1 HTTP/1.1" 301 166 "https://emannuele.com/wp/wp-admin/" "Mozilla/5.0 (Windows NT 10.0; Win64; x64) AppleWebKit/537.36 (KHTML, like Gecko) Chrome/120.0.0.0 Safari/537.36" "127.0.0.1,195.178.110.72" [-,-,-|0.000]Request_Body: "-"
172.71.103.86 - - [19/Sep/2026:22:38:50 +0800] "www.emannuele.com" "GET /blog/index.php?rest_route=%2Fbatch%2Fv1 HTTP/1.1" 403 552 "https://emannuele.com/blog/wp-admin/" "Mozilla/5.0 (Windows NT 10.0; Win64; x64) AppleWebKit/537.36 (KHTML, like Gecko) Chrome/120.0.0.0 Safari/537.36" "10.0.0.1,195.178.110.72" [-,-,-|0.000]Request_Body: "-"
141.101.98.172 - - [19/Sep/2026:22:38:50 +0800] "emannuele.com" "POST /blog/?rest_route=%2Fbatch%2Fv1 HTTP/1.1" 301 166 "https://emannuele.com/blog/wp-admin/" "Mozilla/5.0 (Windows NT 10.0; Win64; x64) AppleWebKit/537.36 (KHTML, like Gecko) Chrome/120.0.0.0 Safari/537.36" "10.0.0.1,195.178.110.72" [-,-,-|0.000]Request_Body: "-"
172.71.103.86 - - [19/Sep/2026:22:38:52 +0800] "www.emannuele.com" "GET /wp/wp-json/Batch/v1 HTTP/1.1" 404 28266 "https://emannuele.com/wp/wp-admin/" "Mozilla/5.0 (Windows NT 10.0; Win64; x64) AppleWebKit/537.36 (KHTML, like Gecko) Chrome/120.0.0.0 Safari/537.36" "127.0.0.1,195.178.110.72" [0.001,1.975,1.978|1.978]Request_Body: "-"
104.23.170.195 - - [19/Sep/2026:22:38:53 +0800] "www.emannuele.com" "GET /blog/?rest_route=%2Fbatch%2Fv1 HTTP/1.1" 404 125 "https://emannuele.com/blog/wp-admin/" "Mozilla/5.0 (Windows NT 10.0; Win64; x64) AppleWebKit/537.36 (KHTML, like Gecko) Chrome/120.0.0.0 Safari/537.36" "10.0.0.1,195.178.110.72" [0.000,2.071,2.071|2.071]Request_Body: "-"
141.101.98.172 - - [19/Sep/2026:22:38:54 +0800] "emannuele.com" "POST /blog/?rest_route=/batch%2Fv1 HTTP/1.1" 301 166 "https://emannuele.com/blog/wp-admin/" "Mozilla/5.0 (Windows NT 10.0; Win64; x64) AppleWebKit/537.36 (KHTML, like Gecko) Chrome/120.0.0.0 Safari/537.36" "10.0.0.1,195.178.110.72" [-,-,-|0.000]Request_Body: "-"
104.23.170.195 - - [19/Sep/2026:22:38:56 +0800] "www.emannuele.com" "GET /blog/?rest_route=/batch%2Fv1 HTTP/1.1" 404 125 "https://emannuele.com/blog/wp-admin/" "Mozilla/5.0 (Windows NT 10.0; Win64; x64) AppleWebKit/537.36 (KHTML, like Gecko) Chrome/120.0.0.0 Safari/537.36" "10.0.0.1,195.178.110.72" [0.000,1.894,1.894|1.894]Request_Body: "-"
141.101.98.172 - - [19/Sep/2026:22:39:01 +0800] "emannuele.com" "POST /blog/?rest_route=/batch/v1 HTTP/1.1" 301 166 "https://emannuele.com/blog/wp-admin/" "Mozilla/5.0 (Windows NT 10.0; Win64; x64) AppleWebKit/537.36 (KHTML, like Gecko) Chrome/120.0.0.0 Safari/537.36" "10.0.0.1,195.178.110.72" [-,-,-|0.000]Request_Body: "-"
172.70.162.87 - - [19/Sep/2026:22:39:01 +0800] "emannuele.com" "POST /wp//wp-json/batch/v1 HTTP/1.1" 301 166 "https://emannuele.com/wp/wp-admin/" "Mozilla/5.0 (Windows NT 10.0; Win64; x64) AppleWebKit/537.36 (KHTML, like Gecko) Chrome/120.0.0.0 Safari/537.36" "127.0.0.1,195.178.110.72" [-,-,-|0.000]Request_Body: "-"
172.71.103.86 - - [19/Sep/2026:22:39:04 +0800] "www.emannuele.com" "GET /blog/?rest_route=/batch/v1 HTTP/1.1" 404 125 "https://emannuele.com/blog/wp-admin/" "Mozilla/5.0 (Windows NT 10.0; Win64; x64) AppleWebKit/537.36 (KHTML, like Gecko) Chrome/120.0.0.0 Safari/537.36" "10.0.0.1,195.178.110.72" [0.001,2.003,2.003|2.003]Request_Body: "-"
104.23.170.195 - - [19/Sep/2026:22:39:04 +0800] "www.emannuele.com" "GET /wp//wp-json/batch/v1 HTTP/1.1" 301 5 "https://emannuele.com/wp/wp-admin/" "Mozilla/5.0 (Windows NT 10.0; Win64; x64) AppleWebKit/537.36 (KHTML, like Gecko) Chrome/120.0.0.0 Safari/537.36" "127.0.0.1,195.178.110.72" [0.000,1.751,1.751|1.751]Request_Body: "-"
172.70.162.190 - - [19/Sep/2026:22:39:06 +0800] "emannuele.com" "POST /blog/wp-json/batch/v1 HTTP/1.1" 301 166 "https://emannuele.com/blog/wp-admin/" "Mozilla/5.0 (Windows NT 10.0; Win64; x64) AppleWebKit/537.36 (KHTML, like Gecko) Chrome/120.0.0.0 Safari/537.36" "10.0.0.1,195.178.110.72" [-,-,-|0.000]Request_Body: "-"
172.71.103.86 - - [19/Sep/2026:22:39:08 +0800] "www.emannuele.com" "GET /blog/wp-json/batch/v1 HTTP/1.1" 404 28273 "https://emannuele.com/blog/wp-admin/" "Mozilla/5.0 (Windows NT 10.0; Win64; x64) AppleWebKit/537.36 (KHTML, like Gecko) Chrome/120.0.0.0 Safari/537.36" "10.0.0.1,195.178.110.72" [0.001,1.552,1.558|1.558]Request_Body: "-"
104.23.170.195 - - [19/Sep/2026:22:39:08 +0800] "www.emannuele.com" "GET /wp/wp-json/batch/v1 HTTP/1.1" 404 28269 "https://emannuele.com/wp/wp-admin/" "Mozilla/5.0 (Windows NT 10.0; Win64; x64) AppleWebKit/537.36 (KHTML, like Gecko) Chrome/120.0.0.0 Safari/537.36" "127.0.0.1,195.178.110.72" [0.001,1.772,1.778|1.778]Request_Body: "-"
172.70.162.87 - - [19/Sep/2026:22:39:08 +0800] "emannuele.com" "POST /wp/wp-json/batch/v1/ HTTP/1.1" 301 166 "https://emannuele.com/wp/wp-admin/" "Mozilla/5.0 (Windows NT 10.0; Win64; x64) AppleWebKit/537.36 (KHTML, like Gecko) Chrome/120.0.0.0 Safari/537.36" "127.0.0.1,195.178.110.72" [-,-,-|0.000]Request_Body: "-"
104.23.170.195 - - [19/Sep/2026:22:39:10 +0800] "www.emannuele.com" "GET /wp/wp-json/batch/v1/ HTTP/1.1" 404 28271 "https://emannuele.com/wp/wp-admin/" "Mozilla/5.0 (Windows NT 10.0; Win64; x64) AppleWebKit/537.36 (KHTML, like Gecko) Chrome/120.0.0.0 Safari/537.36" "127.0.0.1,195.178.110.72" [0.001,1.392,1.394|1.394]Request_Body: "-"
172.70.162.87 - - [19/Sep/2026:22:39:10 +0800] "emannuele.com" "POST /wp/blog/wp-json/batch/v1 HTTP/1.1" 301 166 "https://emannuele.com/wp/wp-admin/" "Mozilla/5.0 (Windows NT 10.0; Win64; x64) AppleWebKit/537.36 (KHTML, like Gecko) Chrome/120.0.0.0 Safari/537.36" "127.0.0.1,195.178.110.72" [-,-,-|0.000]Request_Body: "-"
104.23.170.195 - - [19/Sep/2026:22:39:12 +0800] "www.emannuele.com" "GET /wp/blog/wp-json/batch/v1 HTTP/1.1" 404 28276 "https://emannuele.com/wp/wp-admin/" "Mozilla/5.0 (Windows NT 10.0; Win64; x64) AppleWebKit/537.36 (KHTML, like Gecko) Chrome/120.0.0.0 Safari/537.36" "127.0.0.1,195.178.110.72" [0.001,1.397,1.402|1.402]Request_Body: "-"
172.70.162.87 - - [19/Sep/2026:22:39:12 +0800] "emannuele.com" "POST /blog/wp-json/Batch/v1 HTTP/1.1" 301 166 "https://emannuele.com/blog/wp-admin/" "Mozilla/5.0 (Windows NT 10.0; Win64; x64) AppleWebKit/537.36 (KHTML, like Gecko) Chrome/120.0.0.0 Safari/537.36" "10.0.0.1,195.178.110.72" [-,-,-|0.000]Request_Body: "-"
141.101.98.172 - - [19/Sep/2026:22:39:13 +0800] "emannuele.com" "POST /wp/index.php?rest_route=/batch/v1 HTTP/1.1" 301 166 "https://emannuele.com/wp/wp-admin/" "Mozilla/5.0 (Windows NT 10.0; Win64; x64) AppleWebKit/537.36 (KHTML, like Gecko) Chrome/120.0.0.0 Safari/537.36" "10.0.0.1,195.178.110.72" [-,-,-|0.001]Request_Body: "-"
172.71.103.86 - - [19/Sep/2026:22:39:13 +0800] "www.emannuele.com" "GET /wp/index.php?rest_route=/batch/v1 HTTP/1.1" 403 552 "https://emannuele.com/wp/wp-admin/" "Mozilla/5.0 (Windows NT 10.0; Win64; x64) AppleWebKit/537.36 (KHTML, like Gecko) Chrome/120.0.0.0 Safari/537.36" "10.0.0.1,195.178.110.72" [-,-,-|0.000]Request_Body: "-"
141.101.98.172 - - [19/Sep/2026:22:39:14 +0800] "emannuele.com" "POST /wp/index.php?rest_route=%2Fbatch%2Fv1 HTTP/1.1" 301 166 "https://emannuele.com/wp/wp-admin/" "Mozilla/5.0 (Windows NT 10.0; Win64; x64) AppleWebKit/537.36 (KHTML, like Gecko) Chrome/120.0.0.0 Safari/537.36" "10.0.0.1,195.178.110.72" [-,-,-|0.000]Request_Body: "-"
172.71.103.86 - - [19/Sep/2026:22:39:14 +0800] "www.emannuele.com" "GET /wp/index.php?rest_route=%2Fbatch%2Fv1 HTTP/1.1" 403 552 "https://emannuele.com/wp/wp-admin/" "Mozilla/5.0 (Windows NT 10.0; Win64; x64) AppleWebKit/537.36 (KHTML, like Gecko) Chrome/120.0.0.0 Safari/537.36" "10.0.0.1,195.178.110.72" [-,-,-|0.000]Request_Body: "-"
104.23.170.195 - - [19/Sep/2026:22:39:15 +0800] "www.emannuele.com" "GET /blog/wp-json/Batch/v1 HTTP/1.1" 404 28270 "https://emannuele.com/blog/wp-admin/" "Mozilla/5.0 (Windows NT 10.0; Win64; x64) AppleWebKit/537.36 (KHTML, like Gecko) Chrome/120.0.0.0 Safari/537.36" "10.0.0.1,195.178.110.72" [0.001,1.745,1.748|1.748]Request_Body: "-"
141.101.98.172 - - [19/Sep/2026:22:39:15 +0800] "emannuele.com" "POST /wp/?rest_route=%2Fbatch%2Fv1 HTTP/1.1" 301 166 "https://emannuele.com/wp/wp-admin/" "Mozilla/5.0 (Windows NT 10.0; Win64; x64) AppleWebKit/537.36 (KHTML, like Gecko) Chrome/120.0.0.0 Safari/537.36" "10.0.0.1,195.178.110.72" [-,-,-|0.000]Request_Body: "-"
141.101.98.172 - - [19/Sep/2026:22:39:17 +0800] "emannuele.com" "POST /blog//wp-json/batch/v1 HTTP/1.1" 301 166 "https://emannuele.com/blog/wp-admin/" "Mozilla/5.0 (Windows NT 10.0; Win64; x64) AppleWebKit/537.36 (KHTML, like Gecko) Chrome/120.0.0.0 Safari/537.36" "10.0.0.1,195.178.110.72" [-,-,-|0.000]Request_Body: "-"
172.71.103.86 - - [19/Sep/2026:22:39:19 +0800] "www.emannuele.com" "GET /wp/?rest_route=%2Fbatch%2Fv1 HTTP/1.1" 404 125 "https://emannuele.com/wp/wp-admin/" "Mozilla/5.0 (Windows NT 10.0; Win64; x64) AppleWebKit/537.36 (KHTML, like Gecko) Chrome/120.0.0.0 Safari/537.36" "10.0.0.1,195.178.110.72" [0.002,1.397,1.397|1.397]Request_Body: "-"
172.70.162.87 - - [19/Sep/2026:22:39:19 +0800] "emannuele.com" "POST /wp/?rest_route=/batch%2Fv1 HTTP/1.1" 301 166 "https://emannuele.com/wp/wp-admin/" "Mozilla/5.0 (Windows NT 10.0; Win64; x64) AppleWebKit/537.36 (KHTML, like Gecko) Chrome/120.0.0.0 Safari/537.36" "10.0.0.1,195.178.110.72" [-,-,-|0.000]Request_Body: "-"
172.71.103.86 - - [19/Sep/2026:22:39:22 +0800] "www.emannuele.com" "GET /wp/?rest_route=/batch%2Fv1 HTTP/1.1" 404 125 "https://emannuele.com/wp/wp-admin/" "Mozilla/5.0 (Windows NT 10.0; Win64; x64) AppleWebKit/537.36 (KHTML, like Gecko) Chrome/120.0.0.0 Safari/537.36" "10.0.0.1,195.178.110.72" [0.001,1.878,1.878|1.879]Request_Body: "-"
172.70.162.87 - - [19/Sep/2026:22:39:24 +0800] "emannuele.com" "POST /wp/?rest_route=/batch/v1 HTTP/1.1" 301 166 "https://emannuele.com/wp/wp-admin/" "Mozilla/5.0 (Windows NT 10.0; Win64; x64) AppleWebKit/537.36 (KHTML, like Gecko) Chrome/120.0.0.0 Safari/537.36" "10.0.0.1,195.178.110.72" [-,-,-|0.000]Request_Body: "-"
172.71.103.86 - - [19/Sep/2026:22:39:26 +0800] "www.emannuele.com" "GET /blog//wp-json/batch/v1 HTTP/1.1" 301 5 "https://emannuele.com/blog/wp-admin/" "Mozilla/5.0 (Windows NT 10.0; Win64; x64) AppleWebKit/537.36 (KHTML, like Gecko) Chrome/120.0.0.0 Safari/537.36" "10.0.0.1,195.178.110.72" [0.001,1.838,1.838|1.839]Request_Body: "-"
104.23.170.195 - - [19/Sep/2026:22:39:26 +0800] "www.emannuele.com" "GET /wp/?rest_route=/batch/v1 HTTP/1.1" 404 125 "https://emannuele.com/wp/wp-admin/" "Mozilla/5.0 (Windows NT 10.0; Win64; x64) AppleWebKit/537.36 (KHTML, like Gecko) Chrome/120.0.0.0 Safari/537.36" "10.0.0.1,195.178.110.72" [0.001,1.904,1.904|1.904]Request_Body: "-"
172.70.162.87 - - [19/Sep/2026:22:39:26 +0800] "emannuele.com" "POST /wp/wp-json/batch/v1 HTTP/1.1" 301 166 "https://emannuele.com/wp/wp-admin/" "Mozilla/5.0 (Windows NT 10.0; Win64; x64) AppleWebKit/537.36 (KHTML, like Gecko) Chrome/120.0.0.0 Safari/537.36" "10.0.0.1,195.178.110.72" [-,-,-|0.000]Request_Body: "-"
172.71.103.86 - - [19/Sep/2026:22:39:27 +0800] "www.emannuele.com" "GET /blog/wp-json/batch/v1 HTTP/1.1" 404 28273 "https://emannuele.com/blog/wp-admin/" "Mozilla/5.0 (Windows NT 10.0; Win64; x64) AppleWebKit/537.36 (KHTML, like Gecko) Chrome/120.0.0.0 Safari/537.36" "10.0.0.1,195.178.110.72" [0.001,1.509,1.518|1.518]Request_Body: "-"
172.70.162.87 - - [19/Sep/2026:22:39:28 +0800] "emannuele.com" "POST /blog/wp-json/batch/v1/ HTTP/1.1" 301 166 "https://emannuele.com/blog/wp-admin/" "Mozilla/5.0 (Windows NT 10.0; Win64; x64) AppleWebKit/537.36 (KHTML, like Gecko) Chrome/120.0.0.0 Safari/537.36" "10.0.0.1,195.178.110.72" [-,-,-|0.000]Request_Body: "-"
172.71.103.86 - - [19/Sep/2026:22:39:31 +0800] "www.emannuele.com" "GET /wp/wp-json/batch/v1 HTTP/1.1" 404 28269 "https://emannuele.com/wp/wp-admin/" "Mozilla/5.0 (Windows NT 10.0; Win64; x64) AppleWebKit/537.36 (KHTML, like Gecko) Chrome/120.0.0.0 Safari/537.36" "10.0.0.1,195.178.110.72" [0.001,1.703,1.705|1.704]Request_Body: "-"
141.101.98.172 - - [19/Sep/2026:22:39:32 +0800] "emannuele.com" "POST /wp/wp-json/Batch/v1 HTTP/1.1" 301 166 "https://emannuele.com/wp/wp-admin/" "Mozilla/5.0 (Windows NT 10.0; Win64; x64) AppleWebKit/537.36 (KHTML, like Gecko) Chrome/120.0.0.0 Safari/537.36" "10.0.0.1,195.178.110.72" [-,-,-|0.000]Request_Body: "-"
172.71.103.86 - - [19/Sep/2026:22:39:34 +0800] "www.emannuele.com" "GET /wp/wp-json/Batch/v1 HTTP/1.1" 404 28266 "https://emannuele.com/wp/wp-admin/" "Mozilla/5.0 (Windows NT 10.0; Win64; x64) AppleWebKit/537.36 (KHTML, like Gecko) Chrome/120.0.0.0 Safari/537.36" "10.0.0.1,195.178.110.72" [0.001,1.775,1.778|1.777]Request_Body: "-"
141.101.98.172 - - [19/Sep/2026:22:39:34 +0800] "emannuele.com" "POST /wp//wp-json/batch/v1 HTTP/1.1" 301 166 "https://emannuele.com/wp/wp-admin/" "Mozilla/5.0 (Windows NT 10.0; Win64; x64) AppleWebKit/537.36 (KHTML, like Gecko) Chrome/120.0.0.0 Safari/537.36" "10.0.0.1,195.178.110.72" [-,-,-|0.000]Request_Body: "-"
172.71.103.86 - - [19/Sep/2026:22:39:36 +0800] "www.emannuele.com" "GET /wp//wp-json/batch/v1 HTTP/1.1" 301 5 "https://emannuele.com/wp/wp-admin/" "Mozilla/5.0 (Windows NT 10.0; Win64; x64) AppleWebKit/537.36 (KHTML, like Gecko) Chrome/120.0.0.0 Safari/537.36" "10.0.0.1,195.178.110.72" [0.001,1.709,1.709|1.709]Request_Body: "-"
104.23.170.195 - - [19/Sep/2026:22:39:38 +0800] "www.emannuele.com" "GET /blog/wp-json/batch/v1/ HTTP/1.1" 404 28275 "https://emannuele.com/blog/wp-admin/" "Mozilla/5.0 (Windows NT 10.0; Win64; x64) AppleWebKit/537.36 (KHTML, like Gecko) Chrome/120.0.0.0 Safari/537.36" "10.0.0.1,195.178.110.72" [0.000,1.836,1.838|1.838]Request_Body: "-"
172.71.103.86 - - [19/Sep/2026:22:39:38 +0800] "www.emannuele.com" "GET /wp/wp-json/batch/v1 HTTP/1.1" 404 28269 "https://emannuele.com/wp/wp-admin/" "Mozilla/5.0 (Windows NT 10.0; Win64; x64) AppleWebKit/537.36 (KHTML, like Gecko) Chrome/120.0.0.0 Safari/537.36" "10.0.0.1,195.178.110.72" [0.001,1.890,1.893|1.893]Request_Body: "-"
172.70.162.87 - - [19/Sep/2026:22:39:39 +0800] "emannuele.com" "POST /wp/wp-json/batch/v1/ HTTP/1.1" 301 166 "https://emannuele.com/wp/wp-admin/" "Mozilla/5.0 (Windows NT 10.0; Win64; x64) AppleWebKit/537.36 (KHTML, like Gecko) Chrome/120.0.0.0 Safari/537.36" "10.0.0.1,195.178.110.72" [-,-,-|0.000]Request_Body: "-"
172.70.162.87 - - [19/Sep/2026:22:39:41 +0800] "emannuele.com" "POST /blog/blog/wp-json/batch/v1 HTTP/1.1" 301 166 "https://emannuele.com/blog/wp-admin/" "Mozilla/5.0 (Windows NT 10.0; Win64; x64) AppleWebKit/537.36 (KHTML, like Gecko) Chrome/120.0.0.0 Safari/537.36" "10.0.0.1,195.178.110.72" [-,-,-|0.000]Request_Body: "-"
172.71.103.86 - - [19/Sep/2026:22:39:41 +0800] "www.emannuele.com" "GET /wp/wp-json/batch/v1/ HTTP/1.1" 404 28271 "https://emannuele.com/wp/wp-admin/" "Mozilla/5.0 (Windows NT 10.0; Win64; x64) AppleWebKit/537.36 (KHTML, like Gecko) Chrome/120.0.0.0 Safari/537.36" "10.0.0.1,195.178.110.72" [0.003,1.530,1.533|1.533]Request_Body: "-"
141.101.98.172 - - [19/Sep/2026:22:39:42 +0800] "emannuele.com" "POST /wp/blog/wp-json/batch/v1 HTTP/1.1" 301 166 "https://emannuele.com/wp/wp-admin/" "Mozilla/5.0 (Windows NT 10.0; Win64; x64) AppleWebKit/537.36 (KHTML, like Gecko) Chrome/120.0.0.0 Safari/537.36" "10.0.0.1,195.178.110.72" [-,-,-|0.000]Request_Body: "-"
172.71.103.86 - - [19/Sep/2026:22:39:44 +0800] "www.emannuele.com" "GET /wp/blog/wp-json/batch/v1 HTTP/1.1" 404 28276 "https://emannuele.com/wp/wp-admin/" "Mozilla/5.0 (Windows NT 10.0; Win64; x64) AppleWebKit/537.36 (KHTML, like Gecko) Chrome/120.0.0.0 Safari/537.36" "10.0.0.1,195.178.110.72" [0.000,1.859,1.862|1.863]Request_Body: "-"
141.101.98.172 - - [19/Sep/2026:22:39:45 +0800] "emannuele.com" "POST /wp/index.php?rest_route=/batch/v1 HTTP/1.1" 301 166 "https://emannuele.com/wp/wp-admin/" "Mozilla/5.0 (Windows NT 10.0; Win64; x64) AppleWebKit/537.36 (KHTML, like Gecko) Chrome/120.0.0.0 Safari/537.36" "127.0.0.1,195.178.110.72" [-,-,-|0.000]Request_Body: "-"
172.71.103.86 - - [19/Sep/2026:22:39:46 +0800] "www.emannuele.com" "GET /wp/index.php?rest_route=/batch/v1 HTTP/1.1" 403 552 "https://emannuele.com/wp/wp-admin/" "Mozilla/5.0 (Windows NT 10.0; Win64; x64) AppleWebKit/537.36 (KHTML, like Gecko) Chrome/120.0.0.0 Safari/537.36" "127.0.0.1,195.178.110.72" [-,-,-|0.000]Request_Body: "-"
172.70.162.87 - - [19/Sep/2026:22:39:46 +0800] "emannuele.com" "POST /wp/index.php?rest_route=%2Fbatch%2Fv1 HTTP/1.1" 301 166 "https://emannuele.com/wp/wp-admin/" "Mozilla/5.0 (Windows NT 10.0; Win64; x64) AppleWebKit/537.36 (KHTML, like Gecko) Chrome/120.0.0.0 Safari/537.36" "127.0.0.1,195.178.110.72" [-,-,-|0.000]Request_Body: "-"
104.23.170.195 - - [19/Sep/2026:22:39:47 +0800] "www.emannuele.com" "GET /wp/index.php?rest_route=%2Fbatch%2Fv1 HTTP/1.1" 403 552 "https://emannuele.com/wp/wp-admin/" "Mozilla/5.0 (Windows NT 10.0; Win64; x64) AppleWebKit/537.36 (KHTML, like Gecko) Chrome/120.0.0.0 Safari/537.36" "127.0.0.1,195.178.110.72" [-,-,-|0.000]Request_Body: "-"
172.70.162.87 - - [19/Sep/2026:22:39:47 +0800] "emannuele.com" "POST /wp/?rest_route=%2Fbatch%2Fv1 HTTP/1.1" 301 166 "https://emannuele.com/wp/wp-admin/" "Mozilla/5.0 (Windows NT 10.0; Win64; x64) AppleWebKit/537.36 (KHTML, like Gecko) Chrome/120.0.0.0 Safari/537.36" "127.0.0.1,195.178.110.72" [-,-,-|0.000]Request_Body: "-"
172.71.103.86 - - [19/Sep/2026:22:39:48 +0800] "www.emannuele.com" "GET /blog/blog/wp-json/batch/v1 HTTP/1.1" 404 28275 "https://emannuele.com/blog/wp-admin/" "Mozilla/5.0 (Windows NT 10.0; Win64; x64) AppleWebKit/537.36 (KHTML, like Gecko) Chrome/120.0.0.0 Safari/537.36" "10.0.0.1,195.178.110.72" [0.001,1.954,1.956|1.956]Request_Body: "-"
104.23.170.195 - - [19/Sep/2026:22:39:50 +0800] "www.emannuele.com" "GET /wp/?rest_route=%2Fbatch%2Fv1 HTTP/1.1" 404 125 "https://emannuele.com/wp/wp-admin/" "Mozilla/5.0 (Windows NT 10.0; Win64; x64) AppleWebKit/537.36 (KHTML, like Gecko) Chrome/120.0.0.0 Safari/537.36" "127.0.0.1,195.178.110.72" [0.001,2.168,2.168|2.168]Request_Body: "-"
141.101.98.172 - - [19/Sep/2026:22:39:51 +0800] "emannuele.com" "POST /wp/?rest_route=/batch%2Fv1 HTTP/1.1" 301 166 "https://emannuele.com/wp/wp-admin/" "Mozilla/5.0 (Windows NT 10.0; Win64; x64) AppleWebKit/537.36 (KHTML, like Gecko) Chrome/120.0.0.0 Safari/537.36" "127.0.0.1,195.178.110.72" [-,-,-|0.000]Request_Body: "-"
104.23.170.195 - - [19/Sep/2026:22:39:52 +0800] "www.emannuele.com" "GET /wp/?rest_route=/batch%2Fv1 HTTP/1.1" 404 125 "https://emannuele.com/wp/wp-admin/" "Mozilla/5.0 (Windows NT 10.0; Win64; x64) AppleWebKit/537.36 (KHTML, like Gecko) Chrome/120.0.0.0 Safari/537.36" "127.0.0.1,195.178.110.72" [0.001,1.407,1.407|1.407]Request_Body: "-"
172.70.162.87 - - [19/Sep/2026:22:39:53 +0800] "emannuele.com" "POST /blog/index.php?rest_route=/batch/v1 HTTP/1.1" 301 166 "https://emannuele.com/blog/wp-admin/" "Mozilla/5.0 (Windows NT 10.0; Win64; x64) AppleWebKit/537.36 (KHTML, like Gecko) Chrome/120.0.0.0 Safari/537.36" "127.0.0.1,195.178.110.72" [-,-,-|0.000]Request_Body: "-"
172.71.103.86 - - [19/Sep/2026:22:39:53 +0800] "www.emannuele.com" "GET /blog/index.php?rest_route=/batch/v1 HTTP/1.1" 403 552 "https://emannuele.com/blog/wp-admin/" "Mozilla/5.0 (Windows NT 10.0; Win64; x64) AppleWebKit/537.36 (KHTML, like Gecko) Chrome/120.0.0.0 Safari/537.36" "127.0.0.1,195.178.110.72" [-,-,-|0.000]Request_Body: "-"
172.70.162.87 - - [19/Sep/2026:22:39:54 +0800] "emannuele.com" "POST /blog/index.php?rest_route=%2Fbatch%2Fv1 HTTP/1.1" 301 166 "https://emannuele.com/blog/wp-admin/" "Mozilla/5.0 (Windows NT 10.0; Win64; x64) AppleWebKit/537.36 (KHTML, like Gecko) Chrome/120.0.0.0 Safari/537.36" "127.0.0.1,195.178.110.72" [-,-,-|0.000]Request_Body: "-"
172.71.103.86 - - [19/Sep/2026:22:39:54 +0800] "www.emannuele.com" "GET /blog/index.php?rest_route=%2Fbatch%2Fv1 HTTP/1.1" 403 552 "https://emannuele.com/blog/wp-admin/" "Mozilla/5.0 (Windows NT 10.0; Win64; x64) AppleWebKit/537.36 (KHTML, like Gecko) Chrome/120.0.0.0 Safari/537.36" "127.0.0.1,195.178.110.72" [-,-,-|0.000]Request_Body: "-"
172.70.162.87 - - [19/Sep/2026:22:39:54 +0800] "emannuele.com" "POST /wp/?rest_route=/batch/v1 HTTP/1.1" 301 166 "https://emannuele.com/wp/wp-admin/" "Mozilla/5.0 (Windows NT 10.0; Win64; x64) AppleWebKit/537.36 (KHTML, like Gecko) Chrome/120.0.0.0 Safari/537.36" "127.0.0.1,195.178.110.72" [-,-,-|0.000]Request_Body: "-"
141.101.98.172 - - [19/Sep/2026:22:39:54 +0800] "emannuele.com" "POST /blog/?rest_route=%2Fbatch%2Fv1 HTTP/1.1" 301 166 "https://emannuele.com/blog/wp-admin/" "Mozilla/5.0 (Windows NT 10.0; Win64; x64) AppleWebKit/537.36 (KHTML, like Gecko) Chrome/120.0.0.0 Safari/537.36" "127.0.0.1,195.178.110.72" [-,-,-|0.000]Request_Body: "-"
172.71.103.86 - - [19/Sep/2026:22:39:56 +0800] "www.emannuele.com" "GET /wp/?rest_route=/batch/v1 HTTP/1.1" 404 125 "https://emannuele.com/wp/wp-admin/" "Mozilla/5.0 (Windows NT 10.0; Win64; x64) AppleWebKit/537.36 (KHTML, like Gecko) Chrome/120.0.0.0 Safari/537.36" "127.0.0.1,195.178.110.72" [0.001,1.728,1.728|1.728]Request_Body: "-"
172.70.162.87 - - [19/Sep/2026:22:39:56 +0800] "emannuele.com" "POST /wp/wp-json/batch/v1 HTTP/1.1" 301 166 "https://emannuele.com/wp/wp-admin/" "Mozilla/5.0 (Windows NT 10.0; Win64; x64) AppleWebKit/537.36 (KHTML, like Gecko) Chrome/120.0.0.0 Safari/537.36" "127.0.0.1,195.178.110.72" [-,-,-|0.001]Request_Body: "-"
172.71.103.86 - - [19/Sep/2026:22:39:58 +0800] "www.emannuele.com" "GET /wp/wp-json/batch/v1 HTTP/1.1" 404 28269 "https://emannuele.com/wp/wp-admin/" "Mozilla/5.0 (Windows NT 10.0; Win64; x64) AppleWebKit/537.36 (KHTML, like Gecko) Chrome/120.0.0.0 Safari/537.36" "127.0.0.1,195.178.110.72" [0.000,1.748,1.750|1.750]Request_Body: "-"
141.101.98.172 - - [19/Sep/2026:22:39:59 +0800] "emannuele.com" "POST /wp/wp-json/Batch/v1 HTTP/1.1" 301 166 "https://emannuele.com/wp/wp-admin/" "Mozilla/5.0 (Windows NT 10.0; Win64; x64) AppleWebKit/537.36 (KHTML, like Gecko) Chrome/120.0.0.0 Safari/537.36" "127.0.0.1,195.178.110.72" [-,-,-|0.000]Request_Body: "-"
104.23.170.195 - - [19/Sep/2026:22:40:00 +0800] "www.emannuele.com" "GET /blog/?rest_route=%2Fbatch%2Fv1 HTTP/1.1" 404 125 "https://emannuele.com/blog/wp-admin/" "Mozilla/5.0 (Windows NT 10.0; Win64; x64) AppleWebKit/537.36 (KHTML, like Gecko) Chrome/120.0.0.0 Safari/537.36" "127.0.0.1,195.178.110.72" [0.000,1.786,1.786|1.786]Request_Body: "-"
172.71.103.86 - - [19/Sep/2026:22:40:02 +0800] "www.emannuele.com" "GET /wp/wp-json/Batch/v1 HTTP/1.1" 404 28266 "https://emannuele.com/wp/wp-admin/" "Mozilla/5.0 (Windows NT 10.0; Win64; x64) AppleWebKit/537.36 (KHTML, like Gecko) Chrome/120.0.0.0 Safari/537.36" "127.0.0.1,195.178.110.72" [0.001,1.888,1.891|1.891]Request_Body: "-"
141.101.98.172 - - [19/Sep/2026:22:40:03 +0800] "emannuele.com" "POST /blog/?rest_route=/batch%2Fv1 HTTP/1.1" 301 166 "https://emannuele.com/blog/wp-admin/" "Mozilla/5.0 (Windows NT 10.0; Win64; x64) AppleWebKit/537.36 (KHTML, like Gecko) Chrome/120.0.0.0 Safari/537.36" "127.0.0.1,195.178.110.72" [-,-,-|0.000]Request_Body: "-"
172.70.162.87 - - [19/Sep/2026:22:40:10 +0800] "emannuele.com" "POST /wp//wp-json/batch/v1 HTTP/1.1" 301 166 "https://emannuele.com/wp/wp-admin/" "Mozilla/5.0 (Windows NT 10.0; Win64; x64) AppleWebKit/537.36 (KHTML, like Gecko) Chrome/120.0.0.0 Safari/537.36" "127.0.0.1,195.178.110.72" [-,-,-|0.000]Request_Body: "-"
104.23.170.195 - - [19/Sep/2026:22:40:12 +0800] "www.emannuele.com" "GET /blog/?rest_route=/batch%2Fv1 HTTP/1.1" 404 125 "https://emannuele.com/blog/wp-admin/" "Mozilla/5.0 (Windows NT 10.0; Win64; x64) AppleWebKit/537.36 (KHTML, like Gecko) Chrome/120.0.0.0 Safari/537.36" "127.0.0.1,195.178.110.72" [0.001,2.389,2.389|2.389]Request_Body: "-"
172.71.103.86 - - [19/Sep/2026:22:40:12 +0800] "www.emannuele.com" "GET /wp//wp-json/batch/v1 HTTP/1.1" 301 5 "https://emannuele.com/wp/wp-admin/" "Mozilla/5.0 (Windows NT 10.0; Win64; x64) AppleWebKit/537.36 (KHTML, like Gecko) Chrome/120.0.0.0 Safari/537.36" "127.0.0.1,195.178.110.72" [0.001,2.000,2.000|1.999]Request_Body: "-"
172.70.162.87 - - [19/Sep/2026:22:40:18 +0800] "emannuele.com" "POST /blog/?rest_route=/batch/v1 HTTP/1.1" 301 166 "https://emannuele.com/blog/wp-admin/" "Mozilla/5.0 (Windows NT 10.0; Win64; x64) AppleWebKit/537.36 (KHTML, like Gecko) Chrome/120.0.0.0 Safari/537.36" "127.0.0.1,195.178.110.72" [-,-,-|0.000]Request_Body: "-"
172.70.162.87 - - [19/Sep/2026:22:40:18 +0800] "emannuele.com" "POST /wp/wp-json/batch/v1/ HTTP/1.1" 301 166 "https://emannuele.com/wp/wp-admin/" "Mozilla/5.0 (Windows NT 10.0; Win64; x64) AppleWebKit/537.36 (KHTML, like Gecko) Chrome/120.0.0.0 Safari/537.36" "127.0.0.1,195.178.110.72" [-,-,-|0.000]Request_Body: "-"
104.23.170.195 - - [19/Sep/2026:22:40:24 +0800] "www.emannuele.com" "GET /blog/?rest_route=/batch/v1 HTTP/1.1" 404 125 "https://emannuele.com/blog/wp-admin/" "Mozilla/5.0 (Windows NT 10.0; Win64; x64) AppleWebKit/537.36 (KHTML, like Gecko) Chrome/120.0.0.0 Safari/537.36" "127.0.0.1,195.178.110.72" [0.001,1.582,1.582|1.582]Request_Body: "-"
162.159.113.22 - - [19/Sep/2026:22:40:24 +0800] "www.emannuele.com" "GET /wp/wp-json/batch/v1/ HTTP/1.1" 404 28271 "https://emannuele.com/wp/wp-admin/" "Mozilla/5.0 (Windows NT 10.0; Win64; x64) AppleWebKit/537.36 (KHTML, like Gecko) Chrome/120.0.0.0 Safari/537.36" "127.0.0.1,195.178.110.72" [0.000,1.503,1.505|1.505]Request_Body: "-"
172.70.162.87 - - [19/Sep/2026:22:40:25 +0800] "emannuele.com" "POST /blog/wp-json/batch/v1 HTTP/1.1" 301 166 "https://emannuele.com/blog/wp-admin/" "Mozilla/5.0 (Windows NT 10.0; Win64; x64) AppleWebKit/537.36 (KHTML, like Gecko) Chrome/120.0.0.0 Safari/537.36" "127.0.0.1,195.178.110.72" [-,-,-|0.000]Request_Body: "-"
141.101.98.172 - - [19/Sep/2026:22:40:25 +0800] "emannuele.com" "POST /wp/blog/wp-json/batch/v1 HTTP/1.1" 301 166 "https://emannuele.com/wp/wp-admin/" "Mozilla/5.0 (Windows NT 10.0; Win64; x64) AppleWebKit/537.36 (KHTML, like Gecko) Chrome/120.0.0.0 Safari/537.36" "127.0.0.1,195.178.110.72" [-,-,-|0.000]Request_Body: "-"
162.159.113.22 - - [19/Sep/2026:22:40:28 +0800] "www.emannuele.com" "GET /blog/wp-json/batch/v1 HTTP/1.1" 404 28273 "https://emannuele.com/blog/wp-admin/" "Mozilla/5.0 (Windows NT 10.0; Win64; x64) AppleWebKit/537.36 (KHTML, like Gecko) Chrome/120.0.0.0 Safari/537.36" "127.0.0.1,195.178.110.72" [0.001,2.068,2.071|2.071]Request_Body: "-"
141.101.98.172 - - [19/Sep/2026:22:40:33 +0800] "emannuele.com" "POST /blog/wp-json/Batch/v1 HTTP/1.1" 301 166 "https://emannuele.com/blog/wp-admin/" "Mozilla/5.0 (Windows NT 10.0; Win64; x64) AppleWebKit/537.36 (KHTML, like Gecko) Chrome/120.0.0.0 Safari/537.36" "127.0.0.1,195.178.110.72" [-,-,-|0.000]Request_Body: "-"
162.159.113.22 - - [19/Sep/2026:22:40:35 +0800] "www.emannuele.com" "GET /wp/blog/wp-json/batch/v1 HTTP/1.1" 404 28276 "https://emannuele.com/wp/wp-admin/" "Mozilla/5.0 (Windows NT 10.0; Win64; x64) AppleWebKit/537.36 (KHTML, like Gecko) Chrome/120.0.0.0 Safari/537.36" "127.0.0.1,195.178.110.72" [0.001,2.058,2.061|2.061]Request_Body: "-"
104.23.170.195 - - [19/Sep/2026:22:40:36 +0800] "www.emannuele.com" "GET /blog/wp-json/Batch/v1 HTTP/1.1" 404 28270 "https://emannuele.com/blog/wp-admin/" "Mozilla/5.0 (Windows NT 10.0; Win64; x64) AppleWebKit/537.36 (KHTML, like Gecko) Chrome/120.0.0.0 Safari/537.36" "127.0.0.1,195.178.110.72" [0.000,1.715,1.717|1.717]Request_Body: "-"
141.101.98.172 - - [19/Sep/2026:22:40:39 +0800] "emannuele.com" "POST /blog//wp-json/batch/v1 HTTP/1.1" 301 166 "https://emannuele.com/blog/wp-admin/" "Mozilla/5.0 (Windows NT 10.0; Win64; x64) AppleWebKit/537.36 (KHTML, like Gecko) Chrome/120.0.0.0 Safari/537.36" "127.0.0.1,195.178.110.72" [-,-,-|0.000]Request_Body: "-"
104.23.170.195 - - [19/Sep/2026:22:40:41 +0800] "www.emannuele.com" "GET /blog//wp-json/batch/v1 HTTP/1.1" 301 5 "https://emannuele.com/blog/wp-admin/" "Mozilla/5.0 (Windows NT 10.0; Win64; x64) AppleWebKit/537.36 (KHTML, like Gecko) Chrome/120.0.0.0 Safari/537.36" "127.0.0.1,195.178.110.72" [0.002,1.200,1.200|1.199]Request_Body: "-"
104.23.170.195 - - [19/Sep/2026:22:40:43 +0800] "www.emannuele.com" "GET /blog/wp-json/batch/v1 HTTP/1.1" 404 28273 "https://emannuele.com/blog/wp-admin/" "Mozilla/5.0 (Windows NT 10.0; Win64; x64) AppleWebKit/537.36 (KHTML, like Gecko) Chrome/120.0.0.0 Safari/537.36" "127.0.0.1,195.178.110.72" [0.002,1.832,1.836|1.836]Request_Body: "-"
141.101.98.172 - - [19/Sep/2026:22:40:43 +0800] "emannuele.com" "POST /blog/wp-json/batch/v1/ HTTP/1.1" 301 166 "https://emannuele.com/blog/wp-admin/" "Mozilla/5.0 (Windows NT 10.0; Win64; x64) AppleWebKit/537.36 (KHTML, like Gecko) Chrome/120.0.0.0 Safari/537.36" "127.0.0.1,195.178.110.72" [-,-,-|0.000]Request_Body: "-"
141.101.98.172 - - [19/Sep/2026:22:40:46 +0800] "emannuele.com" "POST /wp/index.php?rest_route=/batch/v1 HTTP/1.1" 301 166 "https://emannuele.com/wp/wp-admin/" "WordPress/6.4.3" "127.0.0.1,195.178.110.72" [-,-,-|0.000]Request_Body: "-"
104.23.170.195 - - [19/Sep/2026:22:40:46 +0800] "www.emannuele.com" "GET /blog/wp-json/batch/v1/ HTTP/1.1" 404 28275 "https://emannuele.com/blog/wp-admin/" "Mozilla/5.0 (Windows NT 10.0; Win64; x64) AppleWebKit/537.36 (KHTML, like Gecko) Chrome/120.0.0.0 Safari/537.36" "127.0.0.1,195.178.110.72" [0.001,2.958,2.961|2.961]Request_Body: "-"
141.101.98.172 - - [19/Sep/2026:22:40:51 +0800] "emannuele.com" "POST /blog/blog/wp-json/batch/v1 HTTP/1.1" 301 166 "https://emannuele.com/blog/wp-admin/" "Mozilla/5.0 (Windows NT 10.0; Win64; x64) AppleWebKit/537.36 (KHTML, like Gecko) Chrome/120.0.0.0 Safari/537.36" "127.0.0.1,195.178.110.72" [-,-,-|0.000]Request_Body: "-"
162.159.113.22 - - [19/Sep/2026:22:40:52 +0800] "www.emannuele.com" "GET /wp/index.php?rest_route=/batch/v1 HTTP/1.1" 403 150 "https://emannuele.com/wp/wp-admin/" "WordPress/6.4.3" "127.0.0.1,195.178.110.72" [-,-,-|0.000]Request_Body: "-"
141.101.98.172 - - [19/Sep/2026:22:40:53 +0800] "emannuele.com" "POST /wp/index.php?rest_route=%2Fbatch%2Fv1 HTTP/1.1" 301 166 "https://emannuele.com/wp/wp-admin/" "WordPress/6.4.3" "127.0.0.1,195.178.110.72" [-,-,-|0.000]Request_Body: "-"
162.159.113.22 - - [19/Sep/2026:22:40:55 +0800] "www.emannuele.com" "GET /blog/blog/wp-json/batch/v1 HTTP/1.1" 404 28275 "https://emannuele.com/blog/wp-admin/" "Mozilla/5.0 (Windows NT 10.0; Win64; x64) AppleWebKit/537.36 (KHTML, like Gecko) Chrome/120.0.0.0 Safari/537.36" "127.0.0.1,195.178.110.72" [0.001,2.032,2.034|2.035]Request_Body: "-"
141.101.98.172 - - [19/Sep/2026:22:40:56 +0800] "emannuele.com" "POST /blog/index.php?rest_route=/batch/v1 HTTP/1.1" 301 166 "https://emannuele.com/blog/wp-admin/" "WordPress/6.4.3" "127.0.0.1,195.178.110.72" [-,-,-|0.000]Request_Body: "-"
162.159.113.22 - - [19/Sep/2026:22:40:56 +0800] "www.emannuele.com" "GET /blog/index.php?rest_route=/batch/v1 HTTP/1.1" 403 150 "https://emannuele.com/blog/wp-admin/" "WordPress/6.4.3" "127.0.0.1,195.178.110.72" [-,-,-|0.000]Request_Body: "-"
141.101.98.172 - - [19/Sep/2026:22:40:56 +0800] "emannuele.com" "POST /blog/index.php?rest_route=%2Fbatch%2Fv1 HTTP/1.1" 301 166 "https://emannuele.com/blog/wp-admin/" "WordPress/6.4.3" "127.0.0.1,195.178.110.72" [-,-,-|0.000]Request_Body: "-"
162.159.113.22 - - [19/Sep/2026:22:40:56 +0800] "www.emannuele.com" "GET /blog/index.php?rest_route=%2Fbatch%2Fv1 HTTP/1.1" 403 150 "https://emannuele.com/blog/wp-admin/" "WordPress/6.4.3" "127.0.0.1,195.178.110.72" [-,-,-|0.000]Request_Body: "-"
141.101.98.172 - - [19/Sep/2026:22:40:56 +0800] "emannuele.com" "POST /blog/?rest_route=%2Fbatch%2Fv1 HTTP/1.1" 301 166 "https://emannuele.com/blog/wp-admin/" "WordPress/6.4.3" "127.0.0.1,195.178.110.72" [-,-,-|0.000]Request_Body: "-"
162.159.113.22 - - [19/Sep/2026:22:40:57 +0800] "www.emannuele.com" "GET /wp/index.php?rest_route=%2Fbatch%2Fv1 HTTP/1.1" 403 150 "https://emannuele.com/wp/wp-admin/" "WordPress/6.4.3" "127.0.0.1,195.178.110.72" [-,-,-|0.000]Request_Body: "-"
141.101.98.172 - - [19/Sep/2026:22:40:58 +0800] "emannuele.com" "POST /wp/?rest_route=%2Fbatch%2Fv1 HTTP/1.1" 301 166 "https://emannuele.com/wp/wp-admin/" "WordPress/6.4.3" "127.0.0.1,195.178.110.72" [-,-,-|0.000]Request_Body: "-"
162.159.113.22 - - [19/Sep/2026:22:40:59 +0800] "www.emannuele.com" "GET /blog/?rest_route=%2Fbatch%2Fv1 HTTP/1.1" 404 125 "https://emannuele.com/blog/wp-admin/" "WordPress/6.4.3" "127.0.0.1,195.178.110.72" [0.005,1.950,1.950|1.950]Request_Body: "-"
141.101.98.172 - - [19/Sep/2026:22:41:06 +0800] "emannuele.com" "POST /blog/?rest_route=/batch%2Fv1 HTTP/1.1" 301 166 "https://emannuele.com/blog/wp-admin/" "WordPress/6.4.3" "127.0.0.1,195.178.110.72" [-,-,-|0.000]Request_Body: "-"
