172.68.119.51 - - [19/Sep/2026:23:43:13 +0800] "genoacfcshop.com" "POST /wp-login.php HTTP/1.1" 301 166 "https://genoacfcshop.com/wp-login.php" "Mozilla/5.0 (Windows NT 10.0; Win64; x64) AppleWebKit/605.1.15 (KHTML, like Gecko) Version/14.1.1 Safari/605.1.15" "140.238.33.49" [-,-,-|0.000]Request_Body: "-"
172.68.119.51 - - [19/Sep/2026:23:43:13 +0800] "genoacfcshop.com" "GET /wp-admin/index.php HTTP/1.1" 301 166 "https://genoacfcshop.com/wp-login.php" "Mozilla/5.0 (Windows NT 6.1; Win64; x64; rv:89.0) Gecko/20100101 Firefox/89.0.2" "140.238.33.49" [-,-,-|0.000]Request_Body: "-"
172.64.215.48 - - [19/Sep/2026:23:43:15 +0800] "www.genoacfcshop.com" "GET /wp-admin/index.php HTTP/1.1" 302 5 "https://genoacfcshop.com/wp-login.php" "Mozilla/5.0 (Windows NT 6.1; Win64; x64; rv:89.0) Gecko/20100101 Firefox/89.0.2" "140.238.33.49" [0.000,2.278,2.279|2.279]Request_Body: "-"
172.64.215.48 - - [19/Sep/2026:23:43:17 +0800] "www.genoacfcshop.com" "GET /wp-login.php?redirect_to=https%3A%2F%2Fwww.genoacfcshop.com%2Fwp-admin%2Findex.php&reauth=1 HTTP/1.1" 200 3316 "https://genoacfcshop.com/wp-login.php" "Mozilla/5.0 (Windows NT 6.1; Win64; x64; rv:89.0) Gecko/20100101 Firefox/89.0.2" "140.238.33.49" [0.001,1.468,1.471|1.471]Request_Body: "-"
172.68.119.51 - - [19/Sep/2026:23:43:17 +0800] "genoacfcshop.com" "GET /wp-admin/index.php HTTP/1.1" 301 166 "https://genoacfcshop.com/wp-login.php" "Mozilla/5.0 (Windows NT 6.1; Win64; x64; rv:89.0) Gecko/20100101 Firefox/89.0.2" "140.238.33.49" [-,-,-|0.000]Request_Body: "-"
172.64.215.48 - - [19/Sep/2026:23:43:19 +0800] "www.genoacfcshop.com" "GET /wp-admin/index.php HTTP/1.1" 302 5 "https://genoacfcshop.com/wp-login.php" "Mozilla/5.0 (Windows NT 6.1; Win64; x64; rv:89.0) Gecko/20100101 Firefox/89.0.2" "140.238.33.49" [0.001,1.594,1.594|1.594]Request_Body: "-"
172.64.215.48 - - [19/Sep/2026:23:43:20 +0800] "www.genoacfcshop.com" "GET /wp-login.php?redirect_to=https%3A%2F%2Fwww.genoacfcshop.com%2Fwp-admin%2Findex.php&reauth=1 HTTP/1.1" 200 3316 "https://genoacfcshop.com/wp-login.php" "Mozilla/5.0 (Windows NT 6.1; Win64; x64; rv:89.0) Gecko/20100101 Firefox/89.0.2" "140.238.33.49" [0.000,1.334,1.336|1.336]Request_Body: "-"
172.68.119.51 - - [19/Sep/2026:23:43:21 +0800] "genoacfcshop.com" "POST /wp-login.php HTTP/1.1" 301 166 "https://genoacfcshop.com/wp-login.php" "Mozilla/5.0 (Macintosh; Intel Mac OS X 10_15_7) AppleWebKit/605.1.15 (KHTML, like Gecko) Version/14.1.1 Safari/605.1.15" "140.238.33.49" [-,-,-|0.000]Request_Body: "-"
172.68.119.51 - - [19/Sep/2026:23:43:21 +0800] "genoacfcshop.com" "GET /wp-admin/index.php HTTP/1.1" 301 166 "https://genoacfcshop.com/wp-login.php" "Mozilla/5.0 (Macintosh; Intel Mac OS X 10_15_7) AppleWebKit/537.36 (KHTML, like Gecko) Chrome/94.0.4606.71 Safari/537.36" "140.238.33.49" [-,-,-|0.000]Request_Body: "-"
172.64.215.48 - - [19/Sep/2026:23:43:22 +0800] "www.genoacfcshop.com" "GET /wp-admin/index.php HTTP/1.1" 302 5 "https://genoacfcshop.com/wp-login.php" "Mozilla/5.0 (Macintosh; Intel Mac OS X 10_15_7) AppleWebKit/537.36 (KHTML, like Gecko) Chrome/94.0.4606.71 Safari/537.36" "140.238.33.49" [0.001,1.596,1.596|1.595]Request_Body: "-"
172.64.215.48 - - [19/Sep/2026:23:43:24 +0800] "www.genoacfcshop.com" "GET /wp-login.php?redirect_to=https%3A%2F%2Fwww.genoacfcshop.com%2Fwp-admin%2Findex.php&reauth=1 HTTP/1.1" 200 3316 "https://genoacfcshop.com/wp-login.php" "Mozilla/5.0 (Macintosh; Intel Mac OS X 10_15_7) AppleWebKit/537.36 (KHTML, like Gecko) Chrome/94.0.4606.71 Safari/537.36" "140.238.33.49" [0.000,1.477,1.479|1.480]Request_Body: "-"
172.68.119.51 - - [19/Sep/2026:23:43:24 +0800] "genoacfcshop.com" "GET /wp-admin/index.php HTTP/1.1" 301 166 "https://genoacfcshop.com/wp-login.php" "Mozilla/5.0 (Macintosh; Intel Mac OS X 10_15_7) AppleWebKit/537.36 (KHTML, like Gecko) Chrome/94.0.4606.71 Safari/537.36" "140.238.33.49" [-,-,-|0.000]Request_Body: "-"
172.64.215.48 - - [19/Sep/2026:23:43:26 +0800] "www.genoacfcshop.com" "GET /wp-admin/index.php HTTP/1.1" 302 5 "https://genoacfcshop.com/wp-login.php" "Mozilla/5.0 (Macintosh; Intel Mac OS X 10_15_7) AppleWebKit/537.36 (KHTML, like Gecko) Chrome/94.0.4606.71 Safari/537.36" "140.238.33.49" [0.000,1.282,1.282|1.282]Request_Body: "-"
172.64.215.48 - - [19/Sep/2026:23:43:27 +0800] "www.genoacfcshop.com" "GET /wp-login.php?redirect_to=https%3A%2F%2Fwww.genoacfcshop.com%2Fwp-admin%2Findex.php&reauth=1 HTTP/1.1" 200 3316 "https://genoacfcshop.com/wp-login.php" "Mozilla/5.0 (Macintosh; Intel Mac OS X 10_15_7) AppleWebKit/537.36 (KHTML, like Gecko) Chrome/94.0.4606.71 Safari/537.36" "140.238.33.49" [0.000,1.189,1.191|1.191]Request_Body: "-"
172.68.119.51 - - [19/Sep/2026:23:43:27 +0800] "genoacfcshop.com" "POST /wp-login.php HTTP/1.1" 301 166 "https://genoacfcshop.com/wp-login.php" "Mozilla/5.0 (Macintosh; Intel Mac OS X 10_15_7) AppleWebKit/537.36 (KHTML, like Gecko) Chrome/92.0.4515.131 Safari/537.36" "140.238.33.49" [-,-,-|0.001]Request_Body: "-"
172.68.119.51 - - [19/Sep/2026:23:43:27 +0800] "genoacfcshop.com" "GET /wp-admin/index.php HTTP/1.1" 301 166 "https://genoacfcshop.com/wp-login.php" "Mozilla/5.0 (Windows NT 6.1; Win64; x64) AppleWebKit/537.36 (KHTML, like Gecko) Chrome/93.0.4577.63 Safari/537.36" "140.238.33.49" [-,-,-|0.000]Request_Body: "-"
172.64.215.48 - - [19/Sep/2026:23:43:29 +0800] "www.genoacfcshop.com" "GET /wp-admin/index.php HTTP/1.1" 302 5 "https://genoacfcshop.com/wp-login.php" "Mozilla/5.0 (Windows NT 6.1; Win64; x64) AppleWebKit/537.36 (KHTML, like Gecko) Chrome/93.0.4577.63 Safari/537.36" "140.238.33.49" [0.001,1.500,1.500|1.500]Request_Body: "-"
172.64.215.48 - - [19/Sep/2026:23:43:32 +0800] "www.genoacfcshop.com" "GET /wp-login.php?redirect_to=https%3A%2F%2Fwww.genoacfcshop.com%2Fwp-admin%2Findex.php&reauth=1 HTTP/1.1" 200 3316 "https://genoacfcshop.com/wp-login.php" "Mozilla/5.0 (Windows NT 6.1; Win64; x64) AppleWebKit/537.36 (KHTML, like Gecko) Chrome/93.0.4577.63 Safari/537.36" "140.238.33.49" [0.000,2.961,2.979|2.979]Request_Body: "-"
172.68.119.51 - - [19/Sep/2026:23:43:32 +0800] "genoacfcshop.com" "GET /wp-admin/index.php HTTP/1.1" 301 166 "https://genoacfcshop.com/wp-login.php" "Mozilla/5.0 (Windows NT 6.1; Win64; x64) AppleWebKit/537.36 (KHTML, like Gecko) Chrome/93.0.4577.63 Safari/537.36" "140.238.33.49" [-,-,-|0.000]Request_Body: "-"
172.64.215.48 - - [19/Sep/2026:23:43:35 +0800] "www.genoacfcshop.com" "GET /wp-admin/index.php HTTP/1.1" 302 5 "https://genoacfcshop.com/wp-login.php" "Mozilla/5.0 (Windows NT 6.1; Win64; x64) AppleWebKit/537.36 (KHTML, like Gecko) Chrome/93.0.4577.63 Safari/537.36" "140.238.33.49" [0.000,2.167,2.167|2.167]Request_Body: "-"
172.64.215.48 - - [19/Sep/2026:23:43:38 +0800] "www.genoacfcshop.com" "GET /wp-login.php?redirect_to=https%3A%2F%2Fwww.genoacfcshop.com%2Fwp-admin%2Findex.php&reauth=1 HTTP/1.1" 200 3316 "https://genoacfcshop.com/wp-login.php" "Mozilla/5.0 (Windows NT 6.1; Win64; x64) AppleWebKit/537.36 (KHTML, like Gecko) Chrome/93.0.4577.63 Safari/537.36" "140.238.33.49" [0.000,3.499,3.523|3.523]Request_Body: "-"
172.68.119.51 - - [19/Sep/2026:23:43:39 +0800] "genoacfcshop.com" "POST /wp-login.php HTTP/1.1" 301 166 "https://genoacfcshop.com/wp-login.php" "Mozilla/5.0 (X11; Linux x86_64; rv:89.0) Gecko/20100101 Firefox/89.0.2" "140.238.33.49" [-,-,-|0.001]Request_Body: "-"
172.68.119.51 - - [19/Sep/2026:23:43:39 +0800] "genoacfcshop.com" "GET /wp-admin/index.php HTTP/1.1" 301 166 "https://genoacfcshop.com/wp-login.php" "Mozilla/5.0 (Windows NT 6.1; Win64; x64; rv:90.0) Gecko/20100101 Firefox/90.0.1" "140.238.33.49" [-,-,-|0.000]Request_Body: "-"
172.64.215.48 - - [19/Sep/2026:23:43:41 +0800] "www.genoacfcshop.com" "GET /wp-admin/index.php HTTP/1.1" 302 5 "https://genoacfcshop.com/wp-login.php" "Mozilla/5.0 (Windows NT 6.1; Win64; x64; rv:90.0) Gecko/20100101 Firefox/90.0.1" "140.238.33.49" [0.000,2.550,2.550|2.550]Request_Body: "-"
172.64.215.48 - - [19/Sep/2026:23:43:43 +0800] "www.genoacfcshop.com" "GET /wp-login.php?redirect_to=https%3A%2F%2Fwww.genoacfcshop.com%2Fwp-admin%2Findex.php&reauth=1 HTTP/1.1" 200 3316 "https://genoacfcshop.com/wp-login.php" "Mozilla/5.0 (Windows NT 6.1; Win64; x64; rv:90.0) Gecko/20100101 Firefox/90.0.1" "140.238.33.49" [0.000,1.731,1.734|1.734]Request_Body: "-"
172.68.119.51 - - [19/Sep/2026:23:43:44 +0800] "genoacfcshop.com" "GET /wp-admin/index.php HTTP/1.1" 301 166 "https://genoacfcshop.com/wp-login.php" "Mozilla/5.0 (Windows NT 6.1; Win64; x64; rv:90.0) Gecko/20100101 Firefox/90.0.1" "140.238.33.49" [-,-,-|0.000]Request_Body: "-"
172.64.215.48 - - [19/Sep/2026:23:43:45 +0800] "www.genoacfcshop.com" "GET /wp-admin/index.php HTTP/1.1" 302 5 "https://genoacfcshop.com/wp-login.php" "Mozilla/5.0 (Windows NT 6.1; Win64; x64; rv:90.0) Gecko/20100101 Firefox/90.0.1" "140.238.33.49" [0.000,1.708,1.708|1.708]Request_Body: "-"
172.64.215.48 - - [19/Sep/2026:23:43:47 +0800] "www.genoacfcshop.com" "GET /wp-login.php?redirect_to=https%3A%2F%2Fwww.genoacfcshop.com%2Fwp-admin%2Findex.php&reauth=1 HTTP/1.1" 200 3316 "https://genoacfcshop.com/wp-login.php" "Mozilla/5.0 (Windows NT 6.1; Win64; x64; rv:90.0) Gecko/20100101 Firefox/90.0.1" "140.238.33.49" [0.001,1.503,1.506|1.506]Request_Body: "-"
172.68.119.51 - - [19/Sep/2026:23:43:47 +0800] "genoacfcshop.com" "POST /wp-login.php HTTP/1.1" 301 166 "https://genoacfcshop.com/wp-login.php" "Mozilla/5.0 (Windows NT 6.1; Win64; x64) AppleWebKit/537.36 (KHTML, like Gecko) Chrome/90.0.4430.212 Safari/537.36" "140.238.33.49" [-,-,-|0.001]Request_Body: "-"
172.68.119.51 - - [19/Sep/2026:23:43:47 +0800] "genoacfcshop.com" "GET /wp-admin/index.php HTTP/1.1" 301 166 "https://genoacfcshop.com/wp-login.php" "Mozilla/5.0 (Windows NT 6.1; Win64; x64) AppleWebKit/537.36 (KHTML, like Gecko) Chrome/93.0.4577.63 Safari/537.36" "140.238.33.49" [-,-,-|0.000]Request_Body: "-"
172.64.215.48 - - [19/Sep/2026:23:43:49 +0800] "www.genoacfcshop.com" "GET /wp-admin/index.php HTTP/1.1" 302 5 "https://genoacfcshop.com/wp-login.php" "Mozilla/5.0 (Windows NT 6.1; Win64; x64) AppleWebKit/537.36 (KHTML, like Gecko) Chrome/93.0.4577.63 Safari/537.36" "140.238.33.49" [0.000,1.725,1.725|1.725]Request_Body: "-"
172.64.215.48 - - [19/Sep/2026:23:43:51 +0800] "www.genoacfcshop.com" "GET /wp-login.php?redirect_to=https%3A%2F%2Fwww.genoacfcshop.com%2Fwp-admin%2Findex.php&reauth=1 HTTP/1.1" 200 3316 "https://genoacfcshop.com/wp-login.php" "Mozilla/5.0 (Windows NT 6.1; Win64; x64) AppleWebKit/537.36 (KHTML, like Gecko) Chrome/93.0.4577.63 Safari/537.36" "140.238.33.49" [0.000,1.262,1.264|1.264]Request_Body: "-"
172.68.119.51 - - [19/Sep/2026:23:43:51 +0800] "genoacfcshop.com" "GET /wp-admin/index.php HTTP/1.1" 301 166 "https://genoacfcshop.com/wp-login.php" "Mozilla/5.0 (Windows NT 6.1; Win64; x64) AppleWebKit/537.36 (KHTML, like Gecko) Chrome/93.0.4577.63 Safari/537.36" "140.238.33.49" [-,-,-|0.000]Request_Body: "-"
172.64.215.48 - - [19/Sep/2026:23:43:53 +0800] "www.genoacfcshop.com" "GET /wp-admin/index.php HTTP/1.1" 302 5 "https://genoacfcshop.com/wp-login.php" "Mozilla/5.0 (Windows NT 6.1; Win64; x64) AppleWebKit/537.36 (KHTML, like Gecko) Chrome/93.0.4577.63 Safari/537.36" "140.238.33.49" [0.000,1.650,1.650|1.650]Request_Body: "-"
172.64.215.48 - - [19/Sep/2026:23:43:55 +0800] "www.genoacfcshop.com" "GET /wp-login.php?redirect_to=https%3A%2F%2Fwww.genoacfcshop.com%2Fwp-admin%2Findex.php&reauth=1 HTTP/1.1" 200 3316 "https://genoacfcshop.com/wp-login.php" "Mozilla/5.0 (Windows NT 6.1; Win64; x64) AppleWebKit/537.36 (KHTML, like Gecko) Chrome/93.0.4577.63 Safari/537.36" "140.238.33.49" [0.000,1.940,1.944|1.944]Request_Body: "-"
172.68.119.51 - - [19/Sep/2026:23:43:55 +0800] "genoacfcshop.com" "POST /wp-login.php HTTP/1.1" 301 166 "https://genoacfcshop.com/wp-login.php" "Mozilla/5.0 (Windows NT 6.1; Win64; x64) AppleWebKit/537.36 (KHTML, like Gecko) Chrome/91.0.4472.124 Safari/537.36" "140.238.33.49" [-,-,-|0.000]Request_Body: "-"
172.68.119.51 - - [19/Sep/2026:23:43:55 +0800] "genoacfcshop.com" "GET /wp-admin/index.php HTTP/1.1" 301 166 "https://genoacfcshop.com/wp-login.php" "Mozilla/5.0 (X11; Linux x86_64) AppleWebKit/537.36 (KHTML, like Gecko) Chrome/94.0.4606.71 Safari/537.36" "140.238.33.49" [-,-,-|0.000]Request_Body: "-"
172.64.215.48 - - [19/Sep/2026:23:43:57 +0800] "www.genoacfcshop.com" "GET /wp-admin/index.php HTTP/1.1" 302 5 "https://genoacfcshop.com/wp-login.php" "Mozilla/5.0 (X11; Linux x86_64) AppleWebKit/537.36 (KHTML, like Gecko) Chrome/94.0.4606.71 Safari/537.36" "140.238.33.49" [0.001,1.627,1.627|1.627]Request_Body: "-"
172.64.215.48 - - [19/Sep/2026:23:43:59 +0800] "www.genoacfcshop.com" "GET /wp-login.php?redirect_to=https%3A%2F%2Fwww.genoacfcshop.com%2Fwp-admin%2Findex.php&reauth=1 HTTP/1.1" 200 3316 "https://genoacfcshop.com/wp-login.php" "Mozilla/5.0 (X11; Linux x86_64) AppleWebKit/537.36 (KHTML, like Gecko) Chrome/94.0.4606.71 Safari/537.36" "140.238.33.49" [0.000,1.545,1.547|1.547]Request_Body: "-"
172.68.119.51 - - [19/Sep/2026:23:43:59 +0800] "genoacfcshop.com" "GET /wp-admin/index.php HTTP/1.1" 301 166 "https://genoacfcshop.com/wp-login.php" "Mozilla/5.0 (X11; Linux x86_64) AppleWebKit/537.36 (KHTML, like Gecko) Chrome/94.0.4606.71 Safari/537.36" "140.238.33.49" [-,-,-|0.000]Request_Body: "-"
172.64.215.48 - - [19/Sep/2026:23:44:00 +0800] "www.genoacfcshop.com" "GET /wp-admin/index.php HTTP/1.1" 302 5 "https://genoacfcshop.com/wp-login.php" "Mozilla/5.0 (X11; Linux x86_64) AppleWebKit/537.36 (KHTML, like Gecko) Chrome/94.0.4606.71 Safari/537.36" "140.238.33.49" [0.000,1.449,1.449|1.449]Request_Body: "-"
172.64.215.48 - - [19/Sep/2026:23:44:02 +0800] "www.genoacfcshop.com" "GET /wp-login.php?redirect_to=https%3A%2F%2Fwww.genoacfcshop.com%2Fwp-admin%2Findex.php&reauth=1 HTTP/1.1" 200 3316 "https://genoacfcshop.com/wp-login.php" "Mozilla/5.0 (X11; Linux x86_64) AppleWebKit/537.36 (KHTML, like Gecko) Chrome/94.0.4606.71 Safari/537.36" "140.238.33.49" [0.001,1.655,1.658|1.658]Request_Body: "-"
172.68.119.51 - - [19/Sep/2026:23:44:03 +0800] "genoacfcshop.com" "POST /wp-login.php HTTP/1.1" 301 166 "https://genoacfcshop.com/wp-login.php" "Mozilla/5.0 (Windows NT 10.0; Win64; x64) AppleWebKit/605.1.15 (KHTML, like Gecko) Version/14.1.1 Safari/605.1.15" "140.238.33.49" [-,-,-|0.000]Request_Body: "-"
172.68.119.51 - - [19/Sep/2026:23:44:03 +0800] "genoacfcshop.com" "GET /wp-admin/index.php HTTP/1.1" 301 166 "https://genoacfcshop.com/wp-login.php" "Mozilla/5.0 (Windows NT 6.1; Win64; x64) AppleWebKit/537.36 (KHTML, like Gecko) Chrome/94.0.4606.71 Safari/537.36" "140.238.33.49" [-,-,-|0.000]Request_Body: "-"
172.64.215.48 - - [19/Sep/2026:23:44:04 +0800] "www.genoacfcshop.com" "GET /wp-admin/index.php HTTP/1.1" 302 5 "https://genoacfcshop.com/wp-login.php" "Mozilla/5.0 (Windows NT 6.1; Win64; x64) AppleWebKit/537.36 (KHTML, like Gecko) Chrome/94.0.4606.71 Safari/537.36" "140.238.33.49" [0.000,1.674,1.674|1.674]Request_Body: "-"
172.64.215.48 - - [19/Sep/2026:23:44:06 +0800] "www.genoacfcshop.com" "GET /wp-login.php?redirect_to=https%3A%2F%2Fwww.genoacfcshop.com%2Fwp-admin%2Findex.php&reauth=1 HTTP/1.1" 200 3316 "https://genoacfcshop.com/wp-login.php" "Mozilla/5.0 (Windows NT 6.1; Win64; x64) AppleWebKit/537.36 (KHTML, like Gecko) Chrome/94.0.4606.71 Safari/537.36" "140.238.33.49" [0.000,1.801,1.804|1.804]Request_Body: "-"
172.68.119.51 - - [19/Sep/2026:23:44:07 +0800] "genoacfcshop.com" "GET /wp-admin/index.php HTTP/1.1" 301 166 "https://genoacfcshop.com/wp-login.php" "Mozilla/5.0 (Windows NT 6.1; Win64; x64) AppleWebKit/537.36 (KHTML, like Gecko) Chrome/94.0.4606.71 Safari/537.36" "140.238.33.49" [-,-,-|0.000]Request_Body: "-"
172.64.215.48 - - [19/Sep/2026:23:44:08 +0800] "www.genoacfcshop.com" "GET /wp-admin/index.php HTTP/1.1" 302 5 "https://genoacfcshop.com/wp-login.php" "Mozilla/5.0 (Windows NT 6.1; Win64; x64) AppleWebKit/537.36 (KHTML, like Gecko) Chrome/94.0.4606.71 Safari/537.36" "140.238.33.49" [0.001,1.563,1.563|1.563]Request_Body: "-"
172.64.215.48 - - [19/Sep/2026:23:44:10 +0800] "www.genoacfcshop.com" "GET /wp-login.php?redirect_to=https%3A%2F%2Fwww.genoacfcshop.com%2Fwp-admin%2Findex.php&reauth=1 HTTP/1.1" 200 3316 "https://genoacfcshop.com/wp-login.php" "Mozilla/5.0 (Windows NT 6.1; Win64; x64) AppleWebKit/537.36 (KHTML, like Gecko) Chrome/94.0.4606.71 Safari/537.36" "140.238.33.49" [0.000,1.723,1.727|1.727]Request_Body: "-"
172.68.119.51 - - [19/Sep/2026:23:44:10 +0800] "genoacfcshop.com" "POST /wp-login.php HTTP/1.1" 301 166 "https://genoacfcshop.com/wp-login.php" "Mozilla/5.0 (X11; Linux x86_64) AppleWebKit/537.36 (KHTML, like Gecko) Chrome/94.0.4606.71 Safari/537.36" "140.238.33.49" [-,-,-|0.001]Request_Body: "-"
172.68.119.51 - - [19/Sep/2026:23:44:11 +0800] "genoacfcshop.com" "GET /wp-admin/index.php HTTP/1.1" 301 166 "https://genoacfcshop.com/wp-login.php" "Mozilla/5.0 (Macintosh; Intel Mac OS X 10_15_7) AppleWebKit/605.1.15 (KHTML, like Gecko) Version/14.1 Safari/605.1.15" "140.238.33.49" [-,-,-|0.000]Request_Body: "-"
172.64.215.48 - - [19/Sep/2026:23:44:12 +0800] "www.genoacfcshop.com" "GET /wp-admin/index.php HTTP/1.1" 302 5 "https://genoacfcshop.com/wp-login.php" "Mozilla/5.0 (Macintosh; Intel Mac OS X 10_15_7) AppleWebKit/605.1.15 (KHTML, like Gecko) Version/14.1 Safari/605.1.15" "140.238.33.49" [0.001,1.699,1.699|1.699]Request_Body: "-"
172.64.215.48 - - [19/Sep/2026:23:44:14 +0800] "www.genoacfcshop.com" "GET /wp-login.php?redirect_to=https%3A%2F%2Fwww.genoacfcshop.com%2Fwp-admin%2Findex.php&reauth=1 HTTP/1.1" 200 3316 "https://genoacfcshop.com/wp-login.php" "Mozilla/5.0 (Macintosh; Intel Mac OS X 10_15_7) AppleWebKit/605.1.15 (KHTML, like Gecko) Version/14.1 Safari/605.1.15" "140.238.33.49" [0.000,1.696,1.699|1.699]Request_Body: "-"
172.68.119.51 - - [19/Sep/2026:23:44:14 +0800] "genoacfcshop.com" "GET /wp-admin/index.php HTTP/1.1" 301 166 "https://genoacfcshop.com/wp-login.php" "Mozilla/5.0 (Macintosh; Intel Mac OS X 10_15_7) AppleWebKit/605.1.15 (KHTML, like Gecko) Version/14.1 Safari/605.1.15" "140.238.33.49" [-,-,-|0.000]Request_Body: "-"
172.64.215.48 - - [19/Sep/2026:23:44:17 +0800] "www.genoacfcshop.com" "GET /wp-admin/index.php HTTP/1.1" 302 5 "https://genoacfcshop.com/wp-login.php" "Mozilla/5.0 (Macintosh; Intel Mac OS X 10_15_7) AppleWebKit/605.1.15 (KHTML, like Gecko) Version/14.1 Safari/605.1.15" "140.238.33.49" [0.000,2.398,2.398|2.398]Request_Body: "-"
172.64.215.48 - - [19/Sep/2026:23:44:19 +0800] "www.genoacfcshop.com" "GET /wp-login.php?redirect_to=https%3A%2F%2Fwww.genoacfcshop.com%2Fwp-admin%2Findex.php&reauth=1 HTTP/1.1" 200 3316 "https://genoacfcshop.com/wp-login.php" "Mozilla/5.0 (Macintosh; Intel Mac OS X 10_15_7) AppleWebKit/605.1.15 (KHTML, like Gecko) Version/14.1 Safari/605.1.15" "140.238.33.49" [0.000,1.682,1.685|1.685]Request_Body: "-"
172.68.119.51 - - [19/Sep/2026:23:44:19 +0800] "genoacfcshop.com" "POST /wp-login.php HTTP/1.1" 301 166 "https://genoacfcshop.com/wp-login.php" "Mozilla/5.0 (X11; Linux x86_64) AppleWebKit/537.36 (KHTML, like Gecko) Chrome/91.0.4472.124 Safari/537.36" "140.238.33.49" [-,-,-|0.000]Request_Body: "-"
172.68.119.51 - - [19/Sep/2026:23:44:19 +0800] "genoacfcshop.com" "GET /wp-admin/index.php HTTP/1.1" 301 166 "https://genoacfcshop.com/wp-login.php" "Mozilla/5.0 (X11; Linux x86_64) AppleWebKit/537.36 (KHTML, like Gecko) Chrome/91.0.4472.124 Safari/537.36" "140.238.33.49" [-,-,-|0.000]Request_Body: "-"
172.64.215.48 - - [19/Sep/2026:23:44:21 +0800] "www.genoacfcshop.com" "GET /wp-admin/index.php HTTP/1.1" 302 5 "https://genoacfcshop.com/wp-login.php" "Mozilla/5.0 (X11; Linux x86_64) AppleWebKit/537.36 (KHTML, like Gecko) Chrome/91.0.4472.124 Safari/537.36" "140.238.33.49" [0.000,1.686,1.686|1.686]Request_Body: "-"
172.64.215.48 - - [19/Sep/2026:23:44:23 +0800] "www.genoacfcshop.com" "GET /wp-login.php?redirect_to=https%3A%2F%2Fwww.genoacfcshop.com%2Fwp-admin%2Findex.php&reauth=1 HTTP/1.1" 200 3316 "https://genoacfcshop.com/wp-login.php" "Mozilla/5.0 (X11; Linux x86_64) AppleWebKit/537.36 (KHTML, like Gecko) Chrome/91.0.4472.124 Safari/537.36" "140.238.33.49" [0.000,1.396,1.399|1.399]Request_Body: "-"
172.68.119.51 - - [19/Sep/2026:23:44:23 +0800] "genoacfcshop.com" "GET /wp-admin/index.php HTTP/1.1" 301 166 "https://genoacfcshop.com/wp-login.php" "Mozilla/5.0 (X11; Linux x86_64) AppleWebKit/537.36 (KHTML, like Gecko) Chrome/91.0.4472.124 Safari/537.36" "140.238.33.49" [-,-,-|0.000]Request_Body: "-"
172.64.215.48 - - [19/Sep/2026:23:44:24 +0800] "www.genoacfcshop.com" "GET /wp-admin/index.php HTTP/1.1" 302 5 "https://genoacfcshop.com/wp-login.php" "Mozilla/5.0 (X11; Linux x86_64) AppleWebKit/537.36 (KHTML, like Gecko) Chrome/91.0.4472.124 Safari/537.36" "140.238.33.49" [0.001,1.356,1.356|1.356]Request_Body: "-"
172.64.215.48 - - [19/Sep/2026:23:44:26 +0800] "www.genoacfcshop.com" "GET /wp-login.php?redirect_to=https%3A%2F%2Fwww.genoacfcshop.com%2Fwp-admin%2Findex.php&reauth=1 HTTP/1.1" 200 3316 "https://genoacfcshop.com/wp-login.php" "Mozilla/5.0 (X11; Linux x86_64) AppleWebKit/537.36 (KHTML, like Gecko) Chrome/91.0.4472.124 Safari/537.36" "140.238.33.49" [0.000,1.542,1.545|1.545]Request_Body: "-"
172.68.119.51 - - [19/Sep/2026:23:44:26 +0800] "genoacfcshop.com" "POST /wp-login.php HTTP/1.1" 301 166 "https://genoacfcshop.com/wp-login.php" "Mozilla/5.0 (X11; Linux x86_64) AppleWebKit/537.36 (KHTML, like Gecko) Chrome/90.0.4430.212 Safari/537.36" "140.238.33.49" [-,-,-|0.000]Request_Body: "-"
172.68.119.51 - - [19/Sep/2026:23:44:26 +0800] "genoacfcshop.com" "GET /wp-admin/index.php HTTP/1.1" 301 166 "https://genoacfcshop.com/wp-login.php" "Mozilla/5.0 (Macintosh; Intel Mac OS X 10_15_7) AppleWebKit/537.36 (KHTML, like Gecko) Chrome/90.0.4430.212 Safari/537.36" "140.238.33.49" [-,-,-|0.000]Request_Body: "-"
172.64.215.48 - - [19/Sep/2026:23:44:28 +0800] "www.genoacfcshop.com" "GET /wp-admin/index.php HTTP/1.1" 302 5 "https://genoacfcshop.com/wp-login.php" "Mozilla/5.0 (Macintosh; Intel Mac OS X 10_15_7) AppleWebKit/537.36 (KHTML, like Gecko) Chrome/90.0.4430.212 Safari/537.36" "140.238.33.49" [0.000,1.630,1.630|1.630]Request_Body: "-"
172.64.215.48 - - [19/Sep/2026:23:44:30 +0800] "www.genoacfcshop.com" "GET /wp-login.php?redirect_to=https%3A%2F%2Fwww.genoacfcshop.com%2Fwp-admin%2Findex.php&reauth=1 HTTP/1.1" 200 3316 "https://genoacfcshop.com/wp-login.php" "Mozilla/5.0 (Macintosh; Intel Mac OS X 10_15_7) AppleWebKit/537.36 (KHTML, like Gecko) Chrome/90.0.4430.212 Safari/537.36" "140.238.33.49" [0.000,1.286,1.288|1.289]Request_Body: "-"
172.68.119.51 - - [19/Sep/2026:23:44:30 +0800] "genoacfcshop.com" "GET /wp-admin/index.php HTTP/1.1" 301 166 "https://genoacfcshop.com/wp-login.php" "Mozilla/5.0 (Macintosh; Intel Mac OS X 10_15_7) AppleWebKit/537.36 (KHTML, like Gecko) Chrome/90.0.4430.212 Safari/537.36" "140.238.33.49" [-,-,-|0.000]Request_Body: "-"
172.64.215.48 - - [19/Sep/2026:23:44:31 +0800] "www.genoacfcshop.com" "GET /wp-admin/index.php HTTP/1.1" 302 5 "https://genoacfcshop.com/wp-login.php" "Mozilla/5.0 (Macintosh; Intel Mac OS X 10_15_7) AppleWebKit/537.36 (KHTML, like Gecko) Chrome/90.0.4430.212 Safari/537.36" "140.238.33.49" [0.000,1.270,1.270|1.270]Request_Body: "-"
172.64.215.48 - - [19/Sep/2026:23:44:32 +0800] "www.genoacfcshop.com" "GET /wp-login.php?redirect_to=https%3A%2F%2Fwww.genoacfcshop.com%2Fwp-admin%2Findex.php&reauth=1 HTTP/1.1" 200 3316 "https://genoacfcshop.com/wp-login.php" "Mozilla/5.0 (Macintosh; Intel Mac OS X 10_15_7) AppleWebKit/537.36 (KHTML, like Gecko) Chrome/90.0.4430.212 Safari/537.36" "140.238.33.49" [0.001,1.162,1.165|1.165]Request_Body: "-"
172.68.119.51 - - [19/Sep/2026:23:44:33 +0800] "genoacfcshop.com" "POST /wp-login.php HTTP/1.1" 301 166 "https://genoacfcshop.com/wp-login.php" "Mozilla/5.0 (X11; Linux x86_64) AppleWebKit/537.36 (KHTML, like Gecko) Chrome/92.0.4515.131 Safari/537.36" "140.238.33.49" [-,-,-|0.000]Request_Body: "-"
172.68.119.51 - - [19/Sep/2026:23:44:33 +0800] "genoacfcshop.com" "GET /wp-admin/index.php HTTP/1.1" 301 166 "https://genoacfcshop.com/wp-login.php" "Mozilla/5.0 (Windows NT 10.0; Win64; x64) AppleWebKit/537.36 (KHTML, like Gecko) Chrome/92.0.4515.131 Safari/537.36" "140.238.33.49" [-,-,-|0.000]Request_Body: "-"
172.64.215.48 - - [19/Sep/2026:23:44:35 +0800] "www.genoacfcshop.com" "GET /wp-admin/index.php HTTP/1.1" 302 5 "https://genoacfcshop.com/wp-login.php" "Mozilla/5.0 (Windows NT 10.0; Win64; x64) AppleWebKit/537.36 (KHTML, like Gecko) Chrome/92.0.4515.131 Safari/537.36" "140.238.33.49" [0.001,1.710,1.710|1.709]Request_Body: "-"
172.64.215.48 - - [19/Sep/2026:23:44:36 +0800] "www.genoacfcshop.com" "GET /wp-login.php?redirect_to=https%3A%2F%2Fwww.genoacfcshop.com%2Fwp-admin%2Findex.php&reauth=1 HTTP/1.1" 200 3316 "https://genoacfcshop.com/wp-login.php" "Mozilla/5.0 (Windows NT 10.0; Win64; x64) AppleWebKit/537.36 (KHTML, like Gecko) Chrome/92.0.4515.131 Safari/537.36" "140.238.33.49" [0.001,1.631,1.634|1.634]Request_Body: "-"
172.68.119.51 - - [19/Sep/2026:23:44:37 +0800] "genoacfcshop.com" "GET /wp-admin/index.php HTTP/1.1" 301 166 "https://genoacfcshop.com/wp-login.php" "Mozilla/5.0 (Windows NT 10.0; Win64; x64) AppleWebKit/537.36 (KHTML, like Gecko) Chrome/92.0.4515.131 Safari/537.36" "140.238.33.49" [-,-,-|0.000]Request_Body: "-"
172.64.215.48 - - [19/Sep/2026:23:44:39 +0800] "www.genoacfcshop.com" "GET /wp-admin/index.php HTTP/1.1" 302 5 "https://genoacfcshop.com/wp-login.php" "Mozilla/5.0 (Windows NT 10.0; Win64; x64) AppleWebKit/537.36 (KHTML, like Gecko) Chrome/92.0.4515.131 Safari/537.36" "140.238.33.49" [0.000,2.206,2.206|2.206]Request_Body: "-"
172.64.215.48 - - [19/Sep/2026:23:44:41 +0800] "www.genoacfcshop.com" "GET /wp-login.php?redirect_to=https%3A%2F%2Fwww.genoacfcshop.com%2Fwp-admin%2Findex.php&reauth=1 HTTP/1.1" 200 3316 "https://genoacfcshop.com/wp-login.php" "Mozilla/5.0 (Windows NT 10.0; Win64; x64) AppleWebKit/537.36 (KHTML, like Gecko) Chrome/92.0.4515.131 Safari/537.36" "140.238.33.49" [0.001,2.177,2.179|2.179]Request_Body: "-"
172.68.119.51 - - [19/Sep/2026:23:44:42 +0800] "genoacfcshop.com" "POST /wp-login.php HTTP/1.1" 301 166 "https://genoacfcshop.com/wp-login.php" "Mozilla/5.0 (Macintosh; Intel Mac OS X 10_15_7) AppleWebKit/605.1.15 (KHTML, like Gecko) Version/14.0.3 Safari/605.1.15" "140.238.33.49" [-,-,-|0.000]Request_Body: "-"
172.68.119.51 - - [19/Sep/2026:23:44:42 +0800] "genoacfcshop.com" "GET /wp-admin/index.php HTTP/1.1" 301 166 "https://genoacfcshop.com/wp-login.php" "Mozilla/5.0 (Windows NT 6.1; Win64; x64) AppleWebKit/537.36 (KHTML, like Gecko) Chrome/93.0.4577.63 Safari/537.36" "140.238.33.49" [-,-,-|0.000]Request_Body: "-"
172.64.215.48 - - [19/Sep/2026:23:44:44 +0800] "www.genoacfcshop.com" "GET /wp-admin/index.php HTTP/1.1" 302 5 "https://genoacfcshop.com/wp-login.php" "Mozilla/5.0 (Windows NT 6.1; Win64; x64) AppleWebKit/537.36 (KHTML, like Gecko) Chrome/93.0.4577.63 Safari/537.36" "140.238.33.49" [0.000,2.055,2.055|2.055]Request_Body: "-"
172.64.215.48 - - [19/Sep/2026:23:44:46 +0800] "www.genoacfcshop.com" "GET /wp-login.php?redirect_to=https%3A%2F%2Fwww.genoacfcshop.com%2Fwp-admin%2Findex.php&reauth=1 HTTP/1.1" 200 3316 "https://genoacfcshop.com/wp-login.php" "Mozilla/5.0 (Windows NT 6.1; Win64; x64) AppleWebKit/537.36 (KHTML, like Gecko) Chrome/93.0.4577.63 Safari/537.36" "140.238.33.49" [0.000,1.679,1.682|1.682]Request_Body: "-"
172.68.119.51 - - [19/Sep/2026:23:44:46 +0800] "genoacfcshop.com" "GET /wp-admin/index.php HTTP/1.1" 301 166 "https://genoacfcshop.com/wp-login.php" "Mozilla/5.0 (Windows NT 6.1; Win64; x64) AppleWebKit/537.36 (KHTML, like Gecko) Chrome/93.0.4577.63 Safari/537.36" "140.238.33.49" [-,-,-|0.000]Request_Body: "-"
172.64.215.48 - - [19/Sep/2026:23:44:48 +0800] "www.genoacfcshop.com" "GET /wp-admin/index.php HTTP/1.1" 302 5 "https://genoacfcshop.com/wp-login.php" "Mozilla/5.0 (Windows NT 6.1; Win64; x64) AppleWebKit/537.36 (KHTML, like Gecko) Chrome/93.0.4577.63 Safari/537.36" "140.238.33.49" [0.000,1.960,1.960|1.961]Request_Body: "-"
172.70.216.166 - - [19/Sep/2026:23:44:48 +0800] "genoacfcshop.com" "POST /?rest_route=/batch/v1 HTTP/1.1" 301 166 "-" "Mozilla/5.0" "62.60.130.230" [-,-,-|0.000]Request_Body: "-"
172.64.215.48 - - [19/Sep/2026:23:44:50 +0800] "www.genoacfcshop.com" "GET /wp-login.php?redirect_to=https%3A%2F%2Fwww.genoacfcshop.com%2Fwp-admin%2Findex.php&reauth=1 HTTP/1.1" 200 3316 "https://genoacfcshop.com/wp-login.php" "Mozilla/5.0 (Windows NT 6.1; Win64; x64) AppleWebKit/537.36 (KHTML, like Gecko) Chrome/93.0.4577.63 Safari/537.36" "140.238.33.49" [0.000,1.586,1.589|1.589]Request_Body: "-"
172.68.119.51 - - [19/Sep/2026:23:44:50 +0800] "genoacfcshop.com" "POST /wp-login.php HTTP/1.1" 301 166 "https://genoacfcshop.com/wp-login.php" "Mozilla/5.0 (X11; Linux x86_64) AppleWebKit/537.36 (KHTML, like Gecko) Chrome/90.0.4430.212 Safari/537.36" "140.238.33.49" [-,-,-|0.000]Request_Body: "-"
172.68.119.51 - - [19/Sep/2026:23:44:50 +0800] "genoacfcshop.com" "GET /wp-admin/index.php HTTP/1.1" 301 166 "https://genoacfcshop.com/wp-login.php" "Mozilla/5.0 (Windows NT 6.1; Win64; x64) AppleWebKit/537.36 (KHTML, like Gecko) Chrome/93.0.4577.63 Safari/537.36" "140.238.33.49" [-,-,-|0.000]Request_Body: "-"
172.64.215.48 - - [19/Sep/2026:23:44:52 +0800] "www.genoacfcshop.com" "GET /wp-admin/index.php HTTP/1.1" 302 5 "https://genoacfcshop.com/wp-login.php" "Mozilla/5.0 (Windows NT 6.1; Win64; x64) AppleWebKit/537.36 (KHTML, like Gecko) Chrome/93.0.4577.63 Safari/537.36" "140.238.33.49" [0.000,1.426,1.426|1.426]Request_Body: "-"
172.71.114.92 - - [19/Sep/2026:23:44:52 +0800] "www.genoacfcshop.com" "GET /?rest_route=/batch/v1 HTTP/1.1" 404 147 "-" "Mozilla/5.0" "62.60.130.230" [0.001,1.574,1.574|1.574]Request_Body: "-"
172.70.216.166 - - [19/Sep/2026:23:44:53 +0800] "genoacfcshop.com" "POST /wp-json/batch/v1 HTTP/1.1" 301 166 "-" "Mozilla/5.0" "62.60.130.230" [-,-,-|0.000]Request_Body: "-"
172.64.215.48 - - [19/Sep/2026:23:44:54 +0800] "www.genoacfcshop.com" "GET /wp-login.php?redirect_to=https%3A%2F%2Fwww.genoacfcshop.com%2Fwp-admin%2Findex.php&reauth=1 HTTP/1.1" 200 3316 "https://genoacfcshop.com/wp-login.php" "Mozilla/5.0 (Windows NT 6.1; Win64; x64) AppleWebKit/537.36 (KHTML, like Gecko) Chrome/93.0.4577.63 Safari/537.36" "140.238.33.49" [0.000,1.666,1.669|1.669]Request_Body: "-"
172.68.119.51 - - [19/Sep/2026:23:44:54 +0800] "genoacfcshop.com" "GET /wp-admin/index.php HTTP/1.1" 301 166 "https://genoacfcshop.com/wp-login.php" "Mozilla/5.0 (Windows NT 6.1; Win64; x64) AppleWebKit/537.36 (KHTML, like Gecko) Chrome/93.0.4577.63 Safari/537.36" "140.238.33.49" [-,-,-|0.000]Request_Body: "-"
172.64.215.48 - - [19/Sep/2026:23:44:56 +0800] "www.genoacfcshop.com" "GET /wp-admin/index.php HTTP/1.1" 302 5 "https://genoacfcshop.com/wp-login.php" "Mozilla/5.0 (Windows NT 6.1; Win64; x64) AppleWebKit/537.36 (KHTML, like Gecko) Chrome/93.0.4577.63 Safari/537.36" "140.238.33.49" [0.000,1.850,1.850|1.850]Request_Body: "-"
172.69.9.174 - - [19/Sep/2026:23:44:56 +0800] "www.genoacfcshop.com" "GET /wp-json/batch/v1 HTTP/1.1" 404 147 "-" "Mozilla/5.0" "62.60.130.230" [0.000,2.143,2.143|2.143]Request_Body: "-"
172.64.215.48 - - [19/Sep/2026:23:44:57 +0800] "www.genoacfcshop.com" "GET /wp-login.php?redirect_to=https%3A%2F%2Fwww.genoacfcshop.com%2Fwp-admin%2Findex.php&reauth=1 HTTP/1.1" 200 3316 "https://genoacfcshop.com/wp-login.php" "Mozilla/5.0 (Windows NT 6.1; Win64; x64) AppleWebKit/537.36 (KHTML, like Gecko) Chrome/93.0.4577.63 Safari/537.36" "140.238.33.49" [0.000,1.382,1.384|1.384]Request_Body: "-"
172.68.119.51 - - [19/Sep/2026:23:44:57 +0800] "genoacfcshop.com" "POST /wp-login.php HTTP/1.1" 301 166 "https://genoacfcshop.com/wp-login.php" "Mozilla/5.0 (Macintosh; Intel Mac OS X 10_15_7) AppleWebKit/605.1.15 (KHTML, like Gecko) Version/14.0.3 Safari/605.1.15" "140.238.33.49" [-,-,-|0.001]Request_Body: "-"
172.68.119.51 - - [19/Sep/2026:23:44:58 +0800] "genoacfcshop.com" "GET /wp-admin/index.php HTTP/1.1" 301 166 "https://genoacfcshop.com/wp-login.php" "Mozilla/5.0 (Macintosh; Intel Mac OS X 10_15_7; rv:91.0) Gecko/20100101 Firefox/91.0" "140.238.33.49" [-,-,-|0.000]Request_Body: "-"
172.69.68.156 - - [19/Sep/2026:23:44:58 +0800] "genoacfcshop.com" "GET /wp-admin/admin-ajax.php?action=wdpsso_step1&redirect= HTTP/1.1" 301 166 "-" "Mozilla/5.0 (Windows NT 10.0; Win64; x64) AppleWebKit/537.36 (KHTML, like Gecko) Chrome/126.0.0.0 Safari/537.36" "62.60.130.230" [-,-,-|0.000]Request_Body: "-"
172.64.215.48 - - [19/Sep/2026:23:44:59 +0800] "www.genoacfcshop.com" "GET /wp-admin/index.php HTTP/1.1" 302 5 "https://genoacfcshop.com/wp-login.php" "Mozilla/5.0 (Macintosh; Intel Mac OS X 10_15_7; rv:91.0) Gecko/20100101 Firefox/91.0" "140.238.33.49" [0.000,1.355,1.355|1.355]Request_Body: "-"
172.71.114.220 - - [19/Sep/2026:23:45:00 +0800] "genoacfcshop.com" "GET /wp-admin/admin-ajax.php HTTP/1.1" 301 166 "-" "Mozilla/5.0 (Windows NT 10.0; Win64; x64) AppleWebKit/537.36 (KHTML, like Gecko) Chrome/126.0.0.0 Safari/537.36" "62.60.130.230" [-,-,-|0.000]Request_Body: "-"
172.64.215.48 - - [19/Sep/2026:23:45:01 +0800] "www.genoacfcshop.com" "GET /wp-login.php?redirect_to=https%3A%2F%2Fwww.genoacfcshop.com%2Fwp-admin%2Findex.php&reauth=1 HTTP/1.1" 200 3316 "https://genoacfcshop.com/wp-login.php" "Mozilla/5.0 (Macintosh; Intel Mac OS X 10_15_7; rv:91.0) Gecko/20100101 Firefox/91.0" "140.238.33.49" [0.001,1.255,1.257|1.257]Request_Body: "-"
172.68.119.51 - - [19/Sep/2026:23:45:01 +0800] "genoacfcshop.com" "GET /wp-admin/index.php HTTP/1.1" 301 166 "https://genoacfcshop.com/wp-login.php" "Mozilla/5.0 (Macintosh; Intel Mac OS X 10_15_7; rv:91.0) Gecko/20100101 Firefox/91.0" "140.238.33.49" [-,-,-|0.000]Request_Body: "-"
172.64.215.48 - - [19/Sep/2026:23:45:02 +0800] "www.genoacfcshop.com" "GET /wp-admin/index.php HTTP/1.1" 302 5 "https://genoacfcshop.com/wp-login.php" "Mozilla/5.0 (Macintosh; Intel Mac OS X 10_15_7; rv:91.0) Gecko/20100101 Firefox/91.0" "140.238.33.49" [0.001,1.303,1.303|1.303]Request_Body: "-"
172.69.9.174 - - [19/Sep/2026:23:45:03 +0800] "www.genoacfcshop.com" "GET /wp-admin/admin-ajax.php HTTP/1.1" 400 11 "-" "Mozilla/5.0 (Windows NT 10.0; Win64; x64) AppleWebKit/537.36 (KHTML, like Gecko) Chrome/126.0.0.0 Safari/537.36" "62.60.130.230" [0.000,1.734,1.734|1.734]Request_Body: "-"
172.64.215.48 - - [19/Sep/2026:23:45:04 +0800] "www.genoacfcshop.com" "GET /wp-login.php?redirect_to=https%3A%2F%2Fwww.genoacfcshop.com%2Fwp-admin%2Findex.php&reauth=1 HTTP/1.1" 200 3316 "https://genoacfcshop.com/wp-login.php" "Mozilla/5.0 (Macintosh; Intel Mac OS X 10_15_7; rv:91.0) Gecko/20100101 Firefox/91.0" "140.238.33.49" [0.000,1.479,1.482|1.482]Request_Body: "-"
172.68.119.51 - - [19/Sep/2026:23:45:04 +0800] "genoacfcshop.com" "POST /wp-login.php HTTP/1.1" 301 166 "https://genoacfcshop.com/wp-login.php" "Mozilla/5.0 (X11; Linux x86_64; rv:90.0) Gecko/20100101 Firefox/90.0.1" "140.238.33.49" [-,-,-|0.000]Request_Body: "-"
172.68.119.51 - - [19/Sep/2026:23:45:04 +0800] "genoacfcshop.com" "GET /wp-admin/index.php HTTP/1.1" 301 166 "https://genoacfcshop.com/wp-login.php" "Mozilla/5.0 (Windows NT 10.0; Win64; x64) AppleWebKit/537.36 (KHTML, like Gecko) Chrome/94.0.4606.71 Safari/537.36" "140.238.33.49" [-,-,-|0.000]Request_Body: "-"
188.114.102.136 - - [19/Sep/2026:23:45:04 +0800] "genoacfcshop.com" "POST /wp-admin/admin-ajax.php?meta-box-loader=1 HTTP/1.1" 301 166 "-" "Mozilla/5.0 (Windows NT 10.0; Win64; x64; rv:128.0) Gecko/20100101 Firefox/128.0" "62.60.130.230" [-,-,-|0.000]Request_Body: "-"
172.64.215.48 - - [19/Sep/2026:23:45:06 +0800] "www.genoacfcshop.com" "GET /wp-admin/index.php HTTP/1.1" 302 5 "https://genoacfcshop.com/wp-login.php" "Mozilla/5.0 (Windows NT 10.0; Win64; x64) AppleWebKit/537.36 (KHTML, like Gecko) Chrome/94.0.4606.71 Safari/537.36" "140.238.33.49" [0.001,1.630,1.630|1.630]Request_Body: "-"
172.64.215.48 - - [19/Sep/2026:23:45:07 +0800] "www.genoacfcshop.com" "GET /wp-login.php?redirect_to=https%3A%2F%2Fwww.genoacfcshop.com%2Fwp-admin%2Findex.php&reauth=1 HTTP/1.1" 200 3316 "https://genoacfcshop.com/wp-login.php" "Mozilla/5.0 (Windows NT 10.0; Win64; x64) AppleWebKit/537.36 (KHTML, like Gecko) Chrome/94.0.4606.71 Safari/537.36" "140.238.33.49" [0.000,1.267,1.270|1.270]Request_Body: "-"
172.68.119.51 - - [19/Sep/2026:23:45:07 +0800] "genoacfcshop.com" "GET /wp-admin/index.php HTTP/1.1" 301 166 "https://genoacfcshop.com/wp-login.php" "Mozilla/5.0 (Windows NT 10.0; Win64; x64) AppleWebKit/537.36 (KHTML, like Gecko) Chrome/94.0.4606.71 Safari/537.36" "140.238.33.49" [-,-,-|0.000]Request_Body: "-"
172.69.9.174 - - [19/Sep/2026:23:45:08 +0800] "www.genoacfcshop.com" "GET /wp-admin/admin-ajax.php?meta-box-loader=1 HTTP/1.1" 400 11 "-" "Mozilla/5.0 (Windows NT 10.0; Win64; x64; rv:128.0) Gecko/20100101 Firefox/128.0" "62.60.130.230" [0.001,1.933,1.933|1.933]Request_Body: "-"
172.64.215.48 - - [19/Sep/2026:23:45:09 +0800] "www.genoacfcshop.com" "GET /wp-admin/index.php HTTP/1.1" 302 5 "https://genoacfcshop.com/wp-login.php" "Mozilla/5.0 (Windows NT 10.0; Win64; x64) AppleWebKit/537.36 (KHTML, like Gecko) Chrome/94.0.4606.71 Safari/537.36" "140.238.33.49" [0.000,1.349,1.349|1.349]Request_Body: "-"
172.69.9.174 - - [19/Sep/2026:23:45:09 +0800] "genoacfcshop.com" "GET /wp-admin/admin-ajax.php?action=wdpsso_step1&redirect= HTTP/1.1" 301 166 "-" "Mozilla/5.0 (Windows NT 10.0; Win64; x64) AppleWebKit/537.36 (KHTML, like Gecko) Chrome/124.0.0.0 Safari/537.36 Edg/124.0.0.0" "62.60.130.230" [-,-,-|0.000]Request_Body: "-"
172.69.9.174 - - [19/Sep/2026:23:45:10 +0800] "genoacfcshop.com" "GET /sample-page HTTP/1.1" 301 166 "-" "Mozilla/5.0 (Windows NT 10.0; Win64; x64) AppleWebKit/537.36 (KHTML, like Gecko) Chrome/124.0.0.0 Safari/537.36 Edg/124.0.0.0" "62.60.130.230" [-,-,-|0.000]Request_Body: "-"
172.64.215.48 - - [19/Sep/2026:23:45:11 +0800] "www.genoacfcshop.com" "GET /wp-login.php?redirect_to=https%3A%2F%2Fwww.genoacfcshop.com%2Fwp-admin%2Findex.php&reauth=1 HTTP/1.1" 200 3316 "https://genoacfcshop.com/wp-login.php" "Mozilla/5.0 (Windows NT 10.0; Win64; x64) AppleWebKit/537.36 (KHTML, like Gecko) Chrome/94.0.4606.71 Safari/537.36" "140.238.33.49" [0.000,1.437,1.440|1.440]Request_Body: "-"
172.68.119.51 - - [19/Sep/2026:23:45:11 +0800] "genoacfcshop.com" "POST /wp-login.php HTTP/1.1" 301 166 "https://genoacfcshop.com/wp-login.php" "Mozilla/5.0 (Windows NT 10.0; Win64; x64; rv:89.0) Gecko/20100101 Firefox/89.0.2" "140.238.33.49" [-,-,-|0.000]Request_Body: "-"
172.68.119.51 - - [19/Sep/2026:23:45:11 +0800] "genoacfcshop.com" "GET /wp-admin/index.php HTTP/1.1" 301 166 "https://genoacfcshop.com/wp-login.php" "Mozilla/5.0 (Windows NT 10.0; Win64; x64) AppleWebKit/537.36 (KHTML, like Gecko) Chrome/92.0.4515.131 Safari/537.36" "140.238.33.49" [-,-,-|0.000]Request_Body: "-"
172.70.216.124 - - [19/Sep/2026:23:45:13 +0800] "www.genoacfcshop.com" "GET /sample-page HTTP/1.1" 301 5 "-" "Mozilla/5.0 (Windows NT 10.0; Win64; x64) AppleWebKit/537.36 (KHTML, like Gecko) Chrome/124.0.0.0 Safari/537.36 Edg/124.0.0.0" "62.60.130.230" [0.001,1.503,1.503|1.502]Request_Body: "-"
172.64.215.48 - - [19/Sep/2026:23:45:13 +0800] "www.genoacfcshop.com" "GET /wp-admin/index.php HTTP/1.1" 302 5 "https://genoacfcshop.com/wp-login.php" "Mozilla/5.0 (Windows NT 10.0; Win64; x64) AppleWebKit/537.36 (KHTML, like Gecko) Chrome/92.0.4515.131 Safari/537.36" "140.238.33.49" [0.000,1.607,1.607|1.608]Request_Body: "-"
172.64.215.48 - - [19/Sep/2026:23:45:14 +0800] "www.genoacfcshop.com" "GET /wp-login.php?redirect_to=https%3A%2F%2Fwww.genoacfcshop.com%2Fwp-admin%2Findex.php&reauth=1 HTTP/1.1" 200 3316 "https://genoacfcshop.com/wp-login.php" "Mozilla/5.0 (Windows NT 10.0; Win64; x64) AppleWebKit/537.36 (KHTML, like Gecko) Chrome/92.0.4515.131 Safari/537.36" "140.238.33.49" [0.000,1.201,1.203|1.203]Request_Body: "-"
172.68.119.51 - - [19/Sep/2026:23:45:14 +0800] "genoacfcshop.com" "GET /wp-admin/index.php HTTP/1.1" 301 166 "https://genoacfcshop.com/wp-login.php" "Mozilla/5.0 (Windows NT 10.0; Win64; x64) AppleWebKit/537.36 (KHTML, like Gecko) Chrome/92.0.4515.131 Safari/537.36" "140.238.33.49" [-,-,-|0.000]Request_Body: "-"
172.70.216.124 - - [19/Sep/2026:23:45:15 +0800] "www.genoacfcshop.com" "GET /sample-page/ HTTP/1.1" 200 27427 "-" "Mozilla/5.0 (Windows NT 10.0; Win64; x64) AppleWebKit/537.36 (KHTML, like Gecko) Chrome/124.0.0.0 Safari/537.36 Edg/124.0.0.0" "62.60.130.230" [0.001,1.738,1.740|1.739]Request_Body: "-"
172.64.215.48 - - [19/Sep/2026:23:45:16 +0800] "www.genoacfcshop.com" "GET /wp-admin/index.php HTTP/1.1" 302 5 "https://genoacfcshop.com/wp-login.php" "Mozilla/5.0 (Windows NT 10.0; Win64; x64) AppleWebKit/537.36 (KHTML, like Gecko) Chrome/92.0.4515.131 Safari/537.36" "140.238.33.49" [0.000,1.449,1.449|1.449]Request_Body: "-"
172.70.216.166 - - [19/Sep/2026:23:45:16 +0800] "genoacfcshop.com" "GET /wp-login.php HTTP/1.1" 301 166 "-" "Mozilla/5.0" "62.60.130.230" [-,-,-|0.000]Request_Body: "-"
172.64.215.48 - - [19/Sep/2026:23:45:17 +0800] "www.genoacfcshop.com" "GET /wp-login.php?redirect_to=https%3A%2F%2Fwww.genoacfcshop.com%2Fwp-admin%2Findex.php&reauth=1 HTTP/1.1" 200 3316 "https://genoacfcshop.com/wp-login.php" "Mozilla/5.0 (Windows NT 10.0; Win64; x64) AppleWebKit/537.36 (KHTML, like Gecko) Chrome/92.0.4515.131 Safari/537.36" "140.238.33.49" [0.000,1.238,1.240|1.240]Request_Body: "-"
172.68.119.51 - - [19/Sep/2026:23:45:17 +0800] "genoacfcshop.com" "POST /wp-login.php HTTP/1.1" 301 166 "https://genoacfcshop.com/wp-login.php" "Mozilla/5.0 (Macintosh; Intel Mac OS X 10_15_7; rv:90.0) Gecko/20100101 Firefox/90.0.1" "140.238.33.49" [-,-,-|0.000]Request_Body: "-"
172.68.119.51 - - [19/Sep/2026:23:45:18 +0800] "genoacfcshop.com" "GET /wp-admin/index.php HTTP/1.1" 301 166 "https://genoacfcshop.com/wp-login.php" "Mozilla/5.0 (X11; Linux x86_64) AppleWebKit/537.36 (KHTML, like Gecko) Chrome/91.0.4472.124 Safari/537.36" "140.238.33.49" [-,-,-|0.000]Request_Body: "-"
172.70.216.124 - - [19/Sep/2026:23:45:19 +0800] "www.genoacfcshop.com" "GET /wp-login.php HTTP/1.1" 200 3298 "-" "Mozilla/5.0" "62.60.130.230" [0.000,1.581,1.584|1.584]Request_Body: "-"
172.64.215.48 - - [19/Sep/2026:23:45:19 +0800] "www.genoacfcshop.com" "GET /wp-admin/index.php HTTP/1.1" 302 5 "https://genoacfcshop.com/wp-login.php" "Mozilla/5.0 (X11; Linux x86_64) AppleWebKit/537.36 (KHTML, like Gecko) Chrome/91.0.4472.124 Safari/537.36" "140.238.33.49" [0.000,1.730,1.730|1.730]Request_Body: "-"
172.71.114.220 - - [19/Sep/2026:23:45:20 +0800] "genoacfcshop.com" "GET /wp-login.php HTTP/1.1" 301 166 "-" "Mozilla/5.0" "62.60.130.230" [-,-,-|0.000]Request_Body: "-"
172.64.215.48 - - [19/Sep/2026:23:45:22 +0800] "www.genoacfcshop.com" "GET /wp-login.php?redirect_to=https%3A%2F%2Fwww.genoacfcshop.com%2Fwp-admin%2Findex.php&reauth=1 HTTP/1.1" 200 3316 "https://genoacfcshop.com/wp-login.php" "Mozilla/5.0 (X11; Linux x86_64) AppleWebKit/537.36 (KHTML, like Gecko) Chrome/91.0.4472.124 Safari/537.36" "140.238.33.49" [0.000,1.947,1.950|1.950]Request_Body: "-"
172.68.119.51 - - [19/Sep/2026:23:45:22 +0800] "genoacfcshop.com" "GET /wp-admin/index.php HTTP/1.1" 301 166 "https://genoacfcshop.com/wp-login.php" "Mozilla/5.0 (X11; Linux x86_64) AppleWebKit/537.36 (KHTML, like Gecko) Chrome/91.0.4472.124 Safari/537.36" "140.238.33.49" [-,-,-|0.000]Request_Body: "-"
172.70.216.124 - - [19/Sep/2026:23:45:23 +0800] "www.genoacfcshop.com" "GET /wp-login.php HTTP/1.1" 200 3298 "-" "Mozilla/5.0" "62.60.130.230" [0.000,1.873,1.876|1.876]Request_Body: "-"
172.64.215.48 - - [19/Sep/2026:23:45:24 +0800] "www.genoacfcshop.com" "GET /wp-admin/index.php HTTP/1.1" 302 5 "https://genoacfcshop.com/wp-login.php" "Mozilla/5.0 (X11; Linux x86_64) AppleWebKit/537.36 (KHTML, like Gecko) Chrome/91.0.4472.124 Safari/537.36" "140.238.33.49" [0.000,1.817,1.817|1.817]Request_Body: "-"
172.69.68.156 - - [19/Sep/2026:23:45:24 +0800] "genoacfcshop.com" "POST /wp-login.php HTTP/1.1" 301 166 "-" "Mozilla/5.0" "62.60.130.230" [-,-,-|0.000]Request_Body: "-"
172.64.215.48 - - [19/Sep/2026:23:45:25 +0800] "www.genoacfcshop.com" "GET /wp-login.php?redirect_to=https%3A%2F%2Fwww.genoacfcshop.com%2Fwp-admin%2Findex.php&reauth=1 HTTP/1.1" 200 3316 "https://genoacfcshop.com/wp-login.php" "Mozilla/5.0 (X11; Linux x86_64) AppleWebKit/537.36 (KHTML, like Gecko) Chrome/91.0.4472.124 Safari/537.36" "140.238.33.49" [0.000,1.264,1.267|1.267]Request_Body: "-"
172.68.119.51 - - [19/Sep/2026:23:45:25 +0800] "genoacfcshop.com" "POST /wp-login.php HTTP/1.1" 301 166 "https://genoacfcshop.com/wp-login.php" "Mozilla/5.0 (Windows NT 6.1; Win64; x64; rv:92.0) Gecko/20100101 Firefox/92.0" "140.238.33.49" [-,-,-|0.000]Request_Body: "-"
172.68.119.51 - - [19/Sep/2026:23:45:25 +0800] "genoacfcshop.com" "GET /wp-admin/index.php HTTP/1.1" 301 166 "https://genoacfcshop.com/wp-login.php" "Mozilla/5.0 (Windows NT 10.0; Win64; x64) AppleWebKit/605.1.15 (KHTML, like Gecko) Version/15.0 Safari/605.1.15" "140.238.33.49" [-,-,-|0.000]Request_Body: "-"
172.69.9.174 - - [19/Sep/2026:23:45:27 +0800] "www.genoacfcshop.com" "GET /wp-login.php HTTP/1.1" 200 3298 "-" "Mozilla/5.0" "62.60.130.230" [0.000,1.652,1.654|1.654]Request_Body: "-"
172.64.215.48 - - [19/Sep/2026:23:45:27 +0800] "www.genoacfcshop.com" "GET /wp-admin/index.php HTTP/1.1" 302 5 "https://genoacfcshop.com/wp-login.php" "Mozilla/5.0 (Windows NT 10.0; Win64; x64) AppleWebKit/605.1.15 (KHTML, like Gecko) Version/15.0 Safari/605.1.15" "140.238.33.49" [0.000,1.627,1.627|1.627]Request_Body: "-"
172.69.68.156 - - [19/Sep/2026:23:45:28 +0800] "genoacfcshop.com" "GET /wp-login.php HTTP/1.1" 301 166 "-" "Mozilla/5.0" "62.60.130.230" [-,-,-|0.000]Request_Body: "-"
172.64.215.48 - - [19/Sep/2026:23:45:29 +0800] "www.genoacfcshop.com" "GET /wp-login.php?redirect_to=https%3A%2F%2Fwww.genoacfcshop.com%2Fwp-admin%2Findex.php&reauth=1 HTTP/1.1" 200 3316 "https://genoacfcshop.com/wp-login.php" "Mozilla/5.0 (Windows NT 10.0; Win64; x64) AppleWebKit/605.1.15 (KHTML, like Gecko) Version/15.0 Safari/605.1.15" "140.238.33.49" [0.000,1.570,1.572|1.572]Request_Body: "-"
172.68.119.51 - - [19/Sep/2026:23:45:29 +0800] "genoacfcshop.com" "GET /wp-admin/index.php HTTP/1.1" 301 166 "https://genoacfcshop.com/wp-login.php" "Mozilla/5.0 (Windows NT 10.0; Win64; x64) AppleWebKit/605.1.15 (KHTML, like Gecko) Version/15.0 Safari/605.1.15" "140.238.33.49" [-,-,-|0.000]Request_Body: "-"
172.64.215.48 - - [19/Sep/2026:23:45:31 +0800] "www.genoacfcshop.com" "GET /wp-admin/index.php HTTP/1.1" 302 5 "https://genoacfcshop.com/wp-login.php" "Mozilla/5.0 (Windows NT 10.0; Win64; x64) AppleWebKit/605.1.15 (KHTML, like Gecko) Version/15.0 Safari/605.1.15" "140.238.33.49" [0.000,1.452,1.452|1.452]Request_Body: "-"
172.69.68.114 - - [19/Sep/2026:23:45:31 +0800] "www.genoacfcshop.com" "GET /wp-login.php HTTP/1.1" 200 3298 "-" "Mozilla/5.0" "62.60.130.230" [0.000,1.470,1.473|1.473]Request_Body: "-"
172.71.114.220 - - [19/Sep/2026:23:45:32 +0800] "genoacfcshop.com" "POST /wp-login.php HTTP/1.1" 301 166 "-" "Mozilla/5.0" "62.60.130.230" [-,-,-|0.001]Request_Body: "-"
172.64.215.48 - - [19/Sep/2026:23:45:32 +0800] "www.genoacfcshop.com" "GET /wp-login.php?redirect_to=https%3A%2F%2Fwww.genoacfcshop.com%2Fwp-admin%2Findex.php&reauth=1 HTTP/1.1" 200 3316 "https://genoacfcshop.com/wp-login.php" "Mozilla/5.0 (Windows NT 10.0; Win64; x64) AppleWebKit/605.1.15 (KHTML, like Gecko) Version/15.0 Safari/605.1.15" "140.238.33.49" [0.000,1.546,1.549|1.549]Request_Body: "-"
172.68.119.51 - - [19/Sep/2026:23:45:33 +0800] "genoacfcshop.com" "POST /wp-login.php HTTP/1.1" 301 166 "https://genoacfcshop.com/wp-login.php" "Mozilla/5.0 (Macintosh; Intel Mac OS X 10_15_7; rv:92.0) Gecko/20100101 Firefox/92.0" "140.238.33.49" [-,-,-|0.000]Request_Body: "-"
172.68.119.51 - - [19/Sep/2026:23:45:33 +0800] "genoacfcshop.com" "GET /wp-admin/index.php HTTP/1.1" 301 166 "https://genoacfcshop.com/wp-login.php" "Mozilla/5.0 (Macintosh; Intel Mac OS X 10_15_7) AppleWebKit/605.1.15 (KHTML, like Gecko) Version/14.1 Safari/605.1.15" "140.238.33.49" [-,-,-|0.000]Request_Body: "-"
172.64.215.48 - - [19/Sep/2026:23:45:35 +0800] "www.genoacfcshop.com" "GET /wp-admin/index.php HTTP/1.1" 302 5 "https://genoacfcshop.com/wp-login.php" "Mozilla/5.0 (Macintosh; Intel Mac OS X 10_15_7) AppleWebKit/605.1.15 (KHTML, like Gecko) Version/14.1 Safari/605.1.15" "140.238.33.49" [0.000,1.951,1.951|1.951]Request_Body: "-"
172.70.216.124 - - [19/Sep/2026:23:45:36 +0800] "www.genoacfcshop.com" "GET /wp-login.php HTTP/1.1" 200 3298 "-" "Mozilla/5.0" "62.60.130.230" [0.005,2.011,2.011|2.011]Request_Body: "-"
172.64.215.48 - - [19/Sep/2026:23:45:37 +0800] "www.genoacfcshop.com" "GET /wp-login.php?redirect_to=https%3A%2F%2Fwww.genoacfcshop.com%2Fwp-admin%2Findex.php&reauth=1 HTTP/1.1" 200 3316 "https://genoacfcshop.com/wp-login.php" "Mozilla/5.0 (Macintosh; Intel Mac OS X 10_15_7) AppleWebKit/605.1.15 (KHTML, like Gecko) Version/14.1 Safari/605.1.15" "140.238.33.49" [0.000,1.724,1.726|1.726]Request_Body: "-"
172.68.119.51 - - [19/Sep/2026:23:45:37 +0800] "genoacfcshop.com" "GET /wp-admin/index.php HTTP/1.1" 301 166 "https://genoacfcshop.com/wp-login.php" "Mozilla/5.0 (Macintosh; Intel Mac OS X 10_15_7) AppleWebKit/605.1.15 (KHTML, like Gecko) Version/14.1 Safari/605.1.15" "140.238.33.49" [-,-,-|0.000]Request_Body: "-"
188.114.102.136 - - [19/Sep/2026:23:45:37 +0800] "genoacfcshop.com" "GET /wp-login.php HTTP/1.1" 301 166 "-" "Mozilla/5.0" "62.60.130.230" [-,-,-|0.000]Request_Body: "-"
172.64.215.48 - - [19/Sep/2026:23:45:39 +0800] "www.genoacfcshop.com" "GET /wp-admin/index.php HTTP/1.1" 302 5 "https://genoacfcshop.com/wp-login.php" "Mozilla/5.0 (Macintosh; Intel Mac OS X 10_15_7) AppleWebKit/605.1.15 (KHTML, like Gecko) Version/14.1 Safari/605.1.15" "140.238.33.49" [0.001,1.546,1.546|1.545]Request_Body: "-"
188.114.102.208 - - [19/Sep/2026:23:45:39 +0800] "www.genoacfcshop.com" "GET /wp-login.php HTTP/1.1" 200 3298 "-" "Mozilla/5.0" "62.60.130.230" [0.001,1.443,1.446|1.446]Request_Body: "-"
172.69.68.156 - - [19/Sep/2026:23:45:40 +0800] "genoacfcshop.com" "POST /wp-login.php HTTP/1.1" 301 166 "-" "Mozilla/5.0" "62.60.130.230" [-,-,-|0.000]Request_Body: "-"
