172.71.182.234 - - [19/Sep/2026:05:37:29 +0800] "www.ladiessandalsbr.com" "GET /wp/blog/wp-json/batch/v1 HTTP/1.1" 404 29360 "http://www.ladiessandalsbr.com/wp/blog/wp-json/batch/v1" "Mozilla/5.0 (Windows NT 10.0; Win64; x64) AppleWebKit/537.36 (KHTML, like Gecko) Chrome/120.0.0.0 Safari/537.36" "45.148.10.40" [0.000,5.570,5.581|5.581]Request_Body: "-"
172.71.99.40 - - [19/Sep/2026:05:37:29 +0800] "ladiessandalsbr.com" "POST /wp/index.php?rest_route=/batch/v1 HTTP/1.1" 301 166 "https://ladiessandalsbr.com/wp/wp-admin/" "Mozilla/5.0 (Windows NT 10.0; Win64; x64) AppleWebKit/537.36 (KHTML, like Gecko) Chrome/120.0.0.0 Safari/537.36" "127.0.0.1,45.148.10.40" [-,-,-|0.000]Request_Body: "-"
172.71.182.234 - - [19/Sep/2026:05:37:29 +0800] "www.ladiessandalsbr.com" "GET /wp/index.php?rest_route=/batch/v1 HTTP/1.1" 403 552 "https://ladiessandalsbr.com/wp/wp-admin/" "Mozilla/5.0 (Windows NT 10.0; Win64; x64) AppleWebKit/537.36 (KHTML, like Gecko) Chrome/120.0.0.0 Safari/537.36" "127.0.0.1,45.148.10.40" [-,-,-|0.000]Request_Body: "-"
172.71.99.40 - - [19/Sep/2026:05:37:29 +0800] "ladiessandalsbr.com" "POST /wp/index.php?rest_route=%2Fbatch%2Fv1 HTTP/1.1" 301 166 "https://ladiessandalsbr.com/wp/wp-admin/" "Mozilla/5.0 (Windows NT 10.0; Win64; x64) AppleWebKit/537.36 (KHTML, like Gecko) Chrome/120.0.0.0 Safari/537.36" "127.0.0.1,45.148.10.40" [-,-,-|0.001]Request_Body: "-"
172.71.182.234 - - [19/Sep/2026:05:37:30 +0800] "www.ladiessandalsbr.com" "GET /wp/index.php?rest_route=%2Fbatch%2Fv1 HTTP/1.1" 403 552 "https://ladiessandalsbr.com/wp/wp-admin/" "Mozilla/5.0 (Windows NT 10.0; Win64; x64) AppleWebKit/537.36 (KHTML, like Gecko) Chrome/120.0.0.0 Safari/537.36" "127.0.0.1,45.148.10.40" [-,-,-|0.000]Request_Body: "-"
172.71.99.40 - - [19/Sep/2026:05:37:30 +0800] "ladiessandalsbr.com" "POST /wp/?rest_route=%2Fbatch%2Fv1 HTTP/1.1" 301 166 "https://ladiessandalsbr.com/wp/wp-admin/" "Mozilla/5.0 (Windows NT 10.0; Win64; x64) AppleWebKit/537.36 (KHTML, like Gecko) Chrome/120.0.0.0 Safari/537.36" "127.0.0.1,45.148.10.40" [-,-,-|0.000]Request_Body: "-"
162.159.113.34 - - [19/Sep/2026:05:37:32 +0800] "www.ladiessandalsbr.com" "GET /blog/?rest_route=%2Fbatch%2Fv1 HTTP/1.1" 404 125 "https://ladiessandalsbr.com/blog/wp-admin/" "Mozilla/5.0 (Windows NT 10.0; Win64; x64) AppleWebKit/537.36 (KHTML, like Gecko) Chrome/120.0.0.0 Safari/537.36" "127.0.0.1,45.148.10.40" [0.001,4.768,4.768|4.768]Request_Body: "-"
172.71.99.40 - - [19/Sep/2026:05:37:33 +0800] "ladiessandalsbr.com" "POST /blog/?rest_route=/batch%2Fv1 HTTP/1.1" 301 166 "https://ladiessandalsbr.com/blog/wp-admin/" "Mozilla/5.0 (Windows NT 10.0; Win64; x64) AppleWebKit/537.36 (KHTML, like Gecko) Chrome/120.0.0.0 Safari/537.36" "127.0.0.1,45.148.10.40" [-,-,-|0.000]Request_Body: "-"
172.71.182.234 - - [19/Sep/2026:05:37:34 +0800] "www.ladiessandalsbr.com" "GET /wp/?rest_route=%2Fbatch%2Fv1 HTTP/1.1" 404 125 "https://ladiessandalsbr.com/wp/wp-admin/" "Mozilla/5.0 (Windows NT 10.0; Win64; x64) AppleWebKit/537.36 (KHTML, like Gecko) Chrome/120.0.0.0 Safari/537.36" "127.0.0.1,45.148.10.40" [0.001,4.547,4.547|4.548]Request_Body: "-"
162.159.113.34 - - [19/Sep/2026:05:37:37 +0800] "www.ladiessandalsbr.com" "GET /blog/?rest_route=/batch%2Fv1 HTTP/1.1" 404 125 "https://ladiessandalsbr.com/blog/wp-admin/" "Mozilla/5.0 (Windows NT 10.0; Win64; x64) AppleWebKit/537.36 (KHTML, like Gecko) Chrome/120.0.0.0 Safari/537.36" "127.0.0.1,45.148.10.40" [0.000,3.847,3.847|3.847]Request_Body: "-"
172.71.99.40 - - [19/Sep/2026:05:37:38 +0800] "ladiessandalsbr.com" "POST /wp/?rest_route=/batch%2Fv1 HTTP/1.1" 301 166 "https://ladiessandalsbr.com/wp/wp-admin/" "Mozilla/5.0 (Windows NT 10.0; Win64; x64) AppleWebKit/537.36 (KHTML, like Gecko) Chrome/120.0.0.0 Safari/537.36" "127.0.0.1,45.148.10.40" [-,-,-|0.000]Request_Body: "-"
141.101.76.47 - - [19/Sep/2026:05:37:38 +0800] "ladiessandalsbr.com" "POST /blog/?rest_route=/batch/v1 HTTP/1.1" 301 166 "https://ladiessandalsbr.com/blog/wp-admin/" "Mozilla/5.0 (Windows NT 10.0; Win64; x64) AppleWebKit/537.36 (KHTML, like Gecko) Chrome/120.0.0.0 Safari/537.36" "127.0.0.1,45.148.10.40" [-,-,-|0.000]Request_Body: "-"
162.159.113.34 - - [19/Sep/2026:05:37:43 +0800] "www.ladiessandalsbr.com" "GET /wp/?rest_route=/batch%2Fv1 HTTP/1.1" 404 125 "https://ladiessandalsbr.com/wp/wp-admin/" "Mozilla/5.0 (Windows NT 10.0; Win64; x64) AppleWebKit/537.36 (KHTML, like Gecko) Chrome/120.0.0.0 Safari/537.36" "127.0.0.1,45.148.10.40" [0.001,5.360,5.360|5.360]Request_Body: "-"
141.101.76.150 - - [19/Sep/2026:05:37:44 +0800] "ladiessandalsbr.com" "POST /wp/?rest_route=/batch/v1 HTTP/1.1" 301 166 "https://ladiessandalsbr.com/wp/wp-admin/" "Mozilla/5.0 (Windows NT 10.0; Win64; x64) AppleWebKit/537.36 (KHTML, like Gecko) Chrome/120.0.0.0 Safari/537.36" "127.0.0.1,45.148.10.40" [-,-,-|0.000]Request_Body: "-"
172.71.182.234 - - [19/Sep/2026:05:37:45 +0800] "www.ladiessandalsbr.com" "GET /blog/?rest_route=/batch/v1 HTTP/1.1" 404 125 "https://ladiessandalsbr.com/blog/wp-admin/" "Mozilla/5.0 (Windows NT 10.0; Win64; x64) AppleWebKit/537.36 (KHTML, like Gecko) Chrome/120.0.0.0 Safari/537.36" "127.0.0.1,45.148.10.40" [0.005,6.246,6.246|6.246]Request_Body: "-"
141.101.76.150 - - [19/Sep/2026:05:37:45 +0800] "ladiessandalsbr.com" "POST /blog/wp-json/batch/v1 HTTP/1.1" 301 166 "https://ladiessandalsbr.com/blog/wp-admin/" "Mozilla/5.0 (Windows NT 10.0; Win64; x64) AppleWebKit/537.36 (KHTML, like Gecko) Chrome/120.0.0.0 Safari/537.36" "127.0.0.1,45.148.10.40" [-,-,-|0.000]Request_Body: "-"
162.159.113.34 - - [19/Sep/2026:05:37:48 +0800] "www.ladiessandalsbr.com" "GET /wp/?rest_route=/batch/v1 HTTP/1.1" 404 125 "https://ladiessandalsbr.com/wp/wp-admin/" "Mozilla/5.0 (Windows NT 10.0; Win64; x64) AppleWebKit/537.36 (KHTML, like Gecko) Chrome/120.0.0.0 Safari/537.36" "127.0.0.1,45.148.10.40" [0.000,3.886,3.886|3.886]Request_Body: "-"
141.101.76.47 - - [19/Sep/2026:05:37:48 +0800] "ladiessandalsbr.com" "POST /wp/wp-json/batch/v1 HTTP/1.1" 301 166 "https://ladiessandalsbr.com/wp/wp-admin/" "Mozilla/5.0 (Windows NT 10.0; Win64; x64) AppleWebKit/537.36 (KHTML, like Gecko) Chrome/120.0.0.0 Safari/537.36" "127.0.0.1,45.148.10.40" [-,-,-|0.000]Request_Body: "-"
172.71.182.234 - - [19/Sep/2026:05:37:49 +0800] "www.ladiessandalsbr.com" "GET /blog/wp-json/batch/v1 HTTP/1.1" 404 29358 "https://ladiessandalsbr.com/blog/wp-admin/" "Mozilla/5.0 (Windows NT 10.0; Win64; x64) AppleWebKit/537.36 (KHTML, like Gecko) Chrome/120.0.0.0 Safari/537.36" "127.0.0.1,45.148.10.40" [0.000,4.163,4.175|4.176]Request_Body: "-"
141.101.76.47 - - [19/Sep/2026:05:37:54 +0800] "ladiessandalsbr.com" "POST /blog/wp-json/Batch/v1 HTTP/1.1" 301 166 "https://ladiessandalsbr.com/blog/wp-admin/" "Mozilla/5.0 (Windows NT 10.0; Win64; x64) AppleWebKit/537.36 (KHTML, like Gecko) Chrome/120.0.0.0 Safari/537.36" "127.0.0.1,45.148.10.40" [-,-,-|0.000]Request_Body: "-"
162.159.113.34 - - [19/Sep/2026:05:37:56 +0800] "www.ladiessandalsbr.com" "GET /wp/wp-json/batch/v1 HTTP/1.1" 404 29356 "https://ladiessandalsbr.com/wp/wp-admin/" "Mozilla/5.0 (Windows NT 10.0; Win64; x64) AppleWebKit/537.36 (KHTML, like Gecko) Chrome/120.0.0.0 Safari/537.36" "127.0.0.1,45.148.10.40" [0.008,1.947,1.950|1.950]Request_Body: "-"
141.101.76.47 - - [19/Sep/2026:05:37:57 +0800] "ladiessandalsbr.com" "POST /wp/wp-json/Batch/v1 HTTP/1.1" 301 166 "https://ladiessandalsbr.com/wp/wp-admin/" "Mozilla/5.0 (Windows NT 10.0; Win64; x64) AppleWebKit/537.36 (KHTML, like Gecko) Chrome/120.0.0.0 Safari/537.36" "127.0.0.1,45.148.10.40" [-,-,-|0.000]Request_Body: "-"
162.159.113.35 - - [19/Sep/2026:05:37:57 +0800] "www.ladiessandalsbr.com" "GET /blog/wp-json/Batch/v1 HTTP/1.1" 404 29358 "https://ladiessandalsbr.com/blog/wp-admin/" "Mozilla/5.0 (Windows NT 10.0; Win64; x64) AppleWebKit/537.36 (KHTML, like Gecko) Chrome/120.0.0.0 Safari/537.36" "127.0.0.1,45.148.10.40" [0.001,2.028,2.031|2.031]Request_Body: "-"
141.101.76.47 - - [19/Sep/2026:05:37:57 +0800] "ladiessandalsbr.com" "POST /blog//wp-json/batch/v1 HTTP/1.1" 301 166 "https://ladiessandalsbr.com/blog/wp-admin/" "Mozilla/5.0 (Windows NT 10.0; Win64; x64) AppleWebKit/537.36 (KHTML, like Gecko) Chrome/120.0.0.0 Safari/537.36" "127.0.0.1,45.148.10.40" [-,-,-|0.000]Request_Body: "-"
162.159.113.34 - - [19/Sep/2026:05:37:58 +0800] "www.ladiessandalsbr.com" "GET /wp/wp-json/Batch/v1 HTTP/1.1" 404 29357 "https://ladiessandalsbr.com/wp/wp-admin/" "Mozilla/5.0 (Windows NT 10.0; Win64; x64) AppleWebKit/537.36 (KHTML, like Gecko) Chrome/120.0.0.0 Safari/537.36" "127.0.0.1,45.148.10.40" [0.001,1.604,1.607|1.607]Request_Body: "-"
162.159.113.35 - - [19/Sep/2026:05:37:59 +0800] "www.ladiessandalsbr.com" "GET /blog//wp-json/batch/v1 HTTP/1.1" 301 5 "https://ladiessandalsbr.com/blog/wp-admin/" "Mozilla/5.0 (Windows NT 10.0; Win64; x64) AppleWebKit/537.36 (KHTML, like Gecko) Chrome/120.0.0.0 Safari/537.36" "127.0.0.1,45.148.10.40" [0.000,1.497,1.497|1.497]Request_Body: "-"
141.101.76.47 - - [19/Sep/2026:05:37:59 +0800] "ladiessandalsbr.com" "POST /wp//wp-json/batch/v1 HTTP/1.1" 301 166 "https://ladiessandalsbr.com/wp/wp-admin/" "Mozilla/5.0 (Windows NT 10.0; Win64; x64) AppleWebKit/537.36 (KHTML, like Gecko) Chrome/120.0.0.0 Safari/537.36" "127.0.0.1,45.148.10.40" [-,-,-|0.000]Request_Body: "-"
162.159.113.35 - - [19/Sep/2026:05:38:00 +0800] "www.ladiessandalsbr.com" "GET /wp//wp-json/batch/v1 HTTP/1.1" 301 5 "https://ladiessandalsbr.com/wp/wp-admin/" "Mozilla/5.0 (Windows NT 10.0; Win64; x64) AppleWebKit/537.36 (KHTML, like Gecko) Chrome/120.0.0.0 Safari/537.36" "127.0.0.1,45.148.10.40" [0.001,1.485,1.485|1.485]Request_Body: "-"
162.159.113.34 - - [19/Sep/2026:05:38:00 +0800] "www.ladiessandalsbr.com" "GET /blog/wp-json/batch/v1 HTTP/1.1" 404 29358 "https://ladiessandalsbr.com/blog/wp-admin/" "Mozilla/5.0 (Windows NT 10.0; Win64; x64) AppleWebKit/537.36 (KHTML, like Gecko) Chrome/120.0.0.0 Safari/537.36" "127.0.0.1,45.148.10.40" [0.000,1.597,1.600|1.600]Request_Body: "-"
141.101.76.47 - - [19/Sep/2026:05:38:01 +0800] "ladiessandalsbr.com" "POST /blog/wp-json/batch/v1/ HTTP/1.1" 301 166 "https://ladiessandalsbr.com/blog/wp-admin/" "Mozilla/5.0 (Windows NT 10.0; Win64; x64) AppleWebKit/537.36 (KHTML, like Gecko) Chrome/120.0.0.0 Safari/537.36" "127.0.0.1,45.148.10.40" [-,-,-|0.000]Request_Body: "-"
162.159.113.35 - - [19/Sep/2026:05:38:02 +0800] "www.ladiessandalsbr.com" "GET /wp/wp-json/batch/v1 HTTP/1.1" 404 29356 "https://ladiessandalsbr.com/wp/wp-admin/" "Mozilla/5.0 (Windows NT 10.0; Win64; x64) AppleWebKit/537.36 (KHTML, like Gecko) Chrome/120.0.0.0 Safari/537.36" "127.0.0.1,45.148.10.40" [0.001,1.361,1.364|1.365]Request_Body: "-"
141.101.76.47 - - [19/Sep/2026:05:38:02 +0800] "ladiessandalsbr.com" "POST /wp/wp-json/batch/v1/ HTTP/1.1" 301 166 "https://ladiessandalsbr.com/wp/wp-admin/" "Mozilla/5.0 (Windows NT 10.0; Win64; x64) AppleWebKit/537.36 (KHTML, like Gecko) Chrome/120.0.0.0 Safari/537.36" "127.0.0.1,45.148.10.40" [-,-,-|0.000]Request_Body: "-"
162.159.113.34 - - [19/Sep/2026:05:38:02 +0800] "www.ladiessandalsbr.com" "GET /blog/wp-json/batch/v1/ HTTP/1.1" 404 29358 "https://ladiessandalsbr.com/blog/wp-admin/" "Mozilla/5.0 (Windows NT 10.0; Win64; x64) AppleWebKit/537.36 (KHTML, like Gecko) Chrome/120.0.0.0 Safari/537.36" "127.0.0.1,45.148.10.40" [0.001,1.465,1.468|1.468]Request_Body: "-"
141.101.76.47 - - [19/Sep/2026:05:38:03 +0800] "ladiessandalsbr.com" "POST /blog/blog/wp-json/batch/v1 HTTP/1.1" 301 166 "https://ladiessandalsbr.com/blog/wp-admin/" "Mozilla/5.0 (Windows NT 10.0; Win64; x64) AppleWebKit/537.36 (KHTML, like Gecko) Chrome/120.0.0.0 Safari/537.36" "127.0.0.1,45.148.10.40" [-,-,-|0.000]Request_Body: "-"
162.159.113.35 - - [19/Sep/2026:05:38:04 +0800] "www.ladiessandalsbr.com" "GET /wp/wp-json/batch/v1/ HTTP/1.1" 404 29357 "https://ladiessandalsbr.com/wp/wp-admin/" "Mozilla/5.0 (Windows NT 10.0; Win64; x64) AppleWebKit/537.36 (KHTML, like Gecko) Chrome/120.0.0.0 Safari/537.36" "127.0.0.1,45.148.10.40" [0.000,1.885,1.887|1.887]Request_Body: "-"
162.159.113.34 - - [19/Sep/2026:05:38:05 +0800] "www.ladiessandalsbr.com" "GET /blog/blog/wp-json/batch/v1 HTTP/1.1" 404 29360 "https://ladiessandalsbr.com/blog/wp-admin/" "Mozilla/5.0 (Windows NT 10.0; Win64; x64) AppleWebKit/537.36 (KHTML, like Gecko) Chrome/120.0.0.0 Safari/537.36" "127.0.0.1,45.148.10.40" [0.001,1.917,1.920|1.920]Request_Body: "-"
141.101.76.47 - - [19/Sep/2026:05:38:08 +0800] "ladiessandalsbr.com" "POST /wp/blog/wp-json/batch/v1 HTTP/1.1" 301 166 "https://ladiessandalsbr.com/wp/wp-admin/" "Mozilla/5.0 (Windows NT 10.0; Win64; x64) AppleWebKit/537.36 (KHTML, like Gecko) Chrome/120.0.0.0 Safari/537.36" "127.0.0.1,45.148.10.40" [-,-,-|0.000]Request_Body: "-"
104.23.172.110 - - [19/Sep/2026:05:38:08 +0800] "ladiessandalsbr.com" "POST /blog/index.php?rest_route=/batch/v1 HTTP/1.1" 301 166 "https://ladiessandalsbr.com/blog/wp-admin/" "Mozilla/5.0 (Windows NT 10.0; Win64; x64) AppleWebKit/537.36 (KHTML, like Gecko) Chrome/120.0.0.0 Safari/537.36" "10.0.0.1,45.148.10.40" [-,-,-|0.000]Request_Body: "-"
162.159.113.34 - - [19/Sep/2026:05:38:09 +0800] "www.ladiessandalsbr.com" "GET /blog/index.php?rest_route=/batch/v1 HTTP/1.1" 403 552 "https://ladiessandalsbr.com/blog/wp-admin/" "Mozilla/5.0 (Windows NT 10.0; Win64; x64) AppleWebKit/537.36 (KHTML, like Gecko) Chrome/120.0.0.0 Safari/537.36" "10.0.0.1,45.148.10.40" [-,-,-|0.000]Request_Body: "-"
104.23.172.110 - - [19/Sep/2026:05:38:09 +0800] "ladiessandalsbr.com" "POST /blog/index.php?rest_route=%2Fbatch%2Fv1 HTTP/1.1" 301 166 "https://ladiessandalsbr.com/blog/wp-admin/" "Mozilla/5.0 (Windows NT 10.0; Win64; x64) AppleWebKit/537.36 (KHTML, like Gecko) Chrome/120.0.0.0 Safari/537.36" "10.0.0.1,45.148.10.40" [-,-,-|0.001]Request_Body: "-"
162.159.113.34 - - [19/Sep/2026:05:38:09 +0800] "www.ladiessandalsbr.com" "GET /blog/index.php?rest_route=%2Fbatch%2Fv1 HTTP/1.1" 403 552 "https://ladiessandalsbr.com/blog/wp-admin/" "Mozilla/5.0 (Windows NT 10.0; Win64; x64) AppleWebKit/537.36 (KHTML, like Gecko) Chrome/120.0.0.0 Safari/537.36" "10.0.0.1,45.148.10.40" [-,-,-|0.000]Request_Body: "-"
104.23.172.110 - - [19/Sep/2026:05:38:09 +0800] "ladiessandalsbr.com" "POST /blog/?rest_route=%2Fbatch%2Fv1 HTTP/1.1" 301 166 "https://ladiessandalsbr.com/blog/wp-admin/" "Mozilla/5.0 (Windows NT 10.0; Win64; x64) AppleWebKit/537.36 (KHTML, like Gecko) Chrome/120.0.0.0 Safari/537.36" "10.0.0.1,45.148.10.40" [-,-,-|0.000]Request_Body: "-"
162.159.113.35 - - [19/Sep/2026:05:38:10 +0800] "www.ladiessandalsbr.com" "GET /wp/blog/wp-json/batch/v1 HTTP/1.1" 404 29360 "https://ladiessandalsbr.com/wp/wp-admin/" "Mozilla/5.0 (Windows NT 10.0; Win64; x64) AppleWebKit/537.36 (KHTML, like Gecko) Chrome/120.0.0.0 Safari/537.36" "127.0.0.1,45.148.10.40" [0.001,1.950,1.953|1.952]Request_Body: "-"
104.23.172.110 - - [19/Sep/2026:05:38:11 +0800] "ladiessandalsbr.com" "POST /wp/index.php?rest_route=/batch/v1 HTTP/1.1" 301 166 "https://ladiessandalsbr.com/wp/wp-admin/" "Mozilla/5.0 (Windows NT 10.0; Win64; x64) AppleWebKit/537.36 (KHTML, like Gecko) Chrome/120.0.0.0 Safari/537.36" "10.0.0.1,45.148.10.40" [-,-,-|0.001]Request_Body: "-"
162.159.113.35 - - [19/Sep/2026:05:38:11 +0800] "www.ladiessandalsbr.com" "GET /wp/index.php?rest_route=/batch/v1 HTTP/1.1" 403 552 "https://ladiessandalsbr.com/wp/wp-admin/" "Mozilla/5.0 (Windows NT 10.0; Win64; x64) AppleWebKit/537.36 (KHTML, like Gecko) Chrome/120.0.0.0 Safari/537.36" "10.0.0.1,45.148.10.40" [-,-,-|0.000]Request_Body: "-"
104.23.172.110 - - [19/Sep/2026:05:38:11 +0800] "ladiessandalsbr.com" "POST /wp/index.php?rest_route=%2Fbatch%2Fv1 HTTP/1.1" 301 166 "https://ladiessandalsbr.com/wp/wp-admin/" "Mozilla/5.0 (Windows NT 10.0; Win64; x64) AppleWebKit/537.36 (KHTML, like Gecko) Chrome/120.0.0.0 Safari/537.36" "10.0.0.1,45.148.10.40" [-,-,-|0.000]Request_Body: "-"
162.159.113.35 - - [19/Sep/2026:05:38:11 +0800] "www.ladiessandalsbr.com" "GET /wp/index.php?rest_route=%2Fbatch%2Fv1 HTTP/1.1" 403 552 "https://ladiessandalsbr.com/wp/wp-admin/" "Mozilla/5.0 (Windows NT 10.0; Win64; x64) AppleWebKit/537.36 (KHTML, like Gecko) Chrome/120.0.0.0 Safari/537.36" "10.0.0.1,45.148.10.40" [-,-,-|0.000]Request_Body: "-"
162.159.113.34 - - [19/Sep/2026:05:38:11 +0800] "www.ladiessandalsbr.com" "GET /blog/?rest_route=%2Fbatch%2Fv1 HTTP/1.1" 404 125 "https://ladiessandalsbr.com/blog/wp-admin/" "Mozilla/5.0 (Windows NT 10.0; Win64; x64) AppleWebKit/537.36 (KHTML, like Gecko) Chrome/120.0.0.0 Safari/537.36" "10.0.0.1,45.148.10.40" [0.001,2.059,2.059|2.059]Request_Body: "-"
104.23.172.110 - - [19/Sep/2026:05:38:11 +0800] "ladiessandalsbr.com" "POST /wp/?rest_route=%2Fbatch%2Fv1 HTTP/1.1" 301 166 "https://ladiessandalsbr.com/wp/wp-admin/" "Mozilla/5.0 (Windows NT 10.0; Win64; x64) AppleWebKit/537.36 (KHTML, like Gecko) Chrome/120.0.0.0 Safari/537.36" "10.0.0.1,45.148.10.40" [-,-,-|0.001]Request_Body: "-"
141.101.76.47 - - [19/Sep/2026:05:38:11 +0800] "ladiessandalsbr.com" "POST /blog/?rest_route=/batch%2Fv1 HTTP/1.1" 301 166 "https://ladiessandalsbr.com/blog/wp-admin/" "Mozilla/5.0 (Windows NT 10.0; Win64; x64) AppleWebKit/537.36 (KHTML, like Gecko) Chrome/120.0.0.0 Safari/537.36" "10.0.0.1,45.148.10.40" [-,-,-|0.000]Request_Body: "-"
162.159.113.35 - - [19/Sep/2026:05:38:13 +0800] "www.ladiessandalsbr.com" "GET /wp/?rest_route=%2Fbatch%2Fv1 HTTP/1.1" 404 125 "https://ladiessandalsbr.com/wp/wp-admin/" "Mozilla/5.0 (Windows NT 10.0; Win64; x64) AppleWebKit/537.36 (KHTML, like Gecko) Chrome/120.0.0.0 Safari/537.36" "10.0.0.1,45.148.10.40" [0.000,1.652,1.652|1.653]Request_Body: "-"
141.101.76.47 - - [19/Sep/2026:05:38:13 +0800] "ladiessandalsbr.com" "POST /wp/?rest_route=/batch%2Fv1 HTTP/1.1" 301 166 "https://ladiessandalsbr.com/wp/wp-admin/" "Mozilla/5.0 (Windows NT 10.0; Win64; x64) AppleWebKit/537.36 (KHTML, like Gecko) Chrome/120.0.0.0 Safari/537.36" "10.0.0.1,45.148.10.40" [-,-,-|0.000]Request_Body: "-"
162.159.113.34 - - [19/Sep/2026:05:38:13 +0800] "www.ladiessandalsbr.com" "GET /blog/?rest_route=/batch%2Fv1 HTTP/1.1" 404 125 "https://ladiessandalsbr.com/blog/wp-admin/" "Mozilla/5.0 (Windows NT 10.0; Win64; x64) AppleWebKit/537.36 (KHTML, like Gecko) Chrome/120.0.0.0 Safari/537.36" "10.0.0.1,45.148.10.40" [0.000,1.781,1.781|1.781]Request_Body: "-"
141.101.76.47 - - [19/Sep/2026:05:38:14 +0800] "ladiessandalsbr.com" "POST /blog/?rest_route=/batch/v1 HTTP/1.1" 301 166 "https://ladiessandalsbr.com/blog/wp-admin/" "Mozilla/5.0 (Windows NT 10.0; Win64; x64) AppleWebKit/537.36 (KHTML, like Gecko) Chrome/120.0.0.0 Safari/537.36" "10.0.0.1,45.148.10.40" [-,-,-|0.001]Request_Body: "-"
162.159.113.35 - - [19/Sep/2026:05:38:15 +0800] "www.ladiessandalsbr.com" "GET /wp/?rest_route=/batch%2Fv1 HTTP/1.1" 404 125 "https://ladiessandalsbr.com/wp/wp-admin/" "Mozilla/5.0 (Windows NT 10.0; Win64; x64) AppleWebKit/537.36 (KHTML, like Gecko) Chrome/120.0.0.0 Safari/537.36" "10.0.0.1,45.148.10.40" [0.000,1.904,1.904|1.904]Request_Body: "-"
162.159.113.34 - - [19/Sep/2026:05:38:16 +0800] "www.ladiessandalsbr.com" "GET /blog/?rest_route=/batch/v1 HTTP/1.1" 404 125 "https://ladiessandalsbr.com/blog/wp-admin/" "Mozilla/5.0 (Windows NT 10.0; Win64; x64) AppleWebKit/537.36 (KHTML, like Gecko) Chrome/120.0.0.0 Safari/537.36" "10.0.0.1,45.148.10.40" [0.001,1.866,1.866|1.866]Request_Body: "-"
141.101.76.47 - - [19/Sep/2026:05:38:16 +0800] "ladiessandalsbr.com" "POST /wp/?rest_route=/batch/v1 HTTP/1.1" 301 166 "https://ladiessandalsbr.com/wp/wp-admin/" "Mozilla/5.0 (Windows NT 10.0; Win64; x64) AppleWebKit/537.36 (KHTML, like Gecko) Chrome/120.0.0.0 Safari/537.36" "10.0.0.1,45.148.10.40" [-,-,-|0.000]Request_Body: "-"
104.23.172.110 - - [19/Sep/2026:05:38:16 +0800] "ladiessandalsbr.com" "POST /blog/wp-json/batch/v1 HTTP/1.1" 301 166 "https://ladiessandalsbr.com/blog/wp-admin/" "Mozilla/5.0 (Windows NT 10.0; Win64; x64) AppleWebKit/537.36 (KHTML, like Gecko) Chrome/120.0.0.0 Safari/537.36" "10.0.0.1,45.148.10.40" [-,-,-|0.000]Request_Body: "-"
162.159.113.35 - - [19/Sep/2026:05:38:17 +0800] "www.ladiessandalsbr.com" "GET /wp/?rest_route=/batch/v1 HTTP/1.1" 404 125 "https://ladiessandalsbr.com/wp/wp-admin/" "Mozilla/5.0 (Windows NT 10.0; Win64; x64) AppleWebKit/537.36 (KHTML, like Gecko) Chrome/120.0.0.0 Safari/537.36" "10.0.0.1,45.148.10.40" [0.001,1.715,1.715|1.715]Request_Body: "-"
104.23.172.110 - - [19/Sep/2026:05:38:18 +0800] "ladiessandalsbr.com" "POST /wp/wp-json/batch/v1 HTTP/1.1" 301 166 "https://ladiessandalsbr.com/wp/wp-admin/" "Mozilla/5.0 (Windows NT 10.0; Win64; x64) AppleWebKit/537.36 (KHTML, like Gecko) Chrome/120.0.0.0 Safari/537.36" "10.0.0.1,45.148.10.40" [-,-,-|0.000]Request_Body: "-"
162.159.113.34 - - [19/Sep/2026:05:38:18 +0800] "www.ladiessandalsbr.com" "GET /blog/wp-json/batch/v1 HTTP/1.1" 404 29358 "https://ladiessandalsbr.com/blog/wp-admin/" "Mozilla/5.0 (Windows NT 10.0; Win64; x64) AppleWebKit/537.36 (KHTML, like Gecko) Chrome/120.0.0.0 Safari/537.36" "10.0.0.1,45.148.10.40" [0.000,1.757,1.760|1.761]Request_Body: "-"
104.23.172.110 - - [19/Sep/2026:05:38:18 +0800] "ladiessandalsbr.com" "POST /blog/wp-json/Batch/v1 HTTP/1.1" 301 166 "https://ladiessandalsbr.com/blog/wp-admin/" "Mozilla/5.0 (Windows NT 10.0; Win64; x64) AppleWebKit/537.36 (KHTML, like Gecko) Chrome/120.0.0.0 Safari/537.36" "10.0.0.1,45.148.10.40" [-,-,-|0.000]Request_Body: "-"
162.159.113.35 - - [19/Sep/2026:05:38:20 +0800] "www.ladiessandalsbr.com" "GET /wp/wp-json/batch/v1 HTTP/1.1" 404 29356 "https://ladiessandalsbr.com/wp/wp-admin/" "Mozilla/5.0 (Windows NT 10.0; Win64; x64) AppleWebKit/537.36 (KHTML, like Gecko) Chrome/120.0.0.0 Safari/537.36" "10.0.0.1,45.148.10.40" [0.001,1.861,1.864|1.864]Request_Body: "-"
162.159.113.34 - - [19/Sep/2026:05:38:20 +0800] "www.ladiessandalsbr.com" "GET /blog/wp-json/Batch/v1 HTTP/1.1" 404 29358 "https://ladiessandalsbr.com/blog/wp-admin/" "Mozilla/5.0 (Windows NT 10.0; Win64; x64) AppleWebKit/537.36 (KHTML, like Gecko) Chrome/120.0.0.0 Safari/537.36" "10.0.0.1,45.148.10.40" [0.003,2.005,2.012|2.012]Request_Body: "-"
104.23.172.110 - - [19/Sep/2026:05:38:25 +0800] "ladiessandalsbr.com" "POST /blog//wp-json/batch/v1 HTTP/1.1" 301 166 "https://ladiessandalsbr.com/blog/wp-admin/" "Mozilla/5.0 (Windows NT 10.0; Win64; x64) AppleWebKit/537.36 (KHTML, like Gecko) Chrome/120.0.0.0 Safari/537.36" "10.0.0.1,45.148.10.40" [-,-,-|0.000]Request_Body: "-"
141.101.76.47 - - [19/Sep/2026:05:38:25 +0800] "ladiessandalsbr.com" "POST /wp/wp-json/Batch/v1 HTTP/1.1" 301 166 "https://ladiessandalsbr.com/wp/wp-admin/" "Mozilla/5.0 (Windows NT 10.0; Win64; x64) AppleWebKit/537.36 (KHTML, like Gecko) Chrome/120.0.0.0 Safari/537.36" "10.0.0.1,45.148.10.40" [-,-,-|0.000]Request_Body: "-"
162.159.113.35 - - [19/Sep/2026:05:38:26 +0800] "www.ladiessandalsbr.com" "GET /blog//wp-json/batch/v1 HTTP/1.1" 301 5 "https://ladiessandalsbr.com/blog/wp-admin/" "Mozilla/5.0 (Windows NT 10.0; Win64; x64) AppleWebKit/537.36 (KHTML, like Gecko) Chrome/120.0.0.0 Safari/537.36" "10.0.0.1,45.148.10.40" [0.000,1.212,1.212|1.212]Request_Body: "-"
162.159.113.34 - - [19/Sep/2026:05:38:26 +0800] "www.ladiessandalsbr.com" "GET /wp/wp-json/Batch/v1 HTTP/1.1" 404 29357 "https://ladiessandalsbr.com/wp/wp-admin/" "Mozilla/5.0 (Windows NT 10.0; Win64; x64) AppleWebKit/537.36 (KHTML, like Gecko) Chrome/120.0.0.0 Safari/537.36" "10.0.0.1,45.148.10.40" [0.001,1.485,1.488|1.488]Request_Body: "-"
141.101.76.47 - - [19/Sep/2026:05:38:27 +0800] "ladiessandalsbr.com" "POST /wp//wp-json/batch/v1 HTTP/1.1" 301 166 "https://ladiessandalsbr.com/wp/wp-admin/" "Mozilla/5.0 (Windows NT 10.0; Win64; x64) AppleWebKit/537.36 (KHTML, like Gecko) Chrome/120.0.0.0 Safari/537.36" "10.0.0.1,45.148.10.40" [-,-,-|0.000]Request_Body: "-"
162.159.113.34 - - [19/Sep/2026:05:38:28 +0800] "www.ladiessandalsbr.com" "GET /wp//wp-json/batch/v1 HTTP/1.1" 301 5 "https://ladiessandalsbr.com/wp/wp-admin/" "Mozilla/5.0 (Windows NT 10.0; Win64; x64) AppleWebKit/537.36 (KHTML, like Gecko) Chrome/120.0.0.0 Safari/537.36" "10.0.0.1,45.148.10.40" [0.001,1.618,1.618|1.618]Request_Body: "-"
162.159.113.35 - - [19/Sep/2026:05:38:28 +0800] "www.ladiessandalsbr.com" "GET /blog/wp-json/batch/v1 HTTP/1.1" 404 29358 "https://ladiessandalsbr.com/blog/wp-admin/" "Mozilla/5.0 (Windows NT 10.0; Win64; x64) AppleWebKit/537.36 (KHTML, like Gecko) Chrome/120.0.0.0 Safari/537.36" "10.0.0.1,45.148.10.40" [0.003,2.067,2.070|2.071]Request_Body: "-"
141.101.76.47 - - [19/Sep/2026:05:38:29 +0800] "ladiessandalsbr.com" "POST /blog/wp-json/batch/v1/ HTTP/1.1" 301 166 "https://ladiessandalsbr.com/blog/wp-admin/" "Mozilla/5.0 (Windows NT 10.0; Win64; x64) AppleWebKit/537.36 (KHTML, like Gecko) Chrome/120.0.0.0 Safari/537.36" "10.0.0.1,45.148.10.40" [-,-,-|0.000]Request_Body: "-"
162.159.113.34 - - [19/Sep/2026:05:38:30 +0800] "www.ladiessandalsbr.com" "GET /wp/wp-json/batch/v1 HTTP/1.1" 404 29356 "https://ladiessandalsbr.com/wp/wp-admin/" "Mozilla/5.0 (Windows NT 10.0; Win64; x64) AppleWebKit/537.36 (KHTML, like Gecko) Chrome/120.0.0.0 Safari/537.36" "10.0.0.1,45.148.10.40" [0.001,1.752,1.755|1.755]Request_Body: "-"
162.159.113.35 - - [19/Sep/2026:05:38:30 +0800] "www.ladiessandalsbr.com" "GET /blog/wp-json/batch/v1/ HTTP/1.1" 404 29358 "https://ladiessandalsbr.com/blog/wp-admin/" "Mozilla/5.0 (Windows NT 10.0; Win64; x64) AppleWebKit/537.36 (KHTML, like Gecko) Chrome/120.0.0.0 Safari/537.36" "10.0.0.1,45.148.10.40" [0.000,1.627,1.632|1.632]Request_Body: "-"
141.101.76.47 - - [19/Sep/2026:05:38:31 +0800] "ladiessandalsbr.com" "POST /wp/wp-json/batch/v1/ HTTP/1.1" 301 166 "https://ladiessandalsbr.com/wp/wp-admin/" "Mozilla/5.0 (Windows NT 10.0; Win64; x64) AppleWebKit/537.36 (KHTML, like Gecko) Chrome/120.0.0.0 Safari/537.36" "10.0.0.1,45.148.10.40" [-,-,-|0.001]Request_Body: "-"
141.101.76.47 - - [19/Sep/2026:05:38:31 +0800] "ladiessandalsbr.com" "POST /blog/blog/wp-json/batch/v1 HTTP/1.1" 301 166 "https://ladiessandalsbr.com/blog/wp-admin/" "Mozilla/5.0 (Windows NT 10.0; Win64; x64) AppleWebKit/537.36 (KHTML, like Gecko) Chrome/120.0.0.0 Safari/537.36" "10.0.0.1,45.148.10.40" [-,-,-|0.000]Request_Body: "-"
162.159.113.34 - - [19/Sep/2026:05:38:32 +0800] "www.ladiessandalsbr.com" "GET /wp/wp-json/batch/v1/ HTTP/1.1" 404 29357 "https://ladiessandalsbr.com/wp/wp-admin/" "Mozilla/5.0 (Windows NT 10.0; Win64; x64) AppleWebKit/537.36 (KHTML, like Gecko) Chrome/120.0.0.0 Safari/537.36" "10.0.0.1,45.148.10.40" [0.001,1.610,1.615|1.615]Request_Body: "-"
162.159.113.35 - - [19/Sep/2026:05:38:32 +0800] "www.ladiessandalsbr.com" "GET /blog/blog/wp-json/batch/v1 HTTP/1.1" 404 29360 "https://ladiessandalsbr.com/blog/wp-admin/" "Mozilla/5.0 (Windows NT 10.0; Win64; x64) AppleWebKit/537.36 (KHTML, like Gecko) Chrome/120.0.0.0 Safari/537.36" "10.0.0.1,45.148.10.40" [0.000,1.466,1.468|1.468]Request_Body: "-"
141.101.76.47 - - [19/Sep/2026:05:38:33 +0800] "ladiessandalsbr.com" "POST /wp/blog/wp-json/batch/v1 HTTP/1.1" 301 166 "https://ladiessandalsbr.com/wp/wp-admin/" "Mozilla/5.0 (Windows NT 10.0; Win64; x64) AppleWebKit/537.36 (KHTML, like Gecko) Chrome/120.0.0.0 Safari/537.36" "10.0.0.1,45.148.10.40" [-,-,-|0.000]Request_Body: "-"
104.23.172.110 - - [19/Sep/2026:05:38:33 +0800] "ladiessandalsbr.com" "POST /blog/index.php?rest_route=/batch/v1 HTTP/1.1" 301 166 "https://ladiessandalsbr.com/blog/wp-admin/" "Mozilla/5.0 (Windows NT 10.0; Win64; x64) AppleWebKit/537.36 (KHTML, like Gecko) Chrome/120.0.0.0 Safari/537.36" "127.0.0.1,45.148.10.40" [-,-,-|0.001]Request_Body: "-"
162.159.113.35 - - [19/Sep/2026:05:38:33 +0800] "www.ladiessandalsbr.com" "GET /blog/index.php?rest_route=/batch/v1 HTTP/1.1" 403 552 "https://ladiessandalsbr.com/blog/wp-admin/" "Mozilla/5.0 (Windows NT 10.0; Win64; x64) AppleWebKit/537.36 (KHTML, like Gecko) Chrome/120.0.0.0 Safari/537.36" "127.0.0.1,45.148.10.40" [-,-,-|0.000]Request_Body: "-"
104.23.172.110 - - [19/Sep/2026:05:38:33 +0800] "ladiessandalsbr.com" "POST /blog/index.php?rest_route=%2Fbatch%2Fv1 HTTP/1.1" 301 166 "https://ladiessandalsbr.com/blog/wp-admin/" "Mozilla/5.0 (Windows NT 10.0; Win64; x64) AppleWebKit/537.36 (KHTML, like Gecko) Chrome/120.0.0.0 Safari/537.36" "127.0.0.1,45.148.10.40" [-,-,-|0.000]Request_Body: "-"
162.159.113.35 - - [19/Sep/2026:05:38:33 +0800] "www.ladiessandalsbr.com" "GET /blog/index.php?rest_route=%2Fbatch%2Fv1 HTTP/1.1" 403 552 "https://ladiessandalsbr.com/blog/wp-admin/" "Mozilla/5.0 (Windows NT 10.0; Win64; x64) AppleWebKit/537.36 (KHTML, like Gecko) Chrome/120.0.0.0 Safari/537.36" "127.0.0.1,45.148.10.40" [-,-,-|0.000]Request_Body: "-"
104.23.172.110 - - [19/Sep/2026:05:38:33 +0800] "ladiessandalsbr.com" "POST /blog/?rest_route=%2Fbatch%2Fv1 HTTP/1.1" 301 166 "https://ladiessandalsbr.com/blog/wp-admin/" "Mozilla/5.0 (Windows NT 10.0; Win64; x64) AppleWebKit/537.36 (KHTML, like Gecko) Chrome/120.0.0.0 Safari/537.36" "127.0.0.1,45.148.10.40" [-,-,-|0.000]Request_Body: "-"
162.159.113.34 - - [19/Sep/2026:05:38:34 +0800] "www.ladiessandalsbr.com" "GET /wp/blog/wp-json/batch/v1 HTTP/1.1" 404 29360 "https://ladiessandalsbr.com/wp/wp-admin/" "Mozilla/5.0 (Windows NT 10.0; Win64; x64) AppleWebKit/537.36 (KHTML, like Gecko) Chrome/120.0.0.0 Safari/537.36" "10.0.0.1,45.148.10.40" [0.001,1.506,1.520|1.520]Request_Body: "-"
162.159.113.35 - - [19/Sep/2026:05:38:35 +0800] "www.ladiessandalsbr.com" "GET /blog/?rest_route=%2Fbatch%2Fv1 HTTP/1.1" 404 125 "https://ladiessandalsbr.com/blog/wp-admin/" "Mozilla/5.0 (Windows NT 10.0; Win64; x64) AppleWebKit/537.36 (KHTML, like Gecko) Chrome/120.0.0.0 Safari/537.36" "127.0.0.1,45.148.10.40" [0.001,1.368,1.368|1.368]Request_Body: "-"
104.23.172.110 - - [19/Sep/2026:05:38:38 +0800] "ladiessandalsbr.com" "POST /blog/?rest_route=/batch%2Fv1 HTTP/1.1" 301 166 "https://ladiessandalsbr.com/blog/wp-admin/" "Mozilla/5.0 (Windows NT 10.0; Win64; x64) AppleWebKit/537.36 (KHTML, like Gecko) Chrome/120.0.0.0 Safari/537.36" "127.0.0.1,45.148.10.40" [-,-,-|0.000]Request_Body: "-"
104.23.172.110 - - [19/Sep/2026:05:38:39 +0800] "ladiessandalsbr.com" "POST /wp/index.php?rest_route=/batch/v1 HTTP/1.1" 301 166 "https://ladiessandalsbr.com/wp/wp-admin/" "Mozilla/5.0 (Windows NT 10.0; Win64; x64) AppleWebKit/537.36 (KHTML, like Gecko) Chrome/120.0.0.0 Safari/537.36" "127.0.0.1,45.148.10.40" [-,-,-|0.000]Request_Body: "-"
162.159.113.35 - - [19/Sep/2026:05:38:39 +0800] "www.ladiessandalsbr.com" "GET /wp/index.php?rest_route=/batch/v1 HTTP/1.1" 403 552 "https://ladiessandalsbr.com/wp/wp-admin/" "Mozilla/5.0 (Windows NT 10.0; Win64; x64) AppleWebKit/537.36 (KHTML, like Gecko) Chrome/120.0.0.0 Safari/537.36" "127.0.0.1,45.148.10.40" [-,-,-|0.000]Request_Body: "-"
104.23.172.110 - - [19/Sep/2026:05:38:39 +0800] "ladiessandalsbr.com" "POST /wp/index.php?rest_route=%2Fbatch%2Fv1 HTTP/1.1" 301 166 "https://ladiessandalsbr.com/wp/wp-admin/" "Mozilla/5.0 (Windows NT 10.0; Win64; x64) AppleWebKit/537.36 (KHTML, like Gecko) Chrome/120.0.0.0 Safari/537.36" "127.0.0.1,45.148.10.40" [-,-,-|0.000]Request_Body: "-"
162.159.113.35 - - [19/Sep/2026:05:38:39 +0800] "www.ladiessandalsbr.com" "GET /wp/index.php?rest_route=%2Fbatch%2Fv1 HTTP/1.1" 403 552 "https://ladiessandalsbr.com/wp/wp-admin/" "Mozilla/5.0 (Windows NT 10.0; Win64; x64) AppleWebKit/537.36 (KHTML, like Gecko) Chrome/120.0.0.0 Safari/537.36" "127.0.0.1,45.148.10.40" [-,-,-|0.000]Request_Body: "-"
104.23.172.110 - - [19/Sep/2026:05:38:40 +0800] "ladiessandalsbr.com" "POST /wp/?rest_route=%2Fbatch%2Fv1 HTTP/1.1" 301 166 "https://ladiessandalsbr.com/wp/wp-admin/" "Mozilla/5.0 (Windows NT 10.0; Win64; x64) AppleWebKit/537.36 (KHTML, like Gecko) Chrome/120.0.0.0 Safari/537.36" "127.0.0.1,45.148.10.40" [-,-,-|0.000]Request_Body: "-"
162.159.113.34 - - [19/Sep/2026:05:38:40 +0800] "www.ladiessandalsbr.com" "GET /blog/?rest_route=/batch%2Fv1 HTTP/1.1" 404 125 "https://ladiessandalsbr.com/blog/wp-admin/" "Mozilla/5.0 (Windows NT 10.0; Win64; x64) AppleWebKit/537.36 (KHTML, like Gecko) Chrome/120.0.0.0 Safari/537.36" "127.0.0.1,45.148.10.40" [0.001,1.399,1.399|1.398]Request_Body: "-"
104.23.172.110 - - [19/Sep/2026:05:38:40 +0800] "ladiessandalsbr.com" "POST /blog/?rest_route=/batch/v1 HTTP/1.1" 301 166 "https://ladiessandalsbr.com/blog/wp-admin/" "Mozilla/5.0 (Windows NT 10.0; Win64; x64) AppleWebKit/537.36 (KHTML, like Gecko) Chrome/120.0.0.0 Safari/537.36" "127.0.0.1,45.148.10.40" [-,-,-|0.000]Request_Body: "-"
162.159.113.35 - - [19/Sep/2026:05:38:41 +0800] "www.ladiessandalsbr.com" "GET /wp/?rest_route=%2Fbatch%2Fv1 HTTP/1.1" 404 125 "https://ladiessandalsbr.com/wp/wp-admin/" "Mozilla/5.0 (Windows NT 10.0; Win64; x64) AppleWebKit/537.36 (KHTML, like Gecko) Chrome/120.0.0.0 Safari/537.36" "127.0.0.1,45.148.10.40" [0.001,1.647,1.647|1.647]Request_Body: "-"
104.23.172.110 - - [19/Sep/2026:05:38:41 +0800] "ladiessandalsbr.com" "POST /wp/?rest_route=/batch%2Fv1 HTTP/1.1" 301 166 "https://ladiessandalsbr.com/wp/wp-admin/" "Mozilla/5.0 (Windows NT 10.0; Win64; x64) AppleWebKit/537.36 (KHTML, like Gecko) Chrome/120.0.0.0 Safari/537.36" "127.0.0.1,45.148.10.40" [-,-,-|0.000]Request_Body: "-"
162.159.113.34 - - [19/Sep/2026:05:38:42 +0800] "www.ladiessandalsbr.com" "GET /blog/?rest_route=/batch/v1 HTTP/1.1" 404 125 "https://ladiessandalsbr.com/blog/wp-admin/" "Mozilla/5.0 (Windows NT 10.0; Win64; x64) AppleWebKit/537.36 (KHTML, like Gecko) Chrome/120.0.0.0 Safari/537.36" "127.0.0.1,45.148.10.40" [0.000,1.879,1.879|1.879]Request_Body: "-"
104.23.172.110 - - [19/Sep/2026:05:38:43 +0800] "ladiessandalsbr.com" "POST /blog/wp-json/batch/v1 HTTP/1.1" 301 166 "https://ladiessandalsbr.com/blog/wp-admin/" "Mozilla/5.0 (Windows NT 10.0; Win64; x64) AppleWebKit/537.36 (KHTML, like Gecko) Chrome/120.0.0.0 Safari/537.36" "127.0.0.1,45.148.10.40" [-,-,-|0.000]Request_Body: "-"
162.159.113.35 - - [19/Sep/2026:05:38:43 +0800] "www.ladiessandalsbr.com" "GET /wp/?rest_route=/batch%2Fv1 HTTP/1.1" 404 125 "https://ladiessandalsbr.com/wp/wp-admin/" "Mozilla/5.0 (Windows NT 10.0; Win64; x64) AppleWebKit/537.36 (KHTML, like Gecko) Chrome/120.0.0.0 Safari/537.36" "127.0.0.1,45.148.10.40" [0.001,1.539,1.539|1.539]Request_Body: "-"
104.23.172.110 - - [19/Sep/2026:05:38:43 +0800] "ladiessandalsbr.com" "POST /wp/?rest_route=/batch/v1 HTTP/1.1" 301 166 "https://ladiessandalsbr.com/wp/wp-admin/" "Mozilla/5.0 (Windows NT 10.0; Win64; x64) AppleWebKit/537.36 (KHTML, like Gecko) Chrome/120.0.0.0 Safari/537.36" "127.0.0.1,45.148.10.40" [-,-,-|0.000]Request_Body: "-"
162.159.113.34 - - [19/Sep/2026:05:38:44 +0800] "www.ladiessandalsbr.com" "GET /blog/wp-json/batch/v1 HTTP/1.1" 404 29358 "https://ladiessandalsbr.com/blog/wp-admin/" "Mozilla/5.0 (Windows NT 10.0; Win64; x64) AppleWebKit/537.36 (KHTML, like Gecko) Chrome/120.0.0.0 Safari/537.36" "127.0.0.1,45.148.10.40" [0.001,1.308,1.314|1.314]Request_Body: "-"
104.23.172.110 - - [19/Sep/2026:05:38:44 +0800] "ladiessandalsbr.com" "POST /blog/wp-json/Batch/v1 HTTP/1.1" 301 166 "https://ladiessandalsbr.com/blog/wp-admin/" "Mozilla/5.0 (Windows NT 10.0; Win64; x64) AppleWebKit/537.36 (KHTML, like Gecko) Chrome/120.0.0.0 Safari/537.36" "127.0.0.1,45.148.10.40" [-,-,-|0.000]Request_Body: "-"
162.159.113.35 - - [19/Sep/2026:05:38:45 +0800] "www.ladiessandalsbr.com" "GET /wp/?rest_route=/batch/v1 HTTP/1.1" 404 125 "https://ladiessandalsbr.com/wp/wp-admin/" "Mozilla/5.0 (Windows NT 10.0; Win64; x64) AppleWebKit/537.36 (KHTML, like Gecko) Chrome/120.0.0.0 Safari/537.36" "127.0.0.1,45.148.10.40" [0.001,1.271,1.271|1.271]Request_Body: "-"
104.23.172.110 - - [19/Sep/2026:05:38:45 +0800] "ladiessandalsbr.com" "POST /wp/wp-json/batch/v1 HTTP/1.1" 301 166 "https://ladiessandalsbr.com/wp/wp-admin/" "Mozilla/5.0 (Windows NT 10.0; Win64; x64) AppleWebKit/537.36 (KHTML, like Gecko) Chrome/120.0.0.0 Safari/537.36" "127.0.0.1,45.148.10.40" [-,-,-|0.000]Request_Body: "-"
162.159.113.34 - - [19/Sep/2026:05:38:46 +0800] "www.ladiessandalsbr.com" "GET /blog/wp-json/Batch/v1 HTTP/1.1" 404 29358 "https://ladiessandalsbr.com/blog/wp-admin/" "Mozilla/5.0 (Windows NT 10.0; Win64; x64) AppleWebKit/537.36 (KHTML, like Gecko) Chrome/120.0.0.0 Safari/537.36" "127.0.0.1,45.148.10.40" [0.000,1.798,1.807|1.808]Request_Body: "-"
104.23.172.110 - - [19/Sep/2026:05:38:47 +0800] "ladiessandalsbr.com" "POST /blog//wp-json/batch/v1 HTTP/1.1" 301 166 "https://ladiessandalsbr.com/blog/wp-admin/" "Mozilla/5.0 (Windows NT 10.0; Win64; x64) AppleWebKit/537.36 (KHTML, like Gecko) Chrome/120.0.0.0 Safari/537.36" "127.0.0.1,45.148.10.40" [-,-,-|0.000]Request_Body: "-"
162.159.113.35 - - [19/Sep/2026:05:38:47 +0800] "www.ladiessandalsbr.com" "GET /wp/wp-json/batch/v1 HTTP/1.1" 404 29356 "https://ladiessandalsbr.com/wp/wp-admin/" "Mozilla/5.0 (Windows NT 10.0; Win64; x64) AppleWebKit/537.36 (KHTML, like Gecko) Chrome/120.0.0.0 Safari/537.36" "127.0.0.1,45.148.10.40" [0.000,1.668,1.671|1.671]Request_Body: "-"
104.23.172.110 - - [19/Sep/2026:05:38:47 +0800] "ladiessandalsbr.com" "POST /wp/wp-json/Batch/v1 HTTP/1.1" 301 166 "https://ladiessandalsbr.com/wp/wp-admin/" "Mozilla/5.0 (Windows NT 10.0; Win64; x64) AppleWebKit/537.36 (KHTML, like Gecko) Chrome/120.0.0.0 Safari/537.36" "127.0.0.1,45.148.10.40" [-,-,-|0.000]Request_Body: "-"
162.159.113.34 - - [19/Sep/2026:05:38:48 +0800] "www.ladiessandalsbr.com" "GET /blog//wp-json/batch/v1 HTTP/1.1" 301 5 "https://ladiessandalsbr.com/blog/wp-admin/" "Mozilla/5.0 (Windows NT 10.0; Win64; x64) AppleWebKit/537.36 (KHTML, like Gecko) Chrome/120.0.0.0 Safari/537.36" "127.0.0.1,45.148.10.40" [0.001,1.144,1.144|1.144]Request_Body: "-"
162.159.113.35 - - [19/Sep/2026:05:38:49 +0800] "www.ladiessandalsbr.com" "GET /wp/wp-json/Batch/v1 HTTP/1.1" 404 29357 "https://ladiessandalsbr.com/wp/wp-admin/" "Mozilla/5.0 (Windows NT 10.0; Win64; x64) AppleWebKit/537.36 (KHTML, like Gecko) Chrome/120.0.0.0 Safari/537.36" "127.0.0.1,45.148.10.40" [0.000,1.437,1.440|1.440]Request_Body: "-"
162.159.113.34 - - [19/Sep/2026:05:38:50 +0800] "www.ladiessandalsbr.com" "GET /blog/wp-json/batch/v1 HTTP/1.1" 404 29358 "https://ladiessandalsbr.com/blog/wp-admin/" "Mozilla/5.0 (Windows NT 10.0; Win64; x64) AppleWebKit/537.36 (KHTML, like Gecko) Chrome/120.0.0.0 Safari/537.36" "127.0.0.1,45.148.10.40" [0.001,1.412,1.415|1.415]Request_Body: "-"
104.23.172.110 - - [19/Sep/2026:05:38:55 +0800] "ladiessandalsbr.com" "POST /wp//wp-json/batch/v1 HTTP/1.1" 301 166 "https://ladiessandalsbr.com/wp/wp-admin/" "Mozilla/5.0 (Windows NT 10.0; Win64; x64) AppleWebKit/537.36 (KHTML, like Gecko) Chrome/120.0.0.0 Safari/537.36" "127.0.0.1,45.148.10.40" [-,-,-|0.000]Request_Body: "-"
141.101.76.47 - - [19/Sep/2026:05:38:55 +0800] "ladiessandalsbr.com" "POST /blog/wp-json/batch/v1/ HTTP/1.1" 301 166 "https://ladiessandalsbr.com/blog/wp-admin/" "Mozilla/5.0 (Windows NT 10.0; Win64; x64) AppleWebKit/537.36 (KHTML, like Gecko) Chrome/120.0.0.0 Safari/537.36" "127.0.0.1,45.148.10.40" [-,-,-|0.000]Request_Body: "-"
162.159.113.35 - - [19/Sep/2026:05:38:56 +0800] "www.ladiessandalsbr.com" "GET /wp//wp-json/batch/v1 HTTP/1.1" 301 5 "https://ladiessandalsbr.com/wp/wp-admin/" "Mozilla/5.0 (Windows NT 10.0; Win64; x64) AppleWebKit/537.36 (KHTML, like Gecko) Chrome/120.0.0.0 Safari/537.36" "127.0.0.1,45.148.10.40" [0.000,1.324,1.324|1.324]Request_Body: "-"
162.159.113.34 - - [19/Sep/2026:05:38:57 +0800] "www.ladiessandalsbr.com" "GET /blog/wp-json/batch/v1/ HTTP/1.1" 404 29358 "https://ladiessandalsbr.com/blog/wp-admin/" "Mozilla/5.0 (Windows NT 10.0; Win64; x64) AppleWebKit/537.36 (KHTML, like Gecko) Chrome/120.0.0.0 Safari/537.36" "127.0.0.1,45.148.10.40" [0.001,1.596,1.598|1.598]Request_Body: "-"
141.101.76.47 - - [19/Sep/2026:05:38:57 +0800] "ladiessandalsbr.com" "POST /blog/blog/wp-json/batch/v1 HTTP/1.1" 301 166 "https://ladiessandalsbr.com/blog/wp-admin/" "Mozilla/5.0 (Windows NT 10.0; Win64; x64) AppleWebKit/537.36 (KHTML, like Gecko) Chrome/120.0.0.0 Safari/537.36" "127.0.0.1,45.148.10.40" [-,-,-|0.000]Request_Body: "-"
162.159.113.35 - - [19/Sep/2026:05:38:58 +0800] "www.ladiessandalsbr.com" "GET /wp/wp-json/batch/v1 HTTP/1.1" 404 29356 "https://ladiessandalsbr.com/wp/wp-admin/" "Mozilla/5.0 (Windows NT 10.0; Win64; x64) AppleWebKit/537.36 (KHTML, like Gecko) Chrome/120.0.0.0 Safari/537.36" "127.0.0.1,45.148.10.40" [0.000,1.316,1.320|1.320]Request_Body: "-"
141.101.76.47 - - [19/Sep/2026:05:38:58 +0800] "ladiessandalsbr.com" "POST /wp/wp-json/batch/v1/ HTTP/1.1" 301 166 "https://ladiessandalsbr.com/wp/wp-admin/" "Mozilla/5.0 (Windows NT 10.0; Win64; x64) AppleWebKit/537.36 (KHTML, like Gecko) Chrome/120.0.0.0 Safari/537.36" "127.0.0.1,45.148.10.40" [-,-,-|0.000]Request_Body: "-"
162.159.113.34 - - [19/Sep/2026:05:38:59 +0800] "www.ladiessandalsbr.com" "GET /blog/blog/wp-json/batch/v1 HTTP/1.1" 404 29360 "https://ladiessandalsbr.com/blog/wp-admin/" "Mozilla/5.0 (Windows NT 10.0; Win64; x64) AppleWebKit/537.36 (KHTML, like Gecko) Chrome/120.0.0.0 Safari/537.36" "127.0.0.1,45.148.10.40" [0.000,2.064,2.067|2.067]Request_Body: "-"
141.101.76.47 - - [19/Sep/2026:05:39:00 +0800] "ladiessandalsbr.com" "POST /blog/index.php?rest_route=/batch/v1 HTTP/1.1" 301 166 "https://ladiessandalsbr.com/blog/wp-admin/" "WordPress/6.4.3" "127.0.0.1,45.148.10.40" [-,-,-|0.000]Request_Body: "-"
162.159.113.34 - - [19/Sep/2026:05:39:00 +0800] "www.ladiessandalsbr.com" "GET /blog/index.php?rest_route=/batch/v1 HTTP/1.1" 403 150 "https://ladiessandalsbr.com/blog/wp-admin/" "WordPress/6.4.3" "127.0.0.1,45.148.10.40" [-,-,-|0.000]Request_Body: "-"
141.101.76.47 - - [19/Sep/2026:05:39:00 +0800] "ladiessandalsbr.com" "POST /blog/index.php?rest_route=%2Fbatch%2Fv1 HTTP/1.1" 301 166 "https://ladiessandalsbr.com/blog/wp-admin/" "WordPress/6.4.3" "127.0.0.1,45.148.10.40" [-,-,-|0.001]Request_Body: "-"
162.159.113.34 - - [19/Sep/2026:05:39:00 +0800] "www.ladiessandalsbr.com" "GET /blog/index.php?rest_route=%2Fbatch%2Fv1 HTTP/1.1" 403 150 "https://ladiessandalsbr.com/blog/wp-admin/" "WordPress/6.4.3" "127.0.0.1,45.148.10.40" [-,-,-|0.000]Request_Body: "-"
141.101.76.47 - - [19/Sep/2026:05:39:00 +0800] "ladiessandalsbr.com" "POST /blog/?rest_route=%2Fbatch%2Fv1 HTTP/1.1" 301 166 "https://ladiessandalsbr.com/blog/wp-admin/" "WordPress/6.4.3" "127.0.0.1,45.148.10.40" [-,-,-|0.000]Request_Body: "-"
162.159.113.35 - - [19/Sep/2026:05:39:01 +0800] "www.ladiessandalsbr.com" "GET /wp/wp-json/batch/v1/ HTTP/1.1" 404 29357 "https://ladiessandalsbr.com/wp/wp-admin/" "Mozilla/5.0 (Windows NT 10.0; Win64; x64) AppleWebKit/537.36 (KHTML, like Gecko) Chrome/120.0.0.0 Safari/537.36" "127.0.0.1,45.148.10.40" [0.000,2.034,2.038|2.038]Request_Body: "-"
141.101.76.47 - - [19/Sep/2026:05:39:01 +0800] "ladiessandalsbr.com" "POST /wp/blog/wp-json/batch/v1 HTTP/1.1" 301 166 "https://ladiessandalsbr.com/wp/wp-admin/" "Mozilla/5.0 (Windows NT 10.0; Win64; x64) AppleWebKit/537.36 (KHTML, like Gecko) Chrome/120.0.0.0 Safari/537.36" "127.0.0.1,45.148.10.40" [-,-,-|0.001]Request_Body: "-"
162.159.113.34 - - [19/Sep/2026:05:39:02 +0800] "www.ladiessandalsbr.com" "GET /blog/?rest_route=%2Fbatch%2Fv1 HTTP/1.1" 404 125 "https://ladiessandalsbr.com/blog/wp-admin/" "WordPress/6.4.3" "127.0.0.1,45.148.10.40" [0.001,1.308,1.308|1.307]Request_Body: "-"
141.101.76.47 - - [19/Sep/2026:05:39:02 +0800] "ladiessandalsbr.com" "POST /blog/?rest_route=/batch%2Fv1 HTTP/1.1" 301 166 "https://ladiessandalsbr.com/blog/wp-admin/" "WordPress/6.4.3" "127.0.0.1,45.148.10.40" [-,-,-|0.000]Request_Body: "-"
162.159.113.35 - - [19/Sep/2026:05:39:02 +0800] "www.ladiessandalsbr.com" "GET /wp/blog/wp-json/batch/v1 HTTP/1.1" 404 29360 "https://ladiessandalsbr.com/wp/wp-admin/" "Mozilla/5.0 (Windows NT 10.0; Win64; x64) AppleWebKit/537.36 (KHTML, like Gecko) Chrome/120.0.0.0 Safari/537.36" "127.0.0.1,45.148.10.40" [0.001,1.383,1.386|1.386]Request_Body: "-"
141.101.76.47 - - [19/Sep/2026:05:39:03 +0800] "ladiessandalsbr.com" "POST /wp/index.php?rest_route=/batch/v1 HTTP/1.1" 301 166 "https://ladiessandalsbr.com/wp/wp-admin/" "WordPress/6.4.3" "127.0.0.1,45.148.10.40" [-,-,-|0.000]Request_Body: "-"
162.159.113.35 - - [19/Sep/2026:05:39:03 +0800] "www.ladiessandalsbr.com" "GET /wp/index.php?rest_route=/batch/v1 HTTP/1.1" 403 150 "https://ladiessandalsbr.com/wp/wp-admin/" "WordPress/6.4.3" "127.0.0.1,45.148.10.40" [-,-,-|0.000]Request_Body: "-"
141.101.76.47 - - [19/Sep/2026:05:39:03 +0800] "ladiessandalsbr.com" "POST /wp/index.php?rest_route=%2Fbatch%2Fv1 HTTP/1.1" 301 166 "https://ladiessandalsbr.com/wp/wp-admin/" "WordPress/6.4.3" "127.0.0.1,45.148.10.40" [-,-,-|0.000]Request_Body: "-"
162.159.113.35 - - [19/Sep/2026:05:39:03 +0800] "www.ladiessandalsbr.com" "GET /wp/index.php?rest_route=%2Fbatch%2Fv1 HTTP/1.1" 403 150 "https://ladiessandalsbr.com/wp/wp-admin/" "WordPress/6.4.3" "127.0.0.1,45.148.10.40" [-,-,-|0.000]Request_Body: "-"
141.101.76.47 - - [19/Sep/2026:05:39:03 +0800] "ladiessandalsbr.com" "POST /wp/?rest_route=%2Fbatch%2Fv1 HTTP/1.1" 301 166 "https://ladiessandalsbr.com/wp/wp-admin/" "WordPress/6.4.3" "127.0.0.1,45.148.10.40" [-,-,-|0.000]Request_Body: "-"
162.159.113.34 - - [19/Sep/2026:05:39:04 +0800] "www.ladiessandalsbr.com" "GET /blog/?rest_route=/batch%2Fv1 HTTP/1.1" 404 125 "https://ladiessandalsbr.com/blog/wp-admin/" "WordPress/6.4.3" "127.0.0.1,45.148.10.40" [0.001,1.495,1.495|1.495]Request_Body: "-"
141.101.76.47 - - [19/Sep/2026:05:39:04 +0800] "ladiessandalsbr.com" "POST /blog/?rest_route=/batch/v1 HTTP/1.1" 301 166 "https://ladiessandalsbr.com/blog/wp-admin/" "WordPress/6.4.3" "127.0.0.1,45.148.10.40" [-,-,-|0.000]Request_Body: "-"
162.159.113.35 - - [19/Sep/2026:05:39:05 +0800] "www.ladiessandalsbr.com" "GET /wp/?rest_route=%2Fbatch%2Fv1 HTTP/1.1" 404 125 "https://ladiessandalsbr.com/wp/wp-admin/" "WordPress/6.4.3" "127.0.0.1,45.148.10.40" [0.001,1.561,1.561|1.561]Request_Body: "-"
141.101.76.47 - - [19/Sep/2026:05:39:05 +0800] "ladiessandalsbr.com" "POST /wp/?rest_route=/batch%2Fv1 HTTP/1.1" 301 166 "https://ladiessandalsbr.com/wp/wp-admin/" "WordPress/6.4.3" "127.0.0.1,45.148.10.40" [-,-,-|0.000]Request_Body: "-"
162.159.113.34 - - [19/Sep/2026:05:39:06 +0800] "www.ladiessandalsbr.com" "GET /blog/?rest_route=/batch/v1 HTTP/1.1" 404 125 "https://ladiessandalsbr.com/blog/wp-admin/" "WordPress/6.4.3" "127.0.0.1,45.148.10.40" [0.002,2.009,2.009|2.009]Request_Body: "-"
162.159.113.35 - - [19/Sep/2026:05:39:07 +0800] "www.ladiessandalsbr.com" "GET /wp/?rest_route=/batch%2Fv1 HTTP/1.1" 404 125 "https://ladiessandalsbr.com/wp/wp-admin/" "WordPress/6.4.3" "127.0.0.1,45.148.10.40" [0.000,1.557,1.557|1.557]Request_Body: "-"
141.101.76.47 - - [19/Sep/2026:05:39:10 +0800] "ladiessandalsbr.com" "POST /wp/?rest_route=/batch/v1 HTTP/1.1" 301 166 "https://ladiessandalsbr.com/wp/wp-admin/" "WordPress/6.4.3" "127.0.0.1,45.148.10.40" [-,-,-|0.000]Request_Body: "-"
104.23.172.110 - - [19/Sep/2026:05:39:10 +0800] "ladiessandalsbr.com" "POST /blog/wp-json/batch/v1 HTTP/1.1" 301 166 "https://ladiessandalsbr.com/blog/wp-admin/" "WordPress/6.4.3" "127.0.0.1,45.148.10.40" [-,-,-|0.000]Request_Body: "-"
162.159.113.34 - - [19/Sep/2026:05:39:12 +0800] "www.ladiessandalsbr.com" "GET /wp/?rest_route=/batch/v1 HTTP/1.1" 404 125 "https://ladiessandalsbr.com/wp/wp-admin/" "WordPress/6.4.3" "127.0.0.1,45.148.10.40" [0.001,1.902,1.902|1.902]Request_Body: "-"
162.159.113.35 - - [19/Sep/2026:05:39:12 +0800] "www.ladiessandalsbr.com" "GET /blog/wp-json/batch/v1 HTTP/1.1" 404 29358 "https://ladiessandalsbr.com/blog/wp-admin/" "WordPress/6.4.3" "127.0.0.1,45.148.10.40" [0.001,1.951,1.955|1.955]Request_Body: "-"
104.23.172.110 - - [19/Sep/2026:05:39:12 +0800] "ladiessandalsbr.com" "POST /wp/wp-json/batch/v1 HTTP/1.1" 301 166 "https://ladiessandalsbr.com/wp/wp-admin/" "WordPress/6.4.3" "127.0.0.1,45.148.10.40" [-,-,-|0.000]Request_Body: "-"
104.23.172.110 - - [19/Sep/2026:05:39:12 +0800] "ladiessandalsbr.com" "POST /blog/wp-json/Batch/v1 HTTP/1.1" 301 166 "https://ladiessandalsbr.com/blog/wp-admin/" "WordPress/6.4.3" "127.0.0.1,45.148.10.40" [-,-,-|0.000]Request_Body: "-"
162.159.113.34 - - [19/Sep/2026:05:39:14 +0800] "www.ladiessandalsbr.com" "GET /wp/wp-json/batch/v1 HTTP/1.1" 404 29356 "https://ladiessandalsbr.com/wp/wp-admin/" "WordPress/6.4.3" "127.0.0.1,45.148.10.40" [0.001,2.483,2.486|2.486]Request_Body: "-"
104.23.172.110 - - [19/Sep/2026:05:39:15 +0800] "ladiessandalsbr.com" "POST /wp/wp-json/Batch/v1 HTTP/1.1" 301 166 "https://ladiessandalsbr.com/wp/wp-admin/" "WordPress/6.4.3" "127.0.0.1,45.148.10.40" [-,-,-|0.000]Request_Body: "-"
162.159.113.35 - - [19/Sep/2026:05:39:16 +0800] "www.ladiessandalsbr.com" "GET /blog/wp-json/Batch/v1 HTTP/1.1" 404 29358 "https://ladiessandalsbr.com/blog/wp-admin/" "WordPress/6.4.3" "127.0.0.1,45.148.10.40" [0.000,2.966,2.982|2.982]Request_Body: "-"
104.23.172.110 - - [19/Sep/2026:05:39:16 +0800] "ladiessandalsbr.com" "POST /blog//wp-json/batch/v1 HTTP/1.1" 301 166 "https://ladiessandalsbr.com/blog/wp-admin/" "WordPress/6.4.3" "127.0.0.1,45.148.10.40" [-,-,-|0.000]Request_Body: "-"
162.159.113.34 - - [19/Sep/2026:05:39:17 +0800] "www.ladiessandalsbr.com" "GET /wp/wp-json/Batch/v1 HTTP/1.1" 404 29357 "https://ladiessandalsbr.com/wp/wp-admin/" "WordPress/6.4.3" "127.0.0.1,45.148.10.40" [0.000,2.535,2.538|2.538]Request_Body: "-"
104.23.172.110 - - [19/Sep/2026:05:39:18 +0800] "ladiessandalsbr.com" "POST /wp//wp-json/batch/v1 HTTP/1.1" 301 166 "https://ladiessandalsbr.com/wp/wp-admin/" "WordPress/6.4.3" "127.0.0.1,45.148.10.40" [-,-,-|0.000]Request_Body: "-"
162.159.113.35 - - [19/Sep/2026:05:39:19 +0800] "www.ladiessandalsbr.com" "GET /blog//wp-json/batch/v1 HTTP/1.1" 301 5 "https://ladiessandalsbr.com/blog/wp-admin/" "WordPress/6.4.3" "127.0.0.1,45.148.10.40" [0.005,2.568,2.568|2.567]Request_Body: "-"
162.159.113.34 - - [19/Sep/2026:05:39:21 +0800] "www.ladiessandalsbr.com" "GET /wp//wp-json/batch/v1 HTTP/1.1" 301 5 "https://ladiessandalsbr.com/wp/wp-admin/" "WordPress/6.4.3" "127.0.0.1,45.148.10.40" [0.001,3.095,3.095|3.095]Request_Body: "-"
162.159.113.35 - - [19/Sep/2026:05:39:21 +0800] "www.ladiessandalsbr.com" "GET /blog/wp-json/batch/v1 HTTP/1.1" 404 29358 "https://ladiessandalsbr.com/blog/wp-admin/" "WordPress/6.4.3" "127.0.0.1,45.148.10.40" [0.001,2.235,2.239|2.239]Request_Body: "-"
