172.69.17.108 - - [19/Sep/2026:08:26:36 +0800] "www.mbtsneakers.com" "GET /wp-content/themes/woodmart/css/parts/int-elem-base.min.css?ver=8.2.7 HTTP/1.1" 304 0 "https://www.mbtsneakers.com/shoe-care-tips/" "Mozilla/5.0 (Linux; Android 6.0.1; Nexus 5X Build/MMB29P) AppleWebKit/537.36 (KHTML, like Gecko) Chrome/153.0.8010.47 Mobile Safari/537.36 (compatible; Googlebot/2.1; +http://www.google.com/bot.html)" "66.249.75.170" [-,-,-|0.000]Request_Body: "-"
172.70.126.30 - - [19/Sep/2026:08:26:38 +0800] "www.mbtsneakers.com" "GET /wp-content/themes/woodmart/css/parts/header-el-search-fullscreen-general.min.css?ver=8.2.7 HTTP/1.1" 304 0 "https://www.mbtsneakers.com/shoe-care-tips/" "Mozilla/5.0 (Linux; Android 6.0.1; Nexus 5X Build/MMB29P) AppleWebKit/537.36 (KHTML, like Gecko) Chrome/153.0.8010.47 Mobile Safari/537.36 (compatible; Googlebot/2.1; +http://www.google.com/bot.html)" "66.249.75.170" [-,-,-|0.000]Request_Body: "-"
172.70.194.146 - - [19/Sep/2026:08:26:39 +0800] "www.mbtsneakers.com" "GET /wp-content/uploads/elementor/css/post-818.css?ver=1782127299 HTTP/1.1" 304 0 "https://www.mbtsneakers.com/shoe-care-tips/" "Mozilla/5.0 (Linux; Android 6.0.1; Nexus 5X Build/MMB29P) AppleWebKit/537.36 (KHTML, like Gecko) Chrome/153.0.8010.47 Mobile Safari/537.36 (compatible; Googlebot/2.1; +http://www.google.com/bot.html)" "66.249.75.170" [-,-,-|0.000]Request_Body: "-"
172.69.17.148 - - [19/Sep/2026:08:26:41 +0800] "www.mbtsneakers.com" "GET /wp-content/themes/woodmart/css/parts/wd-search-results.min.css?ver=8.2.7 HTTP/1.1" 304 0 "https://www.mbtsneakers.com/shoe-care-tips/" "Mozilla/5.0 (Linux; Android 6.0.1; Nexus 5X Build/MMB29P) AppleWebKit/537.36 (KHTML, like Gecko) Chrome/153.0.8010.47 Mobile Safari/537.36 (compatible; Googlebot/2.1; +http://www.google.com/bot.html)" "66.249.75.170" [-,-,-|0.000]Request_Body: "-"
172.69.59.252 - - [19/Sep/2026:08:26:42 +0800] "www.mbtsneakers.com" "GET /wp-content/themes/woodmart/js/scripts/wc/updateCartFragmentsFix.js?ver=8.2.7 HTTP/1.1" 200 662 "https://www.mbtsneakers.com/shoe-care-tips/" "Mozilla/5.0 (Linux; Android 6.0.1; Nexus 5X Build/MMB29P) AppleWebKit/537.36 (KHTML, like Gecko) Chrome/153.0.8010.47 Mobile Safari/537.36 (compatible; Googlebot/2.1; +http://www.google.com/bot.html)" "66.249.75.170" [-,-,-|0.000]Request_Body: "-"
172.71.254.54 - - [19/Sep/2026:08:26:44 +0800] "www.mbtsneakers.com" "GET /wp-content/plugins/contact-form-7/includes/js/index.js?ver=6.1.1 HTTP/1.1" 200 4698 "https://www.mbtsneakers.com/shoe-care-tips/" "Mozilla/5.0 (Linux; Android 6.0.1; Nexus 5X Build/MMB29P) AppleWebKit/537.36 (KHTML, like Gecko) Chrome/153.0.8010.47 Mobile Safari/537.36 (compatible; Googlebot/2.1; +http://www.google.com/bot.html)" "66.249.75.170" [-,-,-|0.000]Request_Body: "-"
172.71.1.134 - - [19/Sep/2026:08:26:45 +0800] "www.mbtsneakers.com" "GET /wp-content/plugins/woodmart-multi-currency/assets/flags/eu.svg HTTP/1.1" 304 0 "https://www.mbtsneakers.com/shoe-care-tips/" "Mozilla/5.0 (Linux; Android 6.0.1; Nexus 5X Build/MMB29P) AppleWebKit/537.36 (KHTML, like Gecko) Chrome/153.0.8010.47 Mobile Safari/537.36 (compatible; Googlebot/2.1; +http://www.google.com/bot.html)" "66.249.75.170" [-,-,-|0.000]Request_Body: "-"
172.70.100.154 - - [19/Sep/2026:08:26:47 +0800] "www.mbtsneakers.com" "GET /wp-content/themes/woodmart/js/scripts/global/searchFullScreen.min.js?ver=8.2.7 HTTP/1.1" 200 751 "https://www.mbtsneakers.com/shoe-care-tips/" "Mozilla/5.0 (Linux; Android 6.0.1; Nexus 5X Build/MMB29P) AppleWebKit/537.36 (KHTML, like Gecko) Chrome/153.0.8010.47 Mobile Safari/537.36 (compatible; Googlebot/2.1; +http://www.google.com/bot.html)" "66.249.75.170" [-,-,-|0.000]Request_Body: "-"
172.70.130.252 - - [19/Sep/2026:08:26:48 +0800] "www.mbtsneakers.com" "GET /wp-content/themes/woodmart/js/scripts/wc/loginSidebar.min.js?ver=8.2.7 HTTP/1.1" 200 975 "https://www.mbtsneakers.com/shoe-care-tips/" "Mozilla/5.0 (Linux; Android 6.0.1; Nexus 5X Build/MMB29P) AppleWebKit/537.36 (KHTML, like Gecko) Chrome/153.0.8010.47 Mobile Safari/537.36 (compatible; Googlebot/2.1; +http://www.google.com/bot.html)" "66.249.75.170" [-,-,-|0.000]Request_Body: "-"
172.71.255.130 - - [19/Sep/2026:08:26:49 +0800] "www.mbtsneakers.com" "GET /wp-content/themes/woodmart/js/scripts/header/headerBuilder.min.js?ver=8.2.7 HTTP/1.1" 200 1126 "https://www.mbtsneakers.com/shoe-care-tips/" "Mozilla/5.0 (Linux; Android 6.0.1; Nexus 5X Build/MMB29P) AppleWebKit/537.36 (KHTML, like Gecko) Chrome/153.0.8010.47 Mobile Safari/537.36 (compatible; Googlebot/2.1; +http://www.google.com/bot.html)" "66.249.75.170" [-,-,-|0.000]Request_Body: "-"
172.69.17.146 - - [19/Sep/2026:08:26:51 +0800] "www.mbtsneakers.com" "GET /wp-content/plugins/npcard/assets/js/card.js?ver=v1.0.0 HTTP/1.1" 200 449 "https://www.mbtsneakers.com/shoe-care-tips/" "Mozilla/5.0 (Linux; Android 6.0.1; Nexus 5X Build/MMB29P) AppleWebKit/537.36 (KHTML, like Gecko) Chrome/153.0.8010.47 Mobile Safari/537.36 (compatible; Googlebot/2.1; +http://www.google.com/bot.html)" "66.249.75.170" [-,-,-|0.000]Request_Body: "-"
172.69.59.9 - - [19/Sep/2026:08:26:52 +0800] "www.mbtsneakers.com" "GET /wp-content/themes/woodmart/js/scripts/global/mailchimp.min.js?ver=8.2.7 HTTP/1.1" 200 547 "https://www.mbtsneakers.com/shoe-care-tips/" "Mozilla/5.0 (Linux; Android 6.0.1; Nexus 5X Build/MMB29P) AppleWebKit/537.36 (KHTML, like Gecko) Chrome/153.0.8010.47 Mobile Safari/537.36 (compatible; Googlebot/2.1; +http://www.google.com/bot.html)" "66.249.75.170" [-,-,-|0.000]Request_Body: "-"
172.70.100.174 - - [19/Sep/2026:08:26:54 +0800] "www.mbtsneakers.com" "GET /wp-content/plugins/woodmart-multi-currency/assets/flags/us.svg HTTP/1.1" 304 0 "https://www.mbtsneakers.com/shoe-care-tips/" "Mozilla/5.0 (Linux; Android 6.0.1; Nexus 5X Build/MMB29P) AppleWebKit/537.36 (KHTML, like Gecko) Chrome/153.0.8010.47 Mobile Safari/537.36 (compatible; Googlebot/2.1; +http://www.google.com/bot.html)" "66.249.75.170" [-,-,-|0.000]Request_Body: "-"
104.22.62.86 - - [19/Sep/2026:08:26:55 +0800] "www.mbtsneakers.com" "GET /wp-content/plugins/elementor/assets/js/webpack.runtime.min.js?ver=3.31.1 HTTP/1.1" 200 2602 "https://www.mbtsneakers.com/shoe-care-tips/" "Mozilla/5.0 (Linux; Android 6.0.1; Nexus 5X Build/MMB29P) AppleWebKit/537.36 (KHTML, like Gecko) Chrome/153.0.8010.47 Mobile Safari/537.36 (compatible; Googlebot/2.1; +http://www.google.com/bot.html)" "66.249.75.170" [-,-,-|0.000]Request_Body: "-"
172.69.6.167 - - [19/Sep/2026:08:26:56 +0800] "www.mbtsneakers.com" "GET /wp-content/uploads/2021/08/wd-cursor-dark.svg HTTP/1.1" 304 0 "https://www.mbtsneakers.com/shoe-care-tips/" "Mozilla/5.0 (Linux; Android 6.0.1; Nexus 5X Build/MMB29P) AppleWebKit/537.36 (KHTML, like Gecko) Chrome/153.0.8010.47 Mobile Safari/537.36 (compatible; Googlebot/2.1; +http://www.google.com/bot.html)" "66.249.75.170" [-,-,-|0.000]Request_Body: "-"
172.69.7.68 - - [19/Sep/2026:08:26:58 +0800] "www.mbtsneakers.com" "GET /wp-content/uploads/2021/08/wd-phone-dark.svg HTTP/1.1" 304 0 "https://www.mbtsneakers.com/shoe-care-tips/" "Mozilla/5.0 (Linux; Android 6.0.1; Nexus 5X Build/MMB29P) AppleWebKit/537.36 (KHTML, like Gecko) Chrome/153.0.8010.47 Mobile Safari/537.36 (compatible; Googlebot/2.1; +http://www.google.com/bot.html)" "66.249.75.170" [-,-,-|0.000]Request_Body: "-"
172.71.23.35 - - [19/Sep/2026:08:48:15 +0800] "mbtsneakers.com" "GET /robots.txt HTTP/1.1" 301 166 "-" "Mozilla/5.0 (Macintosh; Intel Mac OS X 10_15_7) AppleWebKit/537.36 (KHTML, like Gecko) Chrome/131.0.0.0 Safari/537.36; compatible; OAI-SearchBot/1.4; robots.txt; +https://openai.com/searchbot" "74.7.228.61" [-,-,-|0.000]Request_Body: "-"
104.22.56.195 - - [19/Sep/2026:08:48:15 +0800] "www.mbtsneakers.com" "GET /robots.txt HTTP/1.1" 403 16923 "http://www.mbtsneakers.com/robots.txt" "Mozilla/5.0 (Macintosh; Intel Mac OS X 10_15_7) AppleWebKit/537.36 (KHTML, like Gecko) Chrome/131.0.0.0 Safari/537.36; compatible; OAI-SearchBot/1.4; robots.txt; +https://openai.com/searchbot" "74.7.228.61" [-,-,-|0.000]Request_Body: "-"
104.22.100.81 - - [19/Sep/2026:08:50:51 +0800] "mbtsneakers.com" "GET /product/damensneakers-mawensi/ HTTP/1.1" 301 166 "-" "Mozilla/5.0 AppleWebKit/537.36 (KHTML, like Gecko; compatible; bingbot/2.0; +http://www.bing.com/bingbot.htm) Chrome/116.0.1938.76 Safari/537.36" "40.77.167.241" [-,-,-|0.000]Request_Body: "-"
104.22.102.68 - - [19/Sep/2026:08:52:05 +0800] "www.mbtsneakers.com" "GET /shop/page/12/?stock_status=instock&per_row=2&per_page=24&shop_view=grid&post_type=product HTTP/1.1" 200 40371 "-" "Mozilla/5.0 AppleWebKit/537.36 (KHTML, like Gecko; compatible; bingbot/2.0; +http://www.bing.com/bingbot.htm) Chrome/116.0.1938.76 Safari/537.36" "40.77.167.230" [0.001,1.537,1.545|1.545]Request_Body: "-"
104.23.166.121 - - [19/Sep/2026:08:55:43 +0800] "mbtsneakers.com" "GET /?rest_route=/batch/v1 HTTP/1.1" 301 166 "http://mbtsneakers.com/?rest_route=/batch/v1" "Mozilla/5.0 (Windows NT 10.0; Win64; x64) AppleWebKit/537.36 (KHTML, like Gecko) Chrome/120.0.0.0 Safari/537.36" "195.178.110.101" [-,-,-|0.000]Request_Body: "-"
162.159.113.147 - - [19/Sep/2026:08:55:44 +0800] "www.mbtsneakers.com" "GET /?rest_route=/batch/v1 HTTP/1.1" 404 125 "http://www.mbtsneakers.com/?rest_route=/batch/v1" "Mozilla/5.0 (Windows NT 10.0; Win64; x64) AppleWebKit/537.36 (KHTML, like Gecko) Chrome/120.0.0.0 Safari/537.36" "195.178.110.101" [0.001,1.187,1.187|1.187]Request_Body: "-"
104.23.166.169 - - [19/Sep/2026:08:55:44 +0800] "mbtsneakers.com" "GET /?rest_route=/batch/v1 HTTP/1.1" 301 166 "http://mbtsneakers.com/?rest_route=/batch/v1" "Mozilla/5.0 (Windows NT 10.0; Win64; x64) AppleWebKit/537.36 (KHTML, like Gecko) Chrome/120.0.0.0 Safari/537.36" "195.178.110.101" [-,-,-|0.000]Request_Body: "-"
104.23.166.138 - - [19/Sep/2026:08:55:46 +0800] "www.mbtsneakers.com" "GET /?rest_route=/batch/v1 HTTP/1.1" 404 125 "http://www.mbtsneakers.com/?rest_route=/batch/v1" "Mozilla/5.0 (Windows NT 10.0; Win64; x64) AppleWebKit/537.36 (KHTML, like Gecko) Chrome/120.0.0.0 Safari/537.36" "195.178.110.101" [0.001,1.658,1.658|1.658]Request_Body: "-"
104.23.166.121 - - [19/Sep/2026:08:55:46 +0800] "mbtsneakers.com" "GET /index.php?rest_route=/batch/v1 HTTP/1.1" 301 166 "http://mbtsneakers.com/index.php?rest_route=/batch/v1" "Mozilla/5.0 (Windows NT 10.0; Win64; x64) AppleWebKit/537.36 (KHTML, like Gecko) Chrome/120.0.0.0 Safari/537.36" "195.178.110.101" [-,-,-|0.000]Request_Body: "-"
104.23.166.187 - - [19/Sep/2026:08:55:48 +0800] "www.mbtsneakers.com" "GET /index.php?rest_route=/batch/v1 HTTP/1.1" 404 125 "http://www.mbtsneakers.com/index.php?rest_route=/batch/v1" "Mozilla/5.0 (Windows NT 10.0; Win64; x64) AppleWebKit/537.36 (KHTML, like Gecko) Chrome/120.0.0.0 Safari/537.36" "195.178.110.101" [0.000,1.194,1.194|1.194]Request_Body: "-"
104.23.166.169 - - [19/Sep/2026:08:55:48 +0800] "mbtsneakers.com" "GET /index.php?rest_route=%2Fbatch%2Fv1 HTTP/1.1" 301 166 "http://mbtsneakers.com/index.php?rest_route=%2Fbatch%2Fv1" "Mozilla/5.0 (Windows NT 10.0; Win64; x64) AppleWebKit/537.36 (KHTML, like Gecko) Chrome/120.0.0.0 Safari/537.36" "195.178.110.101" [-,-,-|0.000]Request_Body: "-"
104.23.166.138 - - [19/Sep/2026:08:55:50 +0800] "www.mbtsneakers.com" "GET /index.php?rest_route=%2Fbatch%2Fv1 HTTP/1.1" 404 125 "http://www.mbtsneakers.com/index.php?rest_route=%2Fbatch%2Fv1" "Mozilla/5.0 (Windows NT 10.0; Win64; x64) AppleWebKit/537.36 (KHTML, like Gecko) Chrome/120.0.0.0 Safari/537.36" "195.178.110.101" [0.000,1.108,1.108|1.108]Request_Body: "-"
104.23.166.121 - - [19/Sep/2026:08:55:50 +0800] "mbtsneakers.com" "GET /?rest_route=%2Fbatch%2Fv1 HTTP/1.1" 301 166 "http://mbtsneakers.com/?rest_route=%2Fbatch%2Fv1" "Mozilla/5.0 (Windows NT 10.0; Win64; x64) AppleWebKit/537.36 (KHTML, like Gecko) Chrome/120.0.0.0 Safari/537.36" "195.178.110.101" [-,-,-|0.000]Request_Body: "-"
104.23.166.187 - - [19/Sep/2026:08:55:51 +0800] "www.mbtsneakers.com" "GET /?rest_route=%2Fbatch%2Fv1 HTTP/1.1" 404 125 "http://www.mbtsneakers.com/?rest_route=%2Fbatch%2Fv1" "Mozilla/5.0 (Windows NT 10.0; Win64; x64) AppleWebKit/537.36 (KHTML, like Gecko) Chrome/120.0.0.0 Safari/537.36" "195.178.110.101" [0.001,1.183,1.183|1.183]Request_Body: "-"
104.23.166.169 - - [19/Sep/2026:08:55:51 +0800] "mbtsneakers.com" "GET /?rest_route=/batch%2Fv1 HTTP/1.1" 301 166 "http://mbtsneakers.com/?rest_route=/batch%2Fv1" "Mozilla/5.0 (Windows NT 10.0; Win64; x64) AppleWebKit/537.36 (KHTML, like Gecko) Chrome/120.0.0.0 Safari/537.36" "195.178.110.101" [-,-,-|0.000]Request_Body: "-"
104.23.166.138 - - [19/Sep/2026:08:55:53 +0800] "www.mbtsneakers.com" "GET /?rest_route=/batch%2Fv1 HTTP/1.1" 404 125 "http://www.mbtsneakers.com/?rest_route=/batch%2Fv1" "Mozilla/5.0 (Windows NT 10.0; Win64; x64) AppleWebKit/537.36 (KHTML, like Gecko) Chrome/120.0.0.0 Safari/537.36" "195.178.110.101" [0.001,1.298,1.298|1.298]Request_Body: "-"
104.23.166.169 - - [19/Sep/2026:08:55:53 +0800] "mbtsneakers.com" "GET /?rest_route=/batch/v1 HTTP/1.1" 301 166 "http://mbtsneakers.com/?rest_route=/batch/v1" "Mozilla/5.0 (Windows NT 10.0; Win64; x64) AppleWebKit/537.36 (KHTML, like Gecko) Chrome/120.0.0.0 Safari/537.36" "195.178.110.101" [-,-,-|0.000]Request_Body: "-"
104.23.166.187 - - [19/Sep/2026:08:55:54 +0800] "www.mbtsneakers.com" "GET /?rest_route=/batch/v1 HTTP/1.1" 404 125 "http://www.mbtsneakers.com/?rest_route=/batch/v1" "Mozilla/5.0 (Windows NT 10.0; Win64; x64) AppleWebKit/537.36 (KHTML, like Gecko) Chrome/120.0.0.0 Safari/537.36" "195.178.110.101" [0.001,1.405,1.405|1.405]Request_Body: "-"
104.23.166.121 - - [19/Sep/2026:08:55:57 +0800] "mbtsneakers.com" "GET /wp-json/batch/v1 HTTP/1.1" 301 166 "http://mbtsneakers.com/wp-json/batch/v1" "Mozilla/5.0 (Windows NT 10.0; Win64; x64) AppleWebKit/537.36 (KHTML, like Gecko) Chrome/120.0.0.0 Safari/537.36" "195.178.110.101" [-,-,-|0.000]Request_Body: "-"
104.23.166.138 - - [19/Sep/2026:08:55:59 +0800] "www.mbtsneakers.com" "GET /wp-json/batch/v1 HTTP/1.1" 404 125 "http://www.mbtsneakers.com/wp-json/batch/v1" "Mozilla/5.0 (Windows NT 10.0; Win64; x64) AppleWebKit/537.36 (KHTML, like Gecko) Chrome/120.0.0.0 Safari/537.36" "195.178.110.101" [0.001,1.215,1.215|1.215]Request_Body: "-"
104.23.166.121 - - [19/Sep/2026:08:55:59 +0800] "mbtsneakers.com" "GET /wp-json/Batch/v1 HTTP/1.1" 301 166 "http://mbtsneakers.com/wp-json/Batch/v1" "Mozilla/5.0 (Windows NT 10.0; Win64; x64) AppleWebKit/537.36 (KHTML, like Gecko) Chrome/120.0.0.0 Safari/537.36" "195.178.110.101" [-,-,-|0.000]Request_Body: "-"
104.23.166.138 - - [19/Sep/2026:08:56:00 +0800] "www.mbtsneakers.com" "GET /wp-json/Batch/v1 HTTP/1.1" 404 125 "http://www.mbtsneakers.com/wp-json/Batch/v1" "Mozilla/5.0 (Windows NT 10.0; Win64; x64) AppleWebKit/537.36 (KHTML, like Gecko) Chrome/120.0.0.0 Safari/537.36" "195.178.110.101" [0.001,1.148,1.148|1.148]Request_Body: "-"
104.23.166.121 - - [19/Sep/2026:08:56:13 +0800] "mbtsneakers.com" "GET //wp-json/batch/v1 HTTP/1.1" 301 166 "http://mbtsneakers.com//wp-json/batch/v1" "Mozilla/5.0 (Windows NT 10.0; Win64; x64) AppleWebKit/537.36 (KHTML, like Gecko) Chrome/120.0.0.0 Safari/537.36" "195.178.110.101" [-,-,-|0.000]Request_Body: "-"
104.23.166.121 - - [19/Sep/2026:08:56:15 +0800] "mbtsneakers.com" "GET /wp-json/gravitysmtp/v1/tests/mock-data?page=gravitysmtp-settings HTTP/1.1" 301 166 "-" "Mozilla/5.0 (Windows NT 10.0; Win64; x64) AppleWebKit/537.36 (KHTML, like Gecko) Chrome/120.0.0.0 Safari/537.36" "195.178.110.101" [-,-,-|0.000]Request_Body: "-"
104.23.166.138 - - [19/Sep/2026:08:56:16 +0800] "www.mbtsneakers.com" "GET /wp-json/gravitysmtp/v1/tests/mock-data?page=gravitysmtp-settings HTTP/1.1" 404 125 "http://www.mbtsneakers.com/wp-json/gravitysmtp/v1/tests/mock-data?page=gravitysmtp-settings" "Mozilla/5.0 (Windows NT 10.0; Win64; x64) AppleWebKit/537.36 (KHTML, like Gecko) Chrome/120.0.0.0 Safari/537.36" "195.178.110.101" [0.002,1.445,1.445|1.445]Request_Body: "-"
104.23.166.121 - - [19/Sep/2026:08:56:16 +0800] "mbtsneakers.com" "GET /?rest_route=/gravitysmtp/v1/tests/mock-data&page=gravitysmtp-settings HTTP/1.1" 301 166 "-" "Mozilla/5.0 (Macintosh; Intel Mac OS X 10_15_7) AppleWebKit/605.1.15 (KHTML, like Gecko) Version/17.0 Safari/605.1.15" "195.178.110.101" [-,-,-|0.000]Request_Body: "-"
104.23.166.138 - - [19/Sep/2026:08:56:18 +0800] "www.mbtsneakers.com" "GET /?rest_route=/gravitysmtp/v1/tests/mock-data&page=gravitysmtp-settings HTTP/1.1" 404 125 "http://www.mbtsneakers.com/?rest_route=/gravitysmtp/v1/tests/mock-data&page=gravitysmtp-settings" "Mozilla/5.0 (Macintosh; Intel Mac OS X 10_15_7) AppleWebKit/605.1.15 (KHTML, like Gecko) Version/17.0 Safari/605.1.15" "195.178.110.101" [0.001,1.746,1.746|1.746]Request_Body: "-"
104.23.166.121 - - [19/Sep/2026:08:56:18 +0800] "mbtsneakers.com" "GET /wp-json/gravitysmtp/v1/tests/mock-data?page=gravitysmtp-connections HTTP/1.1" 301 166 "-" "Mozilla/5.0 (X11; Linux x86_64; rv:121.0) Gecko/20100101 Firefox/121.0" "195.178.110.101" [-,-,-|0.000]Request_Body: "-"
104.23.166.138 - - [19/Sep/2026:08:56:20 +0800] "www.mbtsneakers.com" "GET /wp-json/gravitysmtp/v1/tests/mock-data?page=gravitysmtp-connections HTTP/1.1" 404 125 "http://www.mbtsneakers.com/wp-json/gravitysmtp/v1/tests/mock-data?page=gravitysmtp-connections" "Mozilla/5.0 (X11; Linux x86_64; rv:121.0) Gecko/20100101 Firefox/121.0" "195.178.110.101" [0.000,1.682,1.682|1.682]Request_Body: "-"
104.23.166.121 - - [19/Sep/2026:08:56:20 +0800] "mbtsneakers.com" "GET /?rest_route=/gravitysmtp/v1/tests/mock-data&page=gravitysmtp-connections HTTP/1.1" 301 166 "-" "Mozilla/5.0 (Windows NT 10.0; Win64; x64; rv:121.0) Gecko/20100101 Firefox/121.0" "195.178.110.101" [-,-,-|0.000]Request_Body: "-"
104.23.166.138 - - [19/Sep/2026:08:56:22 +0800] "www.mbtsneakers.com" "GET /?rest_route=/gravitysmtp/v1/tests/mock-data&page=gravitysmtp-connections HTTP/1.1" 404 125 "http://www.mbtsneakers.com/?rest_route=/gravitysmtp/v1/tests/mock-data&page=gravitysmtp-connections" "Mozilla/5.0 (Windows NT 10.0; Win64; x64; rv:121.0) Gecko/20100101 Firefox/121.0" "195.178.110.101" [0.001,1.208,1.208|1.208]Request_Body: "-"
104.23.166.121 - - [19/Sep/2026:08:56:22 +0800] "mbtsneakers.com" "GET /index.php?rest_route=/gravitysmtp/v1/tests/mock-data&page=gravitysmtp-settings HTTP/1.1" 301 166 "-" "Mozilla/5.0 (iPhone; CPU iPhone OS 17_0 like Mac OS X) AppleWebKit/605.1.15 (KHTML, like Gecko) Version/17.0 Mobile/15E148 Safari/604.1" "195.178.110.101" [-,-,-|0.000]Request_Body: "-"
104.23.166.138 - - [19/Sep/2026:08:56:24 +0800] "www.mbtsneakers.com" "GET /index.php?rest_route=/gravitysmtp/v1/tests/mock-data&page=gravitysmtp-settings HTTP/1.1" 404 125 "http://www.mbtsneakers.com/index.php?rest_route=/gravitysmtp/v1/tests/mock-data&page=gravitysmtp-settings" "Mozilla/5.0 (iPhone; CPU iPhone OS 17_0 like Mac OS X) AppleWebKit/605.1.15 (KHTML, like Gecko) Version/17.0 Mobile/15E148 Safari/604.1" "195.178.110.101" [0.004,2.015,2.015|2.015]Request_Body: "-"
104.23.166.121 - - [19/Sep/2026:08:56:24 +0800] "mbtsneakers.com" "GET /wp-json/gravitysmtp/v1/tests/mock-data HTTP/1.1" 301 166 "-" "Mozilla/5.0 (Linux; Android 13; SM-S918B) AppleWebKit/537.36 (KHTML, like Gecko) Chrome/120.0.0.0 Mobile Safari/537.36" "195.178.110.101" [-,-,-|0.000]Request_Body: "-"
104.23.166.138 - - [19/Sep/2026:08:56:26 +0800] "www.mbtsneakers.com" "GET /wp-json/gravitysmtp/v1/tests/mock-data HTTP/1.1" 404 125 "http://www.mbtsneakers.com/wp-json/gravitysmtp/v1/tests/mock-data" "Mozilla/5.0 (Linux; Android 13; SM-S918B) AppleWebKit/537.36 (KHTML, like Gecko) Chrome/120.0.0.0 Mobile Safari/537.36" "195.178.110.101" [0.001,1.633,1.633|1.633]Request_Body: "-"
104.23.166.121 - - [19/Sep/2026:08:56:30 +0800] "mbtsneakers.com" "GET /wp/wp-login.php HTTP/1.1" 301 166 "-" "Mozilla/5.0 (Windows NT 10.0; Win64; x64) AppleWebKit/537.36 (KHTML, like Gecko) Chrome/120.0.0.0 Safari/537.36" "195.178.110.101" [-,-,-|0.000]Request_Body: "-"
172.71.95.128 - - [19/Sep/2026:08:56:30 +0800] "mbtsneakers.com" "GET /blog/wp-login.php HTTP/1.1" 301 166 "-" "Mozilla/5.0 (Windows NT 10.0; Win64; x64) AppleWebKit/537.36 (KHTML, like Gecko) Chrome/120.0.0.0 Safari/537.36" "195.178.110.101" [-,-,-|0.000]Request_Body: "-"
172.70.47.34 - - [19/Sep/2026:08:56:30 +0800] "www.mbtsneakers.com" "GET /wp/wp-login.php HTTP/1.1" 403 552 "http://www.mbtsneakers.com/wp/wp-login.php" "Mozilla/5.0 (Windows NT 10.0; Win64; x64) AppleWebKit/537.36 (KHTML, like Gecko) Chrome/120.0.0.0 Safari/537.36" "195.178.110.101" [-,-,-|0.000]Request_Body: "-"
172.71.102.219 - - [19/Sep/2026:08:56:30 +0800] "www.mbtsneakers.com" "GET /blog/wp-login.php HTTP/1.1" 403 552 "http://www.mbtsneakers.com/blog/wp-login.php" "Mozilla/5.0 (Windows NT 10.0; Win64; x64) AppleWebKit/537.36 (KHTML, like Gecko) Chrome/120.0.0.0 Safari/537.36" "195.178.110.101" [-,-,-|0.000]Request_Body: "-"
172.71.95.114 - - [19/Sep/2026:08:56:30 +0800] "mbtsneakers.com" "GET /wp/feed/ HTTP/1.1" 301 166 "-" "Mozilla/5.0 (Windows NT 10.0; Win64; x64) AppleWebKit/537.36 (KHTML, like Gecko) Chrome/120.0.0.0 Safari/537.36" "195.178.110.101" [-,-,-|0.000]Request_Body: "-"
172.71.95.114 - - [19/Sep/2026:08:56:31 +0800] "mbtsneakers.com" "GET /blog/feed/ HTTP/1.1" 301 166 "-" "Mozilla/5.0 (Windows NT 10.0; Win64; x64) AppleWebKit/537.36 (KHTML, like Gecko) Chrome/120.0.0.0 Safari/537.36" "195.178.110.101" [-,-,-|0.000]Request_Body: "-"
172.70.47.34 - - [19/Sep/2026:08:56:32 +0800] "www.mbtsneakers.com" "GET /wp/feed/ HTTP/1.1" 200 700 "http://www.mbtsneakers.com/wp/feed/" "Mozilla/5.0 (Windows NT 10.0; Win64; x64) AppleWebKit/537.36 (KHTML, like Gecko) Chrome/120.0.0.0 Safari/537.36" "195.178.110.101" [0.001,1.036,1.036|1.036]Request_Body: "-"
172.71.95.114 - - [19/Sep/2026:08:56:32 +0800] "mbtsneakers.com" "GET /wp/ HTTP/1.1" 301 166 "-" "Mozilla/5.0 (Windows NT 10.0; Win64; x64) AppleWebKit/537.36 (KHTML, like Gecko) Chrome/120.0.0.0 Safari/537.36" "195.178.110.101" [-,-,-|0.000]Request_Body: "-"
172.71.103.189 - - [19/Sep/2026:08:56:32 +0800] "www.mbtsneakers.com" "GET /blog/feed/ HTTP/1.1" 200 891 "http://www.mbtsneakers.com/blog/feed/" "Mozilla/5.0 (Windows NT 10.0; Win64; x64) AppleWebKit/537.36 (KHTML, like Gecko) Chrome/120.0.0.0 Safari/537.36" "195.178.110.101" [0.001,1.454,1.454|1.454]Request_Body: "-"
172.71.95.114 - - [19/Sep/2026:08:56:32 +0800] "mbtsneakers.com" "GET /blog/ HTTP/1.1" 301 166 "-" "Mozilla/5.0 (Windows NT 10.0; Win64; x64) AppleWebKit/537.36 (KHTML, like Gecko) Chrome/120.0.0.0 Safari/537.36" "195.178.110.101" [-,-,-|0.000]Request_Body: "-"
172.70.47.34 - - [19/Sep/2026:08:56:33 +0800] "www.mbtsneakers.com" "GET /wp/ HTTP/1.1" 404 27612 "http://www.mbtsneakers.com/wp/" "Mozilla/5.0 (Windows NT 10.0; Win64; x64) AppleWebKit/537.36 (KHTML, like Gecko) Chrome/120.0.0.0 Safari/537.36" "195.178.110.101" [0.001,1.491,1.493|1.493]Request_Body: "-"
172.71.95.114 - - [19/Sep/2026:08:56:34 +0800] "mbtsneakers.com" "POST /wp/index.php?rest_route=/batch/v1 HTTP/1.1" 301 166 "-" "Mozilla/5.0 (Windows NT 10.0; Win64; x64) AppleWebKit/537.36 (KHTML, like Gecko) Chrome/120.0.0.0 Safari/537.36" "195.178.110.101" [-,-,-|0.000]Request_Body: "-"
172.70.47.34 - - [19/Sep/2026:08:56:34 +0800] "www.mbtsneakers.com" "GET /wp/index.php?rest_route=/batch/v1 HTTP/1.1" 403 552 "http://www.mbtsneakers.com/wp/index.php?rest_route=/batch/v1" "Mozilla/5.0 (Windows NT 10.0; Win64; x64) AppleWebKit/537.36 (KHTML, like Gecko) Chrome/120.0.0.0 Safari/537.36" "195.178.110.101" [-,-,-|0.000]Request_Body: "-"
172.71.102.219 - - [19/Sep/2026:08:56:34 +0800] "www.mbtsneakers.com" "GET /blog/ HTTP/1.1" 200 28141 "http://www.mbtsneakers.com/blog/" "Mozilla/5.0 (Windows NT 10.0; Win64; x64) AppleWebKit/537.36 (KHTML, like Gecko) Chrome/120.0.0.0 Safari/537.36" "195.178.110.101" [0.001,1.287,1.290|1.291]Request_Body: "-"
162.159.121.44 - - [19/Sep/2026:08:56:35 +0800] "mbtsneakers.com" "GET /robots.txt HTTP/1.1" 301 166 "-" "Mozilla/5.0 (Windows NT 10.0; Win64; x64) AppleWebKit/537.36 (KHTML, like Gecko) Chrome/103.0.5060.134 Safari/537.36" "138.246.253.24" [-,-,-|0.000]Request_Body: "-"
172.71.95.128 - - [19/Sep/2026:08:56:46 +0800] "mbtsneakers.com" "POST /wp/index.php?rest_route=%2Fbatch%2Fv1 HTTP/1.1" 301 166 "-" "Mozilla/5.0 (Windows NT 10.0; Win64; x64) AppleWebKit/537.36 (KHTML, like Gecko) Chrome/120.0.0.0 Safari/537.36" "195.178.110.101" [-,-,-|0.000]Request_Body: "-"
172.71.102.219 - - [19/Sep/2026:08:56:46 +0800] "www.mbtsneakers.com" "GET /wp/index.php?rest_route=%2Fbatch%2Fv1 HTTP/1.1" 403 552 "http://www.mbtsneakers.com/wp/index.php?rest_route=%2Fbatch%2Fv1" "Mozilla/5.0 (Windows NT 10.0; Win64; x64) AppleWebKit/537.36 (KHTML, like Gecko) Chrome/120.0.0.0 Safari/537.36" "195.178.110.101" [-,-,-|0.000]Request_Body: "-"
104.23.168.80 - - [19/Sep/2026:08:56:47 +0800] "mbtsneakers.com" "POST /wp/?rest_route=%2Fbatch%2Fv1 HTTP/1.1" 301 166 "-" "Mozilla/5.0 (Windows NT 10.0; Win64; x64) AppleWebKit/537.36 (KHTML, like Gecko) Chrome/120.0.0.0 Safari/537.36" "195.178.110.101" [-,-,-|0.000]Request_Body: "-"
104.23.168.80 - - [19/Sep/2026:08:56:49 +0800] "mbtsneakers.com" "POST /blog/index.php?rest_route=/batch/v1 HTTP/1.1" 301 166 "-" "Mozilla/5.0 (Windows NT 10.0; Win64; x64) AppleWebKit/537.36 (KHTML, like Gecko) Chrome/120.0.0.0 Safari/537.36" "195.178.110.101" [-,-,-|0.000]Request_Body: "-"
172.70.47.34 - - [19/Sep/2026:08:56:49 +0800] "www.mbtsneakers.com" "GET /blog/index.php?rest_route=/batch/v1 HTTP/1.1" 403 552 "http://www.mbtsneakers.com/blog/index.php?rest_route=/batch/v1" "Mozilla/5.0 (Windows NT 10.0; Win64; x64) AppleWebKit/537.36 (KHTML, like Gecko) Chrome/120.0.0.0 Safari/537.36" "195.178.110.101" [-,-,-|0.000]Request_Body: "-"
104.23.168.90 - - [19/Sep/2026:08:56:49 +0800] "mbtsneakers.com" "POST /blog/index.php?rest_route=%2Fbatch%2Fv1 HTTP/1.1" 301 166 "-" "Mozilla/5.0 (Windows NT 10.0; Win64; x64) AppleWebKit/537.36 (KHTML, like Gecko) Chrome/120.0.0.0 Safari/537.36" "195.178.110.101" [-,-,-|0.000]Request_Body: "-"
172.70.47.34 - - [19/Sep/2026:08:56:49 +0800] "www.mbtsneakers.com" "GET /blog/index.php?rest_route=%2Fbatch%2Fv1 HTTP/1.1" 403 552 "http://www.mbtsneakers.com/blog/index.php?rest_route=%2Fbatch%2Fv1" "Mozilla/5.0 (Windows NT 10.0; Win64; x64) AppleWebKit/537.36 (KHTML, like Gecko) Chrome/120.0.0.0 Safari/537.36" "195.178.110.101" [-,-,-|0.000]Request_Body: "-"
104.23.168.80 - - [19/Sep/2026:08:56:50 +0800] "mbtsneakers.com" "POST /blog/?rest_route=%2Fbatch%2Fv1 HTTP/1.1" 301 166 "-" "Mozilla/5.0 (Windows NT 10.0; Win64; x64) AppleWebKit/537.36 (KHTML, like Gecko) Chrome/120.0.0.0 Safari/537.36" "195.178.110.101" [-,-,-|0.000]Request_Body: "-"
172.71.102.219 - - [19/Sep/2026:08:56:50 +0800] "www.mbtsneakers.com" "GET /wp/?rest_route=%2Fbatch%2Fv1 HTTP/1.1" 404 125 "http://www.mbtsneakers.com/wp/?rest_route=%2Fbatch%2Fv1" "Mozilla/5.0 (Windows NT 10.0; Win64; x64) AppleWebKit/537.36 (KHTML, like Gecko) Chrome/120.0.0.0 Safari/537.36" "195.178.110.101" [0.001,1.462,1.462|1.462]Request_Body: "-"
172.70.47.34 - - [19/Sep/2026:08:56:51 +0800] "www.mbtsneakers.com" "GET /blog/?rest_route=%2Fbatch%2Fv1 HTTP/1.1" 404 125 "http://www.mbtsneakers.com/blog/?rest_route=%2Fbatch%2Fv1" "Mozilla/5.0 (Windows NT 10.0; Win64; x64) AppleWebKit/537.36 (KHTML, like Gecko) Chrome/120.0.0.0 Safari/537.36" "195.178.110.101" [0.001,1.252,1.252|1.252]Request_Body: "-"
104.23.168.80 - - [19/Sep/2026:08:57:03 +0800] "mbtsneakers.com" "POST /wp/?rest_route=/batch%2Fv1 HTTP/1.1" 301 166 "-" "Mozilla/5.0 (Windows NT 10.0; Win64; x64) AppleWebKit/537.36 (KHTML, like Gecko) Chrome/120.0.0.0 Safari/537.36" "195.178.110.101" [-,-,-|0.000]Request_Body: "-"
104.23.168.80 - - [19/Sep/2026:08:57:03 +0800] "mbtsneakers.com" "POST /blog/?rest_route=/batch%2Fv1 HTTP/1.1" 301 166 "-" "Mozilla/5.0 (Windows NT 10.0; Win64; x64) AppleWebKit/537.36 (KHTML, like Gecko) Chrome/120.0.0.0 Safari/537.36" "195.178.110.101" [-,-,-|0.000]Request_Body: "-"
172.70.47.34 - - [19/Sep/2026:08:57:05 +0800] "www.mbtsneakers.com" "GET /wp/?rest_route=/batch%2Fv1 HTTP/1.1" 404 125 "http://www.mbtsneakers.com/wp/?rest_route=/batch%2Fv1" "Mozilla/5.0 (Windows NT 10.0; Win64; x64) AppleWebKit/537.36 (KHTML, like Gecko) Chrome/120.0.0.0 Safari/537.36" "195.178.110.101" [0.001,1.893,1.893|1.894]Request_Body: "-"
172.71.102.219 - - [19/Sep/2026:08:57:05 +0800] "www.mbtsneakers.com" "GET /blog/?rest_route=/batch%2Fv1 HTTP/1.1" 404 125 "http://www.mbtsneakers.com/blog/?rest_route=/batch%2Fv1" "Mozilla/5.0 (Windows NT 10.0; Win64; x64) AppleWebKit/537.36 (KHTML, like Gecko) Chrome/120.0.0.0 Safari/537.36" "195.178.110.101" [0.001,1.856,1.856|1.857]Request_Body: "-"
172.71.95.128 - - [19/Sep/2026:08:57:19 +0800] "mbtsneakers.com" "POST /blog/?rest_route=/batch/v1 HTTP/1.1" 301 166 "-" "Mozilla/5.0 (Windows NT 10.0; Win64; x64) AppleWebKit/537.36 (KHTML, like Gecko) Chrome/120.0.0.0 Safari/537.36" "195.178.110.101" [-,-,-|0.000]Request_Body: "-"
172.70.46.204 - - [19/Sep/2026:08:57:20 +0800] "mbtsneakers.com" "POST /wp/?rest_route=/batch/v1 HTTP/1.1" 301 166 "-" "Mozilla/5.0 (Windows NT 10.0; Win64; x64) AppleWebKit/537.36 (KHTML, like Gecko) Chrome/120.0.0.0 Safari/537.36" "195.178.110.101" [-,-,-|0.000]Request_Body: "-"
172.71.102.219 - - [19/Sep/2026:08:57:21 +0800] "www.mbtsneakers.com" "GET /blog/?rest_route=/batch/v1 HTTP/1.1" 404 125 "http://www.mbtsneakers.com/blog/?rest_route=/batch/v1" "Mozilla/5.0 (Windows NT 10.0; Win64; x64) AppleWebKit/537.36 (KHTML, like Gecko) Chrome/120.0.0.0 Safari/537.36" "195.178.110.101" [0.001,1.130,1.130|1.129]Request_Body: "-"
172.70.47.34 - - [19/Sep/2026:08:57:21 +0800] "www.mbtsneakers.com" "GET /wp/?rest_route=/batch/v1 HTTP/1.1" 404 125 "http://www.mbtsneakers.com/wp/?rest_route=/batch/v1" "Mozilla/5.0 (Windows NT 10.0; Win64; x64) AppleWebKit/537.36 (KHTML, like Gecko) Chrome/120.0.0.0 Safari/537.36" "195.178.110.101" [0.000,1.139,1.139|1.139]Request_Body: "-"
104.23.170.81 - - [19/Sep/2026:08:57:21 +0800] "mbtsneakers.com" "POST /blog/wp-json/batch/v1 HTTP/1.1" 301 166 "-" "Mozilla/5.0 (Windows NT 10.0; Win64; x64) AppleWebKit/537.36 (KHTML, like Gecko) Chrome/120.0.0.0 Safari/537.36" "195.178.110.101" [-,-,-|0.000]Request_Body: "-"
172.70.46.204 - - [19/Sep/2026:08:57:21 +0800] "mbtsneakers.com" "POST /wp/wp-json/batch/v1 HTTP/1.1" 301 166 "-" "Mozilla/5.0 (Windows NT 10.0; Win64; x64) AppleWebKit/537.36 (KHTML, like Gecko) Chrome/120.0.0.0 Safari/537.36" "195.178.110.101" [-,-,-|0.000]Request_Body: "-"
172.71.102.219 - - [19/Sep/2026:08:57:22 +0800] "www.mbtsneakers.com" "GET /wp/wp-json/batch/v1 HTTP/1.1" 404 27373 "http://www.mbtsneakers.com/wp/wp-json/batch/v1" "Mozilla/5.0 (Windows NT 10.0; Win64; x64) AppleWebKit/537.36 (KHTML, like Gecko) Chrome/120.0.0.0 Safari/537.36" "195.178.110.101" [0.001,1.184,1.187|1.187]Request_Body: "-"
172.70.47.34 - - [19/Sep/2026:08:57:22 +0800] "www.mbtsneakers.com" "GET /blog/wp-json/batch/v1 HTTP/1.1" 404 27374 "http://www.mbtsneakers.com/blog/wp-json/batch/v1" "Mozilla/5.0 (Windows NT 10.0; Win64; x64) AppleWebKit/537.36 (KHTML, like Gecko) Chrome/120.0.0.0 Safari/537.36" "195.178.110.101" [0.001,1.265,1.267|1.267]Request_Body: "-"
172.70.46.204 - - [19/Sep/2026:08:57:23 +0800] "mbtsneakers.com" "POST /wp/wp-json/Batch/v1 HTTP/1.1" 301 166 "-" "Mozilla/5.0 (Windows NT 10.0; Win64; x64) AppleWebKit/537.36 (KHTML, like Gecko) Chrome/120.0.0.0 Safari/537.36" "195.178.110.101" [-,-,-|0.001]Request_Body: "-"
104.23.170.43 - - [19/Sep/2026:08:57:23 +0800] "mbtsneakers.com" "POST /blog/wp-json/Batch/v1 HTTP/1.1" 301 166 "-" "Mozilla/5.0 (Windows NT 10.0; Win64; x64) AppleWebKit/537.36 (KHTML, like Gecko) Chrome/120.0.0.0 Safari/537.36" "195.178.110.101" [-,-,-|0.000]Request_Body: "-"
172.70.47.34 - - [19/Sep/2026:08:57:24 +0800] "www.mbtsneakers.com" "GET /wp/wp-json/Batch/v1 HTTP/1.1" 404 27373 "http://www.mbtsneakers.com/wp/wp-json/Batch/v1" "Mozilla/5.0 (Windows NT 10.0; Win64; x64) AppleWebKit/537.36 (KHTML, like Gecko) Chrome/120.0.0.0 Safari/537.36" "195.178.110.101" [0.001,1.651,1.655|1.655]Request_Body: "-"
104.23.170.43 - - [19/Sep/2026:08:57:25 +0800] "mbtsneakers.com" "POST /wp//wp-json/batch/v1 HTTP/1.1" 301 166 "-" "Mozilla/5.0 (Windows NT 10.0; Win64; x64) AppleWebKit/537.36 (KHTML, like Gecko) Chrome/120.0.0.0 Safari/537.36" "195.178.110.101" [-,-,-|0.000]Request_Body: "-"
172.71.102.219 - - [19/Sep/2026:08:57:25 +0800] "www.mbtsneakers.com" "GET /blog/wp-json/Batch/v1 HTTP/1.1" 404 27375 "http://www.mbtsneakers.com/blog/wp-json/Batch/v1" "Mozilla/5.0 (Windows NT 10.0; Win64; x64) AppleWebKit/537.36 (KHTML, like Gecko) Chrome/120.0.0.0 Safari/537.36" "195.178.110.101" [0.001,1.760,1.762|1.762]Request_Body: "-"
104.23.170.43 - - [19/Sep/2026:08:57:25 +0800] "mbtsneakers.com" "POST /blog//wp-json/batch/v1 HTTP/1.1" 301 166 "-" "Mozilla/5.0 (Windows NT 10.0; Win64; x64) AppleWebKit/537.36 (KHTML, like Gecko) Chrome/120.0.0.0 Safari/537.36" "195.178.110.101" [-,-,-|0.000]Request_Body: "-"
172.70.47.34 - - [19/Sep/2026:08:57:26 +0800] "www.mbtsneakers.com" "GET /wp//wp-json/batch/v1 HTTP/1.1" 301 5 "http://www.mbtsneakers.com/wp//wp-json/batch/v1" "Mozilla/5.0 (Windows NT 10.0; Win64; x64) AppleWebKit/537.36 (KHTML, like Gecko) Chrome/120.0.0.0 Safari/537.36" "195.178.110.101" [0.000,1.092,1.092|1.092]Request_Body: "-"
172.71.102.219 - - [19/Sep/2026:08:57:26 +0800] "www.mbtsneakers.com" "GET /blog//wp-json/batch/v1 HTTP/1.1" 301 5 "http://www.mbtsneakers.com/blog//wp-json/batch/v1" "Mozilla/5.0 (Windows NT 10.0; Win64; x64) AppleWebKit/537.36 (KHTML, like Gecko) Chrome/120.0.0.0 Safari/537.36" "195.178.110.101" [0.001,1.260,1.260|1.260]Request_Body: "-"
172.70.47.34 - - [19/Sep/2026:08:57:27 +0800] "www.mbtsneakers.com" "GET /wp/wp-json/batch/v1 HTTP/1.1" 404 27373 "https://www.mbtsneakers.com/wp//wp-json/batch/v1" "Mozilla/5.0 (Windows NT 10.0; Win64; x64) AppleWebKit/537.36 (KHTML, like Gecko) Chrome/120.0.0.0 Safari/537.36" "195.178.110.101" [0.000,1.292,1.295|1.295]Request_Body: "-"
104.23.170.43 - - [19/Sep/2026:08:57:28 +0800] "mbtsneakers.com" "POST /wp/wp-json/batch/v1/ HTTP/1.1" 301 166 "-" "Mozilla/5.0 (Windows NT 10.0; Win64; x64) AppleWebKit/537.36 (KHTML, like Gecko) Chrome/120.0.0.0 Safari/537.36" "195.178.110.101" [-,-,-|0.001]Request_Body: "-"
172.71.102.219 - - [19/Sep/2026:08:57:28 +0800] "www.mbtsneakers.com" "GET /blog/wp-json/batch/v1 HTTP/1.1" 404 27374 "https://www.mbtsneakers.com/blog//wp-json/batch/v1" "Mozilla/5.0 (Windows NT 10.0; Win64; x64) AppleWebKit/537.36 (KHTML, like Gecko) Chrome/120.0.0.0 Safari/537.36" "195.178.110.101" [0.001,1.762,1.769|1.769]Request_Body: "-"
104.23.170.43 - - [19/Sep/2026:08:57:29 +0800] "mbtsneakers.com" "POST /blog/wp-json/batch/v1/ HTTP/1.1" 301 166 "-" "Mozilla/5.0 (Windows NT 10.0; Win64; x64) AppleWebKit/537.36 (KHTML, like Gecko) Chrome/120.0.0.0 Safari/537.36" "195.178.110.101" [-,-,-|0.000]Request_Body: "-"
172.70.47.34 - - [19/Sep/2026:08:57:29 +0800] "www.mbtsneakers.com" "GET /wp/wp-json/batch/v1/ HTTP/1.1" 404 27375 "http://www.mbtsneakers.com/wp/wp-json/batch/v1/" "Mozilla/5.0 (Windows NT 10.0; Win64; x64) AppleWebKit/537.36 (KHTML, like Gecko) Chrome/120.0.0.0 Safari/537.36" "195.178.110.101" [0.001,1.325,1.329|1.329]Request_Body: "-"
104.23.170.43 - - [19/Sep/2026:08:57:29 +0800] "mbtsneakers.com" "POST /wp/blog/wp-json/batch/v1 HTTP/1.1" 301 166 "-" "Mozilla/5.0 (Windows NT 10.0; Win64; x64) AppleWebKit/537.36 (KHTML, like Gecko) Chrome/120.0.0.0 Safari/537.36" "195.178.110.101" [-,-,-|0.000]Request_Body: "-"
172.71.102.219 - - [19/Sep/2026:08:57:30 +0800] "www.mbtsneakers.com" "GET /blog/wp-json/batch/v1/ HTTP/1.1" 404 27376 "http://www.mbtsneakers.com/blog/wp-json/batch/v1/" "Mozilla/5.0 (Windows NT 10.0; Win64; x64) AppleWebKit/537.36 (KHTML, like Gecko) Chrome/120.0.0.0 Safari/537.36" "195.178.110.101" [0.001,1.505,1.511|1.511]Request_Body: "-"
104.23.170.43 - - [19/Sep/2026:08:57:31 +0800] "mbtsneakers.com" "POST /blog/blog/wp-json/batch/v1 HTTP/1.1" 301 166 "-" "Mozilla/5.0 (Windows NT 10.0; Win64; x64) AppleWebKit/537.36 (KHTML, like Gecko) Chrome/120.0.0.0 Safari/537.36" "195.178.110.101" [-,-,-|0.000]Request_Body: "-"
172.70.47.34 - - [19/Sep/2026:08:57:31 +0800] "www.mbtsneakers.com" "GET /wp/blog/wp-json/batch/v1 HTTP/1.1" 404 27376 "http://www.mbtsneakers.com/wp/blog/wp-json/batch/v1" "Mozilla/5.0 (Windows NT 10.0; Win64; x64) AppleWebKit/537.36 (KHTML, like Gecko) Chrome/120.0.0.0 Safari/537.36" "195.178.110.101" [0.001,1.527,1.529|1.529]Request_Body: "-"
104.23.170.81 - - [19/Sep/2026:08:57:31 +0800] "mbtsneakers.com" "POST /wp/index.php?rest_route=/batch/v1 HTTP/1.1" 301 166 "https://mbtsneakers.com/wp/wp-admin/" "Mozilla/5.0 (Windows NT 10.0; Win64; x64) AppleWebKit/537.36 (KHTML, like Gecko) Chrome/120.0.0.0 Safari/537.36" "127.0.0.1,195.178.110.101" [-,-,-|0.000]Request_Body: "-"
172.70.47.34 - - [19/Sep/2026:08:57:32 +0800] "www.mbtsneakers.com" "GET /wp/index.php?rest_route=/batch/v1 HTTP/1.1" 403 552 "https://mbtsneakers.com/wp/wp-admin/" "Mozilla/5.0 (Windows NT 10.0; Win64; x64) AppleWebKit/537.36 (KHTML, like Gecko) Chrome/120.0.0.0 Safari/537.36" "127.0.0.1,195.178.110.101" [-,-,-|0.000]Request_Body: "-"
172.71.102.219 - - [19/Sep/2026:08:57:32 +0800] "www.mbtsneakers.com" "GET /blog/blog/wp-json/batch/v1 HTTP/1.1" 404 27376 "http://www.mbtsneakers.com/blog/blog/wp-json/batch/v1" "Mozilla/5.0 (Windows NT 10.0; Win64; x64) AppleWebKit/537.36 (KHTML, like Gecko) Chrome/120.0.0.0 Safari/537.36" "195.178.110.101" [0.000,1.574,1.578|1.579]Request_Body: "-"
172.70.46.204 - - [19/Sep/2026:08:57:36 +0800] "mbtsneakers.com" "POST /wp/index.php?rest_route=%2Fbatch%2Fv1 HTTP/1.1" 301 166 "https://mbtsneakers.com/wp/wp-admin/" "Mozilla/5.0 (Windows NT 10.0; Win64; x64) AppleWebKit/537.36 (KHTML, like Gecko) Chrome/120.0.0.0 Safari/537.36" "127.0.0.1,195.178.110.101" [-,-,-|0.000]Request_Body: "-"
104.23.170.81 - - [19/Sep/2026:08:57:36 +0800] "mbtsneakers.com" "POST /blog/index.php?rest_route=/batch/v1 HTTP/1.1" 301 166 "https://mbtsneakers.com/blog/wp-admin/" "Mozilla/5.0 (Windows NT 10.0; Win64; x64) AppleWebKit/537.36 (KHTML, like Gecko) Chrome/120.0.0.0 Safari/537.36" "127.0.0.1,195.178.110.101" [-,-,-|0.000]Request_Body: "-"
172.70.47.34 - - [19/Sep/2026:08:57:37 +0800] "www.mbtsneakers.com" "GET /blog/index.php?rest_route=/batch/v1 HTTP/1.1" 403 552 "https://mbtsneakers.com/blog/wp-admin/" "Mozilla/5.0 (Windows NT 10.0; Win64; x64) AppleWebKit/537.36 (KHTML, like Gecko) Chrome/120.0.0.0 Safari/537.36" "127.0.0.1,195.178.110.101" [-,-,-|0.000]Request_Body: "-"
172.70.47.34 - - [19/Sep/2026:08:57:37 +0800] "www.mbtsneakers.com" "GET /wp/index.php?rest_route=%2Fbatch%2Fv1 HTTP/1.1" 403 552 "https://mbtsneakers.com/wp/wp-admin/" "Mozilla/5.0 (Windows NT 10.0; Win64; x64) AppleWebKit/537.36 (KHTML, like Gecko) Chrome/120.0.0.0 Safari/537.36" "127.0.0.1,195.178.110.101" [-,-,-|0.000]Request_Body: "-"
172.70.46.204 - - [19/Sep/2026:08:57:37 +0800] "mbtsneakers.com" "POST /blog/index.php?rest_route=%2Fbatch%2Fv1 HTTP/1.1" 301 166 "https://mbtsneakers.com/blog/wp-admin/" "Mozilla/5.0 (Windows NT 10.0; Win64; x64) AppleWebKit/537.36 (KHTML, like Gecko) Chrome/120.0.0.0 Safari/537.36" "127.0.0.1,195.178.110.101" [-,-,-|0.000]Request_Body: "-"
104.23.170.81 - - [19/Sep/2026:08:57:37 +0800] "mbtsneakers.com" "POST /wp/?rest_route=%2Fbatch%2Fv1 HTTP/1.1" 301 166 "https://mbtsneakers.com/wp/wp-admin/" "Mozilla/5.0 (Windows NT 10.0; Win64; x64) AppleWebKit/537.36 (KHTML, like Gecko) Chrome/120.0.0.0 Safari/537.36" "127.0.0.1,195.178.110.101" [-,-,-|0.000]Request_Body: "-"
172.70.47.34 - - [19/Sep/2026:08:57:38 +0800] "www.mbtsneakers.com" "GET /wp/?rest_route=%2Fbatch%2Fv1 HTTP/1.1" 404 125 "https://mbtsneakers.com/wp/wp-admin/" "Mozilla/5.0 (Windows NT 10.0; Win64; x64) AppleWebKit/537.36 (KHTML, like Gecko) Chrome/120.0.0.0 Safari/537.36" "127.0.0.1,195.178.110.101" [0.001,1.204,1.204|1.204]Request_Body: "-"
104.23.170.81 - - [19/Sep/2026:08:57:53 +0800] "mbtsneakers.com" "POST /wp/?rest_route=/batch%2Fv1 HTTP/1.1" 301 166 "https://mbtsneakers.com/wp/wp-admin/" "Mozilla/5.0 (Windows NT 10.0; Win64; x64) AppleWebKit/537.36 (KHTML, like Gecko) Chrome/120.0.0.0 Safari/537.36" "127.0.0.1,195.178.110.101" [-,-,-|0.000]Request_Body: "-"
172.70.47.34 - - [19/Sep/2026:08:57:53 +0800] "www.mbtsneakers.com" "GET /blog/index.php?rest_route=%2Fbatch%2Fv1 HTTP/1.1" 403 552 "https://mbtsneakers.com/blog/wp-admin/" "Mozilla/5.0 (Windows NT 10.0; Win64; x64) AppleWebKit/537.36 (KHTML, like Gecko) Chrome/120.0.0.0 Safari/537.36" "127.0.0.1,195.178.110.101" [-,-,-|0.000]Request_Body: "-"
104.23.170.81 - - [19/Sep/2026:08:57:53 +0800] "mbtsneakers.com" "POST /blog/?rest_route=%2Fbatch%2Fv1 HTTP/1.1" 301 166 "https://mbtsneakers.com/blog/wp-admin/" "Mozilla/5.0 (Windows NT 10.0; Win64; x64) AppleWebKit/537.36 (KHTML, like Gecko) Chrome/120.0.0.0 Safari/537.36" "127.0.0.1,195.178.110.101" [-,-,-|0.001]Request_Body: "-"
172.70.47.34 - - [19/Sep/2026:08:58:11 +0800] "www.mbtsneakers.com" "GET /wp/?rest_route=/batch%2Fv1 HTTP/1.1" 404 125 "https://mbtsneakers.com/wp/wp-admin/" "Mozilla/5.0 (Windows NT 10.0; Win64; x64) AppleWebKit/537.36 (KHTML, like Gecko) Chrome/120.0.0.0 Safari/537.36" "127.0.0.1,195.178.110.101" [0.001,2.045,2.045|2.045]Request_Body: "-"
104.23.170.81 - - [19/Sep/2026:08:58:11 +0800] "mbtsneakers.com" "POST /wp/?rest_route=/batch/v1 HTTP/1.1" 301 166 "https://mbtsneakers.com/wp/wp-admin/" "Mozilla/5.0 (Windows NT 10.0; Win64; x64) AppleWebKit/537.36 (KHTML, like Gecko) Chrome/120.0.0.0 Safari/537.36" "127.0.0.1,195.178.110.101" [-,-,-|0.000]Request_Body: "-"
141.101.76.165 - - [19/Sep/2026:08:58:12 +0800] "www.mbtsneakers.com" "GET /blog/?rest_route=%2Fbatch%2Fv1 HTTP/1.1" 404 125 "https://mbtsneakers.com/blog/wp-admin/" "Mozilla/5.0 (Windows NT 10.0; Win64; x64) AppleWebKit/537.36 (KHTML, like Gecko) Chrome/120.0.0.0 Safari/537.36" "127.0.0.1,195.178.110.101" [0.001,1.752,1.752|1.752]Request_Body: "-"
104.23.170.81 - - [19/Sep/2026:08:58:12 +0800] "mbtsneakers.com" "POST /blog/?rest_route=/batch%2Fv1 HTTP/1.1" 301 166 "https://mbtsneakers.com/blog/wp-admin/" "Mozilla/5.0 (Windows NT 10.0; Win64; x64) AppleWebKit/537.36 (KHTML, like Gecko) Chrome/120.0.0.0 Safari/537.36" "127.0.0.1,195.178.110.101" [-,-,-|0.000]Request_Body: "-"
172.70.47.34 - - [19/Sep/2026:08:58:13 +0800] "www.mbtsneakers.com" "GET /wp/?rest_route=/batch/v1 HTTP/1.1" 404 125 "https://mbtsneakers.com/wp/wp-admin/" "Mozilla/5.0 (Windows NT 10.0; Win64; x64) AppleWebKit/537.36 (KHTML, like Gecko) Chrome/120.0.0.0 Safari/537.36" "127.0.0.1,195.178.110.101" [0.000,1.652,1.653|1.653]Request_Body: "-"
104.23.170.81 - - [19/Sep/2026:08:58:13 +0800] "mbtsneakers.com" "POST /wp/wp-json/batch/v1 HTTP/1.1" 301 166 "https://mbtsneakers.com/wp/wp-admin/" "Mozilla/5.0 (Windows NT 10.0; Win64; x64) AppleWebKit/537.36 (KHTML, like Gecko) Chrome/120.0.0.0 Safari/537.36" "127.0.0.1,195.178.110.101" [-,-,-|0.000]Request_Body: "-"
141.101.76.197 - - [19/Sep/2026:08:58:14 +0800] "www.mbtsneakers.com" "GET /blog/?rest_route=/batch%2Fv1 HTTP/1.1" 404 125 "https://mbtsneakers.com/blog/wp-admin/" "Mozilla/5.0 (Windows NT 10.0; Win64; x64) AppleWebKit/537.36 (KHTML, like Gecko) Chrome/120.0.0.0 Safari/537.36" "127.0.0.1,195.178.110.101" [0.001,1.843,1.843|1.843]Request_Body: "-"
104.23.170.81 - - [19/Sep/2026:08:58:14 +0800] "mbtsneakers.com" "POST /blog/?rest_route=/batch/v1 HTTP/1.1" 301 166 "https://mbtsneakers.com/blog/wp-admin/" "Mozilla/5.0 (Windows NT 10.0; Win64; x64) AppleWebKit/537.36 (KHTML, like Gecko) Chrome/120.0.0.0 Safari/537.36" "127.0.0.1,195.178.110.101" [-,-,-|0.000]Request_Body: "-"
172.70.47.34 - - [19/Sep/2026:08:58:15 +0800] "www.mbtsneakers.com" "GET /wp/wp-json/batch/v1 HTTP/1.1" 404 27373 "https://mbtsneakers.com/wp/wp-admin/" "Mozilla/5.0 (Windows NT 10.0; Win64; x64) AppleWebKit/537.36 (KHTML, like Gecko) Chrome/120.0.0.0 Safari/537.36" "127.0.0.1,195.178.110.101" [0.001,1.758,1.760|1.760]Request_Body: "-"
104.23.170.81 - - [19/Sep/2026:08:58:15 +0800] "mbtsneakers.com" "POST /wp/wp-json/Batch/v1 HTTP/1.1" 301 166 "https://mbtsneakers.com/wp/wp-admin/" "Mozilla/5.0 (Windows NT 10.0; Win64; x64) AppleWebKit/537.36 (KHTML, like Gecko) Chrome/120.0.0.0 Safari/537.36" "127.0.0.1,195.178.110.101" [-,-,-|0.000]Request_Body: "-"
141.101.76.197 - - [19/Sep/2026:08:58:16 +0800] "www.mbtsneakers.com" "GET /blog/?rest_route=/batch/v1 HTTP/1.1" 404 125 "https://mbtsneakers.com/blog/wp-admin/" "Mozilla/5.0 (Windows NT 10.0; Win64; x64) AppleWebKit/537.36 (KHTML, like Gecko) Chrome/120.0.0.0 Safari/537.36" "127.0.0.1,195.178.110.101" [0.001,1.474,1.474|1.474]Request_Body: "-"
104.23.170.81 - - [19/Sep/2026:08:58:16 +0800] "mbtsneakers.com" "POST /blog/wp-json/batch/v1 HTTP/1.1" 301 166 "https://mbtsneakers.com/blog/wp-admin/" "Mozilla/5.0 (Windows NT 10.0; Win64; x64) AppleWebKit/537.36 (KHTML, like Gecko) Chrome/120.0.0.0 Safari/537.36" "127.0.0.1,195.178.110.101" [-,-,-|0.000]Request_Body: "-"
172.70.47.34 - - [19/Sep/2026:08:58:17 +0800] "www.mbtsneakers.com" "GET /wp/wp-json/Batch/v1 HTTP/1.1" 404 27373 "https://mbtsneakers.com/wp/wp-admin/" "Mozilla/5.0 (Windows NT 10.0; Win64; x64) AppleWebKit/537.36 (KHTML, like Gecko) Chrome/120.0.0.0 Safari/537.36" "127.0.0.1,195.178.110.101" [0.001,1.685,1.687|1.687]Request_Body: "-"
104.23.170.81 - - [19/Sep/2026:08:58:17 +0800] "mbtsneakers.com" "POST /wp//wp-json/batch/v1 HTTP/1.1" 301 166 "https://mbtsneakers.com/wp/wp-admin/" "Mozilla/5.0 (Windows NT 10.0; Win64; x64) AppleWebKit/537.36 (KHTML, like Gecko) Chrome/120.0.0.0 Safari/537.36" "127.0.0.1,195.178.110.101" [-,-,-|0.000]Request_Body: "-"
141.101.76.197 - - [19/Sep/2026:08:58:18 +0800] "www.mbtsneakers.com" "GET /blog/wp-json/batch/v1 HTTP/1.1" 404 27374 "https://mbtsneakers.com/blog/wp-admin/" "Mozilla/5.0 (Windows NT 10.0; Win64; x64) AppleWebKit/537.36 (KHTML, like Gecko) Chrome/120.0.0.0 Safari/537.36" "127.0.0.1,195.178.110.101" [0.001,1.557,1.560|1.560]Request_Body: "-"
104.23.170.81 - - [19/Sep/2026:08:58:18 +0800] "mbtsneakers.com" "POST /blog/wp-json/Batch/v1 HTTP/1.1" 301 166 "https://mbtsneakers.com/blog/wp-admin/" "Mozilla/5.0 (Windows NT 10.0; Win64; x64) AppleWebKit/537.36 (KHTML, like Gecko) Chrome/120.0.0.0 Safari/537.36" "127.0.0.1,195.178.110.101" [-,-,-|0.000]Request_Body: "-"
172.70.47.34 - - [19/Sep/2026:08:58:19 +0800] "www.mbtsneakers.com" "GET /wp//wp-json/batch/v1 HTTP/1.1" 301 5 "https://mbtsneakers.com/wp/wp-admin/" "Mozilla/5.0 (Windows NT 10.0; Win64; x64) AppleWebKit/537.36 (KHTML, like Gecko) Chrome/120.0.0.0 Safari/537.36" "127.0.0.1,195.178.110.101" [0.001,1.608,1.608|1.608]Request_Body: "-"
141.101.76.165 - - [19/Sep/2026:08:58:20 +0800] "www.mbtsneakers.com" "GET /blog/wp-json/Batch/v1 HTTP/1.1" 404 27375 "https://mbtsneakers.com/blog/wp-admin/" "Mozilla/5.0 (Windows NT 10.0; Win64; x64) AppleWebKit/537.36 (KHTML, like Gecko) Chrome/120.0.0.0 Safari/537.36" "127.0.0.1,195.178.110.101" [0.000,1.860,1.864|1.864]Request_Body: "-"
172.70.47.34 - - [19/Sep/2026:08:58:21 +0800] "www.mbtsneakers.com" "GET /wp/wp-json/batch/v1 HTTP/1.1" 404 27373 "https://mbtsneakers.com/wp/wp-admin/" "Mozilla/5.0 (Windows NT 10.0; Win64; x64) AppleWebKit/537.36 (KHTML, like Gecko) Chrome/120.0.0.0 Safari/537.36" "127.0.0.1,195.178.110.101" [0.001,1.557,1.560|1.560]Request_Body: "-"
104.23.170.81 - - [19/Sep/2026:08:58:24 +0800] "mbtsneakers.com" "POST /blog//wp-json/batch/v1 HTTP/1.1" 301 166 "https://mbtsneakers.com/blog/wp-admin/" "Mozilla/5.0 (Windows NT 10.0; Win64; x64) AppleWebKit/537.36 (KHTML, like Gecko) Chrome/120.0.0.0 Safari/537.36" "127.0.0.1,195.178.110.101" [-,-,-|0.000]Request_Body: "-"
104.23.170.81 - - [19/Sep/2026:08:58:24 +0800] "mbtsneakers.com" "POST /wp/wp-json/batch/v1/ HTTP/1.1" 301 166 "https://mbtsneakers.com/wp/wp-admin/" "Mozilla/5.0 (Windows NT 10.0; Win64; x64) AppleWebKit/537.36 (KHTML, like Gecko) Chrome/120.0.0.0 Safari/537.36" "127.0.0.1,195.178.110.101" [-,-,-|0.000]Request_Body: "-"
172.71.95.81 - - [19/Sep/2026:08:58:27 +0800] "www.mbtsneakers.com" "GET /blog//wp-json/batch/v1 HTTP/1.1" 301 5 "https://mbtsneakers.com/blog/wp-admin/" "Mozilla/5.0 (Windows NT 10.0; Win64; x64) AppleWebKit/537.36 (KHTML, like Gecko) Chrome/120.0.0.0 Safari/537.36" "127.0.0.1,195.178.110.101" [0.001,1.520,1.520|1.520]Request_Body: "-"
104.23.170.81 - - [19/Sep/2026:08:58:41 +0800] "mbtsneakers.com" "POST /wp/blog/wp-json/batch/v1 HTTP/1.1" 301 166 "https://mbtsneakers.com/wp/wp-admin/" "Mozilla/5.0 (Windows NT 10.0; Win64; x64) AppleWebKit/537.36 (KHTML, like Gecko) Chrome/120.0.0.0 Safari/537.36" "127.0.0.1,195.178.110.101" [-,-,-|0.000]Request_Body: "-"
172.71.95.81 - - [19/Sep/2026:08:58:42 +0800] "www.mbtsneakers.com" "GET /blog/wp-json/batch/v1 HTTP/1.1" 404 27374 "https://mbtsneakers.com/blog/wp-admin/" "Mozilla/5.0 (Windows NT 10.0; Win64; x64) AppleWebKit/537.36 (KHTML, like Gecko) Chrome/120.0.0.0 Safari/537.36" "127.0.0.1,195.178.110.101" [0.001,1.627,1.631|1.630]Request_Body: "-"
104.23.170.81 - - [19/Sep/2026:08:58:59 +0800] "mbtsneakers.com" "POST /blog/wp-json/batch/v1/ HTTP/1.1" 301 166 "https://mbtsneakers.com/blog/wp-admin/" "Mozilla/5.0 (Windows NT 10.0; Win64; x64) AppleWebKit/537.36 (KHTML, like Gecko) Chrome/120.0.0.0 Safari/537.36" "127.0.0.1,195.178.110.101" [-,-,-|0.000]Request_Body: "-"
172.71.95.81 - - [19/Sep/2026:08:59:00 +0800] "www.mbtsneakers.com" "GET /wp/blog/wp-json/batch/v1 HTTP/1.1" 404 27376 "https://mbtsneakers.com/wp/wp-admin/" "Mozilla/5.0 (Windows NT 10.0; Win64; x64) AppleWebKit/537.36 (KHTML, like Gecko) Chrome/120.0.0.0 Safari/537.36" "127.0.0.1,195.178.110.101" [0.000,1.594,1.605|1.605]Request_Body: "-"
172.71.102.218 - - [19/Sep/2026:08:59:02 +0800] "www.mbtsneakers.com" "GET /blog/wp-json/batch/v1/ HTTP/1.1" 404 27376 "https://mbtsneakers.com/blog/wp-admin/" "Mozilla/5.0 (Windows NT 10.0; Win64; x64) AppleWebKit/537.36 (KHTML, like Gecko) Chrome/120.0.0.0 Safari/537.36" "127.0.0.1,195.178.110.101" [0.000,1.334,1.336|1.336]Request_Body: "-"
