104.23.170.81 - - [19/Sep/2026:08:59:16 +0800] "mbtsneakers.com" "POST /blog/blog/wp-json/batch/v1 HTTP/1.1" 301 166 "https://mbtsneakers.com/blog/wp-admin/" "Mozilla/5.0 (Windows NT 10.0; Win64; x64) AppleWebKit/537.36 (KHTML, like Gecko) Chrome/120.0.0.0 Safari/537.36" "127.0.0.1,195.178.110.101" [-,-,-|0.000]Request_Body: "-"
104.23.170.81 - - [19/Sep/2026:08:59:17 +0800] "mbtsneakers.com" "POST /wp/index.php?rest_route=/batch/v1 HTTP/1.1" 301 166 "https://mbtsneakers.com/wp/wp-admin/" "Mozilla/5.0 (Windows NT 10.0; Win64; x64) AppleWebKit/537.36 (KHTML, like Gecko) Chrome/120.0.0.0 Safari/537.36" "10.0.0.1,195.178.110.101" [-,-,-|0.000]Request_Body: "-"
172.71.102.218 - - [19/Sep/2026:08:59:18 +0800] "www.mbtsneakers.com" "GET /blog/blog/wp-json/batch/v1 HTTP/1.1" 404 27376 "https://mbtsneakers.com/blog/wp-admin/" "Mozilla/5.0 (Windows NT 10.0; Win64; x64) AppleWebKit/537.36 (KHTML, like Gecko) Chrome/120.0.0.0 Safari/537.36" "127.0.0.1,195.178.110.101" [0.001,1.417,1.420|1.420]Request_Body: "-"
172.71.102.218 - - [19/Sep/2026:08:59:18 +0800] "www.mbtsneakers.com" "GET /wp/index.php?rest_route=/batch/v1 HTTP/1.1" 403 552 "https://mbtsneakers.com/wp/wp-admin/" "Mozilla/5.0 (Windows NT 10.0; Win64; x64) AppleWebKit/537.36 (KHTML, like Gecko) Chrome/120.0.0.0 Safari/537.36" "10.0.0.1,195.178.110.101" [-,-,-|0.000]Request_Body: "-"
104.23.170.81 - - [19/Sep/2026:08:59:18 +0800] "mbtsneakers.com" "POST /blog/index.php?rest_route=/batch/v1 HTTP/1.1" 301 166 "https://mbtsneakers.com/blog/wp-admin/" "Mozilla/5.0 (Windows NT 10.0; Win64; x64) AppleWebKit/537.36 (KHTML, like Gecko) Chrome/120.0.0.0 Safari/537.36" "10.0.0.1,195.178.110.101" [-,-,-|0.000]Request_Body: "-"
104.23.170.81 - - [19/Sep/2026:08:59:18 +0800] "mbtsneakers.com" "POST /wp/index.php?rest_route=%2Fbatch%2Fv1 HTTP/1.1" 301 166 "https://mbtsneakers.com/wp/wp-admin/" "Mozilla/5.0 (Windows NT 10.0; Win64; x64) AppleWebKit/537.36 (KHTML, like Gecko) Chrome/120.0.0.0 Safari/537.36" "10.0.0.1,195.178.110.101" [-,-,-|0.000]Request_Body: "-"
172.71.102.218 - - [19/Sep/2026:08:59:18 +0800] "www.mbtsneakers.com" "GET /blog/index.php?rest_route=/batch/v1 HTTP/1.1" 403 552 "https://mbtsneakers.com/blog/wp-admin/" "Mozilla/5.0 (Windows NT 10.0; Win64; x64) AppleWebKit/537.36 (KHTML, like Gecko) Chrome/120.0.0.0 Safari/537.36" "10.0.0.1,195.178.110.101" [-,-,-|0.000]Request_Body: "-"
104.23.170.81 - - [19/Sep/2026:08:59:19 +0800] "mbtsneakers.com" "POST /blog/index.php?rest_route=%2Fbatch%2Fv1 HTTP/1.1" 301 166 "https://mbtsneakers.com/blog/wp-admin/" "Mozilla/5.0 (Windows NT 10.0; Win64; x64) AppleWebKit/537.36 (KHTML, like Gecko) Chrome/120.0.0.0 Safari/537.36" "10.0.0.1,195.178.110.101" [-,-,-|0.000]Request_Body: "-"
172.71.102.218 - - [19/Sep/2026:08:59:19 +0800] "www.mbtsneakers.com" "GET /wp/index.php?rest_route=%2Fbatch%2Fv1 HTTP/1.1" 403 552 "https://mbtsneakers.com/wp/wp-admin/" "Mozilla/5.0 (Windows NT 10.0; Win64; x64) AppleWebKit/537.36 (KHTML, like Gecko) Chrome/120.0.0.0 Safari/537.36" "10.0.0.1,195.178.110.101" [-,-,-|0.000]Request_Body: "-"
104.23.170.81 - - [19/Sep/2026:08:59:19 +0800] "mbtsneakers.com" "POST /wp/?rest_route=%2Fbatch%2Fv1 HTTP/1.1" 301 166 "https://mbtsneakers.com/wp/wp-admin/" "Mozilla/5.0 (Windows NT 10.0; Win64; x64) AppleWebKit/537.36 (KHTML, like Gecko) Chrome/120.0.0.0 Safari/537.36" "10.0.0.1,195.178.110.101" [-,-,-|0.000]Request_Body: "-"
172.71.102.218 - - [19/Sep/2026:08:59:19 +0800] "www.mbtsneakers.com" "GET /blog/index.php?rest_route=%2Fbatch%2Fv1 HTTP/1.1" 403 552 "https://mbtsneakers.com/blog/wp-admin/" "Mozilla/5.0 (Windows NT 10.0; Win64; x64) AppleWebKit/537.36 (KHTML, like Gecko) Chrome/120.0.0.0 Safari/537.36" "10.0.0.1,195.178.110.101" [-,-,-|0.000]Request_Body: "-"
104.23.170.81 - - [19/Sep/2026:08:59:19 +0800] "mbtsneakers.com" "POST /blog/?rest_route=%2Fbatch%2Fv1 HTTP/1.1" 301 166 "https://mbtsneakers.com/blog/wp-admin/" "Mozilla/5.0 (Windows NT 10.0; Win64; x64) AppleWebKit/537.36 (KHTML, like Gecko) Chrome/120.0.0.0 Safari/537.36" "10.0.0.1,195.178.110.101" [-,-,-|0.000]Request_Body: "-"
172.71.102.218 - - [19/Sep/2026:08:59:20 +0800] "www.mbtsneakers.com" "GET /wp/?rest_route=%2Fbatch%2Fv1 HTTP/1.1" 404 125 "https://mbtsneakers.com/wp/wp-admin/" "Mozilla/5.0 (Windows NT 10.0; Win64; x64) AppleWebKit/537.36 (KHTML, like Gecko) Chrome/120.0.0.0 Safari/537.36" "10.0.0.1,195.178.110.101" [0.001,1.210,1.210|1.209]Request_Body: "-"
104.23.170.81 - - [19/Sep/2026:08:59:20 +0800] "mbtsneakers.com" "POST /wp/?rest_route=/batch%2Fv1 HTTP/1.1" 301 166 "https://mbtsneakers.com/wp/wp-admin/" "Mozilla/5.0 (Windows NT 10.0; Win64; x64) AppleWebKit/537.36 (KHTML, like Gecko) Chrome/120.0.0.0 Safari/537.36" "10.0.0.1,195.178.110.101" [-,-,-|0.000]Request_Body: "-"
172.71.102.218 - - [19/Sep/2026:08:59:22 +0800] "www.mbtsneakers.com" "GET /blog/?rest_route=%2Fbatch%2Fv1 HTTP/1.1" 404 125 "https://mbtsneakers.com/blog/wp-admin/" "Mozilla/5.0 (Windows NT 10.0; Win64; x64) AppleWebKit/537.36 (KHTML, like Gecko) Chrome/120.0.0.0 Safari/537.36" "10.0.0.1,195.178.110.101" [0.001,1.433,1.433|1.433]Request_Body: "-"
104.23.170.81 - - [19/Sep/2026:08:59:22 +0800] "mbtsneakers.com" "POST /blog/?rest_route=/batch%2Fv1 HTTP/1.1" 301 166 "https://mbtsneakers.com/blog/wp-admin/" "Mozilla/5.0 (Windows NT 10.0; Win64; x64) AppleWebKit/537.36 (KHTML, like Gecko) Chrome/120.0.0.0 Safari/537.36" "10.0.0.1,195.178.110.101" [-,-,-|0.000]Request_Body: "-"
172.71.102.218 - - [19/Sep/2026:08:59:23 +0800] "www.mbtsneakers.com" "GET /wp/?rest_route=/batch%2Fv1 HTTP/1.1" 404 125 "https://mbtsneakers.com/wp/wp-admin/" "Mozilla/5.0 (Windows NT 10.0; Win64; x64) AppleWebKit/537.36 (KHTML, like Gecko) Chrome/120.0.0.0 Safari/537.36" "10.0.0.1,195.178.110.101" [0.001,1.271,1.271|1.271]Request_Body: "-"
104.23.170.81 - - [19/Sep/2026:08:59:23 +0800] "mbtsneakers.com" "POST /wp/?rest_route=/batch/v1 HTTP/1.1" 301 166 "https://mbtsneakers.com/wp/wp-admin/" "Mozilla/5.0 (Windows NT 10.0; Win64; x64) AppleWebKit/537.36 (KHTML, like Gecko) Chrome/120.0.0.0 Safari/537.36" "10.0.0.1,195.178.110.101" [-,-,-|0.000]Request_Body: "-"
172.71.102.218 - - [19/Sep/2026:08:59:24 +0800] "www.mbtsneakers.com" "GET /blog/?rest_route=/batch%2Fv1 HTTP/1.1" 404 125 "https://mbtsneakers.com/blog/wp-admin/" "Mozilla/5.0 (Windows NT 10.0; Win64; x64) AppleWebKit/537.36 (KHTML, like Gecko) Chrome/120.0.0.0 Safari/537.36" "10.0.0.1,195.178.110.101" [0.001,1.203,1.203|1.202]Request_Body: "-"
104.23.170.81 - - [19/Sep/2026:08:59:25 +0800] "mbtsneakers.com" "POST /blog/?rest_route=/batch/v1 HTTP/1.1" 301 166 "https://mbtsneakers.com/blog/wp-admin/" "Mozilla/5.0 (Windows NT 10.0; Win64; x64) AppleWebKit/537.36 (KHTML, like Gecko) Chrome/120.0.0.0 Safari/537.36" "10.0.0.1,195.178.110.101" [-,-,-|0.000]Request_Body: "-"
172.71.102.218 - - [19/Sep/2026:08:59:26 +0800] "www.mbtsneakers.com" "GET /wp/?rest_route=/batch/v1 HTTP/1.1" 404 125 "https://mbtsneakers.com/wp/wp-admin/" "Mozilla/5.0 (Windows NT 10.0; Win64; x64) AppleWebKit/537.36 (KHTML, like Gecko) Chrome/120.0.0.0 Safari/537.36" "10.0.0.1,195.178.110.101" [0.001,1.156,1.156|1.156]Request_Body: "-"
104.23.170.81 - - [19/Sep/2026:08:59:26 +0800] "mbtsneakers.com" "POST /wp/wp-json/batch/v1 HTTP/1.1" 301 166 "https://mbtsneakers.com/wp/wp-admin/" "Mozilla/5.0 (Windows NT 10.0; Win64; x64) AppleWebKit/537.36 (KHTML, like Gecko) Chrome/120.0.0.0 Safari/537.36" "10.0.0.1,195.178.110.101" [-,-,-|0.000]Request_Body: "-"
172.71.102.218 - - [19/Sep/2026:08:59:27 +0800] "www.mbtsneakers.com" "GET /blog/?rest_route=/batch/v1 HTTP/1.1" 404 125 "https://mbtsneakers.com/blog/wp-admin/" "Mozilla/5.0 (Windows NT 10.0; Win64; x64) AppleWebKit/537.36 (KHTML, like Gecko) Chrome/120.0.0.0 Safari/537.36" "10.0.0.1,195.178.110.101" [0.001,1.276,1.276|1.276]Request_Body: "-"
104.23.170.81 - - [19/Sep/2026:08:59:33 +0800] "mbtsneakers.com" "POST /blog/wp-json/batch/v1 HTTP/1.1" 301 166 "https://mbtsneakers.com/blog/wp-admin/" "Mozilla/5.0 (Windows NT 10.0; Win64; x64) AppleWebKit/537.36 (KHTML, like Gecko) Chrome/120.0.0.0 Safari/537.36" "10.0.0.1,195.178.110.101" [-,-,-|0.000]Request_Body: "-"
104.23.166.139 - - [19/Sep/2026:08:59:50 +0800] "www.mbtsneakers.com" "GET /wp/wp-json/batch/v1 HTTP/1.1" 404 27373 "https://mbtsneakers.com/wp/wp-admin/" "Mozilla/5.0 (Windows NT 10.0; Win64; x64) AppleWebKit/537.36 (KHTML, like Gecko) Chrome/120.0.0.0 Safari/537.36" "10.0.0.1,195.178.110.101" [0.001,1.241,1.245|1.245]Request_Body: "-"
172.71.99.229 - - [19/Sep/2026:08:59:50 +0800] "mbtsneakers.com" "POST /wp/wp-json/Batch/v1 HTTP/1.1" 301 166 "https://mbtsneakers.com/wp/wp-admin/" "Mozilla/5.0 (Windows NT 10.0; Win64; x64) AppleWebKit/537.36 (KHTML, like Gecko) Chrome/120.0.0.0 Safari/537.36" "10.0.0.1,195.178.110.101" [-,-,-|0.000]Request_Body: "-"
104.23.166.139 - - [19/Sep/2026:08:59:52 +0800] "www.mbtsneakers.com" "GET /blog/wp-json/batch/v1 HTTP/1.1" 404 27374 "https://mbtsneakers.com/blog/wp-admin/" "Mozilla/5.0 (Windows NT 10.0; Win64; x64) AppleWebKit/537.36 (KHTML, like Gecko) Chrome/120.0.0.0 Safari/537.36" "10.0.0.1,195.178.110.101" [0.000,1.375,1.379|1.379]Request_Body: "-"
172.71.98.117 - - [19/Sep/2026:08:59:52 +0800] "mbtsneakers.com" "POST /blog/wp-json/Batch/v1 HTTP/1.1" 301 166 "https://mbtsneakers.com/blog/wp-admin/" "Mozilla/5.0 (Windows NT 10.0; Win64; x64) AppleWebKit/537.36 (KHTML, like Gecko) Chrome/120.0.0.0 Safari/537.36" "10.0.0.1,195.178.110.101" [-,-,-|0.000]Request_Body: "-"
104.23.166.139 - - [19/Sep/2026:08:59:53 +0800] "www.mbtsneakers.com" "GET /wp/wp-json/Batch/v1 HTTP/1.1" 404 27373 "https://mbtsneakers.com/wp/wp-admin/" "Mozilla/5.0 (Windows NT 10.0; Win64; x64) AppleWebKit/537.36 (KHTML, like Gecko) Chrome/120.0.0.0 Safari/537.36" "10.0.0.1,195.178.110.101" [0.001,1.164,1.169|1.169]Request_Body: "-"
172.71.98.117 - - [19/Sep/2026:08:59:53 +0800] "mbtsneakers.com" "POST /wp//wp-json/batch/v1 HTTP/1.1" 301 166 "https://mbtsneakers.com/wp/wp-admin/" "Mozilla/5.0 (Windows NT 10.0; Win64; x64) AppleWebKit/537.36 (KHTML, like Gecko) Chrome/120.0.0.0 Safari/537.36" "10.0.0.1,195.178.110.101" [-,-,-|0.000]Request_Body: "-"
104.23.166.139 - - [19/Sep/2026:08:59:55 +0800] "www.mbtsneakers.com" "GET /blog/wp-json/Batch/v1 HTTP/1.1" 404 27375 "https://mbtsneakers.com/blog/wp-admin/" "Mozilla/5.0 (Windows NT 10.0; Win64; x64) AppleWebKit/537.36 (KHTML, like Gecko) Chrome/120.0.0.0 Safari/537.36" "10.0.0.1,195.178.110.101" [0.001,1.231,1.233|1.233]Request_Body: "-"
172.71.98.117 - - [19/Sep/2026:08:59:55 +0800] "mbtsneakers.com" "POST /blog//wp-json/batch/v1 HTTP/1.1" 301 166 "https://mbtsneakers.com/blog/wp-admin/" "Mozilla/5.0 (Windows NT 10.0; Win64; x64) AppleWebKit/537.36 (KHTML, like Gecko) Chrome/120.0.0.0 Safari/537.36" "10.0.0.1,195.178.110.101" [-,-,-|0.000]Request_Body: "-"
104.23.166.139 - - [19/Sep/2026:08:59:56 +0800] "www.mbtsneakers.com" "GET /wp//wp-json/batch/v1 HTTP/1.1" 301 5 "https://mbtsneakers.com/wp/wp-admin/" "Mozilla/5.0 (Windows NT 10.0; Win64; x64) AppleWebKit/537.36 (KHTML, like Gecko) Chrome/120.0.0.0 Safari/537.36" "10.0.0.1,195.178.110.101" [0.000,1.432,1.432|1.432]Request_Body: "-"
104.23.166.139 - - [19/Sep/2026:08:59:58 +0800] "www.mbtsneakers.com" "GET /blog//wp-json/batch/v1 HTTP/1.1" 301 5 "https://mbtsneakers.com/blog/wp-admin/" "Mozilla/5.0 (Windows NT 10.0; Win64; x64) AppleWebKit/537.36 (KHTML, like Gecko) Chrome/120.0.0.0 Safari/537.36" "10.0.0.1,195.178.110.101" [0.001,1.077,1.077|1.077]Request_Body: "-"
104.23.166.139 - - [19/Sep/2026:08:59:59 +0800] "www.mbtsneakers.com" "GET /wp/wp-json/batch/v1 HTTP/1.1" 404 27373 "https://mbtsneakers.com/wp/wp-admin/" "Mozilla/5.0 (Windows NT 10.0; Win64; x64) AppleWebKit/537.36 (KHTML, like Gecko) Chrome/120.0.0.0 Safari/537.36" "10.0.0.1,195.178.110.101" [0.000,1.342,1.344|1.344]Request_Body: "-"
172.71.99.229 - - [19/Sep/2026:09:00:03 +0800] "mbtsneakers.com" "POST /wp/wp-json/batch/v1/ HTTP/1.1" 301 166 "https://mbtsneakers.com/wp/wp-admin/" "Mozilla/5.0 (Windows NT 10.0; Win64; x64) AppleWebKit/537.36 (KHTML, like Gecko) Chrome/120.0.0.0 Safari/537.36" "10.0.0.1,195.178.110.101" [-,-,-|0.000]Request_Body: "-"
104.23.170.171 - - [19/Sep/2026:09:00:04 +0800] "www.mbtsneakers.com" "GET /blog/wp-json/batch/v1 HTTP/1.1" 404 27374 "https://mbtsneakers.com/blog/wp-admin/" "Mozilla/5.0 (Windows NT 10.0; Win64; x64) AppleWebKit/537.36 (KHTML, like Gecko) Chrome/120.0.0.0 Safari/537.36" "10.0.0.1,195.178.110.101" [0.001,1.380,1.385|1.385]Request_Body: "-"
172.71.99.229 - - [19/Sep/2026:09:00:04 +0800] "mbtsneakers.com" "POST /blog/wp-json/batch/v1/ HTTP/1.1" 301 166 "https://mbtsneakers.com/blog/wp-admin/" "Mozilla/5.0 (Windows NT 10.0; Win64; x64) AppleWebKit/537.36 (KHTML, like Gecko) Chrome/120.0.0.0 Safari/537.36" "10.0.0.1,195.178.110.101" [-,-,-|0.000]Request_Body: "-"
172.71.99.119 - - [19/Sep/2026:09:00:04 +0800] "www.mbtsneakers.com" "GET /wp/wp-json/batch/v1/ HTTP/1.1" 404 27375 "https://mbtsneakers.com/wp/wp-admin/" "Mozilla/5.0 (Windows NT 10.0; Win64; x64) AppleWebKit/537.36 (KHTML, like Gecko) Chrome/120.0.0.0 Safari/537.36" "10.0.0.1,195.178.110.101" [0.001,1.329,1.332|1.332]Request_Body: "-"
172.71.99.229 - - [19/Sep/2026:09:00:05 +0800] "mbtsneakers.com" "POST /wp/blog/wp-json/batch/v1 HTTP/1.1" 301 166 "https://mbtsneakers.com/wp/wp-admin/" "Mozilla/5.0 (Windows NT 10.0; Win64; x64) AppleWebKit/537.36 (KHTML, like Gecko) Chrome/120.0.0.0 Safari/537.36" "10.0.0.1,195.178.110.101" [-,-,-|0.000]Request_Body: "-"
104.23.170.171 - - [19/Sep/2026:09:00:05 +0800] "www.mbtsneakers.com" "GET /blog/wp-json/batch/v1/ HTTP/1.1" 404 27376 "https://mbtsneakers.com/blog/wp-admin/" "Mozilla/5.0 (Windows NT 10.0; Win64; x64) AppleWebKit/537.36 (KHTML, like Gecko) Chrome/120.0.0.0 Safari/537.36" "10.0.0.1,195.178.110.101" [0.001,1.426,1.431|1.431]Request_Body: "-"
172.71.99.229 - - [19/Sep/2026:09:00:06 +0800] "mbtsneakers.com" "POST /blog/blog/wp-json/batch/v1 HTTP/1.1" 301 166 "https://mbtsneakers.com/blog/wp-admin/" "Mozilla/5.0 (Windows NT 10.0; Win64; x64) AppleWebKit/537.36 (KHTML, like Gecko) Chrome/120.0.0.0 Safari/537.36" "10.0.0.1,195.178.110.101" [-,-,-|0.000]Request_Body: "-"
172.71.99.119 - - [19/Sep/2026:09:00:06 +0800] "www.mbtsneakers.com" "GET /wp/blog/wp-json/batch/v1 HTTP/1.1" 404 27376 "https://mbtsneakers.com/wp/wp-admin/" "Mozilla/5.0 (Windows NT 10.0; Win64; x64) AppleWebKit/537.36 (KHTML, like Gecko) Chrome/120.0.0.0 Safari/537.36" "10.0.0.1,195.178.110.101" [0.000,1.687,1.689|1.689]Request_Body: "-"
172.71.99.229 - - [19/Sep/2026:09:00:07 +0800] "mbtsneakers.com" "POST /wp/index.php?rest_route=/batch/v1 HTTP/1.1" 301 166 "https://mbtsneakers.com/wp/wp-admin/" "Mozilla/5.0 (Windows NT 10.0; Win64; x64) AppleWebKit/537.36 (KHTML, like Gecko) Chrome/120.0.0.0 Safari/537.36" "127.0.0.1,195.178.110.101" [-,-,-|0.001]Request_Body: "-"
172.71.99.119 - - [19/Sep/2026:09:00:07 +0800] "www.mbtsneakers.com" "GET /wp/index.php?rest_route=/batch/v1 HTTP/1.1" 403 552 "https://mbtsneakers.com/wp/wp-admin/" "Mozilla/5.0 (Windows NT 10.0; Win64; x64) AppleWebKit/537.36 (KHTML, like Gecko) Chrome/120.0.0.0 Safari/537.36" "127.0.0.1,195.178.110.101" [-,-,-|0.000]Request_Body: "-"
172.71.99.229 - - [19/Sep/2026:09:00:07 +0800] "mbtsneakers.com" "POST /wp/index.php?rest_route=%2Fbatch%2Fv1 HTTP/1.1" 301 166 "https://mbtsneakers.com/wp/wp-admin/" "Mozilla/5.0 (Windows NT 10.0; Win64; x64) AppleWebKit/537.36 (KHTML, like Gecko) Chrome/120.0.0.0 Safari/537.36" "127.0.0.1,195.178.110.101" [-,-,-|0.000]Request_Body: "-"
172.71.99.119 - - [19/Sep/2026:09:00:07 +0800] "www.mbtsneakers.com" "GET /wp/index.php?rest_route=%2Fbatch%2Fv1 HTTP/1.1" 403 552 "https://mbtsneakers.com/wp/wp-admin/" "Mozilla/5.0 (Windows NT 10.0; Win64; x64) AppleWebKit/537.36 (KHTML, like Gecko) Chrome/120.0.0.0 Safari/537.36" "127.0.0.1,195.178.110.101" [-,-,-|0.000]Request_Body: "-"
104.23.170.171 - - [19/Sep/2026:09:00:07 +0800] "www.mbtsneakers.com" "GET /blog/blog/wp-json/batch/v1 HTTP/1.1" 404 27376 "https://mbtsneakers.com/blog/wp-admin/" "Mozilla/5.0 (Windows NT 10.0; Win64; x64) AppleWebKit/537.36 (KHTML, like Gecko) Chrome/120.0.0.0 Safari/537.36" "10.0.0.1,195.178.110.101" [0.001,1.660,1.663|1.664]Request_Body: "-"
172.71.99.229 - - [19/Sep/2026:09:00:08 +0800] "mbtsneakers.com" "POST /wp/?rest_route=%2Fbatch%2Fv1 HTTP/1.1" 301 166 "https://mbtsneakers.com/wp/wp-admin/" "Mozilla/5.0 (Windows NT 10.0; Win64; x64) AppleWebKit/537.36 (KHTML, like Gecko) Chrome/120.0.0.0 Safari/537.36" "127.0.0.1,195.178.110.101" [-,-,-|0.000]Request_Body: "-"
172.71.99.229 - - [19/Sep/2026:09:00:08 +0800] "mbtsneakers.com" "POST /blog/index.php?rest_route=/batch/v1 HTTP/1.1" 301 166 "https://mbtsneakers.com/blog/wp-admin/" "Mozilla/5.0 (Windows NT 10.0; Win64; x64) AppleWebKit/537.36 (KHTML, like Gecko) Chrome/120.0.0.0 Safari/537.36" "127.0.0.1,195.178.110.101" [-,-,-|0.001]Request_Body: "-"
104.23.170.132 - - [19/Sep/2026:09:00:08 +0800] "www.mbtsneakers.com" "GET /blog/index.php?rest_route=/batch/v1 HTTP/1.1" 403 552 "https://mbtsneakers.com/blog/wp-admin/" "Mozilla/5.0 (Windows NT 10.0; Win64; x64) AppleWebKit/537.36 (KHTML, like Gecko) Chrome/120.0.0.0 Safari/537.36" "127.0.0.1,195.178.110.101" [-,-,-|0.000]Request_Body: "-"
172.71.99.229 - - [19/Sep/2026:09:00:08 +0800] "mbtsneakers.com" "POST /blog/index.php?rest_route=%2Fbatch%2Fv1 HTTP/1.1" 301 166 "https://mbtsneakers.com/blog/wp-admin/" "Mozilla/5.0 (Windows NT 10.0; Win64; x64) AppleWebKit/537.36 (KHTML, like Gecko) Chrome/120.0.0.0 Safari/537.36" "127.0.0.1,195.178.110.101" [-,-,-|0.000]Request_Body: "-"
104.23.170.132 - - [19/Sep/2026:09:00:09 +0800] "www.mbtsneakers.com" "GET /blog/index.php?rest_route=%2Fbatch%2Fv1 HTTP/1.1" 403 552 "https://mbtsneakers.com/blog/wp-admin/" "Mozilla/5.0 (Windows NT 10.0; Win64; x64) AppleWebKit/537.36 (KHTML, like Gecko) Chrome/120.0.0.0 Safari/537.36" "127.0.0.1,195.178.110.101" [-,-,-|0.000]Request_Body: "-"
172.71.99.229 - - [19/Sep/2026:09:00:09 +0800] "mbtsneakers.com" "POST /blog/?rest_route=%2Fbatch%2Fv1 HTTP/1.1" 301 166 "https://mbtsneakers.com/blog/wp-admin/" "Mozilla/5.0 (Windows NT 10.0; Win64; x64) AppleWebKit/537.36 (KHTML, like Gecko) Chrome/120.0.0.0 Safari/537.36" "127.0.0.1,195.178.110.101" [-,-,-|0.000]Request_Body: "-"
172.71.99.119 - - [19/Sep/2026:09:00:09 +0800] "www.mbtsneakers.com" "GET /wp/?rest_route=%2Fbatch%2Fv1 HTTP/1.1" 404 125 "https://mbtsneakers.com/wp/wp-admin/" "Mozilla/5.0 (Windows NT 10.0; Win64; x64) AppleWebKit/537.36 (KHTML, like Gecko) Chrome/120.0.0.0 Safari/537.36" "127.0.0.1,195.178.110.101" [0.000,1.576,1.576|1.576]Request_Body: "-"
172.71.99.229 - - [19/Sep/2026:09:00:09 +0800] "mbtsneakers.com" "POST /wp/?rest_route=/batch%2Fv1 HTTP/1.1" 301 166 "https://mbtsneakers.com/wp/wp-admin/" "Mozilla/5.0 (Windows NT 10.0; Win64; x64) AppleWebKit/537.36 (KHTML, like Gecko) Chrome/120.0.0.0 Safari/537.36" "127.0.0.1,195.178.110.101" [-,-,-|0.000]Request_Body: "-"
104.23.170.132 - - [19/Sep/2026:09:00:10 +0800] "www.mbtsneakers.com" "GET /blog/?rest_route=%2Fbatch%2Fv1 HTTP/1.1" 404 125 "https://mbtsneakers.com/blog/wp-admin/" "Mozilla/5.0 (Windows NT 10.0; Win64; x64) AppleWebKit/537.36 (KHTML, like Gecko) Chrome/120.0.0.0 Safari/537.36" "127.0.0.1,195.178.110.101" [0.000,1.348,1.348|1.348]Request_Body: "-"
172.71.99.229 - - [19/Sep/2026:09:00:10 +0800] "mbtsneakers.com" "POST /blog/?rest_route=/batch%2Fv1 HTTP/1.1" 301 166 "https://mbtsneakers.com/blog/wp-admin/" "Mozilla/5.0 (Windows NT 10.0; Win64; x64) AppleWebKit/537.36 (KHTML, like Gecko) Chrome/120.0.0.0 Safari/537.36" "127.0.0.1,195.178.110.101" [-,-,-|0.000]Request_Body: "-"
172.71.99.119 - - [19/Sep/2026:09:00:11 +0800] "www.mbtsneakers.com" "GET /wp/?rest_route=/batch%2Fv1 HTTP/1.1" 404 125 "https://mbtsneakers.com/wp/wp-admin/" "Mozilla/5.0 (Windows NT 10.0; Win64; x64) AppleWebKit/537.36 (KHTML, like Gecko) Chrome/120.0.0.0 Safari/537.36" "127.0.0.1,195.178.110.101" [0.000,1.252,1.252|1.252]Request_Body: "-"
172.71.99.229 - - [19/Sep/2026:09:00:11 +0800] "mbtsneakers.com" "POST /wp/?rest_route=/batch/v1 HTTP/1.1" 301 166 "https://mbtsneakers.com/wp/wp-admin/" "Mozilla/5.0 (Windows NT 10.0; Win64; x64) AppleWebKit/537.36 (KHTML, like Gecko) Chrome/120.0.0.0 Safari/537.36" "127.0.0.1,195.178.110.101" [-,-,-|0.000]Request_Body: "-"
104.23.170.132 - - [19/Sep/2026:09:00:12 +0800] "www.mbtsneakers.com" "GET /blog/?rest_route=/batch%2Fv1 HTTP/1.1" 404 125 "https://mbtsneakers.com/blog/wp-admin/" "Mozilla/5.0 (Windows NT 10.0; Win64; x64) AppleWebKit/537.36 (KHTML, like Gecko) Chrome/120.0.0.0 Safari/537.36" "127.0.0.1,195.178.110.101" [0.001,1.333,1.333|1.334]Request_Body: "-"
172.71.99.229 - - [19/Sep/2026:09:00:12 +0800] "mbtsneakers.com" "POST /blog/?rest_route=/batch/v1 HTTP/1.1" 301 166 "https://mbtsneakers.com/blog/wp-admin/" "Mozilla/5.0 (Windows NT 10.0; Win64; x64) AppleWebKit/537.36 (KHTML, like Gecko) Chrome/120.0.0.0 Safari/537.36" "127.0.0.1,195.178.110.101" [-,-,-|0.000]Request_Body: "-"
172.71.99.119 - - [19/Sep/2026:09:00:13 +0800] "www.mbtsneakers.com" "GET /wp/?rest_route=/batch/v1 HTTP/1.1" 404 125 "https://mbtsneakers.com/wp/wp-admin/" "Mozilla/5.0 (Windows NT 10.0; Win64; x64) AppleWebKit/537.36 (KHTML, like Gecko) Chrome/120.0.0.0 Safari/537.36" "127.0.0.1,195.178.110.101" [0.001,1.508,1.508|1.508]Request_Body: "-"
172.71.99.229 - - [19/Sep/2026:09:00:13 +0800] "mbtsneakers.com" "POST /wp/wp-json/batch/v1 HTTP/1.1" 301 166 "https://mbtsneakers.com/wp/wp-admin/" "Mozilla/5.0 (Windows NT 10.0; Win64; x64) AppleWebKit/537.36 (KHTML, like Gecko) Chrome/120.0.0.0 Safari/537.36" "127.0.0.1,195.178.110.101" [-,-,-|0.000]Request_Body: "-"
104.23.170.132 - - [19/Sep/2026:09:00:13 +0800] "www.mbtsneakers.com" "GET /blog/?rest_route=/batch/v1 HTTP/1.1" 404 125 "https://mbtsneakers.com/blog/wp-admin/" "Mozilla/5.0 (Windows NT 10.0; Win64; x64) AppleWebKit/537.36 (KHTML, like Gecko) Chrome/120.0.0.0 Safari/537.36" "127.0.0.1,195.178.110.101" [0.001,1.370,1.370|1.370]Request_Body: "-"
172.71.99.229 - - [19/Sep/2026:09:00:14 +0800] "mbtsneakers.com" "POST /blog/wp-json/batch/v1 HTTP/1.1" 301 166 "https://mbtsneakers.com/blog/wp-admin/" "Mozilla/5.0 (Windows NT 10.0; Win64; x64) AppleWebKit/537.36 (KHTML, like Gecko) Chrome/120.0.0.0 Safari/537.36" "127.0.0.1,195.178.110.101" [-,-,-|0.000]Request_Body: "-"
172.71.99.119 - - [19/Sep/2026:09:00:14 +0800] "www.mbtsneakers.com" "GET /wp/wp-json/batch/v1 HTTP/1.1" 404 27373 "https://mbtsneakers.com/wp/wp-admin/" "Mozilla/5.0 (Windows NT 10.0; Win64; x64) AppleWebKit/537.36 (KHTML, like Gecko) Chrome/120.0.0.0 Safari/537.36" "127.0.0.1,195.178.110.101" [0.000,1.559,1.563|1.563]Request_Body: "-"
104.23.170.171 - - [19/Sep/2026:09:00:15 +0800] "www.mbtsneakers.com" "GET /blog/wp-json/batch/v1 HTTP/1.1" 404 27374 "https://mbtsneakers.com/blog/wp-admin/" "Mozilla/5.0 (Windows NT 10.0; Win64; x64) AppleWebKit/537.36 (KHTML, like Gecko) Chrome/120.0.0.0 Safari/537.36" "127.0.0.1,195.178.110.101" [0.001,1.487,1.489|1.489]Request_Body: "-"
172.71.99.229 - - [19/Sep/2026:09:00:18 +0800] "mbtsneakers.com" "POST /wp/wp-json/Batch/v1 HTTP/1.1" 301 166 "https://mbtsneakers.com/wp/wp-admin/" "Mozilla/5.0 (Windows NT 10.0; Win64; x64) AppleWebKit/537.36 (KHTML, like Gecko) Chrome/120.0.0.0 Safari/537.36" "127.0.0.1,195.178.110.101" [-,-,-|0.000]Request_Body: "-"
172.71.99.229 - - [19/Sep/2026:09:00:18 +0800] "mbtsneakers.com" "POST /blog/wp-json/Batch/v1 HTTP/1.1" 301 166 "https://mbtsneakers.com/blog/wp-admin/" "Mozilla/5.0 (Windows NT 10.0; Win64; x64) AppleWebKit/537.36 (KHTML, like Gecko) Chrome/120.0.0.0 Safari/537.36" "127.0.0.1,195.178.110.101" [-,-,-|0.000]Request_Body: "-"
172.71.102.218 - - [19/Sep/2026:09:00:20 +0800] "www.mbtsneakers.com" "GET /blog/wp-json/Batch/v1 HTTP/1.1" 404 27375 "https://mbtsneakers.com/blog/wp-admin/" "Mozilla/5.0 (Windows NT 10.0; Win64; x64) AppleWebKit/537.36 (KHTML, like Gecko) Chrome/120.0.0.0 Safari/537.36" "127.0.0.1,195.178.110.101" [0.001,1.269,1.271|1.272]Request_Body: "-"
104.23.170.171 - - [19/Sep/2026:09:00:20 +0800] "www.mbtsneakers.com" "GET /wp/wp-json/Batch/v1 HTTP/1.1" 404 27373 "https://mbtsneakers.com/wp/wp-admin/" "Mozilla/5.0 (Windows NT 10.0; Win64; x64) AppleWebKit/537.36 (KHTML, like Gecko) Chrome/120.0.0.0 Safari/537.36" "127.0.0.1,195.178.110.101" [0.001,1.254,1.257|1.257]Request_Body: "-"
172.71.99.229 - - [19/Sep/2026:09:00:20 +0800] "mbtsneakers.com" "POST /blog//wp-json/batch/v1 HTTP/1.1" 301 166 "https://mbtsneakers.com/blog/wp-admin/" "Mozilla/5.0 (Windows NT 10.0; Win64; x64) AppleWebKit/537.36 (KHTML, like Gecko) Chrome/120.0.0.0 Safari/537.36" "127.0.0.1,195.178.110.101" [-,-,-|0.000]Request_Body: "-"
172.71.99.229 - - [19/Sep/2026:09:00:20 +0800] "mbtsneakers.com" "POST /wp//wp-json/batch/v1 HTTP/1.1" 301 166 "https://mbtsneakers.com/wp/wp-admin/" "Mozilla/5.0 (Windows NT 10.0; Win64; x64) AppleWebKit/537.36 (KHTML, like Gecko) Chrome/120.0.0.0 Safari/537.36" "127.0.0.1,195.178.110.101" [-,-,-|0.000]Request_Body: "-"
104.23.170.171 - - [19/Sep/2026:09:00:21 +0800] "www.mbtsneakers.com" "GET /blog//wp-json/batch/v1 HTTP/1.1" 301 5 "https://mbtsneakers.com/blog/wp-admin/" "Mozilla/5.0 (Windows NT 10.0; Win64; x64) AppleWebKit/537.36 (KHTML, like Gecko) Chrome/120.0.0.0 Safari/537.36" "127.0.0.1,195.178.110.101" [0.001,1.076,1.076|1.075]Request_Body: "-"
172.71.102.218 - - [19/Sep/2026:09:00:22 +0800] "www.mbtsneakers.com" "GET /wp//wp-json/batch/v1 HTTP/1.1" 301 5 "https://mbtsneakers.com/wp/wp-admin/" "Mozilla/5.0 (Windows NT 10.0; Win64; x64) AppleWebKit/537.36 (KHTML, like Gecko) Chrome/120.0.0.0 Safari/537.36" "127.0.0.1,195.178.110.101" [0.000,1.183,1.183|1.183]Request_Body: "-"
104.23.170.171 - - [19/Sep/2026:09:00:23 +0800] "www.mbtsneakers.com" "GET /blog/wp-json/batch/v1 HTTP/1.1" 404 27374 "https://mbtsneakers.com/blog/wp-admin/" "Mozilla/5.0 (Windows NT 10.0; Win64; x64) AppleWebKit/537.36 (KHTML, like Gecko) Chrome/120.0.0.0 Safari/537.36" "127.0.0.1,195.178.110.101" [0.000,1.279,1.281|1.281]Request_Body: "-"
172.71.102.218 - - [19/Sep/2026:09:00:23 +0800] "www.mbtsneakers.com" "GET /wp/wp-json/batch/v1 HTTP/1.1" 404 27373 "https://mbtsneakers.com/wp/wp-admin/" "Mozilla/5.0 (Windows NT 10.0; Win64; x64) AppleWebKit/537.36 (KHTML, like Gecko) Chrome/120.0.0.0 Safari/537.36" "127.0.0.1,195.178.110.101" [0.000,1.283,1.288|1.288]Request_Body: "-"
172.71.99.229 - - [19/Sep/2026:09:00:23 +0800] "mbtsneakers.com" "POST /blog/wp-json/batch/v1/ HTTP/1.1" 301 166 "https://mbtsneakers.com/blog/wp-admin/" "Mozilla/5.0 (Windows NT 10.0; Win64; x64) AppleWebKit/537.36 (KHTML, like Gecko) Chrome/120.0.0.0 Safari/537.36" "127.0.0.1,195.178.110.101" [-,-,-|0.000]Request_Body: "-"
172.71.99.229 - - [19/Sep/2026:09:00:23 +0800] "mbtsneakers.com" "POST /wp/wp-json/batch/v1/ HTTP/1.1" 301 166 "https://mbtsneakers.com/wp/wp-admin/" "Mozilla/5.0 (Windows NT 10.0; Win64; x64) AppleWebKit/537.36 (KHTML, like Gecko) Chrome/120.0.0.0 Safari/537.36" "127.0.0.1,195.178.110.101" [-,-,-|0.000]Request_Body: "-"
104.23.170.171 - - [19/Sep/2026:09:00:25 +0800] "www.mbtsneakers.com" "GET /blog/wp-json/batch/v1/ HTTP/1.1" 404 27376 "https://mbtsneakers.com/blog/wp-admin/" "Mozilla/5.0 (Windows NT 10.0; Win64; x64) AppleWebKit/537.36 (KHTML, like Gecko) Chrome/120.0.0.0 Safari/537.36" "127.0.0.1,195.178.110.101" [0.001,1.263,1.266|1.266]Request_Body: "-"
172.71.102.218 - - [19/Sep/2026:09:00:25 +0800] "www.mbtsneakers.com" "GET /wp/wp-json/batch/v1/ HTTP/1.1" 404 27375 "https://mbtsneakers.com/wp/wp-admin/" "Mozilla/5.0 (Windows NT 10.0; Win64; x64) AppleWebKit/537.36 (KHTML, like Gecko) Chrome/120.0.0.0 Safari/537.36" "127.0.0.1,195.178.110.101" [0.001,1.196,1.200|1.200]Request_Body: "-"
172.71.99.229 - - [19/Sep/2026:09:00:25 +0800] "mbtsneakers.com" "POST /blog/blog/wp-json/batch/v1 HTTP/1.1" 301 166 "https://mbtsneakers.com/blog/wp-admin/" "Mozilla/5.0 (Windows NT 10.0; Win64; x64) AppleWebKit/537.36 (KHTML, like Gecko) Chrome/120.0.0.0 Safari/537.36" "127.0.0.1,195.178.110.101" [-,-,-|0.001]Request_Body: "-"
172.71.99.229 - - [19/Sep/2026:09:00:25 +0800] "mbtsneakers.com" "POST /wp/blog/wp-json/batch/v1 HTTP/1.1" 301 166 "https://mbtsneakers.com/wp/wp-admin/" "Mozilla/5.0 (Windows NT 10.0; Win64; x64) AppleWebKit/537.36 (KHTML, like Gecko) Chrome/120.0.0.0 Safari/537.36" "127.0.0.1,195.178.110.101" [-,-,-|0.000]Request_Body: "-"
104.23.170.171 - - [19/Sep/2026:09:00:26 +0800] "www.mbtsneakers.com" "GET /blog/blog/wp-json/batch/v1 HTTP/1.1" 404 27376 "https://mbtsneakers.com/blog/wp-admin/" "Mozilla/5.0 (Windows NT 10.0; Win64; x64) AppleWebKit/537.36 (KHTML, like Gecko) Chrome/120.0.0.0 Safari/537.36" "127.0.0.1,195.178.110.101" [0.001,1.326,1.331|1.331]Request_Body: "-"
172.71.102.218 - - [19/Sep/2026:09:00:27 +0800] "www.mbtsneakers.com" "GET /wp/blog/wp-json/batch/v1 HTTP/1.1" 404 27376 "https://mbtsneakers.com/wp/wp-admin/" "Mozilla/5.0 (Windows NT 10.0; Win64; x64) AppleWebKit/537.36 (KHTML, like Gecko) Chrome/120.0.0.0 Safari/537.36" "127.0.0.1,195.178.110.101" [0.000,1.323,1.325|1.326]Request_Body: "-"
172.71.99.229 - - [19/Sep/2026:09:00:27 +0800] "mbtsneakers.com" "POST /blog/index.php?rest_route=/batch/v1 HTTP/1.1" 301 166 "https://mbtsneakers.com/blog/wp-admin/" "WordPress/6.4.3" "127.0.0.1,195.178.110.101" [-,-,-|0.000]Request_Body: "-"
104.23.170.171 - - [19/Sep/2026:09:00:27 +0800] "www.mbtsneakers.com" "GET /blog/index.php?rest_route=/batch/v1 HTTP/1.1" 403 150 "https://mbtsneakers.com/blog/wp-admin/" "WordPress/6.4.3" "127.0.0.1,195.178.110.101" [-,-,-|0.000]Request_Body: "-"
172.71.99.229 - - [19/Sep/2026:09:00:27 +0800] "mbtsneakers.com" "POST /wp/index.php?rest_route=/batch/v1 HTTP/1.1" 301 166 "https://mbtsneakers.com/wp/wp-admin/" "WordPress/6.4.3" "127.0.0.1,195.178.110.101" [-,-,-|0.000]Request_Body: "-"
172.71.99.229 - - [19/Sep/2026:09:00:27 +0800] "mbtsneakers.com" "POST /blog/index.php?rest_route=%2Fbatch%2Fv1 HTTP/1.1" 301 166 "https://mbtsneakers.com/blog/wp-admin/" "WordPress/6.4.3" "127.0.0.1,195.178.110.101" [-,-,-|0.000]Request_Body: "-"
104.23.170.171 - - [19/Sep/2026:09:00:27 +0800] "www.mbtsneakers.com" "GET /wp/index.php?rest_route=/batch/v1 HTTP/1.1" 403 150 "https://mbtsneakers.com/wp/wp-admin/" "WordPress/6.4.3" "127.0.0.1,195.178.110.101" [-,-,-|0.000]Request_Body: "-"
172.71.99.229 - - [19/Sep/2026:09:00:27 +0800] "mbtsneakers.com" "POST /wp/index.php?rest_route=%2Fbatch%2Fv1 HTTP/1.1" 301 166 "https://mbtsneakers.com/wp/wp-admin/" "WordPress/6.4.3" "127.0.0.1,195.178.110.101" [-,-,-|0.000]Request_Body: "-"
104.23.170.171 - - [19/Sep/2026:09:00:27 +0800] "www.mbtsneakers.com" "GET /blog/index.php?rest_route=%2Fbatch%2Fv1 HTTP/1.1" 403 150 "https://mbtsneakers.com/blog/wp-admin/" "WordPress/6.4.3" "127.0.0.1,195.178.110.101" [-,-,-|0.000]Request_Body: "-"
172.71.99.229 - - [19/Sep/2026:09:00:27 +0800] "mbtsneakers.com" "POST /blog/?rest_route=%2Fbatch%2Fv1 HTTP/1.1" 301 166 "https://mbtsneakers.com/blog/wp-admin/" "WordPress/6.4.3" "127.0.0.1,195.178.110.101" [-,-,-|0.000]Request_Body: "-"
104.23.170.171 - - [19/Sep/2026:09:00:27 +0800] "www.mbtsneakers.com" "GET /wp/index.php?rest_route=%2Fbatch%2Fv1 HTTP/1.1" 403 150 "https://mbtsneakers.com/wp/wp-admin/" "WordPress/6.4.3" "127.0.0.1,195.178.110.101" [-,-,-|0.000]Request_Body: "-"
172.71.99.229 - - [19/Sep/2026:09:00:27 +0800] "mbtsneakers.com" "POST /wp/?rest_route=%2Fbatch%2Fv1 HTTP/1.1" 301 166 "https://mbtsneakers.com/wp/wp-admin/" "WordPress/6.4.3" "127.0.0.1,195.178.110.101" [-,-,-|0.000]Request_Body: "-"
104.23.170.171 - - [19/Sep/2026:09:00:29 +0800] "www.mbtsneakers.com" "GET /blog/?rest_route=%2Fbatch%2Fv1 HTTP/1.1" 404 125 "https://mbtsneakers.com/blog/wp-admin/" "WordPress/6.4.3" "127.0.0.1,195.178.110.101" [0.001,1.221,1.221|1.222]Request_Body: "-"
172.71.99.229 - - [19/Sep/2026:09:00:29 +0800] "mbtsneakers.com" "POST /blog/?rest_route=/batch%2Fv1 HTTP/1.1" 301 166 "https://mbtsneakers.com/blog/wp-admin/" "WordPress/6.4.3" "127.0.0.1,195.178.110.101" [-,-,-|0.000]Request_Body: "-"
172.71.102.218 - - [19/Sep/2026:09:00:29 +0800] "www.mbtsneakers.com" "GET /wp/?rest_route=%2Fbatch%2Fv1 HTTP/1.1" 404 125 "https://mbtsneakers.com/wp/wp-admin/" "WordPress/6.4.3" "127.0.0.1,195.178.110.101" [0.001,1.215,1.215|1.215]Request_Body: "-"
172.70.46.204 - - [19/Sep/2026:09:00:33 +0800] "mbtsneakers.com" "POST /wp/?rest_route=/batch%2Fv1 HTTP/1.1" 301 166 "https://mbtsneakers.com/wp/wp-admin/" "WordPress/6.4.3" "127.0.0.1,195.178.110.101" [-,-,-|0.000]Request_Body: "-"
172.71.99.119 - - [19/Sep/2026:09:00:35 +0800] "www.mbtsneakers.com" "GET /wp/?rest_route=/batch%2Fv1 HTTP/1.1" 404 125 "https://mbtsneakers.com/wp/wp-admin/" "WordPress/6.4.3" "127.0.0.1,195.178.110.101" [0.001,1.331,1.331|1.332]Request_Body: "-"
172.70.46.204 - - [19/Sep/2026:09:00:47 +0800] "mbtsneakers.com" "POST /blog/?rest_route=/batch/v1 HTTP/1.1" 301 166 "https://mbtsneakers.com/blog/wp-admin/" "WordPress/6.4.3" "127.0.0.1,195.178.110.101" [-,-,-|0.000]Request_Body: "-"
104.23.172.30 - - [19/Sep/2026:09:00:48 +0800] "mbtsneakers.com" "POST /wp/?rest_route=/batch/v1 HTTP/1.1" 301 166 "https://mbtsneakers.com/wp/wp-admin/" "WordPress/6.4.3" "127.0.0.1,195.178.110.101" [-,-,-|0.000]Request_Body: "-"
172.71.99.119 - - [19/Sep/2026:09:00:49 +0800] "www.mbtsneakers.com" "GET /blog/?rest_route=/batch/v1 HTTP/1.1" 404 125 "https://mbtsneakers.com/blog/wp-admin/" "WordPress/6.4.3" "127.0.0.1,195.178.110.101" [0.001,1.211,1.211|1.210]Request_Body: "-"
104.23.170.171 - - [19/Sep/2026:09:00:49 +0800] "www.mbtsneakers.com" "GET /wp/?rest_route=/batch/v1 HTTP/1.1" 404 125 "https://mbtsneakers.com/wp/wp-admin/" "WordPress/6.4.3" "127.0.0.1,195.178.110.101" [0.001,1.196,1.196|1.196]Request_Body: "-"
104.23.172.30 - - [19/Sep/2026:09:01:02 +0800] "mbtsneakers.com" "POST /blog/wp-json/batch/v1 HTTP/1.1" 301 166 "https://mbtsneakers.com/blog/wp-admin/" "WordPress/6.4.3" "127.0.0.1,195.178.110.101" [-,-,-|0.000]Request_Body: "-"
172.70.46.204 - - [19/Sep/2026:09:01:02 +0800] "mbtsneakers.com" "POST /wp/wp-json/batch/v1 HTTP/1.1" 301 166 "https://mbtsneakers.com/wp/wp-admin/" "WordPress/6.4.3" "127.0.0.1,195.178.110.101" [-,-,-|0.000]Request_Body: "-"
172.71.99.119 - - [19/Sep/2026:09:01:04 +0800] "www.mbtsneakers.com" "GET /blog/wp-json/batch/v1 HTTP/1.1" 404 27374 "https://mbtsneakers.com/blog/wp-admin/" "WordPress/6.4.3" "127.0.0.1,195.178.110.101" [0.001,1.246,1.248|1.248]Request_Body: "-"
172.70.46.204 - - [19/Sep/2026:09:01:04 +0800] "mbtsneakers.com" "POST /blog/wp-json/Batch/v1 HTTP/1.1" 301 166 "https://mbtsneakers.com/blog/wp-admin/" "WordPress/6.4.3" "127.0.0.1,195.178.110.101" [-,-,-|0.000]Request_Body: "-"
172.71.99.119 - - [19/Sep/2026:09:01:06 +0800] "www.mbtsneakers.com" "GET /wp/wp-json/batch/v1 HTTP/1.1" 404 27373 "https://mbtsneakers.com/wp/wp-admin/" "WordPress/6.4.3" "127.0.0.1,195.178.110.101" [0.004,1.357,1.359|1.359]Request_Body: "-"
172.70.46.204 - - [19/Sep/2026:09:01:06 +0800] "mbtsneakers.com" "POST /wp/wp-json/Batch/v1 HTTP/1.1" 301 166 "https://mbtsneakers.com/wp/wp-admin/" "WordPress/6.4.3" "127.0.0.1,195.178.110.101" [-,-,-|0.000]Request_Body: "-"
172.71.99.119 - - [19/Sep/2026:09:01:07 +0800] "www.mbtsneakers.com" "GET /blog/wp-json/Batch/v1 HTTP/1.1" 404 27375 "https://mbtsneakers.com/blog/wp-admin/" "WordPress/6.4.3" "127.0.0.1,195.178.110.101" [0.001,1.251,1.253|1.253]Request_Body: "-"
172.70.46.204 - - [19/Sep/2026:09:01:08 +0800] "mbtsneakers.com" "POST /blog//wp-json/batch/v1 HTTP/1.1" 301 166 "https://mbtsneakers.com/blog/wp-admin/" "WordPress/6.4.3" "127.0.0.1,195.178.110.101" [-,-,-|0.000]Request_Body: "-"
172.71.99.119 - - [19/Sep/2026:09:01:09 +0800] "www.mbtsneakers.com" "GET /wp/wp-json/Batch/v1 HTTP/1.1" 404 27373 "https://mbtsneakers.com/wp/wp-admin/" "WordPress/6.4.3" "127.0.0.1,195.178.110.101" [0.000,1.436,1.438|1.438]Request_Body: "-"
172.70.46.204 - - [19/Sep/2026:09:01:09 +0800] "mbtsneakers.com" "POST /wp//wp-json/batch/v1 HTTP/1.1" 301 166 "https://mbtsneakers.com/wp/wp-admin/" "WordPress/6.4.3" "127.0.0.1,195.178.110.101" [-,-,-|0.000]Request_Body: "-"
172.71.99.119 - - [19/Sep/2026:09:01:10 +0800] "www.mbtsneakers.com" "GET /blog//wp-json/batch/v1 HTTP/1.1" 301 5 "https://mbtsneakers.com/blog/wp-admin/" "WordPress/6.4.3" "127.0.0.1,195.178.110.101" [0.000,1.093,1.093|1.093]Request_Body: "-"
172.71.99.119 - - [19/Sep/2026:09:01:12 +0800] "www.mbtsneakers.com" "GET /wp//wp-json/batch/v1 HTTP/1.1" 301 5 "https://mbtsneakers.com/wp/wp-admin/" "WordPress/6.4.3" "127.0.0.1,195.178.110.101" [0.000,1.182,1.182|1.182]Request_Body: "-"
172.71.99.119 - - [19/Sep/2026:09:01:13 +0800] "www.mbtsneakers.com" "GET /blog/wp-json/batch/v1 HTTP/1.1" 404 27374 "https://mbtsneakers.com/blog/wp-admin/" "WordPress/6.4.3" "127.0.0.1,195.178.110.101" [0.001,1.393,1.395|1.395]Request_Body: "-"
172.70.46.204 - - [19/Sep/2026:09:01:17 +0800] "mbtsneakers.com" "POST /blog/wp-json/batch/v1/ HTTP/1.1" 301 166 "https://mbtsneakers.com/blog/wp-admin/" "WordPress/6.4.3" "127.0.0.1,195.178.110.101" [-,-,-|0.000]Request_Body: "-"
104.23.223.72 - - [19/Sep/2026:09:04:21 +0800] "mbtsneakers.com" "GET /wp-admin/install.php?step=1 HTTP/1.1" 301 166 "-" "http://mbtsneakers.com/wp-admin/install.php?step=1" "2a06:98c0:3600::103" [-,-,-|0.000]Request_Body: "-"
104.23.223.110 - - [19/Sep/2026:09:04:22 +0800] "www.mbtsneakers.com" "GET /wp-admin/install.php?step=1 HTTP/1.1" 200 542 "-" "http://mbtsneakers.com/wp-admin/install.php?step=1" "2a06:98c0:3600::103" [0.000,0.338,0.338|0.339]Request_Body: "-"
104.23.254.220 - - [19/Sep/2026:09:08:40 +0800] "mbtsneakers.com" "GET / HTTP/1.1" 301 166 "-" "Mozilla/5.0 (Windows NT 10.0; Win64; x64) AppleWebKit/537.36 (KHTML, like Gecko) Chrome/94.0.4606.81 Safari/537.36" "186.158.6.145" [-,-,-|0.000]Request_Body: "-"
162.158.195.194 - - [19/Sep/2026:09:08:43 +0800] "mbtsneakers.com" "GET / HTTP/1.1" 301 166 "-" "Mozilla/5.0 (Windows NT 10.0; Win64; x64) AppleWebKit/537.36 (KHTML, like Gecko) Chrome/94.0.4606.81 Safari/537.36" "190.188.108.197" [-,-,-|0.000]Request_Body: "-"
162.158.174.72 - - [19/Sep/2026:09:08:45 +0800] "mbtsneakers.com" "GET / HTTP/1.1" 301 166 "-" "Mozilla/5.0 (Windows NT 10.0; Win64; x64) AppleWebKit/537.36 (KHTML, like Gecko) Chrome/136.0.0.0 Whale/4.32.315.22 Safari/537.36" "142.147.252.3" [-,-,-|0.000]Request_Body: "-"
162.158.152.157 - - [19/Sep/2026:09:18:19 +0800] "www.mbtsneakers.com" "GET /wp-content/uploads/images/logo.png HTTP/1.1" 200 219587 "-" "Mozilla/5.0 AppleWebKit/537.36 (KHTML, like Gecko; compatible; bingbot/2.0; +http://www.bing.com/bingbot.htm) Chrome/116.0.1938.76 Safari/537.36" "52.167.144.168" [0.063,0.126,0.377|0.377]Request_Body: "-"
172.71.146.34 - - [19/Sep/2026:09:39:10 +0800] "mbtsneakers.com" "GET /product/mbt-mtr-1500-trainer-mens-running-shoes HTTP/1.1" 301 166 "-" "Mozilla/5.0 AppleWebKit/537.36 (KHTML, like Gecko; compatible; bingbot/2.0; +http://www.bing.com/bingbot.htm) Chrome/116.0.1938.76 Safari/537.36" "157.55.39.200" [-,-,-|0.000]Request_Body: "-"
172.70.127.147 - - [19/Sep/2026:09:40:57 +0800] "www.mbtsneakers.com" "GET /shop/?shop_view=list HTTP/1.1" 200 39072 "-" "Mozilla/5.0 (Linux; Android 6.0.1; Nexus 5X Build/MMB29P) AppleWebKit/537.36 (KHTML, like Gecko) Chrome/153.0.8010.47 Mobile Safari/537.36 (compatible; Googlebot/2.1; +http://www.google.com/bot.html)" "66.249.75.162" [0.001,3.291,3.310|3.309]Request_Body: "-"
104.22.64.74 - - [19/Sep/2026:09:42:43 +0800] "www.mbtsneakers.com" "GET /wp-content/themes/woodmart/css/parts/woo-shop-builder.min.css?ver=8.2.7 HTTP/1.1" 200 239 "https://www.mbtsneakers.com/shop/?shop_view=list" "Mozilla/5.0 (Linux; Android 6.0.1; Nexus 5X Build/MMB29P) AppleWebKit/537.36 (KHTML, like Gecko) Chrome/153.0.8010.47 Mobile Safari/537.36 (compatible; Googlebot/2.1; +http://www.google.com/bot.html)" "66.249.75.162" [-,-,-|0.000]Request_Body: "-"
172.69.17.148 - - [19/Sep/2026:09:42:46 +0800] "www.mbtsneakers.com" "GET /wp-content/themes/woodmart/css/parts/woo-mod-login-form.min.css?ver=8.2.7 HTTP/1.1" 304 0 "https://www.mbtsneakers.com/shop/?shop_view=list" "Mozilla/5.0 (Linux; Android 6.0.1; Nexus 5X Build/MMB29P) AppleWebKit/537.36 (KHTML, like Gecko) Chrome/153.0.8010.47 Mobile Safari/537.36 (compatible; Googlebot/2.1; +http://www.google.com/bot.html)" "66.249.75.161" [-,-,-|0.000]Request_Body: "-"
172.70.100.55 - - [19/Sep/2026:09:42:49 +0800] "www.mbtsneakers.com" "GET /wp-content/themes/woodmart/css/parts/woo-widget-active-filters.min.css?ver=8.2.7 HTTP/1.1" 200 374 "https://www.mbtsneakers.com/shop/?shop_view=list" "Mozilla/5.0 (Linux; Android 6.0.1; Nexus 5X Build/MMB29P) AppleWebKit/537.36 (KHTML, like Gecko) Chrome/153.0.8010.47 Mobile Safari/537.36 (compatible; Googlebot/2.1; +http://www.google.com/bot.html)" "66.249.75.162" [-,-,-|0.000]Request_Body: "-"
108.162.216.16 - - [19/Sep/2026:09:42:51 +0800] "www.mbtsneakers.com" "GET /wp-content/themes/woodmart/css/parts/opt-off-canvas-sidebar.min.css?ver=8.2.7 HTTP/1.1" 200 647 "https://www.mbtsneakers.com/shop/?shop_view=list" "Mozilla/5.0 (Linux; Android 6.0.1; Nexus 5X Build/MMB29P) AppleWebKit/537.36 (KHTML, like Gecko) Chrome/153.0.8010.47 Mobile Safari/537.36 (compatible; Googlebot/2.1; +http://www.google.com/bot.html)" "66.249.75.161" [-,-,-|0.000]Request_Body: "-"
172.69.7.206 - - [19/Sep/2026:09:42:54 +0800] "www.mbtsneakers.com" "GET /wp-content/themes/woodmart/css/parts/woo-shop-el-products-view.min.css?ver=8.2.7 HTTP/1.1" 200 772 "https://www.mbtsneakers.com/shop/?shop_view=list" "Mozilla/5.0 (Linux; Android 6.0.1; Nexus 5X Build/MMB29P) AppleWebKit/537.36 (KHTML, like Gecko) Chrome/153.0.8010.47 Mobile Safari/537.36 (compatible; Googlebot/2.1; +http://www.google.com/bot.html)" "66.249.75.161" [-,-,-|0.000]Request_Body: "-"
172.70.126.107 - - [19/Sep/2026:09:42:57 +0800] "www.mbtsneakers.com" "GET /wp-content/plugins/elementor/assets/css/widget-divider.min.css?ver=3.31.1 HTTP/1.1" 200 866 "https://www.mbtsneakers.com/shop/?shop_view=list" "Mozilla/5.0 (Linux; Android 6.0.1; Nexus 5X Build/MMB29P) AppleWebKit/537.36 (KHTML, like Gecko) Chrome/153.0.8010.47 Mobile Safari/537.36 (compatible; Googlebot/2.1; +http://www.google.com/bot.html)" "66.249.75.161" [-,-,-|0.000]Request_Body: "-"
172.69.58.27 - - [19/Sep/2026:09:43:00 +0800] "www.mbtsneakers.com" "GET /wp-content/themes/woodmart/js/scripts/wc/sortByWidget.min.js?ver=8.2.7 HTTP/1.1" 200 846 "https://www.mbtsneakers.com/shop/?shop_view=list" "Mozilla/5.0 (Linux; Android 6.0.1; Nexus 5X Build/MMB29P) AppleWebKit/537.36 (KHTML, like Gecko) Chrome/153.0.8010.47 Mobile Safari/537.36 (compatible; Googlebot/2.1; +http://www.google.com/bot.html)" "66.249.75.161" [-,-,-|0.000]Request_Body: "-"
162.158.42.195 - - [19/Sep/2026:09:43:04 +0800] "www.mbtsneakers.com" "GET /wp-content/themes/woodmart/js/libs/pjax.min.js?ver=8.2.7 HTTP/1.1" 200 3564 "https://www.mbtsneakers.com/shop/?shop_view=list" "Mozilla/5.0 (Linux; Android 6.0.1; Nexus 5X Build/MMB29P) AppleWebKit/537.36 (KHTML, like Gecko) Chrome/153.0.8010.47 Mobile Safari/537.36 (compatible; Googlebot/2.1; +http://www.google.com/bot.html)" "66.249.68.194" [-,-,-|0.000]Request_Body: "-"
172.69.7.241 - - [19/Sep/2026:09:43:07 +0800] "www.mbtsneakers.com" "GET /wp-content/themes/woodmart/js/scripts/wc/stickySidebarBtn.min.js?ver=8.2.7 HTTP/1.1" 200 592 "https://www.mbtsneakers.com/shop/?shop_view=list" "Mozilla/5.0 (Linux; Android 6.0.1; Nexus 5X Build/MMB29P) AppleWebKit/537.36 (KHTML, like Gecko) Chrome/153.0.8010.47 Mobile Safari/537.36 (compatible; Googlebot/2.1; +http://www.google.com/bot.html)" "66.249.75.162" [-,-,-|0.000]Request_Body: "-"
162.158.217.115 - - [19/Sep/2026:09:44:39 +0800] "mbtsneakers.com" "POST /wp-json/batch/v1 HTTP/1.1" 301 166 "-" "Mozilla/5.0 (Windows NT 10.0; Win64; x64) AppleWebKit/537.36" "185.73.181.163" [-,-,-|0.000]Request_Body: "-"
172.71.141.221 - - [19/Sep/2026:09:44:50 +0800] "www.mbtsneakers.com" "GET /wp-json/batch/v1 HTTP/1.1" 404 125 "-" "Mozilla/5.0 (Windows NT 10.0; Win64; x64) AppleWebKit/537.36" "185.73.181.163" [0.000,10.218,10.218|10.218]Request_Body: "-"
162.158.217.115 - - [19/Sep/2026:09:44:50 +0800] "mbtsneakers.com" "POST /?rest_route=/batch/v1 HTTP/1.1" 301 166 "-" "Mozilla/5.0 (Windows NT 10.0; Win64; x64) AppleWebKit/537.36" "185.73.181.163" [-,-,-|0.000]Request_Body: "-"
172.71.141.221 - - [19/Sep/2026:09:44:59 +0800] "www.mbtsneakers.com" "GET /?rest_route=/batch/v1 HTTP/1.1" 404 125 "-" "Mozilla/5.0 (Windows NT 10.0; Win64; x64) AppleWebKit/537.36" "185.73.181.163" [0.010,7.998,7.998|7.998]Request_Body: "-"
162.158.217.115 - - [19/Sep/2026:09:44:59 +0800] "mbtsneakers.com" "POST /wp-json/batch/v1 HTTP/1.1" 301 166 "-" "Mozilla/5.0 (Windows NT 10.0; Win64; x64) AppleWebKit/537.36" "185.73.181.163" [-,-,-|0.000]Request_Body: "-"
172.71.141.221 - - [19/Sep/2026:09:45:05 +0800] "www.mbtsneakers.com" "GET /wp-json/batch/v1 HTTP/1.1" 404 125 "-" "Mozilla/5.0 (Windows NT 10.0; Win64; x64) AppleWebKit/537.36" "185.73.181.163" [0.001,5.424,5.424|5.424]Request_Body: "-"
172.68.26.30 - - [19/Sep/2026:09:51:15 +0800] "www.mbtsneakers.com" "GET /category/women/page/20/?stock_status=instock&per_page=12 HTTP/1.1" 200 37354 "https://www.mbtsneakers.com/" "Mozilla/5.0 (Macintosh; Intel Mac OS X 10_15_7) AppleWebKit/537.36 (KHTML, like Gecko) Chrome/123.0.0.0 Safari/537.36" "209.95.124.13" [0.001,1.584,1.587|1.587]Request_Body: "-"
104.23.209.188 - - [19/Sep/2026:09:58:19 +0800] "www.mbtsneakers.com" "GET /?post_type=product&s=2026 HTTP/1.1" 200 30018 "-" "Mozilla/5.0 AppleWebKit/537.36 (KHTML, like Gecko; compatible; bingbot/2.0; +http://www.bing.com/bingbot.htm) Chrome/116.0.1938.76 Safari/537.36" "52.167.144.219" [0.001,1.917,1.922|1.922]Request_Body: "-"
104.23.251.161 - - [19/Sep/2026:10:00:54 +0800] "mbtsneakers.com" "GET /blog/wp-login.php HTTP/1.1" 301 166 "-" "Mozilla/5.0 (Macintosh; Intel Mac OS X 10_15_7) AppleWebKit/537.36 (KHTML, like Gecko) Chrome/148.0.0.0 Safari/537.36" "74.220.219.183" [-,-,-|0.000]Request_Body: "-"
162.158.90.63 - - [19/Sep/2026:10:00:54 +0800] "www.mbtsneakers.com" "GET /blog/wp-login.php HTTP/1.1" 403 552 "http://www.mbtsneakers.com/" "Mozilla/5.0 (Macintosh; Intel Mac OS X 10_15_7) AppleWebKit/537.36 (KHTML, like Gecko) Chrome/148.0.0.0 Safari/537.36" "74.220.219.183" [-,-,-|0.000]Request_Body: "-"
172.70.34.20 - - [19/Sep/2026:10:16:47 +0800] "www.mbtsneakers.com" "GET /product/mbt-myto-womens-sneakers/ HTTP/1.1" 200 38255 "-" "Mozilla/5.0 AppleWebKit/537.36 (KHTML, like Gecko; compatible; bingbot/2.0; +http://www.bing.com/bingbot.htm) Chrome/116.0.1938.76 Safari/537.36" "52.167.144.235" [0.010,83.462,83.467|83.467]Request_Body: "-"
162.158.63.65 - - [19/Sep/2026:10:38:57 +0800] "mbtsneakers.com" "GET /favicon.ico HTTP/1.1" 301 166 "https://mbtsneakers.com/" "Mozilla/5.0 (X11; Linux x86_64; rv:142.0) Gecko/20100101 Firefox/142.0" "137.184.131.60" [-,-,-|0.000]Request_Body: "-"
104.22.72.57 - - [19/Sep/2026:10:46:44 +0800] "www.mbtsneakers.com" "GET /robots.txt HTTP/1.1" 304 0 "-" "Mozilla/5.0 AppleWebKit/537.36 (KHTML, like Gecko; compatible; bingbot/2.0; +http://www.bing.com/bingbot.htm) Chrome/116.0.1938.76 Safari/537.36" "157.55.39.223" [-,-,-|0.000]Request_Body: "-"
104.22.160.56 - - [19/Sep/2026:10:46:47 +0800] "www.mbtsneakers.com" "GET /shop/page/22/?per_row=3&shop_view=grid&post_type=product&per_page=12 HTTP/1.1" 200 37872 "-" "Mozilla/5.0 AppleWebKit/537.36 (KHTML, like Gecko; compatible; bingbot/2.0; +http://www.bing.com/bingbot.htm) Chrome/116.0.1938.76 Safari/537.36" "157.55.39.201" [0.000,2.012,2.016|2.016]Request_Body: "-"
104.22.104.163 - - [19/Sep/2026:10:49:16 +0800] "www.mbtsneakers.com" "GET /wp-content/plugins/revslider/public/js/sr7.js?ver=6.7.35 HTTP/1.1" 200 110545 "-" "Mozilla/5.0 AppleWebKit/537.36 (KHTML, like Gecko; compatible; bingbot/2.0; +http://www.bing.com/bingbot.htm) Chrome/116.0.1938.76 Safari/537.36" "40.77.167.73" [-,-,-|0.063]Request_Body: "-"
172.71.195.4 - - [19/Sep/2026:10:49:16 +0800] "www.mbtsneakers.com" "GET /wp-content/plugins/revslider/public/js/libs/tptools.js?ver=6.7.35 HTTP/1.1" 200 83288 "-" "Mozilla/5.0 AppleWebKit/537.36 (KHTML, like Gecko; compatible; bingbot/2.0; +http://www.bing.com/bingbot.htm) Chrome/116.0.1938.76 Safari/537.36" "40.77.167.73" [-,-,-|0.060]Request_Body: "-"
104.23.223.72 - - [19/Sep/2026:10:54:07 +0800] "mbtsneakers.com" "GET /wp-admin/install.php?step=1 HTTP/1.1" 301 166 "-" "http://mbtsneakers.com/wp-admin/install.php?step=1" "2a06:98c0:3600::103" [-,-,-|0.000]Request_Body: "-"
104.23.223.111 - - [19/Sep/2026:10:54:08 +0800] "www.mbtsneakers.com" "GET /wp-admin/install.php?step=1 HTTP/1.1" 200 542 "-" "http://mbtsneakers.com/wp-admin/install.php?step=1" "2a06:98c0:3600::103" [0.000,0.355,0.355|0.355]Request_Body: "-"
172.70.130.203 - - [19/Sep/2026:11:02:48 +0800] "www.mbtsneakers.com" "GET /product/mbt-mbt-1000-lace-up-womens-running-shoes/ HTTP/1.1" 200 37953 "-" "Mozilla/5.0 AppleWebKit/537.36 (KHTML, like Gecko; compatible; Reflectionbot/1.0; +https://reflection.ai/bot) Chrome/151.0.0.0 Safari/537.36" "16.216.88.126" [0.001,49.301,49.310|49.310]Request_Body: "-"
172.68.210.232 - - [19/Sep/2026:11:06:51 +0800] "mbtsneakers.com" "GET /wp-content/plugins/woodmart-multi-currency/assets/flags/us.svg HTTP/1.1" 301 166 "-" "Mozilla/5.0 (Windows NT 10.0; Win64; x64) AppleWebKit/537.36 (KHTML, like Gecko) Chrome/147.0.0.0 Safari/537.36" "212.70.26.83" [-,-,-|0.000]Request_Body: "-"
162.158.168.193 - - [19/Sep/2026:11:06:55 +0800] "www.mbtsneakers.com" "GET /wp-content/plugins/woodmart-multi-currency/assets/flags/us.svg HTTP/1.1" 304 0 "-" "Mozilla/5.0 (Windows NT 10.0; Win64; x64) AppleWebKit/537.36 (KHTML, like Gecko) Chrome/147.0.0.0 Safari/537.36" "212.70.26.83" [-,-,-|0.000]Request_Body: "-"
108.162.249.98 - - [19/Sep/2026:11:06:57 +0800] "mbtsneakers.com" "GET /wp-content/plugins/woodmart-multi-currency/assets/flags/gb.svg HTTP/1.1" 301 166 "-" "Mozilla/5.0 (Windows NT 10.0; Win64; x64) AppleWebKit/537.36 (KHTML, like Gecko) Chrome/147.0.0.0 Safari/537.36" "212.70.26.83" [-,-,-|0.000]Request_Body: "-"
