172.71.99.76 - - [19/Sep/2026:12:42:35 +0800] "www.represshop.com" "GET /blog//wp-json/batch/v1 HTTP/1.1" 301 5 "https://represshop.com/blog/wp-admin/" "Mozilla/5.0 (Windows NT 10.0; Win64; x64) AppleWebKit/537.36 (KHTML, like Gecko) Chrome/120.0.0.0 Safari/537.36" "127.0.0.1,45.148.10.247" [0.001,1.447,1.447|1.447]Request_Body: "-"
172.71.102.231 - - [19/Sep/2026:12:42:36 +0800] "www.represshop.com" "GET /wp/wp-json/batch/v1 HTTP/1.1" 404 29359 "https://represshop.com/wp/wp-admin/" "Mozilla/5.0 (Windows NT 10.0; Win64; x64) AppleWebKit/537.36 (KHTML, like Gecko) Chrome/120.0.0.0 Safari/537.36" "127.0.0.1,45.148.10.247" [0.001,1.697,1.700|1.701]Request_Body: "-"
172.71.99.76 - - [19/Sep/2026:12:42:36 +0800] "www.represshop.com" "GET /blog/wp-json/batch/v1 HTTP/1.1" 404 29361 "https://represshop.com/blog/wp-admin/" "Mozilla/5.0 (Windows NT 10.0; Win64; x64) AppleWebKit/537.36 (KHTML, like Gecko) Chrome/120.0.0.0 Safari/537.36" "127.0.0.1,45.148.10.247" [0.001,1.675,1.681|1.680]Request_Body: "-"
162.159.113.94 - - [19/Sep/2026:12:42:36 +0800] "represshop.com" "POST /wp/wp-json/batch/v1/ HTTP/1.1" 301 166 "https://represshop.com/wp/wp-admin/" "Mozilla/5.0 (Windows NT 10.0; Win64; x64) AppleWebKit/537.36 (KHTML, like Gecko) Chrome/120.0.0.0 Safari/537.36" "127.0.0.1,45.148.10.247" [-,-,-|0.000]Request_Body: "-"
104.23.170.194 - - [19/Sep/2026:12:42:42 +0800] "represshop.com" "POST /blog/wp-json/batch/v1/ HTTP/1.1" 301 166 "https://represshop.com/blog/wp-admin/" "Mozilla/5.0 (Windows NT 10.0; Win64; x64) AppleWebKit/537.36 (KHTML, like Gecko) Chrome/120.0.0.0 Safari/537.36" "127.0.0.1,45.148.10.247" [-,-,-|0.000]Request_Body: "-"
172.71.99.76 - - [19/Sep/2026:12:42:43 +0800] "www.represshop.com" "GET /blog/wp-json/batch/v1/ HTTP/1.1" 404 29366 "https://represshop.com/blog/wp-admin/" "Mozilla/5.0 (Windows NT 10.0; Win64; x64) AppleWebKit/537.36 (KHTML, like Gecko) Chrome/120.0.0.0 Safari/537.36" "127.0.0.1,45.148.10.247" [0.001,1.497,1.500|1.499]Request_Body: "-"
172.71.102.231 - - [19/Sep/2026:12:42:43 +0800] "www.represshop.com" "GET /wp/wp-json/batch/v1/ HTTP/1.1" 404 29364 "https://represshop.com/wp/wp-admin/" "Mozilla/5.0 (Windows NT 10.0; Win64; x64) AppleWebKit/537.36 (KHTML, like Gecko) Chrome/120.0.0.0 Safari/537.36" "127.0.0.1,45.148.10.247" [0.001,1.485,1.488|1.488]Request_Body: "-"
162.159.113.94 - - [19/Sep/2026:12:42:44 +0800] "represshop.com" "POST /blog/blog/wp-json/batch/v1 HTTP/1.1" 301 166 "https://represshop.com/blog/wp-admin/" "Mozilla/5.0 (Windows NT 10.0; Win64; x64) AppleWebKit/537.36 (KHTML, like Gecko) Chrome/120.0.0.0 Safari/537.36" "127.0.0.1,45.148.10.247" [-,-,-|0.000]Request_Body: "-"
104.23.170.194 - - [19/Sep/2026:12:42:44 +0800] "represshop.com" "POST /wp/blog/wp-json/batch/v1 HTTP/1.1" 301 166 "https://represshop.com/wp/wp-admin/" "Mozilla/5.0 (Windows NT 10.0; Win64; x64) AppleWebKit/537.36 (KHTML, like Gecko) Chrome/120.0.0.0 Safari/537.36" "127.0.0.1,45.148.10.247" [-,-,-|0.000]Request_Body: "-"
172.71.99.76 - - [19/Sep/2026:12:42:45 +0800] "www.represshop.com" "GET /wp/blog/wp-json/batch/v1 HTTP/1.1" 404 29363 "https://represshop.com/wp/wp-admin/" "Mozilla/5.0 (Windows NT 10.0; Win64; x64) AppleWebKit/537.36 (KHTML, like Gecko) Chrome/120.0.0.0 Safari/537.36" "127.0.0.1,45.148.10.247" [0.001,1.483,1.486|1.486]Request_Body: "-"
104.23.170.194 - - [19/Sep/2026:12:42:46 +0800] "represshop.com" "POST /wp/index.php?rest_route=/batch/v1 HTTP/1.1" 301 166 "https://represshop.com/wp/wp-admin/" "Mozilla/5.0 (Windows NT 10.0; Win64; x64) AppleWebKit/537.36 (KHTML, like Gecko) Chrome/120.0.0.0 Safari/537.36" "10.0.0.1,45.148.10.247" [-,-,-|0.000]Request_Body: "-"
172.71.102.231 - - [19/Sep/2026:12:42:46 +0800] "www.represshop.com" "GET /blog/blog/wp-json/batch/v1 HTTP/1.1" 404 29362 "https://represshop.com/blog/wp-admin/" "Mozilla/5.0 (Windows NT 10.0; Win64; x64) AppleWebKit/537.36 (KHTML, like Gecko) Chrome/120.0.0.0 Safari/537.36" "127.0.0.1,45.148.10.247" [0.001,1.888,1.891|1.890]Request_Body: "-"
172.71.99.76 - - [19/Sep/2026:12:42:46 +0800] "www.represshop.com" "GET /wp/index.php?rest_route=/batch/v1 HTTP/1.1" 403 552 "https://represshop.com/wp/wp-admin/" "Mozilla/5.0 (Windows NT 10.0; Win64; x64) AppleWebKit/537.36 (KHTML, like Gecko) Chrome/120.0.0.0 Safari/537.36" "10.0.0.1,45.148.10.247" [-,-,-|0.000]Request_Body: "-"
104.23.170.194 - - [19/Sep/2026:12:42:46 +0800] "represshop.com" "POST /wp/index.php?rest_route=%2Fbatch%2Fv1 HTTP/1.1" 301 166 "https://represshop.com/wp/wp-admin/" "Mozilla/5.0 (Windows NT 10.0; Win64; x64) AppleWebKit/537.36 (KHTML, like Gecko) Chrome/120.0.0.0 Safari/537.36" "10.0.0.1,45.148.10.247" [-,-,-|0.000]Request_Body: "-"
162.159.113.94 - - [19/Sep/2026:12:42:46 +0800] "represshop.com" "POST /blog/index.php?rest_route=/batch/v1 HTTP/1.1" 301 166 "https://represshop.com/blog/wp-admin/" "Mozilla/5.0 (Windows NT 10.0; Win64; x64) AppleWebKit/537.36 (KHTML, like Gecko) Chrome/120.0.0.0 Safari/537.36" "10.0.0.1,45.148.10.247" [-,-,-|0.000]Request_Body: "-"
172.71.102.231 - - [19/Sep/2026:12:42:46 +0800] "www.represshop.com" "GET /wp/index.php?rest_route=%2Fbatch%2Fv1 HTTP/1.1" 403 552 "https://represshop.com/wp/wp-admin/" "Mozilla/5.0 (Windows NT 10.0; Win64; x64) AppleWebKit/537.36 (KHTML, like Gecko) Chrome/120.0.0.0 Safari/537.36" "10.0.0.1,45.148.10.247" [-,-,-|0.000]Request_Body: "-"
172.71.99.76 - - [19/Sep/2026:12:42:46 +0800] "www.represshop.com" "GET /blog/index.php?rest_route=/batch/v1 HTTP/1.1" 403 552 "https://represshop.com/blog/wp-admin/" "Mozilla/5.0 (Windows NT 10.0; Win64; x64) AppleWebKit/537.36 (KHTML, like Gecko) Chrome/120.0.0.0 Safari/537.36" "10.0.0.1,45.148.10.247" [-,-,-|0.000]Request_Body: "-"
162.159.113.94 - - [19/Sep/2026:12:42:46 +0800] "represshop.com" "POST /wp/?rest_route=%2Fbatch%2Fv1 HTTP/1.1" 301 166 "https://represshop.com/wp/wp-admin/" "Mozilla/5.0 (Windows NT 10.0; Win64; x64) AppleWebKit/537.36 (KHTML, like Gecko) Chrome/120.0.0.0 Safari/537.36" "10.0.0.1,45.148.10.247" [-,-,-|0.000]Request_Body: "-"
162.159.113.94 - - [19/Sep/2026:12:42:47 +0800] "represshop.com" "POST /blog/index.php?rest_route=%2Fbatch%2Fv1 HTTP/1.1" 301 166 "https://represshop.com/blog/wp-admin/" "Mozilla/5.0 (Windows NT 10.0; Win64; x64) AppleWebKit/537.36 (KHTML, like Gecko) Chrome/120.0.0.0 Safari/537.36" "10.0.0.1,45.148.10.247" [-,-,-|0.000]Request_Body: "-"
172.71.102.231 - - [19/Sep/2026:12:42:47 +0800] "www.represshop.com" "GET /blog/index.php?rest_route=%2Fbatch%2Fv1 HTTP/1.1" 403 552 "https://represshop.com/blog/wp-admin/" "Mozilla/5.0 (Windows NT 10.0; Win64; x64) AppleWebKit/537.36 (KHTML, like Gecko) Chrome/120.0.0.0 Safari/537.36" "10.0.0.1,45.148.10.247" [-,-,-|0.000]Request_Body: "-"
162.159.113.94 - - [19/Sep/2026:12:42:47 +0800] "represshop.com" "POST /blog/?rest_route=%2Fbatch%2Fv1 HTTP/1.1" 301 166 "https://represshop.com/blog/wp-admin/" "Mozilla/5.0 (Windows NT 10.0; Win64; x64) AppleWebKit/537.36 (KHTML, like Gecko) Chrome/120.0.0.0 Safari/537.36" "10.0.0.1,45.148.10.247" [-,-,-|0.000]Request_Body: "-"
172.71.99.76 - - [19/Sep/2026:12:42:48 +0800] "www.represshop.com" "GET /wp/?rest_route=%2Fbatch%2Fv1 HTTP/1.1" 404 125 "https://represshop.com/wp/wp-admin/" "Mozilla/5.0 (Windows NT 10.0; Win64; x64) AppleWebKit/537.36 (KHTML, like Gecko) Chrome/120.0.0.0 Safari/537.36" "10.0.0.1,45.148.10.247" [0.000,1.224,1.224|1.224]Request_Body: "-"
162.159.113.94 - - [19/Sep/2026:12:42:48 +0800] "represshop.com" "POST /wp/?rest_route=/batch%2Fv1 HTTP/1.1" 301 166 "https://represshop.com/wp/wp-admin/" "Mozilla/5.0 (Windows NT 10.0; Win64; x64) AppleWebKit/537.36 (KHTML, like Gecko) Chrome/120.0.0.0 Safari/537.36" "10.0.0.1,45.148.10.247" [-,-,-|0.000]Request_Body: "-"
172.71.102.231 - - [19/Sep/2026:12:42:48 +0800] "www.represshop.com" "GET /blog/?rest_route=%2Fbatch%2Fv1 HTTP/1.1" 404 125 "https://represshop.com/blog/wp-admin/" "Mozilla/5.0 (Windows NT 10.0; Win64; x64) AppleWebKit/537.36 (KHTML, like Gecko) Chrome/120.0.0.0 Safari/537.36" "10.0.0.1,45.148.10.247" [0.001,1.221,1.221|1.221]Request_Body: "-"
162.159.113.94 - - [19/Sep/2026:12:42:48 +0800] "represshop.com" "POST /blog/?rest_route=/batch%2Fv1 HTTP/1.1" 301 166 "https://represshop.com/blog/wp-admin/" "Mozilla/5.0 (Windows NT 10.0; Win64; x64) AppleWebKit/537.36 (KHTML, like Gecko) Chrome/120.0.0.0 Safari/537.36" "10.0.0.1,45.148.10.247" [-,-,-|0.000]Request_Body: "-"
172.71.99.76 - - [19/Sep/2026:12:42:50 +0800] "www.represshop.com" "GET /wp/?rest_route=/batch%2Fv1 HTTP/1.1" 404 125 "https://represshop.com/wp/wp-admin/" "Mozilla/5.0 (Windows NT 10.0; Win64; x64) AppleWebKit/537.36 (KHTML, like Gecko) Chrome/120.0.0.0 Safari/537.36" "10.0.0.1,45.148.10.247" [0.000,1.496,1.496|1.497]Request_Body: "-"
162.159.113.94 - - [19/Sep/2026:12:42:50 +0800] "represshop.com" "POST /wp/?rest_route=/batch/v1 HTTP/1.1" 301 166 "https://represshop.com/wp/wp-admin/" "Mozilla/5.0 (Windows NT 10.0; Win64; x64) AppleWebKit/537.36 (KHTML, like Gecko) Chrome/120.0.0.0 Safari/537.36" "10.0.0.1,45.148.10.247" [-,-,-|0.000]Request_Body: "-"
172.71.102.231 - - [19/Sep/2026:12:42:50 +0800] "www.represshop.com" "GET /blog/?rest_route=/batch%2Fv1 HTTP/1.1" 404 125 "https://represshop.com/blog/wp-admin/" "Mozilla/5.0 (Windows NT 10.0; Win64; x64) AppleWebKit/537.36 (KHTML, like Gecko) Chrome/120.0.0.0 Safari/537.36" "10.0.0.1,45.148.10.247" [0.001,1.376,1.376|1.377]Request_Body: "-"
162.159.113.94 - - [19/Sep/2026:12:42:50 +0800] "represshop.com" "POST /blog/?rest_route=/batch/v1 HTTP/1.1" 301 166 "https://represshop.com/blog/wp-admin/" "Mozilla/5.0 (Windows NT 10.0; Win64; x64) AppleWebKit/537.36 (KHTML, like Gecko) Chrome/120.0.0.0 Safari/537.36" "10.0.0.1,45.148.10.247" [-,-,-|0.000]Request_Body: "-"
172.71.99.76 - - [19/Sep/2026:12:42:51 +0800] "www.represshop.com" "GET /wp/?rest_route=/batch/v1 HTTP/1.1" 404 125 "https://represshop.com/wp/wp-admin/" "Mozilla/5.0 (Windows NT 10.0; Win64; x64) AppleWebKit/537.36 (KHTML, like Gecko) Chrome/120.0.0.0 Safari/537.36" "10.0.0.1,45.148.10.247" [0.001,1.348,1.348|1.347]Request_Body: "-"
172.71.102.231 - - [19/Sep/2026:12:42:51 +0800] "www.represshop.com" "GET /blog/?rest_route=/batch/v1 HTTP/1.1" 404 125 "https://represshop.com/blog/wp-admin/" "Mozilla/5.0 (Windows NT 10.0; Win64; x64) AppleWebKit/537.36 (KHTML, like Gecko) Chrome/120.0.0.0 Safari/537.36" "10.0.0.1,45.148.10.247" [0.000,1.227,1.227|1.227]Request_Body: "-"
162.159.113.94 - - [19/Sep/2026:12:42:54 +0800] "represshop.com" "POST /blog/wp-json/batch/v1 HTTP/1.1" 301 166 "https://represshop.com/blog/wp-admin/" "Mozilla/5.0 (Windows NT 10.0; Win64; x64) AppleWebKit/537.36 (KHTML, like Gecko) Chrome/120.0.0.0 Safari/537.36" "10.0.0.1,45.148.10.247" [-,-,-|0.000]Request_Body: "-"
104.23.170.194 - - [19/Sep/2026:12:42:54 +0800] "represshop.com" "POST /wp/wp-json/batch/v1 HTTP/1.1" 301 166 "https://represshop.com/wp/wp-admin/" "Mozilla/5.0 (Windows NT 10.0; Win64; x64) AppleWebKit/537.36 (KHTML, like Gecko) Chrome/120.0.0.0 Safari/537.36" "10.0.0.1,45.148.10.247" [-,-,-|0.000]Request_Body: "-"
172.71.102.231 - - [19/Sep/2026:12:42:55 +0800] "www.represshop.com" "GET /wp/wp-json/batch/v1 HTTP/1.1" 404 29359 "https://represshop.com/wp/wp-admin/" "Mozilla/5.0 (Windows NT 10.0; Win64; x64) AppleWebKit/537.36 (KHTML, like Gecko) Chrome/120.0.0.0 Safari/537.36" "10.0.0.1,45.148.10.247" [0.001,1.325,1.328|1.328]Request_Body: "-"
172.71.99.76 - - [19/Sep/2026:12:42:55 +0800] "www.represshop.com" "GET /blog/wp-json/batch/v1 HTTP/1.1" 404 29361 "https://represshop.com/blog/wp-admin/" "Mozilla/5.0 (Windows NT 10.0; Win64; x64) AppleWebKit/537.36 (KHTML, like Gecko) Chrome/120.0.0.0 Safari/537.36" "10.0.0.1,45.148.10.247" [0.001,1.395,1.398|1.398]Request_Body: "-"
104.23.170.194 - - [19/Sep/2026:12:42:56 +0800] "represshop.com" "POST /wp/wp-json/Batch/v1 HTTP/1.1" 301 166 "https://represshop.com/wp/wp-admin/" "Mozilla/5.0 (Windows NT 10.0; Win64; x64) AppleWebKit/537.36 (KHTML, like Gecko) Chrome/120.0.0.0 Safari/537.36" "10.0.0.1,45.148.10.247" [-,-,-|0.000]Request_Body: "-"
162.159.113.94 - - [19/Sep/2026:12:42:56 +0800] "represshop.com" "POST /blog/wp-json/Batch/v1 HTTP/1.1" 301 166 "https://represshop.com/blog/wp-admin/" "Mozilla/5.0 (Windows NT 10.0; Win64; x64) AppleWebKit/537.36 (KHTML, like Gecko) Chrome/120.0.0.0 Safari/537.36" "10.0.0.1,45.148.10.247" [-,-,-|0.000]Request_Body: "-"
172.71.102.231 - - [19/Sep/2026:12:42:57 +0800] "www.represshop.com" "GET /blog/wp-json/Batch/v1 HTTP/1.1" 404 29362 "https://represshop.com/blog/wp-admin/" "Mozilla/5.0 (Windows NT 10.0; Win64; x64) AppleWebKit/537.36 (KHTML, like Gecko) Chrome/120.0.0.0 Safari/537.36" "10.0.0.1,45.148.10.247" [0.001,1.337,1.340|1.340]Request_Body: "-"
172.71.99.76 - - [19/Sep/2026:12:42:57 +0800] "www.represshop.com" "GET /wp/wp-json/Batch/v1 HTTP/1.1" 404 29360 "https://represshop.com/wp/wp-admin/" "Mozilla/5.0 (Windows NT 10.0; Win64; x64) AppleWebKit/537.36 (KHTML, like Gecko) Chrome/120.0.0.0 Safari/537.36" "10.0.0.1,45.148.10.247" [0.001,1.567,1.570|1.570]Request_Body: "-"
162.159.113.94 - - [19/Sep/2026:12:42:57 +0800] "represshop.com" "POST /blog//wp-json/batch/v1 HTTP/1.1" 301 166 "https://represshop.com/blog/wp-admin/" "Mozilla/5.0 (Windows NT 10.0; Win64; x64) AppleWebKit/537.36 (KHTML, like Gecko) Chrome/120.0.0.0 Safari/537.36" "10.0.0.1,45.148.10.247" [-,-,-|0.000]Request_Body: "-"
104.23.170.194 - - [19/Sep/2026:12:42:58 +0800] "represshop.com" "POST /wp//wp-json/batch/v1 HTTP/1.1" 301 166 "https://represshop.com/wp/wp-admin/" "Mozilla/5.0 (Windows NT 10.0; Win64; x64) AppleWebKit/537.36 (KHTML, like Gecko) Chrome/120.0.0.0 Safari/537.36" "10.0.0.1,45.148.10.247" [-,-,-|0.000]Request_Body: "-"
172.71.102.231 - - [19/Sep/2026:12:42:59 +0800] "www.represshop.com" "GET /wp//wp-json/batch/v1 HTTP/1.1" 301 5 "https://represshop.com/wp/wp-admin/" "Mozilla/5.0 (Windows NT 10.0; Win64; x64) AppleWebKit/537.36 (KHTML, like Gecko) Chrome/120.0.0.0 Safari/537.36" "10.0.0.1,45.148.10.247" [0.001,1.348,1.348|1.348]Request_Body: "-"
172.71.99.76 - - [19/Sep/2026:12:42:59 +0800] "www.represshop.com" "GET /blog//wp-json/batch/v1 HTTP/1.1" 301 5 "https://represshop.com/blog/wp-admin/" "Mozilla/5.0 (Windows NT 10.0; Win64; x64) AppleWebKit/537.36 (KHTML, like Gecko) Chrome/120.0.0.0 Safari/537.36" "10.0.0.1,45.148.10.247" [0.001,1.522,1.522|1.522]Request_Body: "-"
172.71.102.231 - - [19/Sep/2026:12:43:01 +0800] "www.represshop.com" "GET /wp/wp-json/batch/v1 HTTP/1.1" 404 29359 "https://represshop.com/wp/wp-admin/" "Mozilla/5.0 (Windows NT 10.0; Win64; x64) AppleWebKit/537.36 (KHTML, like Gecko) Chrome/120.0.0.0 Safari/537.36" "10.0.0.1,45.148.10.247" [0.000,1.934,1.942|1.942]Request_Body: "-"
172.71.99.76 - - [19/Sep/2026:12:43:01 +0800] "www.represshop.com" "GET /blog/wp-json/batch/v1 HTTP/1.1" 404 29361 "https://represshop.com/blog/wp-admin/" "Mozilla/5.0 (Windows NT 10.0; Win64; x64) AppleWebKit/537.36 (KHTML, like Gecko) Chrome/120.0.0.0 Safari/537.36" "10.0.0.1,45.148.10.247" [0.000,1.891,1.893|1.893]Request_Body: "-"
104.23.170.194 - - [19/Sep/2026:12:43:02 +0800] "represshop.com" "POST /wp/wp-json/batch/v1/ HTTP/1.1" 301 166 "https://represshop.com/wp/wp-admin/" "Mozilla/5.0 (Windows NT 10.0; Win64; x64) AppleWebKit/537.36 (KHTML, like Gecko) Chrome/120.0.0.0 Safari/537.36" "10.0.0.1,45.148.10.247" [-,-,-|0.000]Request_Body: "-"
162.159.113.94 - - [19/Sep/2026:12:43:02 +0800] "represshop.com" "POST /blog/wp-json/batch/v1/ HTTP/1.1" 301 166 "https://represshop.com/blog/wp-admin/" "Mozilla/5.0 (Windows NT 10.0; Win64; x64) AppleWebKit/537.36 (KHTML, like Gecko) Chrome/120.0.0.0 Safari/537.36" "10.0.0.1,45.148.10.247" [-,-,-|0.000]Request_Body: "-"
172.71.99.76 - - [19/Sep/2026:12:43:03 +0800] "www.represshop.com" "GET /wp/wp-json/batch/v1/ HTTP/1.1" 404 29364 "https://represshop.com/wp/wp-admin/" "Mozilla/5.0 (Windows NT 10.0; Win64; x64) AppleWebKit/537.36 (KHTML, like Gecko) Chrome/120.0.0.0 Safari/537.36" "10.0.0.1,45.148.10.247" [0.001,1.376,1.379|1.379]Request_Body: "-"
172.71.102.231 - - [19/Sep/2026:12:43:03 +0800] "www.represshop.com" "GET /blog/wp-json/batch/v1/ HTTP/1.1" 404 29366 "https://represshop.com/blog/wp-admin/" "Mozilla/5.0 (Windows NT 10.0; Win64; x64) AppleWebKit/537.36 (KHTML, like Gecko) Chrome/120.0.0.0 Safari/537.36" "10.0.0.1,45.148.10.247" [0.001,1.491,1.494|1.494]Request_Body: "-"
162.159.113.94 - - [19/Sep/2026:12:43:08 +0800] "represshop.com" "POST /wp/blog/wp-json/batch/v1 HTTP/1.1" 301 166 "https://represshop.com/wp/wp-admin/" "Mozilla/5.0 (Windows NT 10.0; Win64; x64) AppleWebKit/537.36 (KHTML, like Gecko) Chrome/120.0.0.0 Safari/537.36" "10.0.0.1,45.148.10.247" [-,-,-|0.000]Request_Body: "-"
104.23.170.194 - - [19/Sep/2026:12:43:08 +0800] "represshop.com" "POST /blog/blog/wp-json/batch/v1 HTTP/1.1" 301 166 "https://represshop.com/blog/wp-admin/" "Mozilla/5.0 (Windows NT 10.0; Win64; x64) AppleWebKit/537.36 (KHTML, like Gecko) Chrome/120.0.0.0 Safari/537.36" "10.0.0.1,45.148.10.247" [-,-,-|0.000]Request_Body: "-"
172.71.102.231 - - [19/Sep/2026:12:43:10 +0800] "www.represshop.com" "GET /wp/blog/wp-json/batch/v1 HTTP/1.1" 404 29363 "https://represshop.com/wp/wp-admin/" "Mozilla/5.0 (Windows NT 10.0; Win64; x64) AppleWebKit/537.36 (KHTML, like Gecko) Chrome/120.0.0.0 Safari/537.36" "10.0.0.1,45.148.10.247" [0.001,1.555,1.558|1.558]Request_Body: "-"
172.71.99.76 - - [19/Sep/2026:12:43:10 +0800] "www.represshop.com" "GET /blog/blog/wp-json/batch/v1 HTTP/1.1" 404 29362 "https://represshop.com/blog/wp-admin/" "Mozilla/5.0 (Windows NT 10.0; Win64; x64) AppleWebKit/537.36 (KHTML, like Gecko) Chrome/120.0.0.0 Safari/537.36" "10.0.0.1,45.148.10.247" [0.001,1.608,1.610|1.610]Request_Body: "-"
104.23.170.194 - - [19/Sep/2026:12:43:10 +0800] "represshop.com" "POST /wp/index.php?rest_route=/batch/v1 HTTP/1.1" 301 166 "https://represshop.com/wp/wp-admin/" "Mozilla/5.0 (Windows NT 10.0; Win64; x64) AppleWebKit/537.36 (KHTML, like Gecko) Chrome/120.0.0.0 Safari/537.36" "127.0.0.1,45.148.10.247" [-,-,-|0.000]Request_Body: "-"
172.71.102.231 - - [19/Sep/2026:12:43:10 +0800] "www.represshop.com" "GET /wp/index.php?rest_route=/batch/v1 HTTP/1.1" 403 552 "https://represshop.com/wp/wp-admin/" "Mozilla/5.0 (Windows NT 10.0; Win64; x64) AppleWebKit/537.36 (KHTML, like Gecko) Chrome/120.0.0.0 Safari/537.36" "127.0.0.1,45.148.10.247" [-,-,-|0.000]Request_Body: "-"
104.23.170.194 - - [19/Sep/2026:12:43:10 +0800] "represshop.com" "POST /wp/index.php?rest_route=%2Fbatch%2Fv1 HTTP/1.1" 301 166 "https://represshop.com/wp/wp-admin/" "Mozilla/5.0 (Windows NT 10.0; Win64; x64) AppleWebKit/537.36 (KHTML, like Gecko) Chrome/120.0.0.0 Safari/537.36" "127.0.0.1,45.148.10.247" [-,-,-|0.001]Request_Body: "-"
172.71.102.231 - - [19/Sep/2026:12:43:10 +0800] "www.represshop.com" "GET /wp/index.php?rest_route=%2Fbatch%2Fv1 HTTP/1.1" 403 552 "https://represshop.com/wp/wp-admin/" "Mozilla/5.0 (Windows NT 10.0; Win64; x64) AppleWebKit/537.36 (KHTML, like Gecko) Chrome/120.0.0.0 Safari/537.36" "127.0.0.1,45.148.10.247" [-,-,-|0.000]Request_Body: "-"
104.23.170.194 - - [19/Sep/2026:12:43:11 +0800] "represshop.com" "POST /wp/?rest_route=%2Fbatch%2Fv1 HTTP/1.1" 301 166 "https://represshop.com/wp/wp-admin/" "Mozilla/5.0 (Windows NT 10.0; Win64; x64) AppleWebKit/537.36 (KHTML, like Gecko) Chrome/120.0.0.0 Safari/537.36" "127.0.0.1,45.148.10.247" [-,-,-|0.000]Request_Body: "-"
172.71.102.231 - - [19/Sep/2026:12:43:12 +0800] "www.represshop.com" "GET /wp/?rest_route=%2Fbatch%2Fv1 HTTP/1.1" 404 125 "https://represshop.com/wp/wp-admin/" "Mozilla/5.0 (Windows NT 10.0; Win64; x64) AppleWebKit/537.36 (KHTML, like Gecko) Chrome/120.0.0.0 Safari/537.36" "127.0.0.1,45.148.10.247" [0.001,1.243,1.244|1.244]Request_Body: "-"
104.23.170.194 - - [19/Sep/2026:12:43:12 +0800] "represshop.com" "POST /wp/?rest_route=/batch%2Fv1 HTTP/1.1" 301 166 "https://represshop.com/wp/wp-admin/" "Mozilla/5.0 (Windows NT 10.0; Win64; x64) AppleWebKit/537.36 (KHTML, like Gecko) Chrome/120.0.0.0 Safari/537.36" "127.0.0.1,45.148.10.247" [-,-,-|0.000]Request_Body: "-"
104.23.170.194 - - [19/Sep/2026:12:43:12 +0800] "represshop.com" "POST /blog/index.php?rest_route=/batch/v1 HTTP/1.1" 301 166 "https://represshop.com/blog/wp-admin/" "Mozilla/5.0 (Windows NT 10.0; Win64; x64) AppleWebKit/537.36 (KHTML, like Gecko) Chrome/120.0.0.0 Safari/537.36" "127.0.0.1,45.148.10.247" [-,-,-|0.000]Request_Body: "-"
172.71.102.231 - - [19/Sep/2026:12:43:13 +0800] "www.represshop.com" "GET /blog/index.php?rest_route=/batch/v1 HTTP/1.1" 403 552 "https://represshop.com/blog/wp-admin/" "Mozilla/5.0 (Windows NT 10.0; Win64; x64) AppleWebKit/537.36 (KHTML, like Gecko) Chrome/120.0.0.0 Safari/537.36" "127.0.0.1,45.148.10.247" [-,-,-|0.000]Request_Body: "-"
104.23.170.194 - - [19/Sep/2026:12:43:13 +0800] "represshop.com" "POST /blog/index.php?rest_route=%2Fbatch%2Fv1 HTTP/1.1" 301 166 "https://represshop.com/blog/wp-admin/" "Mozilla/5.0 (Windows NT 10.0; Win64; x64) AppleWebKit/537.36 (KHTML, like Gecko) Chrome/120.0.0.0 Safari/537.36" "127.0.0.1,45.148.10.247" [-,-,-|0.000]Request_Body: "-"
172.71.102.231 - - [19/Sep/2026:12:43:13 +0800] "www.represshop.com" "GET /blog/index.php?rest_route=%2Fbatch%2Fv1 HTTP/1.1" 403 552 "https://represshop.com/blog/wp-admin/" "Mozilla/5.0 (Windows NT 10.0; Win64; x64) AppleWebKit/537.36 (KHTML, like Gecko) Chrome/120.0.0.0 Safari/537.36" "127.0.0.1,45.148.10.247" [-,-,-|0.000]Request_Body: "-"
104.23.170.194 - - [19/Sep/2026:12:43:13 +0800] "represshop.com" "POST /blog/?rest_route=%2Fbatch%2Fv1 HTTP/1.1" 301 166 "https://represshop.com/blog/wp-admin/" "Mozilla/5.0 (Windows NT 10.0; Win64; x64) AppleWebKit/537.36 (KHTML, like Gecko) Chrome/120.0.0.0 Safari/537.36" "127.0.0.1,45.148.10.247" [-,-,-|0.000]Request_Body: "-"
172.71.99.76 - - [19/Sep/2026:12:43:14 +0800] "www.represshop.com" "GET /wp/?rest_route=/batch%2Fv1 HTTP/1.1" 404 125 "https://represshop.com/wp/wp-admin/" "Mozilla/5.0 (Windows NT 10.0; Win64; x64) AppleWebKit/537.36 (KHTML, like Gecko) Chrome/120.0.0.0 Safari/537.36" "127.0.0.1,45.148.10.247" [0.004,1.379,1.379|1.379]Request_Body: "-"
104.23.170.194 - - [19/Sep/2026:12:43:14 +0800] "represshop.com" "POST /wp/?rest_route=/batch/v1 HTTP/1.1" 301 166 "https://represshop.com/wp/wp-admin/" "Mozilla/5.0 (Windows NT 10.0; Win64; x64) AppleWebKit/537.36 (KHTML, like Gecko) Chrome/120.0.0.0 Safari/537.36" "127.0.0.1,45.148.10.247" [-,-,-|0.001]Request_Body: "-"
172.71.102.231 - - [19/Sep/2026:12:43:15 +0800] "www.represshop.com" "GET /blog/?rest_route=%2Fbatch%2Fv1 HTTP/1.1" 404 125 "https://represshop.com/blog/wp-admin/" "Mozilla/5.0 (Windows NT 10.0; Win64; x64) AppleWebKit/537.36 (KHTML, like Gecko) Chrome/120.0.0.0 Safari/537.36" "127.0.0.1,45.148.10.247" [0.001,1.341,1.341|1.341]Request_Body: "-"
104.23.170.194 - - [19/Sep/2026:12:43:15 +0800] "represshop.com" "POST /blog/?rest_route=/batch%2Fv1 HTTP/1.1" 301 166 "https://represshop.com/blog/wp-admin/" "Mozilla/5.0 (Windows NT 10.0; Win64; x64) AppleWebKit/537.36 (KHTML, like Gecko) Chrome/120.0.0.0 Safari/537.36" "127.0.0.1,45.148.10.247" [-,-,-|0.000]Request_Body: "-"
172.71.99.76 - - [19/Sep/2026:12:43:16 +0800] "www.represshop.com" "GET /wp/?rest_route=/batch/v1 HTTP/1.1" 404 125 "https://represshop.com/wp/wp-admin/" "Mozilla/5.0 (Windows NT 10.0; Win64; x64) AppleWebKit/537.36 (KHTML, like Gecko) Chrome/120.0.0.0 Safari/537.36" "127.0.0.1,45.148.10.247" [0.002,1.257,1.257|1.257]Request_Body: "-"
104.23.170.194 - - [19/Sep/2026:12:43:16 +0800] "represshop.com" "POST /wp/wp-json/batch/v1 HTTP/1.1" 301 166 "https://represshop.com/wp/wp-admin/" "Mozilla/5.0 (Windows NT 10.0; Win64; x64) AppleWebKit/537.36 (KHTML, like Gecko) Chrome/120.0.0.0 Safari/537.36" "127.0.0.1,45.148.10.247" [-,-,-|0.000]Request_Body: "-"
172.71.102.231 - - [19/Sep/2026:12:43:16 +0800] "www.represshop.com" "GET /blog/?rest_route=/batch%2Fv1 HTTP/1.1" 404 125 "https://represshop.com/blog/wp-admin/" "Mozilla/5.0 (Windows NT 10.0; Win64; x64) AppleWebKit/537.36 (KHTML, like Gecko) Chrome/120.0.0.0 Safari/537.36" "127.0.0.1,45.148.10.247" [0.001,1.239,1.239|1.239]Request_Body: "-"
104.23.170.194 - - [19/Sep/2026:12:43:16 +0800] "represshop.com" "POST /blog/?rest_route=/batch/v1 HTTP/1.1" 301 166 "https://represshop.com/blog/wp-admin/" "Mozilla/5.0 (Windows NT 10.0; Win64; x64) AppleWebKit/537.36 (KHTML, like Gecko) Chrome/120.0.0.0 Safari/537.36" "127.0.0.1,45.148.10.247" [-,-,-|0.000]Request_Body: "-"
172.71.99.76 - - [19/Sep/2026:12:43:17 +0800] "www.represshop.com" "GET /wp/wp-json/batch/v1 HTTP/1.1" 404 29359 "https://represshop.com/wp/wp-admin/" "Mozilla/5.0 (Windows NT 10.0; Win64; x64) AppleWebKit/537.36 (KHTML, like Gecko) Chrome/120.0.0.0 Safari/537.36" "127.0.0.1,45.148.10.247" [0.001,1.313,1.315|1.315]Request_Body: "-"
172.71.102.231 - - [19/Sep/2026:12:43:18 +0800] "www.represshop.com" "GET /blog/?rest_route=/batch/v1 HTTP/1.1" 404 125 "https://represshop.com/blog/wp-admin/" "Mozilla/5.0 (Windows NT 10.0; Win64; x64) AppleWebKit/537.36 (KHTML, like Gecko) Chrome/120.0.0.0 Safari/537.36" "127.0.0.1,45.148.10.247" [0.001,1.321,1.321|1.321]Request_Body: "-"
104.23.170.194 - - [19/Sep/2026:12:43:21 +0800] "represshop.com" "POST /wp/wp-json/Batch/v1 HTTP/1.1" 301 166 "https://represshop.com/wp/wp-admin/" "Mozilla/5.0 (Windows NT 10.0; Win64; x64) AppleWebKit/537.36 (KHTML, like Gecko) Chrome/120.0.0.0 Safari/537.36" "127.0.0.1,45.148.10.247" [-,-,-|0.000]Request_Body: "-"
104.23.170.194 - - [19/Sep/2026:12:43:21 +0800] "represshop.com" "POST /blog/wp-json/batch/v1 HTTP/1.1" 301 166 "https://represshop.com/blog/wp-admin/" "Mozilla/5.0 (Windows NT 10.0; Win64; x64) AppleWebKit/537.36 (KHTML, like Gecko) Chrome/120.0.0.0 Safari/537.36" "127.0.0.1,45.148.10.247" [-,-,-|0.000]Request_Body: "-"
172.71.102.231 - - [19/Sep/2026:12:43:23 +0800] "www.represshop.com" "GET /wp/wp-json/Batch/v1 HTTP/1.1" 404 29360 "https://represshop.com/wp/wp-admin/" "Mozilla/5.0 (Windows NT 10.0; Win64; x64) AppleWebKit/537.36 (KHTML, like Gecko) Chrome/120.0.0.0 Safari/537.36" "127.0.0.1,45.148.10.247" [0.001,1.356,1.359|1.359]Request_Body: "-"
104.22.109.60 - - [19/Sep/2026:12:43:23 +0800] "www.represshop.com" "GET /blog/wp-json/batch/v1 HTTP/1.1" 404 29361 "https://represshop.com/blog/wp-admin/" "Mozilla/5.0 (Windows NT 10.0; Win64; x64) AppleWebKit/537.36 (KHTML, like Gecko) Chrome/120.0.0.0 Safari/537.36" "127.0.0.1,45.148.10.247" [0.001,1.346,1.352|1.352]Request_Body: "-"
172.71.102.182 - - [19/Sep/2026:12:43:23 +0800] "represshop.com" "POST /wp//wp-json/batch/v1 HTTP/1.1" 301 166 "https://represshop.com/wp/wp-admin/" "Mozilla/5.0 (Windows NT 10.0; Win64; x64) AppleWebKit/537.36 (KHTML, like Gecko) Chrome/120.0.0.0 Safari/537.36" "127.0.0.1,45.148.10.247" [-,-,-|0.000]Request_Body: "-"
172.71.182.72 - - [19/Sep/2026:12:43:23 +0800] "represshop.com" "POST /blog/wp-json/Batch/v1 HTTP/1.1" 301 166 "https://represshop.com/blog/wp-admin/" "Mozilla/5.0 (Windows NT 10.0; Win64; x64) AppleWebKit/537.36 (KHTML, like Gecko) Chrome/120.0.0.0 Safari/537.36" "127.0.0.1,45.148.10.247" [-,-,-|0.000]Request_Body: "-"
104.22.109.22 - - [19/Sep/2026:12:43:25 +0800] "www.represshop.com" "GET /wp//wp-json/batch/v1 HTTP/1.1" 301 5 "https://represshop.com/wp/wp-admin/" "Mozilla/5.0 (Windows NT 10.0; Win64; x64) AppleWebKit/537.36 (KHTML, like Gecko) Chrome/120.0.0.0 Safari/537.36" "127.0.0.1,45.148.10.247" [0.001,1.333,1.333|1.333]Request_Body: "-"
172.71.102.231 - - [19/Sep/2026:12:43:25 +0800] "www.represshop.com" "GET /blog/wp-json/Batch/v1 HTTP/1.1" 404 29362 "https://represshop.com/blog/wp-admin/" "Mozilla/5.0 (Windows NT 10.0; Win64; x64) AppleWebKit/537.36 (KHTML, like Gecko) Chrome/120.0.0.0 Safari/537.36" "127.0.0.1,45.148.10.247" [0.001,1.821,1.825|1.825]Request_Body: "-"
172.71.183.152 - - [19/Sep/2026:12:43:26 +0800] "represshop.com" "POST /blog//wp-json/batch/v1 HTTP/1.1" 301 166 "https://represshop.com/blog/wp-admin/" "Mozilla/5.0 (Windows NT 10.0; Win64; x64) AppleWebKit/537.36 (KHTML, like Gecko) Chrome/120.0.0.0 Safari/537.36" "127.0.0.1,45.148.10.247" [-,-,-|0.000]Request_Body: "-"
104.22.109.22 - - [19/Sep/2026:12:43:26 +0800] "www.represshop.com" "GET /wp/wp-json/batch/v1 HTTP/1.1" 404 29359 "https://represshop.com/wp/wp-admin/" "Mozilla/5.0 (Windows NT 10.0; Win64; x64) AppleWebKit/537.36 (KHTML, like Gecko) Chrome/120.0.0.0 Safari/537.36" "127.0.0.1,45.148.10.247" [0.002,1.516,1.533|1.532]Request_Body: "-"
172.71.183.152 - - [19/Sep/2026:12:43:27 +0800] "represshop.com" "POST /wp/wp-json/batch/v1/ HTTP/1.1" 301 166 "https://represshop.com/wp/wp-admin/" "Mozilla/5.0 (Windows NT 10.0; Win64; x64) AppleWebKit/537.36 (KHTML, like Gecko) Chrome/120.0.0.0 Safari/537.36" "127.0.0.1,45.148.10.247" [-,-,-|0.000]Request_Body: "-"
172.71.102.231 - - [19/Sep/2026:12:43:27 +0800] "www.represshop.com" "GET /blog//wp-json/batch/v1 HTTP/1.1" 301 5 "https://represshop.com/blog/wp-admin/" "Mozilla/5.0 (Windows NT 10.0; Win64; x64) AppleWebKit/537.36 (KHTML, like Gecko) Chrome/120.0.0.0 Safari/537.36" "127.0.0.1,45.148.10.247" [0.001,1.203,1.203|1.203]Request_Body: "-"
104.22.109.22 - - [19/Sep/2026:12:43:28 +0800] "www.represshop.com" "GET /wp/wp-json/batch/v1/ HTTP/1.1" 404 29364 "https://represshop.com/wp/wp-admin/" "Mozilla/5.0 (Windows NT 10.0; Win64; x64) AppleWebKit/537.36 (KHTML, like Gecko) Chrome/120.0.0.0 Safari/537.36" "127.0.0.1,45.148.10.247" [0.001,1.493,1.498|1.498]Request_Body: "-"
172.71.182.72 - - [19/Sep/2026:12:43:29 +0800] "represshop.com" "POST /wp/blog/wp-json/batch/v1 HTTP/1.1" 301 166 "https://represshop.com/wp/wp-admin/" "Mozilla/5.0 (Windows NT 10.0; Win64; x64) AppleWebKit/537.36 (KHTML, like Gecko) Chrome/120.0.0.0 Safari/537.36" "127.0.0.1,45.148.10.247" [-,-,-|0.000]Request_Body: "-"
172.71.102.231 - - [19/Sep/2026:12:43:29 +0800] "www.represshop.com" "GET /blog/wp-json/batch/v1 HTTP/1.1" 404 29361 "https://represshop.com/blog/wp-admin/" "Mozilla/5.0 (Windows NT 10.0; Win64; x64) AppleWebKit/537.36 (KHTML, like Gecko) Chrome/120.0.0.0 Safari/537.36" "127.0.0.1,45.148.10.247" [0.001,1.363,1.369|1.368]Request_Body: "-"
172.71.183.152 - - [19/Sep/2026:12:43:29 +0800] "represshop.com" "POST /blog/wp-json/batch/v1/ HTTP/1.1" 301 166 "https://represshop.com/blog/wp-admin/" "Mozilla/5.0 (Windows NT 10.0; Win64; x64) AppleWebKit/537.36 (KHTML, like Gecko) Chrome/120.0.0.0 Safari/537.36" "127.0.0.1,45.148.10.247" [-,-,-|0.000]Request_Body: "-"
104.22.109.22 - - [19/Sep/2026:12:43:30 +0800] "www.represshop.com" "GET /wp/blog/wp-json/batch/v1 HTTP/1.1" 404 29363 "https://represshop.com/wp/wp-admin/" "Mozilla/5.0 (Windows NT 10.0; Win64; x64) AppleWebKit/537.36 (KHTML, like Gecko) Chrome/120.0.0.0 Safari/537.36" "127.0.0.1,45.148.10.247" [0.001,1.553,1.555|1.555]Request_Body: "-"
172.71.102.231 - - [19/Sep/2026:12:43:31 +0800] "www.represshop.com" "GET /blog/wp-json/batch/v1/ HTTP/1.1" 404 29366 "https://represshop.com/blog/wp-admin/" "Mozilla/5.0 (Windows NT 10.0; Win64; x64) AppleWebKit/537.36 (KHTML, like Gecko) Chrome/120.0.0.0 Safari/537.36" "127.0.0.1,45.148.10.247" [0.001,1.379,1.382|1.382]Request_Body: "-"
172.71.182.72 - - [19/Sep/2026:12:43:36 +0800] "represshop.com" "POST /blog/blog/wp-json/batch/v1 HTTP/1.1" 301 166 "https://represshop.com/blog/wp-admin/" "Mozilla/5.0 (Windows NT 10.0; Win64; x64) AppleWebKit/537.36 (KHTML, like Gecko) Chrome/120.0.0.0 Safari/537.36" "127.0.0.1,45.148.10.247" [-,-,-|0.000]Request_Body: "-"
172.71.99.3 - - [19/Sep/2026:12:43:36 +0800] "represshop.com" "POST /wp/index.php?rest_route=/batch/v1 HTTP/1.1" 301 166 "https://represshop.com/wp/wp-admin/" "WordPress/6.4.3" "127.0.0.1,45.148.10.247" [-,-,-|0.000]Request_Body: "-"
172.71.102.231 - - [19/Sep/2026:12:43:36 +0800] "www.represshop.com" "GET /wp/index.php?rest_route=/batch/v1 HTTP/1.1" 403 150 "https://represshop.com/wp/wp-admin/" "WordPress/6.4.3" "127.0.0.1,45.148.10.247" [-,-,-|0.000]Request_Body: "-"
172.71.99.3 - - [19/Sep/2026:12:43:37 +0800] "represshop.com" "POST /wp/index.php?rest_route=%2Fbatch%2Fv1 HTTP/1.1" 301 166 "https://represshop.com/wp/wp-admin/" "WordPress/6.4.3" "127.0.0.1,45.148.10.247" [-,-,-|0.000]Request_Body: "-"
172.71.102.231 - - [19/Sep/2026:12:43:37 +0800] "www.represshop.com" "GET /wp/index.php?rest_route=%2Fbatch%2Fv1 HTTP/1.1" 403 150 "https://represshop.com/wp/wp-admin/" "WordPress/6.4.3" "127.0.0.1,45.148.10.247" [-,-,-|0.000]Request_Body: "-"
172.71.99.3 - - [19/Sep/2026:12:43:37 +0800] "represshop.com" "POST /wp/?rest_route=%2Fbatch%2Fv1 HTTP/1.1" 301 166 "https://represshop.com/wp/wp-admin/" "WordPress/6.4.3" "127.0.0.1,45.148.10.247" [-,-,-|0.000]Request_Body: "-"
104.22.109.60 - - [19/Sep/2026:12:43:38 +0800] "www.represshop.com" "GET /blog/blog/wp-json/batch/v1 HTTP/1.1" 404 29362 "https://represshop.com/blog/wp-admin/" "Mozilla/5.0 (Windows NT 10.0; Win64; x64) AppleWebKit/537.36 (KHTML, like Gecko) Chrome/120.0.0.0 Safari/537.36" "127.0.0.1,45.148.10.247" [0.001,1.439,1.440|1.440]Request_Body: "-"
172.71.99.3 - - [19/Sep/2026:12:43:38 +0800] "represshop.com" "POST /blog/index.php?rest_route=/batch/v1 HTTP/1.1" 301 166 "https://represshop.com/blog/wp-admin/" "WordPress/6.4.3" "127.0.0.1,45.148.10.247" [-,-,-|0.000]Request_Body: "-"
104.22.109.60 - - [19/Sep/2026:12:43:38 +0800] "www.represshop.com" "GET /blog/index.php?rest_route=/batch/v1 HTTP/1.1" 403 150 "https://represshop.com/blog/wp-admin/" "WordPress/6.4.3" "127.0.0.1,45.148.10.247" [-,-,-|0.000]Request_Body: "-"
172.71.99.3 - - [19/Sep/2026:12:43:38 +0800] "represshop.com" "POST /blog/index.php?rest_route=%2Fbatch%2Fv1 HTTP/1.1" 301 166 "https://represshop.com/blog/wp-admin/" "WordPress/6.4.3" "127.0.0.1,45.148.10.247" [-,-,-|0.000]Request_Body: "-"
104.22.109.60 - - [19/Sep/2026:12:43:39 +0800] "www.represshop.com" "GET /blog/index.php?rest_route=%2Fbatch%2Fv1 HTTP/1.1" 403 150 "https://represshop.com/blog/wp-admin/" "WordPress/6.4.3" "127.0.0.1,45.148.10.247" [-,-,-|0.000]Request_Body: "-"
172.71.99.3 - - [19/Sep/2026:12:43:39 +0800] "represshop.com" "POST /blog/?rest_route=%2Fbatch%2Fv1 HTTP/1.1" 301 166 "https://represshop.com/blog/wp-admin/" "WordPress/6.4.3" "127.0.0.1,45.148.10.247" [-,-,-|0.001]Request_Body: "-"
172.71.102.231 - - [19/Sep/2026:12:43:39 +0800] "www.represshop.com" "GET /wp/?rest_route=%2Fbatch%2Fv1 HTTP/1.1" 404 125 "https://represshop.com/wp/wp-admin/" "WordPress/6.4.3" "127.0.0.1,45.148.10.247" [0.000,1.842,1.842|1.842]Request_Body: "-"
172.71.99.3 - - [19/Sep/2026:12:43:39 +0800] "represshop.com" "POST /wp/?rest_route=/batch%2Fv1 HTTP/1.1" 301 166 "https://represshop.com/wp/wp-admin/" "WordPress/6.4.3" "127.0.0.1,45.148.10.247" [-,-,-|0.000]Request_Body: "-"
172.71.102.231 - - [19/Sep/2026:12:43:41 +0800] "www.represshop.com" "GET /wp/?rest_route=/batch%2Fv1 HTTP/1.1" 404 125 "https://represshop.com/wp/wp-admin/" "WordPress/6.4.3" "127.0.0.1,45.148.10.247" [0.001,1.575,1.575|1.575]Request_Body: "-"
104.22.109.60 - - [19/Sep/2026:12:43:41 +0800] "www.represshop.com" "GET /blog/?rest_route=%2Fbatch%2Fv1 HTTP/1.1" 404 125 "https://represshop.com/blog/wp-admin/" "WordPress/6.4.3" "127.0.0.1,45.148.10.247" [0.001,1.792,1.792|1.792]Request_Body: "-"
172.71.99.3 - - [19/Sep/2026:12:43:41 +0800] "represshop.com" "POST /wp/?rest_route=/batch/v1 HTTP/1.1" 301 166 "https://represshop.com/wp/wp-admin/" "WordPress/6.4.3" "127.0.0.1,45.148.10.247" [-,-,-|0.000]Request_Body: "-"
104.23.170.194 - - [19/Sep/2026:12:43:41 +0800] "represshop.com" "POST /blog/?rest_route=/batch%2Fv1 HTTP/1.1" 301 166 "https://represshop.com/blog/wp-admin/" "WordPress/6.4.3" "127.0.0.1,45.148.10.247" [-,-,-|0.000]Request_Body: "-"
104.22.109.60 - - [19/Sep/2026:12:43:43 +0800] "www.represshop.com" "GET /wp/?rest_route=/batch/v1 HTTP/1.1" 404 125 "https://represshop.com/wp/wp-admin/" "WordPress/6.4.3" "127.0.0.1,45.148.10.247" [0.001,1.656,1.657|1.657]Request_Body: "-"
172.71.102.231 - - [19/Sep/2026:12:43:43 +0800] "www.represshop.com" "GET /blog/?rest_route=/batch%2Fv1 HTTP/1.1" 404 125 "https://represshop.com/blog/wp-admin/" "WordPress/6.4.3" "127.0.0.1,45.148.10.247" [0.000,1.679,1.679|1.679]Request_Body: "-"
104.23.170.194 - - [19/Sep/2026:12:43:43 +0800] "represshop.com" "POST /wp/wp-json/batch/v1 HTTP/1.1" 301 166 "https://represshop.com/wp/wp-admin/" "WordPress/6.4.3" "127.0.0.1,45.148.10.247" [-,-,-|0.000]Request_Body: "-"
172.71.99.3 - - [19/Sep/2026:12:43:43 +0800] "represshop.com" "POST /blog/?rest_route=/batch/v1 HTTP/1.1" 301 166 "https://represshop.com/blog/wp-admin/" "WordPress/6.4.3" "127.0.0.1,45.148.10.247" [-,-,-|0.000]Request_Body: "-"
172.71.102.231 - - [19/Sep/2026:12:43:45 +0800] "www.represshop.com" "GET /wp/wp-json/batch/v1 HTTP/1.1" 404 29359 "https://represshop.com/wp/wp-admin/" "WordPress/6.4.3" "127.0.0.1,45.148.10.247" [0.001,1.964,1.967|1.967]Request_Body: "-"
104.22.109.60 - - [19/Sep/2026:12:43:45 +0800] "www.represshop.com" "GET /blog/?rest_route=/batch/v1 HTTP/1.1" 404 125 "https://represshop.com/blog/wp-admin/" "WordPress/6.4.3" "127.0.0.1,45.148.10.247" [0.001,1.898,1.898|1.898]Request_Body: "-"
172.71.99.3 - - [19/Sep/2026:12:43:49 +0800] "represshop.com" "POST /wp/wp-json/Batch/v1 HTTP/1.1" 301 166 "https://represshop.com/wp/wp-admin/" "WordPress/6.4.3" "127.0.0.1,45.148.10.247" [-,-,-|0.000]Request_Body: "-"
104.23.170.194 - - [19/Sep/2026:12:43:49 +0800] "represshop.com" "POST /blog/wp-json/batch/v1 HTTP/1.1" 301 166 "https://represshop.com/blog/wp-admin/" "WordPress/6.4.3" "127.0.0.1,45.148.10.247" [-,-,-|0.000]Request_Body: "-"
104.22.109.60 - - [19/Sep/2026:12:43:51 +0800] "www.represshop.com" "GET /wp/wp-json/Batch/v1 HTTP/1.1" 404 29360 "https://represshop.com/wp/wp-admin/" "WordPress/6.4.3" "127.0.0.1,45.148.10.247" [0.001,1.963,1.966|1.966]Request_Body: "-"
172.71.102.231 - - [19/Sep/2026:12:43:51 +0800] "www.represshop.com" "GET /blog/wp-json/batch/v1 HTTP/1.1" 404 29361 "https://represshop.com/blog/wp-admin/" "WordPress/6.4.3" "127.0.0.1,45.148.10.247" [0.001,2.004,2.007|2.007]Request_Body: "-"
172.70.46.78 - - [19/Sep/2026:12:43:51 +0800] "represshop.com" "POST /wp//wp-json/batch/v1 HTTP/1.1" 301 166 "https://represshop.com/wp/wp-admin/" "WordPress/6.4.3" "127.0.0.1,45.148.10.247" [-,-,-|0.000]Request_Body: "-"
104.23.168.54 - - [19/Sep/2026:12:43:51 +0800] "represshop.com" "POST /blog/wp-json/Batch/v1 HTTP/1.1" 301 166 "https://represshop.com/blog/wp-admin/" "WordPress/6.4.3" "127.0.0.1,45.148.10.247" [-,-,-|0.000]Request_Body: "-"
172.71.102.231 - - [19/Sep/2026:12:43:53 +0800] "www.represshop.com" "GET /wp//wp-json/batch/v1 HTTP/1.1" 301 5 "https://represshop.com/wp/wp-admin/" "WordPress/6.4.3" "127.0.0.1,45.148.10.247" [0.000,1.276,1.276|1.276]Request_Body: "-"
104.22.109.60 - - [19/Sep/2026:12:43:53 +0800] "www.represshop.com" "GET /blog/wp-json/Batch/v1 HTTP/1.1" 404 29362 "https://represshop.com/blog/wp-admin/" "WordPress/6.4.3" "127.0.0.1,45.148.10.247" [0.001,1.672,1.675|1.675]Request_Body: "-"
104.23.168.64 - - [19/Sep/2026:12:43:54 +0800] "represshop.com" "POST /blog//wp-json/batch/v1 HTTP/1.1" 301 166 "https://represshop.com/blog/wp-admin/" "WordPress/6.4.3" "127.0.0.1,45.148.10.247" [-,-,-|0.000]Request_Body: "-"
172.71.102.231 - - [19/Sep/2026:12:43:54 +0800] "www.represshop.com" "GET /wp/wp-json/batch/v1 HTTP/1.1" 404 29359 "https://represshop.com/wp/wp-admin/" "WordPress/6.4.3" "127.0.0.1,45.148.10.247" [0.001,1.584,1.587|1.587]Request_Body: "-"
104.23.168.54 - - [19/Sep/2026:12:43:55 +0800] "represshop.com" "POST /wp/wp-json/batch/v1/ HTTP/1.1" 301 166 "https://represshop.com/wp/wp-admin/" "WordPress/6.4.3" "127.0.0.1,45.148.10.247" [-,-,-|0.000]Request_Body: "-"
104.22.109.60 - - [19/Sep/2026:12:43:55 +0800] "www.represshop.com" "GET /blog//wp-json/batch/v1 HTTP/1.1" 301 5 "https://represshop.com/blog/wp-admin/" "WordPress/6.4.3" "127.0.0.1,45.148.10.247" [0.001,1.264,1.264|1.264]Request_Body: "-"
172.71.102.231 - - [19/Sep/2026:12:43:56 +0800] "www.represshop.com" "GET /wp/wp-json/batch/v1/ HTTP/1.1" 404 29364 "https://represshop.com/wp/wp-admin/" "WordPress/6.4.3" "127.0.0.1,45.148.10.247" [0.001,1.465,1.467|1.468]Request_Body: "-"
104.23.168.64 - - [19/Sep/2026:12:43:57 +0800] "represshop.com" "POST /wp/blog/wp-json/batch/v1 HTTP/1.1" 301 166 "https://represshop.com/wp/wp-admin/" "WordPress/6.4.3" "127.0.0.1,45.148.10.247" [-,-,-|0.000]Request_Body: "-"
104.22.109.60 - - [19/Sep/2026:12:43:57 +0800] "www.represshop.com" "GET /blog/wp-json/batch/v1 HTTP/1.1" 404 29361 "https://represshop.com/blog/wp-admin/" "WordPress/6.4.3" "127.0.0.1,45.148.10.247" [0.001,1.564,1.567|1.567]Request_Body: "-"
104.23.168.54 - - [19/Sep/2026:12:43:57 +0800] "represshop.com" "POST /blog/wp-json/batch/v1/ HTTP/1.1" 301 166 "https://represshop.com/blog/wp-admin/" "WordPress/6.4.3" "127.0.0.1,45.148.10.247" [-,-,-|0.000]Request_Body: "-"
172.71.102.231 - - [19/Sep/2026:12:43:58 +0800] "www.represshop.com" "GET /wp/blog/wp-json/batch/v1 HTTP/1.1" 404 29363 "https://represshop.com/wp/wp-admin/" "WordPress/6.4.3" "127.0.0.1,45.148.10.247" [0.000,1.586,1.588|1.588]Request_Body: "-"
104.22.109.60 - - [19/Sep/2026:12:43:59 +0800] "www.represshop.com" "GET /blog/wp-json/batch/v1/ HTTP/1.1" 404 29366 "https://represshop.com/blog/wp-admin/" "WordPress/6.4.3" "127.0.0.1,45.148.10.247" [0.002,1.414,1.417|1.417]Request_Body: "-"
104.23.168.54 - - [19/Sep/2026:12:44:03 +0800] "represshop.com" "GET /wp/wp/v2/posts/999999 HTTP/1.1" 301 166 "-" "Mozilla/5.0 (Windows NT 10.0; Win64; x64) AppleWebKit/537.36 (KHTML, like Gecko) Chrome/120.0.0.0 Safari/537.36" "45.148.10.247" [-,-,-|0.000]Request_Body: "-"
172.70.46.78 - - [19/Sep/2026:12:44:04 +0800] "represshop.com" "POST /blog/blog/wp-json/batch/v1 HTTP/1.1" 301 166 "https://represshop.com/blog/wp-admin/" "WordPress/6.4.3" "127.0.0.1,45.148.10.247" [-,-,-|0.000]Request_Body: "-"
104.22.109.60 - - [19/Sep/2026:12:44:05 +0800] "www.represshop.com" "GET /wp/wp/v2/posts/999999 HTTP/1.1" 404 29649 "http://www.represshop.com/wp/wp/v2/posts/999999" "Mozilla/5.0 (Windows NT 10.0; Win64; x64) AppleWebKit/537.36 (KHTML, like Gecko) Chrome/120.0.0.0 Safari/537.36" "45.148.10.247" [0.001,1.582,1.585|1.585]Request_Body: "-"
172.71.102.231 - - [19/Sep/2026:12:44:05 +0800] "www.represshop.com" "GET /blog/blog/wp-json/batch/v1 HTTP/1.1" 404 29362 "https://represshop.com/blog/wp-admin/" "WordPress/6.4.3" "127.0.0.1,45.148.10.247" [0.001,1.606,1.609|1.609]Request_Body: "-"
172.70.46.78 - - [19/Sep/2026:12:44:06 +0800] "represshop.com" "GET /wp/?rest_route=/wp/v2/posts/999999 HTTP/1.1" 301 166 "-" "Mozilla/5.0 (Windows NT 10.0; Win64; x64) AppleWebKit/537.36 (KHTML, like Gecko) Chrome/120.0.0.0 Safari/537.36" "45.148.10.247" [-,-,-|0.000]Request_Body: "-"
104.23.168.54 - - [19/Sep/2026:12:44:06 +0800] "represshop.com" "GET /blog/wp/v2/posts/999999 HTTP/1.1" 301 166 "-" "Mozilla/5.0 (Windows NT 10.0; Win64; x64) AppleWebKit/537.36 (KHTML, like Gecko) Chrome/120.0.0.0 Safari/537.36" "45.148.10.247" [-,-,-|0.000]Request_Body: "-"
172.71.102.231 - - [19/Sep/2026:12:44:07 +0800] "www.represshop.com" "GET /wp/?rest_route=/wp/v2/posts/999999 HTTP/1.1" 404 93 "http://www.represshop.com/wp/?rest_route=/wp/v2/posts/999999" "Mozilla/5.0 (Windows NT 10.0; Win64; x64) AppleWebKit/537.36 (KHTML, like Gecko) Chrome/120.0.0.0 Safari/537.36" "45.148.10.247" [0.002,1.630,1.630|1.630]Request_Body: "-"
104.22.109.60 - - [19/Sep/2026:12:44:07 +0800] "www.represshop.com" "GET /blog/wp/v2/posts/999999 HTTP/1.1" 404 29652 "http://www.represshop.com/blog/wp/v2/posts/999999" "Mozilla/5.0 (Windows NT 10.0; Win64; x64) AppleWebKit/537.36 (KHTML, like Gecko) Chrome/120.0.0.0 Safari/537.36" "45.148.10.247" [0.001,1.634,1.648|1.648]Request_Body: "-"
104.23.168.54 - - [19/Sep/2026:12:44:07 +0800] "represshop.com" "GET /wp/wp/v2/pages HTTP/1.1" 301 166 "-" "Mozilla/5.0 (Windows NT 10.0; Win64; x64) AppleWebKit/537.36 (KHTML, like Gecko) Chrome/120.0.0.0 Safari/537.36" "45.148.10.247" [-,-,-|0.000]Request_Body: "-"
104.23.168.54 - - [19/Sep/2026:12:44:08 +0800] "represshop.com" "GET /blog/?rest_route=/wp/v2/posts/999999 HTTP/1.1" 301 166 "-" "Mozilla/5.0 (Windows NT 10.0; Win64; x64) AppleWebKit/537.36 (KHTML, like Gecko) Chrome/120.0.0.0 Safari/537.36" "45.148.10.247" [-,-,-|0.000]Request_Body: "-"
172.71.102.231 - - [19/Sep/2026:12:44:09 +0800] "www.represshop.com" "GET /wp/wp/v2/pages HTTP/1.1" 404 29646 "http://www.represshop.com/wp/wp/v2/pages" "Mozilla/5.0 (Windows NT 10.0; Win64; x64) AppleWebKit/537.36 (KHTML, like Gecko) Chrome/120.0.0.0 Safari/537.36" "45.148.10.247" [0.001,1.339,1.346|1.346]Request_Body: "-"
104.22.109.60 - - [19/Sep/2026:12:44:09 +0800] "www.represshop.com" "GET /blog/?rest_route=/wp/v2/posts/999999 HTTP/1.1" 404 93 "http://www.represshop.com/blog/?rest_route=/wp/v2/posts/999999" "Mozilla/5.0 (Windows NT 10.0; Win64; x64) AppleWebKit/537.36 (KHTML, like Gecko) Chrome/120.0.0.0 Safari/537.36" "45.148.10.247" [0.001,1.269,1.269|1.269]Request_Body: "-"
104.23.168.54 - - [19/Sep/2026:12:44:09 +0800] "represshop.com" "GET /wp/?rest_route=/wp/v2/pages HTTP/1.1" 301 166 "-" "Mozilla/5.0 (Windows NT 10.0; Win64; x64) AppleWebKit/537.36 (KHTML, like Gecko) Chrome/120.0.0.0 Safari/537.36" "45.148.10.247" [-,-,-|0.000]Request_Body: "-"
172.70.46.78 - - [19/Sep/2026:12:44:09 +0800] "represshop.com" "GET /blog/wp/v2/pages HTTP/1.1" 301 166 "-" "Mozilla/5.0 (Windows NT 10.0; Win64; x64) AppleWebKit/537.36 (KHTML, like Gecko) Chrome/120.0.0.0 Safari/537.36" "45.148.10.247" [-,-,-|0.000]Request_Body: "-"
172.71.102.231 - - [19/Sep/2026:12:44:11 +0800] "www.represshop.com" "GET /blog/wp/v2/pages HTTP/1.1" 404 29649 "http://www.represshop.com/blog/wp/v2/pages" "Mozilla/5.0 (Windows NT 10.0; Win64; x64) AppleWebKit/537.36 (KHTML, like Gecko) Chrome/120.0.0.0 Safari/537.36" "45.148.10.247" [0.002,1.230,1.234|1.234]Request_Body: "-"
172.70.46.78 - - [19/Sep/2026:12:44:11 +0800] "represshop.com" "GET /blog/?rest_route=/wp/v2/pages HTTP/1.1" 301 166 "-" "Mozilla/5.0 (Windows NT 10.0; Win64; x64) AppleWebKit/537.36 (KHTML, like Gecko) Chrome/120.0.0.0 Safari/537.36" "45.148.10.247" [-,-,-|0.000]Request_Body: "-"
104.22.109.60 - - [19/Sep/2026:12:44:11 +0800] "www.represshop.com" "GET /wp/?rest_route=/wp/v2/pages HTTP/1.1" 200 355902 "http://www.represshop.com/wp/?rest_route=/wp/v2/pages" "Mozilla/5.0 (Windows NT 10.0; Win64; x64) AppleWebKit/537.36 (KHTML, like Gecko) Chrome/120.0.0.0 Safari/537.36" "45.148.10.247" [0.001,1.322,1.325|1.729]Request_Body: "-"
172.70.46.78 - - [19/Sep/2026:12:44:11 +0800] "represshop.com" "GET /wp/wp/v2/posts/999999?author_exclude=1&orderby=none&per_page=5 HTTP/1.1" 301 166 "-" "Mozilla/5.0 (Windows NT 10.0; Win64; x64) AppleWebKit/537.36 (KHTML, like Gecko) Chrome/120.0.0.0 Safari/537.36" "45.148.10.247" [-,-,-|0.000]Request_Body: "-"
104.22.109.60 - - [19/Sep/2026:12:44:13 +0800] "www.represshop.com" "GET /wp/wp/v2/posts/999999?author_exclude=1&orderby=none&per_page=5 HTTP/1.1" 404 29690 "http://www.represshop.com/wp/wp/v2/posts/999999?author_exclude=1&orderby=none&per_page=5" "Mozilla/5.0 (Windows NT 10.0; Win64; x64) AppleWebKit/537.36 (KHTML, like Gecko) Chrome/120.0.0.0 Safari/537.36" "45.148.10.247" [0.001,1.520,1.523|1.523]Request_Body: "-"
172.71.102.231 - - [19/Sep/2026:12:44:13 +0800] "www.represshop.com" "GET /blog/?rest_route=/wp/v2/pages HTTP/1.1" 200 355998 "http://www.represshop.com/blog/?rest_route=/wp/v2/pages" "Mozilla/5.0 (Windows NT 10.0; Win64; x64) AppleWebKit/537.36 (KHTML, like Gecko) Chrome/120.0.0.0 Safari/537.36" "45.148.10.247" [0.002,1.713,1.715|2.121]Request_Body: "-"
172.70.46.78 - - [19/Sep/2026:12:44:16 +0800] "represshop.com" "GET /wp/?rest_route=/wp/v2/posts/999999&author_exclude=1&orderby=none&per_page=5 HTTP/1.1" 301 166 "-" "Mozilla/5.0 (Windows NT 10.0; Win64; x64) AppleWebKit/537.36 (KHTML, like Gecko) Chrome/120.0.0.0 Safari/537.36" "45.148.10.247" [-,-,-|0.000]Request_Body: "-"
172.70.46.78 - - [19/Sep/2026:12:44:17 +0800] "represshop.com" "GET /blog/wp/v2/posts/999999?author_exclude=1&orderby=none&per_page=5 HTTP/1.1" 301 166 "-" "Mozilla/5.0 (Windows NT 10.0; Win64; x64) AppleWebKit/537.36 (KHTML, like Gecko) Chrome/120.0.0.0 Safari/537.36" "45.148.10.247" [-,-,-|0.000]Request_Body: "-"
172.71.102.231 - - [19/Sep/2026:12:44:18 +0800] "www.represshop.com" "GET /wp/?rest_route=/wp/v2/posts/999999&author_exclude=1&orderby=none&per_page=5 HTTP/1.1" 404 93 "http://www.represshop.com/wp/?rest_route=/wp/v2/posts/999999&author_exclude=1&orderby=none&per_page=5" "Mozilla/5.0 (Windows NT 10.0; Win64; x64) AppleWebKit/537.36 (KHTML, like Gecko) Chrome/120.0.0.0 Safari/537.36" "45.148.10.247" [0.000,1.391,1.391|1.391]Request_Body: "-"
104.22.109.60 - - [19/Sep/2026:12:44:19 +0800] "www.represshop.com" "GET /blog/wp/v2/posts/999999?author_exclude=1&orderby=none&per_page=5 HTTP/1.1" 404 29692 "http://www.represshop.com/blog/wp/v2/posts/999999?author_exclude=1&orderby=none&per_page=5" "Mozilla/5.0 (Windows NT 10.0; Win64; x64) AppleWebKit/537.36 (KHTML, like Gecko) Chrome/120.0.0.0 Safari/537.36" "45.148.10.247" [0.001,1.692,1.696|1.697]Request_Body: "-"
162.159.113.95 - - [19/Sep/2026:12:44:20 +0800] "represshop.com" "GET /blog/?rest_route=/wp/v2/posts/999999&author_exclude=1&orderby=none&per_page=5 HTTP/1.1" 301 166 "-" "Mozilla/5.0 (Windows NT 10.0; Win64; x64) AppleWebKit/537.36 (KHTML, like Gecko) Chrome/120.0.0.0 Safari/537.36" "45.148.10.247" [-,-,-|0.000]Request_Body: "-"
104.22.109.60 - - [19/Sep/2026:12:44:22 +0800] "www.represshop.com" "GET /blog/?rest_route=/wp/v2/posts/999999&author_exclude=1&orderby=none&per_page=5 HTTP/1.1" 404 93 "http://www.represshop.com/blog/?rest_route=/wp/v2/posts/999999&author_exclude=1&orderby=none&per_page=5" "Mozilla/5.0 (Windows NT 10.0; Win64; x64) AppleWebKit/537.36 (KHTML, like Gecko) Chrome/120.0.0.0 Safari/537.36" "45.148.10.247" [0.001,1.820,1.820|1.820]Request_Body: "-"
172.68.244.197 - - [19/Sep/2026:12:53:06 +0800] "www.represshop.com" "GET /images/1844/1a85dac1664f7019a6d25ae518fbb223ba8d3849473cd836227330f91a35d954.webp HTTP/1.1" 304 0 "-" "Mozilla/5.0 AppleWebKit/537.36 (KHTML, like Gecko; compatible; bingbot/2.0; +http://www.bing.com/bingbot.htm) Chrome/116.0.1938.76 Safari/537.36" "52.167.144.197" [0.063,0.266,0.266|0.266]Request_Body: "-"
