172.71.183.218 - - [19/Sep/2026:09:36:24 +0800] "salmingse.com" "GET /?rest_route=/gravitysmtp/v1/tests/mock-data&page=gravitysmtp-connections HTTP/1.1" 301 166 "-" "Mozilla/5.0 (Windows NT 10.0; Win64; x64; rv:121.0) Gecko/20100101 Firefox/121.0" "45.148.10.40" [-,-,-|0.000]Request_Body: "-"
172.71.98.27 - - [19/Sep/2026:09:36:26 +0800] "www.salmingse.com" "GET /?rest_route=/gravitysmtp/v1/tests/mock-data&page=gravitysmtp-connections HTTP/1.1" 404 125 "http://www.salmingse.com/?rest_route=/gravitysmtp/v1/tests/mock-data&page=gravitysmtp-connections" "Mozilla/5.0 (Windows NT 10.0; Win64; x64; rv:121.0) Gecko/20100101 Firefox/121.0" "45.148.10.40" [0.001,1.650,1.650|1.650]Request_Body: "-"
172.71.183.217 - - [19/Sep/2026:09:36:26 +0800] "salmingse.com" "GET /index.php?rest_route=/gravitysmtp/v1/tests/mock-data&page=gravitysmtp-settings HTTP/1.1" 301 166 "-" "Mozilla/5.0 (iPhone; CPU iPhone OS 17_0 like Mac OS X) AppleWebKit/605.1.15 (KHTML, like Gecko) Version/17.0 Mobile/15E148 Safari/604.1" "45.148.10.40" [-,-,-|0.000]Request_Body: "-"
172.71.99.132 - - [19/Sep/2026:09:36:29 +0800] "www.salmingse.com" "GET /index.php?rest_route=/gravitysmtp/v1/tests/mock-data&page=gravitysmtp-settings HTTP/1.1" 404 125 "http://www.salmingse.com/index.php?rest_route=/gravitysmtp/v1/tests/mock-data&page=gravitysmtp-settings" "Mozilla/5.0 (iPhone; CPU iPhone OS 17_0 like Mac OS X) AppleWebKit/605.1.15 (KHTML, like Gecko) Version/17.0 Mobile/15E148 Safari/604.1" "45.148.10.40" [0.000,2.754,2.754|2.754]Request_Body: "-"
172.71.183.218 - - [19/Sep/2026:09:36:29 +0800] "salmingse.com" "GET /wp-json/gravitysmtp/v1/tests/mock-data HTTP/1.1" 301 166 "-" "Mozilla/5.0 (Linux; Android 13; SM-S918B) AppleWebKit/537.36 (KHTML, like Gecko) Chrome/120.0.0.0 Mobile Safari/537.36" "45.148.10.40" [-,-,-|0.000]Request_Body: "-"
172.71.99.132 - - [19/Sep/2026:09:36:35 +0800] "www.salmingse.com" "GET /wp-json/gravitysmtp/v1/tests/mock-data HTTP/1.1" 404 125 "http://www.salmingse.com/wp-json/gravitysmtp/v1/tests/mock-data" "Mozilla/5.0 (Linux; Android 13; SM-S918B) AppleWebKit/537.36 (KHTML, like Gecko) Chrome/120.0.0.0 Mobile Safari/537.36" "45.148.10.40" [0.001,5.696,5.696|5.696]Request_Body: "-"
104.23.172.130 - - [19/Sep/2026:09:37:41 +0800] "salmingse.com" "GET /blog/wp-login.php HTTP/1.1" 301 166 "-" "Mozilla/5.0 (Windows NT 10.0; Win64; x64) AppleWebKit/537.36 (KHTML, like Gecko) Chrome/120.0.0.0 Safari/537.36" "45.148.10.40" [-,-,-|0.000]Request_Body: "-"
104.23.166.47 - - [19/Sep/2026:09:37:41 +0800] "salmingse.com" "GET /wp/wp-login.php HTTP/1.1" 301 166 "-" "Mozilla/5.0 (Windows NT 10.0; Win64; x64) AppleWebKit/537.36 (KHTML, like Gecko) Chrome/120.0.0.0 Safari/537.36" "45.148.10.40" [-,-,-|0.000]Request_Body: "-"
104.22.109.85 - - [19/Sep/2026:09:37:42 +0800] "www.salmingse.com" "GET /blog/wp-login.php HTTP/1.1" 403 552 "http://www.salmingse.com/blog/wp-login.php" "Mozilla/5.0 (Windows NT 10.0; Win64; x64) AppleWebKit/537.36 (KHTML, like Gecko) Chrome/120.0.0.0 Safari/537.36" "45.148.10.40" [-,-,-|0.000]Request_Body: "-"
104.23.168.56 - - [19/Sep/2026:09:37:42 +0800] "www.salmingse.com" "GET /wp/wp-login.php HTTP/1.1" 403 552 "http://www.salmingse.com/wp/wp-login.php" "Mozilla/5.0 (Windows NT 10.0; Win64; x64) AppleWebKit/537.36 (KHTML, like Gecko) Chrome/120.0.0.0 Safari/537.36" "45.148.10.40" [-,-,-|0.000]Request_Body: "-"
104.23.172.4 - - [19/Sep/2026:09:37:42 +0800] "salmingse.com" "GET /wp/feed/ HTTP/1.1" 301 166 "-" "Mozilla/5.0 (Windows NT 10.0; Win64; x64) AppleWebKit/537.36 (KHTML, like Gecko) Chrome/120.0.0.0 Safari/537.36" "45.148.10.40" [-,-,-|0.000]Request_Body: "-"
104.23.166.97 - - [19/Sep/2026:09:37:42 +0800] "salmingse.com" "GET /blog/feed/ HTTP/1.1" 301 166 "-" "Mozilla/5.0 (Windows NT 10.0; Win64; x64) AppleWebKit/537.36 (KHTML, like Gecko) Chrome/120.0.0.0 Safari/537.36" "45.148.10.40" [-,-,-|0.000]Request_Body: "-"
104.23.168.66 - - [19/Sep/2026:09:37:44 +0800] "www.salmingse.com" "GET /wp/feed/ HTTP/1.1" 200 698 "http://www.salmingse.com/wp/feed/" "Mozilla/5.0 (Windows NT 10.0; Win64; x64) AppleWebKit/537.36 (KHTML, like Gecko) Chrome/120.0.0.0 Safari/537.36" "45.148.10.40" [0.001,1.309,1.309|1.308]Request_Body: "-"
104.22.109.66 - - [19/Sep/2026:09:37:44 +0800] "www.salmingse.com" "GET /blog/feed/ HTTP/1.1" 200 901 "http://www.salmingse.com/blog/feed/" "Mozilla/5.0 (Windows NT 10.0; Win64; x64) AppleWebKit/537.36 (KHTML, like Gecko) Chrome/120.0.0.0 Safari/537.36" "45.148.10.40" [0.001,1.470,1.470|1.470]Request_Body: "-"
172.71.183.218 - - [19/Sep/2026:09:37:44 +0800] "salmingse.com" "GET /wp/ HTTP/1.1" 301 166 "-" "Mozilla/5.0 (Windows NT 10.0; Win64; x64) AppleWebKit/537.36 (KHTML, like Gecko) Chrome/120.0.0.0 Safari/537.36" "45.148.10.40" [-,-,-|0.000]Request_Body: "-"
104.23.166.47 - - [19/Sep/2026:09:37:44 +0800] "salmingse.com" "GET /blog/ HTTP/1.1" 301 166 "-" "Mozilla/5.0 (Windows NT 10.0; Win64; x64) AppleWebKit/537.36 (KHTML, like Gecko) Chrome/120.0.0.0 Safari/537.36" "45.148.10.40" [-,-,-|0.000]Request_Body: "-"
104.22.109.66 - - [19/Sep/2026:09:37:46 +0800] "www.salmingse.com" "GET /wp/ HTTP/1.1" 404 29541 "http://www.salmingse.com/wp/" "Mozilla/5.0 (Windows NT 10.0; Win64; x64) AppleWebKit/537.36 (KHTML, like Gecko) Chrome/120.0.0.0 Safari/537.36" "45.148.10.40" [0.000,1.542,1.545|1.546]Request_Body: "-"
104.23.166.97 - - [19/Sep/2026:09:37:46 +0800] "salmingse.com" "POST /wp/index.php?rest_route=/batch/v1 HTTP/1.1" 301 166 "-" "Mozilla/5.0 (Windows NT 10.0; Win64; x64) AppleWebKit/537.36 (KHTML, like Gecko) Chrome/120.0.0.0 Safari/537.36" "45.148.10.40" [-,-,-|0.000]Request_Body: "-"
104.23.168.56 - - [19/Sep/2026:09:37:46 +0800] "www.salmingse.com" "GET /blog/ HTTP/1.1" 200 30029 "http://www.salmingse.com/blog/" "Mozilla/5.0 (Windows NT 10.0; Win64; x64) AppleWebKit/537.36 (KHTML, like Gecko) Chrome/120.0.0.0 Safari/537.36" "45.148.10.40" [0.001,1.867,1.870|1.869]Request_Body: "-"
104.22.109.66 - - [19/Sep/2026:09:37:46 +0800] "www.salmingse.com" "GET /wp/index.php?rest_route=/batch/v1 HTTP/1.1" 403 552 "http://www.salmingse.com/wp/index.php?rest_route=/batch/v1" "Mozilla/5.0 (Windows NT 10.0; Win64; x64) AppleWebKit/537.36 (KHTML, like Gecko) Chrome/120.0.0.0 Safari/537.36" "45.148.10.40" [-,-,-|0.000]Request_Body: "-"
104.23.166.47 - - [19/Sep/2026:09:37:46 +0800] "salmingse.com" "POST /wp/index.php?rest_route=%2Fbatch%2Fv1 HTTP/1.1" 301 166 "-" "Mozilla/5.0 (Windows NT 10.0; Win64; x64) AppleWebKit/537.36 (KHTML, like Gecko) Chrome/120.0.0.0 Safari/537.36" "45.148.10.40" [-,-,-|0.000]Request_Body: "-"
172.71.183.218 - - [19/Sep/2026:09:37:46 +0800] "salmingse.com" "POST /blog/index.php?rest_route=/batch/v1 HTTP/1.1" 301 166 "-" "Mozilla/5.0 (Windows NT 10.0; Win64; x64) AppleWebKit/537.36 (KHTML, like Gecko) Chrome/120.0.0.0 Safari/537.36" "45.148.10.40" [-,-,-|0.000]Request_Body: "-"
104.23.168.66 - - [19/Sep/2026:09:37:46 +0800] "www.salmingse.com" "GET /wp/index.php?rest_route=%2Fbatch%2Fv1 HTTP/1.1" 403 552 "http://www.salmingse.com/wp/index.php?rest_route=%2Fbatch%2Fv1" "Mozilla/5.0 (Windows NT 10.0; Win64; x64) AppleWebKit/537.36 (KHTML, like Gecko) Chrome/120.0.0.0 Safari/537.36" "45.148.10.40" [-,-,-|0.000]Request_Body: "-"
104.22.109.66 - - [19/Sep/2026:09:37:46 +0800] "www.salmingse.com" "GET /blog/index.php?rest_route=/batch/v1 HTTP/1.1" 403 552 "http://www.salmingse.com/blog/index.php?rest_route=/batch/v1" "Mozilla/5.0 (Windows NT 10.0; Win64; x64) AppleWebKit/537.36 (KHTML, like Gecko) Chrome/120.0.0.0 Safari/537.36" "45.148.10.40" [-,-,-|0.000]Request_Body: "-"
172.71.183.218 - - [19/Sep/2026:09:37:47 +0800] "salmingse.com" "POST /wp/?rest_route=%2Fbatch%2Fv1 HTTP/1.1" 301 166 "-" "Mozilla/5.0 (Windows NT 10.0; Win64; x64) AppleWebKit/537.36 (KHTML, like Gecko) Chrome/120.0.0.0 Safari/537.36" "45.148.10.40" [-,-,-|0.000]Request_Body: "-"
104.23.166.97 - - [19/Sep/2026:09:37:47 +0800] "salmingse.com" "POST /blog/index.php?rest_route=%2Fbatch%2Fv1 HTTP/1.1" 301 166 "-" "Mozilla/5.0 (Windows NT 10.0; Win64; x64) AppleWebKit/537.36 (KHTML, like Gecko) Chrome/120.0.0.0 Safari/537.36" "45.148.10.40" [-,-,-|0.000]Request_Body: "-"
104.23.168.56 - - [19/Sep/2026:09:37:47 +0800] "www.salmingse.com" "GET /blog/index.php?rest_route=%2Fbatch%2Fv1 HTTP/1.1" 403 552 "http://www.salmingse.com/blog/index.php?rest_route=%2Fbatch%2Fv1" "Mozilla/5.0 (Windows NT 10.0; Win64; x64) AppleWebKit/537.36 (KHTML, like Gecko) Chrome/120.0.0.0 Safari/537.36" "45.148.10.40" [-,-,-|0.000]Request_Body: "-"
104.23.166.47 - - [19/Sep/2026:09:37:47 +0800] "salmingse.com" "POST /blog/?rest_route=%2Fbatch%2Fv1 HTTP/1.1" 301 166 "-" "Mozilla/5.0 (Windows NT 10.0; Win64; x64) AppleWebKit/537.36 (KHTML, like Gecko) Chrome/120.0.0.0 Safari/537.36" "45.148.10.40" [-,-,-|0.000]Request_Body: "-"
104.22.109.66 - - [19/Sep/2026:09:37:48 +0800] "www.salmingse.com" "GET /wp/?rest_route=%2Fbatch%2Fv1 HTTP/1.1" 404 125 "http://www.salmingse.com/wp/?rest_route=%2Fbatch%2Fv1" "Mozilla/5.0 (Windows NT 10.0; Win64; x64) AppleWebKit/537.36 (KHTML, like Gecko) Chrome/120.0.0.0 Safari/537.36" "45.148.10.40" [0.001,1.214,1.214|1.213]Request_Body: "-"
104.23.166.97 - - [19/Sep/2026:09:37:48 +0800] "salmingse.com" "POST /wp/?rest_route=/batch%2Fv1 HTTP/1.1" 301 166 "-" "Mozilla/5.0 (Windows NT 10.0; Win64; x64) AppleWebKit/537.36 (KHTML, like Gecko) Chrome/120.0.0.0 Safari/537.36" "45.148.10.40" [-,-,-|0.000]Request_Body: "-"
104.23.168.66 - - [19/Sep/2026:09:37:48 +0800] "www.salmingse.com" "GET /blog/?rest_route=%2Fbatch%2Fv1 HTTP/1.1" 404 125 "http://www.salmingse.com/blog/?rest_route=%2Fbatch%2Fv1" "Mozilla/5.0 (Windows NT 10.0; Win64; x64) AppleWebKit/537.36 (KHTML, like Gecko) Chrome/120.0.0.0 Safari/537.36" "45.148.10.40" [0.001,1.251,1.251|1.251]Request_Body: "-"
104.23.166.47 - - [19/Sep/2026:09:37:49 +0800] "salmingse.com" "POST /blog/?rest_route=/batch%2Fv1 HTTP/1.1" 301 166 "-" "Mozilla/5.0 (Windows NT 10.0; Win64; x64) AppleWebKit/537.36 (KHTML, like Gecko) Chrome/120.0.0.0 Safari/537.36" "45.148.10.40" [-,-,-|0.000]Request_Body: "-"
104.22.109.66 - - [19/Sep/2026:09:37:50 +0800] "www.salmingse.com" "GET /wp/?rest_route=/batch%2Fv1 HTTP/1.1" 404 125 "http://www.salmingse.com/wp/?rest_route=/batch%2Fv1" "Mozilla/5.0 (Windows NT 10.0; Win64; x64) AppleWebKit/537.36 (KHTML, like Gecko) Chrome/120.0.0.0 Safari/537.36" "45.148.10.40" [0.001,1.598,1.598|1.598]Request_Body: "-"
104.23.166.47 - - [19/Sep/2026:09:37:50 +0800] "salmingse.com" "POST /wp/?rest_route=/batch/v1 HTTP/1.1" 301 166 "-" "Mozilla/5.0 (Windows NT 10.0; Win64; x64) AppleWebKit/537.36 (KHTML, like Gecko) Chrome/120.0.0.0 Safari/537.36" "45.148.10.40" [-,-,-|0.000]Request_Body: "-"
104.23.168.56 - - [19/Sep/2026:09:37:50 +0800] "www.salmingse.com" "GET /blog/?rest_route=/batch%2Fv1 HTTP/1.1" 404 125 "http://www.salmingse.com/blog/?rest_route=/batch%2Fv1" "Mozilla/5.0 (Windows NT 10.0; Win64; x64) AppleWebKit/537.36 (KHTML, like Gecko) Chrome/120.0.0.0 Safari/537.36" "45.148.10.40" [0.001,1.512,1.512|1.512]Request_Body: "-"
104.23.166.47 - - [19/Sep/2026:09:37:57 +0800] "salmingse.com" "POST /blog/?rest_route=/batch/v1 HTTP/1.1" 301 166 "-" "Mozilla/5.0 (Windows NT 10.0; Win64; x64) AppleWebKit/537.36 (KHTML, like Gecko) Chrome/120.0.0.0 Safari/537.36" "45.148.10.40" [-,-,-|0.000]Request_Body: "-"
104.22.109.85 - - [19/Sep/2026:09:37:58 +0800] "www.salmingse.com" "GET /wp/?rest_route=/batch/v1 HTTP/1.1" 404 125 "http://www.salmingse.com/wp/?rest_route=/batch/v1" "Mozilla/5.0 (Windows NT 10.0; Win64; x64) AppleWebKit/537.36 (KHTML, like Gecko) Chrome/120.0.0.0 Safari/537.36" "45.148.10.40" [0.004,1.540,1.540|1.540]Request_Body: "-"
104.23.168.56 - - [19/Sep/2026:09:37:58 +0800] "www.salmingse.com" "GET /blog/?rest_route=/batch/v1 HTTP/1.1" 404 125 "http://www.salmingse.com/blog/?rest_route=/batch/v1" "Mozilla/5.0 (Windows NT 10.0; Win64; x64) AppleWebKit/537.36 (KHTML, like Gecko) Chrome/120.0.0.0 Safari/537.36" "45.148.10.40" [0.002,1.467,1.467|1.466]Request_Body: "-"
104.23.166.47 - - [19/Sep/2026:09:37:59 +0800] "salmingse.com" "POST /wp/wp-json/batch/v1 HTTP/1.1" 301 166 "-" "Mozilla/5.0 (Windows NT 10.0; Win64; x64) AppleWebKit/537.36 (KHTML, like Gecko) Chrome/120.0.0.0 Safari/537.36" "45.148.10.40" [-,-,-|0.000]Request_Body: "-"
172.71.183.218 - - [19/Sep/2026:09:37:59 +0800] "salmingse.com" "POST /blog/wp-json/batch/v1 HTTP/1.1" 301 166 "-" "Mozilla/5.0 (Windows NT 10.0; Win64; x64) AppleWebKit/537.36 (KHTML, like Gecko) Chrome/120.0.0.0 Safari/537.36" "45.148.10.40" [-,-,-|0.000]Request_Body: "-"
104.22.109.85 - - [19/Sep/2026:09:38:00 +0800] "www.salmingse.com" "GET /wp/wp-json/batch/v1 HTTP/1.1" 301 5 "http://www.salmingse.com/wp/wp-json/batch/v1" "Mozilla/5.0 (Windows NT 10.0; Win64; x64) AppleWebKit/537.36 (KHTML, like Gecko) Chrome/120.0.0.0 Safari/537.36" "45.148.10.40" [0.001,1.091,1.091|1.090]Request_Body: "-"
172.71.183.218 - - [19/Sep/2026:09:38:00 +0800] "salmingse.com" "POST /wp/wp-json/Batch/v1 HTTP/1.1" 301 166 "-" "Mozilla/5.0 (Windows NT 10.0; Win64; x64) AppleWebKit/537.36 (KHTML, like Gecko) Chrome/120.0.0.0 Safari/537.36" "45.148.10.40" [-,-,-|0.000]Request_Body: "-"
104.23.168.56 - - [19/Sep/2026:09:38:01 +0800] "www.salmingse.com" "GET /blog/wp-json/batch/v1 HTTP/1.1" 301 5 "http://www.salmingse.com/blog/wp-json/batch/v1" "Mozilla/5.0 (Windows NT 10.0; Win64; x64) AppleWebKit/537.36 (KHTML, like Gecko) Chrome/120.0.0.0 Safari/537.36" "45.148.10.40" [0.001,1.586,1.586|1.586]Request_Body: "-"
172.71.183.218 - - [19/Sep/2026:09:38:01 +0800] "salmingse.com" "POST /blog/wp-json/Batch/v1 HTTP/1.1" 301 166 "-" "Mozilla/5.0 (Windows NT 10.0; Win64; x64) AppleWebKit/537.36 (KHTML, like Gecko) Chrome/120.0.0.0 Safari/537.36" "45.148.10.40" [-,-,-|0.000]Request_Body: "-"
104.22.109.85 - - [19/Sep/2026:09:38:02 +0800] "www.salmingse.com" "GET /wp/wp-json/Batch/v1 HTTP/1.1" 301 5 "http://www.salmingse.com/wp/wp-json/Batch/v1" "Mozilla/5.0 (Windows NT 10.0; Win64; x64) AppleWebKit/537.36 (KHTML, like Gecko) Chrome/120.0.0.0 Safari/537.36" "45.148.10.40" [0.001,1.526,1.526|1.526]Request_Body: "-"
172.71.183.218 - - [19/Sep/2026:09:38:02 +0800] "salmingse.com" "POST /wp//wp-json/batch/v1 HTTP/1.1" 301 166 "-" "Mozilla/5.0 (Windows NT 10.0; Win64; x64) AppleWebKit/537.36 (KHTML, like Gecko) Chrome/120.0.0.0 Safari/537.36" "45.148.10.40" [-,-,-|0.000]Request_Body: "-"
104.23.168.56 - - [19/Sep/2026:09:38:02 +0800] "www.salmingse.com" "GET /blog/wp-json/Batch/v1 HTTP/1.1" 301 5 "http://www.salmingse.com/blog/wp-json/Batch/v1" "Mozilla/5.0 (Windows NT 10.0; Win64; x64) AppleWebKit/537.36 (KHTML, like Gecko) Chrome/120.0.0.0 Safari/537.36" "45.148.10.40" [0.001,1.395,1.395|1.395]Request_Body: "-"
172.71.183.218 - - [19/Sep/2026:09:38:03 +0800] "salmingse.com" "POST /blog//wp-json/batch/v1 HTTP/1.1" 301 166 "-" "Mozilla/5.0 (Windows NT 10.0; Win64; x64) AppleWebKit/537.36 (KHTML, like Gecko) Chrome/120.0.0.0 Safari/537.36" "45.148.10.40" [-,-,-|0.000]Request_Body: "-"
104.22.109.85 - - [19/Sep/2026:09:38:04 +0800] "www.salmingse.com" "GET /wp//wp-json/batch/v1 HTTP/1.1" 301 5 "http://www.salmingse.com/wp//wp-json/batch/v1" "Mozilla/5.0 (Windows NT 10.0; Win64; x64) AppleWebKit/537.36 (KHTML, like Gecko) Chrome/120.0.0.0 Safari/537.36" "45.148.10.40" [0.001,1.958,1.958|1.957]Request_Body: "-"
172.71.183.218 - - [19/Sep/2026:09:38:04 +0800] "salmingse.com" "POST /wp/wp-json/batch/v1/ HTTP/1.1" 301 166 "-" "Mozilla/5.0 (Windows NT 10.0; Win64; x64) AppleWebKit/537.36 (KHTML, like Gecko) Chrome/120.0.0.0 Safari/537.36" "45.148.10.40" [-,-,-|0.000]Request_Body: "-"
104.23.168.56 - - [19/Sep/2026:09:38:05 +0800] "www.salmingse.com" "GET /blog//wp-json/batch/v1 HTTP/1.1" 301 5 "http://www.salmingse.com/blog//wp-json/batch/v1" "Mozilla/5.0 (Windows NT 10.0; Win64; x64) AppleWebKit/537.36 (KHTML, like Gecko) Chrome/120.0.0.0 Safari/537.36" "45.148.10.40" [0.001,2.103,2.103|2.103]Request_Body: "-"
172.71.183.218 - - [19/Sep/2026:09:38:05 +0800] "salmingse.com" "POST /blog/wp-json/batch/v1/ HTTP/1.1" 301 166 "-" "Mozilla/5.0 (Windows NT 10.0; Win64; x64) AppleWebKit/537.36 (KHTML, like Gecko) Chrome/120.0.0.0 Safari/537.36" "45.148.10.40" [-,-,-|0.001]Request_Body: "-"
104.22.109.85 - - [19/Sep/2026:09:38:08 +0800] "www.salmingse.com" "GET /wp/wp-json/batch/v1/ HTTP/1.1" 301 5 "http://www.salmingse.com/wp/wp-json/batch/v1/" "Mozilla/5.0 (Windows NT 10.0; Win64; x64) AppleWebKit/537.36 (KHTML, like Gecko) Chrome/120.0.0.0 Safari/537.36" "45.148.10.40" [0.002,3.372,3.372|3.372]Request_Body: "-"
104.23.168.56 - - [19/Sep/2026:09:38:08 +0800] "www.salmingse.com" "GET /blog/wp-json/batch/v1/ HTTP/1.1" 301 5 "http://www.salmingse.com/blog/wp-json/batch/v1/" "Mozilla/5.0 (Windows NT 10.0; Win64; x64) AppleWebKit/537.36 (KHTML, like Gecko) Chrome/120.0.0.0 Safari/537.36" "45.148.10.40" [0.001,2.937,2.937|2.936]Request_Body: "-"
172.71.183.218 - - [19/Sep/2026:09:38:11 +0800] "salmingse.com" "POST /blog/blog/wp-json/batch/v1 HTTP/1.1" 301 166 "-" "Mozilla/5.0 (Windows NT 10.0; Win64; x64) AppleWebKit/537.36 (KHTML, like Gecko) Chrome/120.0.0.0 Safari/537.36" "45.148.10.40" [-,-,-|0.000]Request_Body: "-"
172.71.183.218 - - [19/Sep/2026:09:38:11 +0800] "salmingse.com" "POST /wp/blog/wp-json/batch/v1 HTTP/1.1" 301 166 "-" "Mozilla/5.0 (Windows NT 10.0; Win64; x64) AppleWebKit/537.36 (KHTML, like Gecko) Chrome/120.0.0.0 Safari/537.36" "45.148.10.40" [-,-,-|0.000]Request_Body: "-"
104.23.168.56 - - [19/Sep/2026:09:38:13 +0800] "www.salmingse.com" "GET /blog/blog/wp-json/batch/v1 HTTP/1.1" 301 5 "http://www.salmingse.com/blog/blog/wp-json/batch/v1" "Mozilla/5.0 (Windows NT 10.0; Win64; x64) AppleWebKit/537.36 (KHTML, like Gecko) Chrome/120.0.0.0 Safari/537.36" "45.148.10.40" [0.001,1.610,1.610|1.611]Request_Body: "-"
172.71.183.218 - - [19/Sep/2026:09:38:13 +0800] "salmingse.com" "POST /blog/index.php?rest_route=/batch/v1 HTTP/1.1" 301 166 "https://salmingse.com/blog/wp-admin/" "Mozilla/5.0 (Windows NT 10.0; Win64; x64) AppleWebKit/537.36 (KHTML, like Gecko) Chrome/120.0.0.0 Safari/537.36" "127.0.0.1,45.148.10.40" [-,-,-|0.000]Request_Body: "-"
104.22.109.85 - - [19/Sep/2026:09:38:13 +0800] "www.salmingse.com" "GET /wp/blog/wp-json/batch/v1 HTTP/1.1" 301 5 "http://www.salmingse.com/wp/blog/wp-json/batch/v1" "Mozilla/5.0 (Windows NT 10.0; Win64; x64) AppleWebKit/537.36 (KHTML, like Gecko) Chrome/120.0.0.0 Safari/537.36" "45.148.10.40" [0.001,1.626,1.626|1.626]Request_Body: "-"
104.23.168.56 - - [19/Sep/2026:09:38:14 +0800] "www.salmingse.com" "GET /blog/index.php?rest_route=/batch/v1 HTTP/1.1" 403 552 "https://salmingse.com/blog/wp-admin/" "Mozilla/5.0 (Windows NT 10.0; Win64; x64) AppleWebKit/537.36 (KHTML, like Gecko) Chrome/120.0.0.0 Safari/537.36" "127.0.0.1,45.148.10.40" [-,-,-|0.000]Request_Body: "-"
172.71.183.218 - - [19/Sep/2026:09:38:14 +0800] "salmingse.com" "POST /wp/index.php?rest_route=/batch/v1 HTTP/1.1" 301 166 "https://salmingse.com/wp/wp-admin/" "Mozilla/5.0 (Windows NT 10.0; Win64; x64) AppleWebKit/537.36 (KHTML, like Gecko) Chrome/120.0.0.0 Safari/537.36" "127.0.0.1,45.148.10.40" [-,-,-|0.001]Request_Body: "-"
104.23.166.47 - - [19/Sep/2026:09:38:14 +0800] "salmingse.com" "POST /blog/index.php?rest_route=%2Fbatch%2Fv1 HTTP/1.1" 301 166 "https://salmingse.com/blog/wp-admin/" "Mozilla/5.0 (Windows NT 10.0; Win64; x64) AppleWebKit/537.36 (KHTML, like Gecko) Chrome/120.0.0.0 Safari/537.36" "127.0.0.1,45.148.10.40" [-,-,-|0.001]Request_Body: "-"
104.23.168.56 - - [19/Sep/2026:09:38:14 +0800] "www.salmingse.com" "GET /wp/index.php?rest_route=/batch/v1 HTTP/1.1" 403 552 "https://salmingse.com/wp/wp-admin/" "Mozilla/5.0 (Windows NT 10.0; Win64; x64) AppleWebKit/537.36 (KHTML, like Gecko) Chrome/120.0.0.0 Safari/537.36" "127.0.0.1,45.148.10.40" [-,-,-|0.000]Request_Body: "-"
104.22.109.85 - - [19/Sep/2026:09:38:14 +0800] "www.salmingse.com" "GET /blog/index.php?rest_route=%2Fbatch%2Fv1 HTTP/1.1" 403 552 "https://salmingse.com/blog/wp-admin/" "Mozilla/5.0 (Windows NT 10.0; Win64; x64) AppleWebKit/537.36 (KHTML, like Gecko) Chrome/120.0.0.0 Safari/537.36" "127.0.0.1,45.148.10.40" [-,-,-|0.000]Request_Body: "-"
104.23.166.47 - - [19/Sep/2026:09:38:14 +0800] "salmingse.com" "POST /wp/index.php?rest_route=%2Fbatch%2Fv1 HTTP/1.1" 301 166 "https://salmingse.com/wp/wp-admin/" "Mozilla/5.0 (Windows NT 10.0; Win64; x64) AppleWebKit/537.36 (KHTML, like Gecko) Chrome/120.0.0.0 Safari/537.36" "127.0.0.1,45.148.10.40" [-,-,-|0.000]Request_Body: "-"
172.71.183.218 - - [19/Sep/2026:09:38:14 +0800] "salmingse.com" "POST /blog/?rest_route=%2Fbatch%2Fv1 HTTP/1.1" 301 166 "https://salmingse.com/blog/wp-admin/" "Mozilla/5.0 (Windows NT 10.0; Win64; x64) AppleWebKit/537.36 (KHTML, like Gecko) Chrome/120.0.0.0 Safari/537.36" "127.0.0.1,45.148.10.40" [-,-,-|0.001]Request_Body: "-"
104.22.109.85 - - [19/Sep/2026:09:38:14 +0800] "www.salmingse.com" "GET /wp/index.php?rest_route=%2Fbatch%2Fv1 HTTP/1.1" 403 552 "https://salmingse.com/wp/wp-admin/" "Mozilla/5.0 (Windows NT 10.0; Win64; x64) AppleWebKit/537.36 (KHTML, like Gecko) Chrome/120.0.0.0 Safari/537.36" "127.0.0.1,45.148.10.40" [-,-,-|0.000]Request_Body: "-"
172.71.183.218 - - [19/Sep/2026:09:38:14 +0800] "salmingse.com" "POST /wp/?rest_route=%2Fbatch%2Fv1 HTTP/1.1" 301 166 "https://salmingse.com/wp/wp-admin/" "Mozilla/5.0 (Windows NT 10.0; Win64; x64) AppleWebKit/537.36 (KHTML, like Gecko) Chrome/120.0.0.0 Safari/537.36" "127.0.0.1,45.148.10.40" [-,-,-|0.000]Request_Body: "-"
104.23.168.56 - - [19/Sep/2026:09:38:16 +0800] "www.salmingse.com" "GET /blog/?rest_route=%2Fbatch%2Fv1 HTTP/1.1" 404 125 "https://salmingse.com/blog/wp-admin/" "Mozilla/5.0 (Windows NT 10.0; Win64; x64) AppleWebKit/537.36 (KHTML, like Gecko) Chrome/120.0.0.0 Safari/537.36" "127.0.0.1,45.148.10.40" [0.001,2.025,2.025|2.025]Request_Body: "-"
172.71.183.218 - - [19/Sep/2026:09:38:16 +0800] "salmingse.com" "POST /blog/?rest_route=/batch%2Fv1 HTTP/1.1" 301 166 "https://salmingse.com/blog/wp-admin/" "Mozilla/5.0 (Windows NT 10.0; Win64; x64) AppleWebKit/537.36 (KHTML, like Gecko) Chrome/120.0.0.0 Safari/537.36" "127.0.0.1,45.148.10.40" [-,-,-|0.001]Request_Body: "-"
104.22.109.85 - - [19/Sep/2026:09:38:16 +0800] "www.salmingse.com" "GET /wp/?rest_route=%2Fbatch%2Fv1 HTTP/1.1" 404 125 "https://salmingse.com/wp/wp-admin/" "Mozilla/5.0 (Windows NT 10.0; Win64; x64) AppleWebKit/537.36 (KHTML, like Gecko) Chrome/120.0.0.0 Safari/537.36" "127.0.0.1,45.148.10.40" [0.001,1.986,1.986|1.986]Request_Body: "-"
172.71.183.218 - - [19/Sep/2026:09:38:17 +0800] "salmingse.com" "POST /wp/?rest_route=/batch%2Fv1 HTTP/1.1" 301 166 "https://salmingse.com/wp/wp-admin/" "Mozilla/5.0 (Windows NT 10.0; Win64; x64) AppleWebKit/537.36 (KHTML, like Gecko) Chrome/120.0.0.0 Safari/537.36" "127.0.0.1,45.148.10.40" [-,-,-|0.000]Request_Body: "-"
104.23.168.56 - - [19/Sep/2026:09:38:18 +0800] "www.salmingse.com" "GET /blog/?rest_route=/batch%2Fv1 HTTP/1.1" 404 125 "https://salmingse.com/blog/wp-admin/" "Mozilla/5.0 (Windows NT 10.0; Win64; x64) AppleWebKit/537.36 (KHTML, like Gecko) Chrome/120.0.0.0 Safari/537.36" "127.0.0.1,45.148.10.40" [0.001,1.987,1.987|1.987]Request_Body: "-"
172.71.183.218 - - [19/Sep/2026:09:38:19 +0800] "salmingse.com" "POST /blog/?rest_route=/batch/v1 HTTP/1.1" 301 166 "https://salmingse.com/blog/wp-admin/" "Mozilla/5.0 (Windows NT 10.0; Win64; x64) AppleWebKit/537.36 (KHTML, like Gecko) Chrome/120.0.0.0 Safari/537.36" "127.0.0.1,45.148.10.40" [-,-,-|0.000]Request_Body: "-"
104.22.109.85 - - [19/Sep/2026:09:38:19 +0800] "www.salmingse.com" "GET /wp/?rest_route=/batch%2Fv1 HTTP/1.1" 404 125 "https://salmingse.com/wp/wp-admin/" "Mozilla/5.0 (Windows NT 10.0; Win64; x64) AppleWebKit/537.36 (KHTML, like Gecko) Chrome/120.0.0.0 Safari/537.36" "127.0.0.1,45.148.10.40" [0.001,2.119,2.119|2.119]Request_Body: "-"
172.71.183.218 - - [19/Sep/2026:09:38:19 +0800] "salmingse.com" "POST /wp/?rest_route=/batch/v1 HTTP/1.1" 301 166 "https://salmingse.com/wp/wp-admin/" "Mozilla/5.0 (Windows NT 10.0; Win64; x64) AppleWebKit/537.36 (KHTML, like Gecko) Chrome/120.0.0.0 Safari/537.36" "127.0.0.1,45.148.10.40" [-,-,-|0.000]Request_Body: "-"
104.23.168.56 - - [19/Sep/2026:09:38:20 +0800] "www.salmingse.com" "GET /blog/?rest_route=/batch/v1 HTTP/1.1" 404 125 "https://salmingse.com/blog/wp-admin/" "Mozilla/5.0 (Windows NT 10.0; Win64; x64) AppleWebKit/537.36 (KHTML, like Gecko) Chrome/120.0.0.0 Safari/537.36" "127.0.0.1,45.148.10.40" [0.001,1.468,1.468|1.468]Request_Body: "-"
172.71.183.218 - - [19/Sep/2026:09:38:21 +0800] "salmingse.com" "POST /blog/wp-json/batch/v1 HTTP/1.1" 301 166 "https://salmingse.com/blog/wp-admin/" "Mozilla/5.0 (Windows NT 10.0; Win64; x64) AppleWebKit/537.36 (KHTML, like Gecko) Chrome/120.0.0.0 Safari/537.36" "127.0.0.1,45.148.10.40" [-,-,-|0.000]Request_Body: "-"
104.22.109.85 - - [19/Sep/2026:09:38:21 +0800] "www.salmingse.com" "GET /wp/?rest_route=/batch/v1 HTTP/1.1" 404 125 "https://salmingse.com/wp/wp-admin/" "Mozilla/5.0 (Windows NT 10.0; Win64; x64) AppleWebKit/537.36 (KHTML, like Gecko) Chrome/120.0.0.0 Safari/537.36" "127.0.0.1,45.148.10.40" [0.001,1.603,1.603|1.603]Request_Body: "-"
104.23.168.56 - - [19/Sep/2026:09:38:22 +0800] "www.salmingse.com" "GET /blog/wp-json/batch/v1 HTTP/1.1" 301 5 "https://salmingse.com/blog/wp-admin/" "Mozilla/5.0 (Windows NT 10.0; Win64; x64) AppleWebKit/537.36 (KHTML, like Gecko) Chrome/120.0.0.0 Safari/537.36" "127.0.0.1,45.148.10.40" [0.001,1.447,1.447|1.447]Request_Body: "-"
172.71.183.218 - - [19/Sep/2026:09:38:27 +0800] "salmingse.com" "POST /wp/wp-json/batch/v1 HTTP/1.1" 301 166 "https://salmingse.com/wp/wp-admin/" "Mozilla/5.0 (Windows NT 10.0; Win64; x64) AppleWebKit/537.36 (KHTML, like Gecko) Chrome/120.0.0.0 Safari/537.36" "127.0.0.1,45.148.10.40" [-,-,-|0.000]Request_Body: "-"
104.23.166.47 - - [19/Sep/2026:09:38:27 +0800] "salmingse.com" "POST /blog/wp-json/Batch/v1 HTTP/1.1" 301 166 "https://salmingse.com/blog/wp-admin/" "Mozilla/5.0 (Windows NT 10.0; Win64; x64) AppleWebKit/537.36 (KHTML, like Gecko) Chrome/120.0.0.0 Safari/537.36" "127.0.0.1,45.148.10.40" [-,-,-|0.001]Request_Body: "-"
104.23.168.56 - - [19/Sep/2026:09:38:29 +0800] "www.salmingse.com" "GET /wp/wp-json/batch/v1 HTTP/1.1" 301 5 "https://salmingse.com/wp/wp-admin/" "Mozilla/5.0 (Windows NT 10.0; Win64; x64) AppleWebKit/537.36 (KHTML, like Gecko) Chrome/120.0.0.0 Safari/537.36" "127.0.0.1,45.148.10.40" [0.001,1.858,1.858|1.858]Request_Body: "-"
104.22.109.85 - - [19/Sep/2026:09:38:29 +0800] "www.salmingse.com" "GET /blog/wp-json/Batch/v1 HTTP/1.1" 301 5 "https://salmingse.com/blog/wp-admin/" "Mozilla/5.0 (Windows NT 10.0; Win64; x64) AppleWebKit/537.36 (KHTML, like Gecko) Chrome/120.0.0.0 Safari/537.36" "127.0.0.1,45.148.10.40" [0.001,1.847,1.847|1.848]Request_Body: "-"
104.23.166.47 - - [19/Sep/2026:09:38:29 +0800] "salmingse.com" "POST /wp/wp-json/Batch/v1 HTTP/1.1" 301 166 "https://salmingse.com/wp/wp-admin/" "Mozilla/5.0 (Windows NT 10.0; Win64; x64) AppleWebKit/537.36 (KHTML, like Gecko) Chrome/120.0.0.0 Safari/537.36" "127.0.0.1,45.148.10.40" [-,-,-|0.000]Request_Body: "-"
172.71.183.218 - - [19/Sep/2026:09:38:30 +0800] "salmingse.com" "POST /blog//wp-json/batch/v1 HTTP/1.1" 301 166 "https://salmingse.com/blog/wp-admin/" "Mozilla/5.0 (Windows NT 10.0; Win64; x64) AppleWebKit/537.36 (KHTML, like Gecko) Chrome/120.0.0.0 Safari/537.36" "127.0.0.1,45.148.10.40" [-,-,-|0.001]Request_Body: "-"
104.23.168.56 - - [19/Sep/2026:09:38:31 +0800] "www.salmingse.com" "GET /blog//wp-json/batch/v1 HTTP/1.1" 301 5 "https://salmingse.com/blog/wp-admin/" "Mozilla/5.0 (Windows NT 10.0; Win64; x64) AppleWebKit/537.36 (KHTML, like Gecko) Chrome/120.0.0.0 Safari/537.36" "127.0.0.1,45.148.10.40" [0.001,1.586,1.586|1.587]Request_Body: "-"
104.22.109.85 - - [19/Sep/2026:09:38:31 +0800] "www.salmingse.com" "GET /wp/wp-json/Batch/v1 HTTP/1.1" 301 5 "https://salmingse.com/wp/wp-admin/" "Mozilla/5.0 (Windows NT 10.0; Win64; x64) AppleWebKit/537.36 (KHTML, like Gecko) Chrome/120.0.0.0 Safari/537.36" "127.0.0.1,45.148.10.40" [0.001,1.626,1.626|1.626]Request_Body: "-"
172.71.183.218 - - [19/Sep/2026:09:38:31 +0800] "salmingse.com" "POST /blog/wp-json/batch/v1/ HTTP/1.1" 301 166 "https://salmingse.com/blog/wp-admin/" "Mozilla/5.0 (Windows NT 10.0; Win64; x64) AppleWebKit/537.36 (KHTML, like Gecko) Chrome/120.0.0.0 Safari/537.36" "127.0.0.1,45.148.10.40" [-,-,-|0.000]Request_Body: "-"
104.23.166.47 - - [19/Sep/2026:09:38:31 +0800] "salmingse.com" "POST /wp//wp-json/batch/v1 HTTP/1.1" 301 166 "https://salmingse.com/wp/wp-admin/" "Mozilla/5.0 (Windows NT 10.0; Win64; x64) AppleWebKit/537.36 (KHTML, like Gecko) Chrome/120.0.0.0 Safari/537.36" "127.0.0.1,45.148.10.40" [-,-,-|0.001]Request_Body: "-"
104.22.109.85 - - [19/Sep/2026:09:38:33 +0800] "www.salmingse.com" "GET /wp//wp-json/batch/v1 HTTP/1.1" 301 5 "https://salmingse.com/wp/wp-admin/" "Mozilla/5.0 (Windows NT 10.0; Win64; x64) AppleWebKit/537.36 (KHTML, like Gecko) Chrome/120.0.0.0 Safari/537.36" "127.0.0.1,45.148.10.40" [0.001,1.660,1.660|1.660]Request_Body: "-"
104.23.168.56 - - [19/Sep/2026:09:38:33 +0800] "www.salmingse.com" "GET /blog/wp-json/batch/v1/ HTTP/1.1" 301 5 "https://salmingse.com/blog/wp-admin/" "Mozilla/5.0 (Windows NT 10.0; Win64; x64) AppleWebKit/537.36 (KHTML, like Gecko) Chrome/120.0.0.0 Safari/537.36" "127.0.0.1,45.148.10.40" [0.001,1.692,1.692|1.692]Request_Body: "-"
172.71.183.218 - - [19/Sep/2026:09:38:33 +0800] "salmingse.com" "POST /wp/wp-json/batch/v1/ HTTP/1.1" 301 166 "https://salmingse.com/wp/wp-admin/" "Mozilla/5.0 (Windows NT 10.0; Win64; x64) AppleWebKit/537.36 (KHTML, like Gecko) Chrome/120.0.0.0 Safari/537.36" "127.0.0.1,45.148.10.40" [-,-,-|0.000]Request_Body: "-"
104.23.166.47 - - [19/Sep/2026:09:38:33 +0800] "salmingse.com" "POST /blog/blog/wp-json/batch/v1 HTTP/1.1" 301 166 "https://salmingse.com/blog/wp-admin/" "Mozilla/5.0 (Windows NT 10.0; Win64; x64) AppleWebKit/537.36 (KHTML, like Gecko) Chrome/120.0.0.0 Safari/537.36" "127.0.0.1,45.148.10.40" [-,-,-|0.000]Request_Body: "-"
104.23.168.56 - - [19/Sep/2026:09:38:35 +0800] "www.salmingse.com" "GET /wp/wp-json/batch/v1/ HTTP/1.1" 301 5 "https://salmingse.com/wp/wp-admin/" "Mozilla/5.0 (Windows NT 10.0; Win64; x64) AppleWebKit/537.36 (KHTML, like Gecko) Chrome/120.0.0.0 Safari/537.36" "127.0.0.1,45.148.10.40" [0.001,1.806,1.806|1.806]Request_Body: "-"
104.22.109.85 - - [19/Sep/2026:09:38:36 +0800] "www.salmingse.com" "GET /blog/blog/wp-json/batch/v1 HTTP/1.1" 301 5 "https://salmingse.com/blog/wp-admin/" "Mozilla/5.0 (Windows NT 10.0; Win64; x64) AppleWebKit/537.36 (KHTML, like Gecko) Chrome/120.0.0.0 Safari/537.36" "127.0.0.1,45.148.10.40" [0.001,1.874,1.874|1.874]Request_Body: "-"
104.23.166.47 - - [19/Sep/2026:09:38:36 +0800] "salmingse.com" "POST /wp/blog/wp-json/batch/v1 HTTP/1.1" 301 166 "https://salmingse.com/wp/wp-admin/" "Mozilla/5.0 (Windows NT 10.0; Win64; x64) AppleWebKit/537.36 (KHTML, like Gecko) Chrome/120.0.0.0 Safari/537.36" "127.0.0.1,45.148.10.40" [-,-,-|0.000]Request_Body: "-"
172.71.183.218 - - [19/Sep/2026:09:38:36 +0800] "salmingse.com" "POST /blog/index.php?rest_route=/batch/v1 HTTP/1.1" 301 166 "https://salmingse.com/blog/wp-admin/" "Mozilla/5.0 (Windows NT 10.0; Win64; x64) AppleWebKit/537.36 (KHTML, like Gecko) Chrome/120.0.0.0 Safari/537.36" "10.0.0.1,45.148.10.40" [-,-,-|0.000]Request_Body: "-"
104.23.168.56 - - [19/Sep/2026:09:38:36 +0800] "www.salmingse.com" "GET /blog/index.php?rest_route=/batch/v1 HTTP/1.1" 403 552 "https://salmingse.com/blog/wp-admin/" "Mozilla/5.0 (Windows NT 10.0; Win64; x64) AppleWebKit/537.36 (KHTML, like Gecko) Chrome/120.0.0.0 Safari/537.36" "10.0.0.1,45.148.10.40" [-,-,-|0.000]Request_Body: "-"
172.71.183.218 - - [19/Sep/2026:09:38:36 +0800] "salmingse.com" "POST /blog/index.php?rest_route=%2Fbatch%2Fv1 HTTP/1.1" 301 166 "https://salmingse.com/blog/wp-admin/" "Mozilla/5.0 (Windows NT 10.0; Win64; x64) AppleWebKit/537.36 (KHTML, like Gecko) Chrome/120.0.0.0 Safari/537.36" "10.0.0.1,45.148.10.40" [-,-,-|0.001]Request_Body: "-"
104.23.168.56 - - [19/Sep/2026:09:38:36 +0800] "www.salmingse.com" "GET /blog/index.php?rest_route=%2Fbatch%2Fv1 HTTP/1.1" 403 552 "https://salmingse.com/blog/wp-admin/" "Mozilla/5.0 (Windows NT 10.0; Win64; x64) AppleWebKit/537.36 (KHTML, like Gecko) Chrome/120.0.0.0 Safari/537.36" "10.0.0.1,45.148.10.40" [-,-,-|0.000]Request_Body: "-"
172.71.183.218 - - [19/Sep/2026:09:38:36 +0800] "salmingse.com" "POST /blog/?rest_route=%2Fbatch%2Fv1 HTTP/1.1" 301 166 "https://salmingse.com/blog/wp-admin/" "Mozilla/5.0 (Windows NT 10.0; Win64; x64) AppleWebKit/537.36 (KHTML, like Gecko) Chrome/120.0.0.0 Safari/537.36" "10.0.0.1,45.148.10.40" [-,-,-|0.000]Request_Body: "-"
104.22.109.85 - - [19/Sep/2026:09:38:37 +0800] "www.salmingse.com" "GET /wp/blog/wp-json/batch/v1 HTTP/1.1" 301 5 "https://salmingse.com/wp/wp-admin/" "Mozilla/5.0 (Windows NT 10.0; Win64; x64) AppleWebKit/537.36 (KHTML, like Gecko) Chrome/120.0.0.0 Safari/537.36" "127.0.0.1,45.148.10.40" [0.000,1.561,1.562|1.562]Request_Body: "-"
104.23.168.56 - - [19/Sep/2026:09:38:38 +0800] "www.salmingse.com" "GET /blog/?rest_route=%2Fbatch%2Fv1 HTTP/1.1" 404 125 "https://salmingse.com/blog/wp-admin/" "Mozilla/5.0 (Windows NT 10.0; Win64; x64) AppleWebKit/537.36 (KHTML, like Gecko) Chrome/120.0.0.0 Safari/537.36" "10.0.0.1,45.148.10.40" [0.001,1.920,1.920|1.921]Request_Body: "-"
104.23.166.47 - - [19/Sep/2026:09:38:41 +0800] "salmingse.com" "POST /blog/?rest_route=/batch%2Fv1 HTTP/1.1" 301 166 "https://salmingse.com/blog/wp-admin/" "Mozilla/5.0 (Windows NT 10.0; Win64; x64) AppleWebKit/537.36 (KHTML, like Gecko) Chrome/120.0.0.0 Safari/537.36" "10.0.0.1,45.148.10.40" [-,-,-|0.000]Request_Body: "-"
172.71.183.218 - - [19/Sep/2026:09:38:41 +0800] "salmingse.com" "POST /wp/index.php?rest_route=/batch/v1 HTTP/1.1" 301 166 "https://salmingse.com/wp/wp-admin/" "Mozilla/5.0 (Windows NT 10.0; Win64; x64) AppleWebKit/537.36 (KHTML, like Gecko) Chrome/120.0.0.0 Safari/537.36" "10.0.0.1,45.148.10.40" [-,-,-|0.000]Request_Body: "-"
104.23.168.56 - - [19/Sep/2026:09:38:41 +0800] "www.salmingse.com" "GET /wp/index.php?rest_route=/batch/v1 HTTP/1.1" 403 552 "https://salmingse.com/wp/wp-admin/" "Mozilla/5.0 (Windows NT 10.0; Win64; x64) AppleWebKit/537.36 (KHTML, like Gecko) Chrome/120.0.0.0 Safari/537.36" "10.0.0.1,45.148.10.40" [-,-,-|0.000]Request_Body: "-"
172.71.183.218 - - [19/Sep/2026:09:38:42 +0800] "salmingse.com" "POST /wp/index.php?rest_route=%2Fbatch%2Fv1 HTTP/1.1" 301 166 "https://salmingse.com/wp/wp-admin/" "Mozilla/5.0 (Windows NT 10.0; Win64; x64) AppleWebKit/537.36 (KHTML, like Gecko) Chrome/120.0.0.0 Safari/537.36" "10.0.0.1,45.148.10.40" [-,-,-|0.000]Request_Body: "-"
104.23.168.56 - - [19/Sep/2026:09:38:42 +0800] "www.salmingse.com" "GET /wp/index.php?rest_route=%2Fbatch%2Fv1 HTTP/1.1" 403 552 "https://salmingse.com/wp/wp-admin/" "Mozilla/5.0 (Windows NT 10.0; Win64; x64) AppleWebKit/537.36 (KHTML, like Gecko) Chrome/120.0.0.0 Safari/537.36" "10.0.0.1,45.148.10.40" [-,-,-|0.000]Request_Body: "-"
172.71.183.218 - - [19/Sep/2026:09:38:42 +0800] "salmingse.com" "POST /wp/?rest_route=%2Fbatch%2Fv1 HTTP/1.1" 301 166 "https://salmingse.com/wp/wp-admin/" "Mozilla/5.0 (Windows NT 10.0; Win64; x64) AppleWebKit/537.36 (KHTML, like Gecko) Chrome/120.0.0.0 Safari/537.36" "10.0.0.1,45.148.10.40" [-,-,-|0.000]Request_Body: "-"
104.22.109.85 - - [19/Sep/2026:09:38:43 +0800] "www.salmingse.com" "GET /blog/?rest_route=/batch%2Fv1 HTTP/1.1" 404 125 "https://salmingse.com/blog/wp-admin/" "Mozilla/5.0 (Windows NT 10.0; Win64; x64) AppleWebKit/537.36 (KHTML, like Gecko) Chrome/120.0.0.0 Safari/537.36" "10.0.0.1,45.148.10.40" [0.001,1.801,1.801|1.801]Request_Body: "-"
172.71.183.218 - - [19/Sep/2026:09:38:43 +0800] "salmingse.com" "POST /blog/?rest_route=/batch/v1 HTTP/1.1" 301 166 "https://salmingse.com/blog/wp-admin/" "Mozilla/5.0 (Windows NT 10.0; Win64; x64) AppleWebKit/537.36 (KHTML, like Gecko) Chrome/120.0.0.0 Safari/537.36" "10.0.0.1,45.148.10.40" [-,-,-|0.000]Request_Body: "-"
104.23.168.56 - - [19/Sep/2026:09:38:44 +0800] "www.salmingse.com" "GET /wp/?rest_route=%2Fbatch%2Fv1 HTTP/1.1" 404 125 "https://salmingse.com/wp/wp-admin/" "Mozilla/5.0 (Windows NT 10.0; Win64; x64) AppleWebKit/537.36 (KHTML, like Gecko) Chrome/120.0.0.0 Safari/537.36" "10.0.0.1,45.148.10.40" [0.001,1.783,1.783|1.783]Request_Body: "-"
172.71.183.218 - - [19/Sep/2026:09:38:44 +0800] "salmingse.com" "POST /wp/?rest_route=/batch%2Fv1 HTTP/1.1" 301 166 "https://salmingse.com/wp/wp-admin/" "Mozilla/5.0 (Windows NT 10.0; Win64; x64) AppleWebKit/537.36 (KHTML, like Gecko) Chrome/120.0.0.0 Safari/537.36" "10.0.0.1,45.148.10.40" [-,-,-|0.000]Request_Body: "-"
104.22.109.85 - - [19/Sep/2026:09:38:45 +0800] "www.salmingse.com" "GET /blog/?rest_route=/batch/v1 HTTP/1.1" 404 125 "https://salmingse.com/blog/wp-admin/" "Mozilla/5.0 (Windows NT 10.0; Win64; x64) AppleWebKit/537.36 (KHTML, like Gecko) Chrome/120.0.0.0 Safari/537.36" "10.0.0.1,45.148.10.40" [0.000,1.642,1.642|1.642]Request_Body: "-"
172.71.183.218 - - [19/Sep/2026:09:38:45 +0800] "salmingse.com" "POST /blog/wp-json/batch/v1 HTTP/1.1" 301 166 "https://salmingse.com/blog/wp-admin/" "Mozilla/5.0 (Windows NT 10.0; Win64; x64) AppleWebKit/537.36 (KHTML, like Gecko) Chrome/120.0.0.0 Safari/537.36" "10.0.0.1,45.148.10.40" [-,-,-|0.000]Request_Body: "-"
104.23.168.56 - - [19/Sep/2026:09:38:46 +0800] "www.salmingse.com" "GET /wp/?rest_route=/batch%2Fv1 HTTP/1.1" 404 125 "https://salmingse.com/wp/wp-admin/" "Mozilla/5.0 (Windows NT 10.0; Win64; x64) AppleWebKit/537.36 (KHTML, like Gecko) Chrome/120.0.0.0 Safari/537.36" "10.0.0.1,45.148.10.40" [0.000,1.754,1.754|1.754]Request_Body: "-"
172.71.183.218 - - [19/Sep/2026:09:38:46 +0800] "salmingse.com" "POST /wp/?rest_route=/batch/v1 HTTP/1.1" 301 166 "https://salmingse.com/wp/wp-admin/" "Mozilla/5.0 (Windows NT 10.0; Win64; x64) AppleWebKit/537.36 (KHTML, like Gecko) Chrome/120.0.0.0 Safari/537.36" "10.0.0.1,45.148.10.40" [-,-,-|0.000]Request_Body: "-"
104.22.109.85 - - [19/Sep/2026:09:38:47 +0800] "www.salmingse.com" "GET /blog/wp-json/batch/v1 HTTP/1.1" 301 5 "https://salmingse.com/blog/wp-admin/" "Mozilla/5.0 (Windows NT 10.0; Win64; x64) AppleWebKit/537.36 (KHTML, like Gecko) Chrome/120.0.0.0 Safari/537.36" "10.0.0.1,45.148.10.40" [0.001,1.515,1.515|1.515]Request_Body: "-"
172.71.183.218 - - [19/Sep/2026:09:38:47 +0800] "salmingse.com" "POST /blog/wp-json/Batch/v1 HTTP/1.1" 301 166 "https://salmingse.com/blog/wp-admin/" "Mozilla/5.0 (Windows NT 10.0; Win64; x64) AppleWebKit/537.36 (KHTML, like Gecko) Chrome/120.0.0.0 Safari/537.36" "10.0.0.1,45.148.10.40" [-,-,-|0.000]Request_Body: "-"
104.23.168.56 - - [19/Sep/2026:09:38:48 +0800] "www.salmingse.com" "GET /wp/?rest_route=/batch/v1 HTTP/1.1" 404 125 "https://salmingse.com/wp/wp-admin/" "Mozilla/5.0 (Windows NT 10.0; Win64; x64) AppleWebKit/537.36 (KHTML, like Gecko) Chrome/120.0.0.0 Safari/537.36" "10.0.0.1,45.148.10.40" [0.001,1.676,1.676|1.676]Request_Body: "-"
172.71.183.218 - - [19/Sep/2026:09:38:48 +0800] "salmingse.com" "POST /wp/wp-json/batch/v1 HTTP/1.1" 301 166 "https://salmingse.com/wp/wp-admin/" "Mozilla/5.0 (Windows NT 10.0; Win64; x64) AppleWebKit/537.36 (KHTML, like Gecko) Chrome/120.0.0.0 Safari/537.36" "10.0.0.1,45.148.10.40" [-,-,-|0.000]Request_Body: "-"
104.22.109.85 - - [19/Sep/2026:09:38:49 +0800] "www.salmingse.com" "GET /blog/wp-json/Batch/v1 HTTP/1.1" 301 5 "https://salmingse.com/blog/wp-admin/" "Mozilla/5.0 (Windows NT 10.0; Win64; x64) AppleWebKit/537.36 (KHTML, like Gecko) Chrome/120.0.0.0 Safari/537.36" "10.0.0.1,45.148.10.40" [0.001,1.410,1.410|1.410]Request_Body: "-"
172.71.183.218 - - [19/Sep/2026:09:38:49 +0800] "salmingse.com" "POST /blog//wp-json/batch/v1 HTTP/1.1" 301 166 "https://salmingse.com/blog/wp-admin/" "Mozilla/5.0 (Windows NT 10.0; Win64; x64) AppleWebKit/537.36 (KHTML, like Gecko) Chrome/120.0.0.0 Safari/537.36" "10.0.0.1,45.148.10.40" [-,-,-|0.001]Request_Body: "-"
104.23.168.56 - - [19/Sep/2026:09:38:50 +0800] "www.salmingse.com" "GET /wp/wp-json/batch/v1 HTTP/1.1" 301 5 "https://salmingse.com/wp/wp-admin/" "Mozilla/5.0 (Windows NT 10.0; Win64; x64) AppleWebKit/537.36 (KHTML, like Gecko) Chrome/120.0.0.0 Safari/537.36" "10.0.0.1,45.148.10.40" [0.001,1.482,1.482|1.482]Request_Body: "-"
172.71.183.218 - - [19/Sep/2026:09:38:50 +0800] "salmingse.com" "POST /wp/wp-json/Batch/v1 HTTP/1.1" 301 166 "https://salmingse.com/wp/wp-admin/" "Mozilla/5.0 (Windows NT 10.0; Win64; x64) AppleWebKit/537.36 (KHTML, like Gecko) Chrome/120.0.0.0 Safari/537.36" "10.0.0.1,45.148.10.40" [-,-,-|0.000]Request_Body: "-"
104.22.109.85 - - [19/Sep/2026:09:38:51 +0800] "www.salmingse.com" "GET /blog//wp-json/batch/v1 HTTP/1.1" 301 5 "https://salmingse.com/blog/wp-admin/" "Mozilla/5.0 (Windows NT 10.0; Win64; x64) AppleWebKit/537.36 (KHTML, like Gecko) Chrome/120.0.0.0 Safari/537.36" "10.0.0.1,45.148.10.40" [0.001,1.742,1.742|1.742]Request_Body: "-"
172.71.183.218 - - [19/Sep/2026:09:38:51 +0800] "salmingse.com" "POST /blog/wp-json/batch/v1/ HTTP/1.1" 301 166 "https://salmingse.com/blog/wp-admin/" "Mozilla/5.0 (Windows NT 10.0; Win64; x64) AppleWebKit/537.36 (KHTML, like Gecko) Chrome/120.0.0.0 Safari/537.36" "10.0.0.1,45.148.10.40" [-,-,-|0.000]Request_Body: "-"
104.23.168.56 - - [19/Sep/2026:09:38:52 +0800] "www.salmingse.com" "GET /wp/wp-json/Batch/v1 HTTP/1.1" 301 5 "https://salmingse.com/wp/wp-admin/" "Mozilla/5.0 (Windows NT 10.0; Win64; x64) AppleWebKit/537.36 (KHTML, like Gecko) Chrome/120.0.0.0 Safari/537.36" "10.0.0.1,45.148.10.40" [0.001,1.333,1.333|1.333]Request_Body: "-"
104.22.109.85 - - [19/Sep/2026:09:38:52 +0800] "www.salmingse.com" "GET /blog/wp-json/batch/v1/ HTTP/1.1" 301 5 "https://salmingse.com/blog/wp-admin/" "Mozilla/5.0 (Windows NT 10.0; Win64; x64) AppleWebKit/537.36 (KHTML, like Gecko) Chrome/120.0.0.0 Safari/537.36" "10.0.0.1,45.148.10.40" [0.001,1.286,1.286|1.286]Request_Body: "-"
172.71.183.218 - - [19/Sep/2026:09:38:58 +0800] "salmingse.com" "POST /blog/blog/wp-json/batch/v1 HTTP/1.1" 301 166 "https://salmingse.com/blog/wp-admin/" "Mozilla/5.0 (Windows NT 10.0; Win64; x64) AppleWebKit/537.36 (KHTML, like Gecko) Chrome/120.0.0.0 Safari/537.36" "10.0.0.1,45.148.10.40" [-,-,-|0.001]Request_Body: "-"
172.71.183.218 - - [19/Sep/2026:09:38:59 +0800] "salmingse.com" "POST /wp//wp-json/batch/v1 HTTP/1.1" 301 166 "https://salmingse.com/wp/wp-admin/" "Mozilla/5.0 (Windows NT 10.0; Win64; x64) AppleWebKit/537.36 (KHTML, like Gecko) Chrome/120.0.0.0 Safari/537.36" "10.0.0.1,45.148.10.40" [-,-,-|0.000]Request_Body: "-"
104.22.109.85 - - [19/Sep/2026:09:38:59 +0800] "www.salmingse.com" "GET /blog/blog/wp-json/batch/v1 HTTP/1.1" 301 5 "https://salmingse.com/blog/wp-admin/" "Mozilla/5.0 (Windows NT 10.0; Win64; x64) AppleWebKit/537.36 (KHTML, like Gecko) Chrome/120.0.0.0 Safari/537.36" "10.0.0.1,45.148.10.40" [0.001,1.215,1.215|1.215]Request_Body: "-"
172.71.183.218 - - [19/Sep/2026:09:38:59 +0800] "salmingse.com" "POST /blog/index.php?rest_route=/batch/v1 HTTP/1.1" 301 166 "https://salmingse.com/blog/wp-admin/" "Mozilla/5.0 (Windows NT 10.0; Win64; x64) AppleWebKit/537.36 (KHTML, like Gecko) Chrome/120.0.0.0 Safari/537.36" "127.0.0.1,45.148.10.40" [-,-,-|0.000]Request_Body: "-"
104.22.109.85 - - [19/Sep/2026:09:38:59 +0800] "www.salmingse.com" "GET /blog/index.php?rest_route=/batch/v1 HTTP/1.1" 403 552 "https://salmingse.com/blog/wp-admin/" "Mozilla/5.0 (Windows NT 10.0; Win64; x64) AppleWebKit/537.36 (KHTML, like Gecko) Chrome/120.0.0.0 Safari/537.36" "127.0.0.1,45.148.10.40" [-,-,-|0.000]Request_Body: "-"
172.71.183.218 - - [19/Sep/2026:09:39:00 +0800] "salmingse.com" "POST /blog/index.php?rest_route=%2Fbatch%2Fv1 HTTP/1.1" 301 166 "https://salmingse.com/blog/wp-admin/" "Mozilla/5.0 (Windows NT 10.0; Win64; x64) AppleWebKit/537.36 (KHTML, like Gecko) Chrome/120.0.0.0 Safari/537.36" "127.0.0.1,45.148.10.40" [-,-,-|0.000]Request_Body: "-"
104.22.109.85 - - [19/Sep/2026:09:39:00 +0800] "www.salmingse.com" "GET /blog/index.php?rest_route=%2Fbatch%2Fv1 HTTP/1.1" 403 552 "https://salmingse.com/blog/wp-admin/" "Mozilla/5.0 (Windows NT 10.0; Win64; x64) AppleWebKit/537.36 (KHTML, like Gecko) Chrome/120.0.0.0 Safari/537.36" "127.0.0.1,45.148.10.40" [-,-,-|0.000]Request_Body: "-"
172.71.183.218 - - [19/Sep/2026:09:39:00 +0800] "salmingse.com" "POST /blog/?rest_route=%2Fbatch%2Fv1 HTTP/1.1" 301 166 "https://salmingse.com/blog/wp-admin/" "Mozilla/5.0 (Windows NT 10.0; Win64; x64) AppleWebKit/537.36 (KHTML, like Gecko) Chrome/120.0.0.0 Safari/537.36" "127.0.0.1,45.148.10.40" [-,-,-|0.000]Request_Body: "-"
104.23.168.56 - - [19/Sep/2026:09:39:00 +0800] "www.salmingse.com" "GET /wp//wp-json/batch/v1 HTTP/1.1" 301 5 "https://salmingse.com/wp/wp-admin/" "Mozilla/5.0 (Windows NT 10.0; Win64; x64) AppleWebKit/537.36 (KHTML, like Gecko) Chrome/120.0.0.0 Safari/537.36" "10.0.0.1,45.148.10.40" [0.001,1.354,1.354|1.353]Request_Body: "-"
172.71.183.218 - - [19/Sep/2026:09:39:01 +0800] "salmingse.com" "POST /wp/wp-json/batch/v1/ HTTP/1.1" 301 166 "https://salmingse.com/wp/wp-admin/" "Mozilla/5.0 (Windows NT 10.0; Win64; x64) AppleWebKit/537.36 (KHTML, like Gecko) Chrome/120.0.0.0 Safari/537.36" "10.0.0.1,45.148.10.40" [-,-,-|0.000]Request_Body: "-"
104.22.109.85 - - [19/Sep/2026:09:39:02 +0800] "www.salmingse.com" "GET /blog/?rest_route=%2Fbatch%2Fv1 HTTP/1.1" 404 125 "https://salmingse.com/blog/wp-admin/" "Mozilla/5.0 (Windows NT 10.0; Win64; x64) AppleWebKit/537.36 (KHTML, like Gecko) Chrome/120.0.0.0 Safari/537.36" "127.0.0.1,45.148.10.40" [0.000,1.685,1.685|1.686]Request_Body: "-"
172.71.183.218 - - [19/Sep/2026:09:39:02 +0800] "salmingse.com" "POST /blog/?rest_route=/batch%2Fv1 HTTP/1.1" 301 166 "https://salmingse.com/blog/wp-admin/" "Mozilla/5.0 (Windows NT 10.0; Win64; x64) AppleWebKit/537.36 (KHTML, like Gecko) Chrome/120.0.0.0 Safari/537.36" "127.0.0.1,45.148.10.40" [-,-,-|0.001]Request_Body: "-"
104.23.168.56 - - [19/Sep/2026:09:39:02 +0800] "www.salmingse.com" "GET /wp/wp-json/batch/v1/ HTTP/1.1" 301 5 "https://salmingse.com/wp/wp-admin/" "Mozilla/5.0 (Windows NT 10.0; Win64; x64) AppleWebKit/537.36 (KHTML, like Gecko) Chrome/120.0.0.0 Safari/537.36" "10.0.0.1,45.148.10.40" [0.001,1.507,1.507|1.506]Request_Body: "-"
172.71.183.218 - - [19/Sep/2026:09:39:03 +0800] "salmingse.com" "POST /wp/blog/wp-json/batch/v1 HTTP/1.1" 301 166 "https://salmingse.com/wp/wp-admin/" "Mozilla/5.0 (Windows NT 10.0; Win64; x64) AppleWebKit/537.36 (KHTML, like Gecko) Chrome/120.0.0.0 Safari/537.36" "10.0.0.1,45.148.10.40" [-,-,-|0.000]Request_Body: "-"
104.22.109.85 - - [19/Sep/2026:09:39:04 +0800] "www.salmingse.com" "GET /blog/?rest_route=/batch%2Fv1 HTTP/1.1" 404 125 "https://salmingse.com/blog/wp-admin/" "Mozilla/5.0 (Windows NT 10.0; Win64; x64) AppleWebKit/537.36 (KHTML, like Gecko) Chrome/120.0.0.0 Safari/537.36" "127.0.0.1,45.148.10.40" [0.001,1.714,1.714|1.714]Request_Body: "-"
172.71.183.218 - - [19/Sep/2026:09:39:04 +0800] "salmingse.com" "POST /blog/?rest_route=/batch/v1 HTTP/1.1" 301 166 "https://salmingse.com/blog/wp-admin/" "Mozilla/5.0 (Windows NT 10.0; Win64; x64) AppleWebKit/537.36 (KHTML, like Gecko) Chrome/120.0.0.0 Safari/537.36" "127.0.0.1,45.148.10.40" [-,-,-|0.000]Request_Body: "-"
104.23.168.56 - - [19/Sep/2026:09:39:04 +0800] "www.salmingse.com" "GET /wp/blog/wp-json/batch/v1 HTTP/1.1" 301 5 "https://salmingse.com/wp/wp-admin/" "Mozilla/5.0 (Windows NT 10.0; Win64; x64) AppleWebKit/537.36 (KHTML, like Gecko) Chrome/120.0.0.0 Safari/537.36" "10.0.0.1,45.148.10.40" [0.001,1.511,1.511|1.510]Request_Body: "-"
172.71.183.218 - - [19/Sep/2026:09:39:05 +0800] "salmingse.com" "POST /wp/index.php?rest_route=/batch/v1 HTTP/1.1" 301 166 "https://salmingse.com/wp/wp-admin/" "Mozilla/5.0 (Windows NT 10.0; Win64; x64) AppleWebKit/537.36 (KHTML, like Gecko) Chrome/120.0.0.0 Safari/537.36" "127.0.0.1,45.148.10.40" [-,-,-|0.000]Request_Body: "-"
104.23.168.56 - - [19/Sep/2026:09:39:05 +0800] "www.salmingse.com" "GET /wp/index.php?rest_route=/batch/v1 HTTP/1.1" 403 552 "https://salmingse.com/wp/wp-admin/" "Mozilla/5.0 (Windows NT 10.0; Win64; x64) AppleWebKit/537.36 (KHTML, like Gecko) Chrome/120.0.0.0 Safari/537.36" "127.0.0.1,45.148.10.40" [-,-,-|0.000]Request_Body: "-"
172.71.183.218 - - [19/Sep/2026:09:39:05 +0800] "salmingse.com" "POST /wp/index.php?rest_route=%2Fbatch%2Fv1 HTTP/1.1" 301 166 "https://salmingse.com/wp/wp-admin/" "Mozilla/5.0 (Windows NT 10.0; Win64; x64) AppleWebKit/537.36 (KHTML, like Gecko) Chrome/120.0.0.0 Safari/537.36" "127.0.0.1,45.148.10.40" [-,-,-|0.000]Request_Body: "-"
104.23.168.56 - - [19/Sep/2026:09:39:05 +0800] "www.salmingse.com" "GET /wp/index.php?rest_route=%2Fbatch%2Fv1 HTTP/1.1" 403 552 "https://salmingse.com/wp/wp-admin/" "Mozilla/5.0 (Windows NT 10.0; Win64; x64) AppleWebKit/537.36 (KHTML, like Gecko) Chrome/120.0.0.0 Safari/537.36" "127.0.0.1,45.148.10.40" [-,-,-|0.000]Request_Body: "-"
172.71.183.218 - - [19/Sep/2026:09:39:05 +0800] "salmingse.com" "POST /wp/?rest_route=%2Fbatch%2Fv1 HTTP/1.1" 301 166 "https://salmingse.com/wp/wp-admin/" "Mozilla/5.0 (Windows NT 10.0; Win64; x64) AppleWebKit/537.36 (KHTML, like Gecko) Chrome/120.0.0.0 Safari/537.36" "127.0.0.1,45.148.10.40" [-,-,-|0.000]Request_Body: "-"
104.22.109.85 - - [19/Sep/2026:09:39:06 +0800] "www.salmingse.com" "GET /blog/?rest_route=/batch/v1 HTTP/1.1" 404 125 "https://salmingse.com/blog/wp-admin/" "Mozilla/5.0 (Windows NT 10.0; Win64; x64) AppleWebKit/537.36 (KHTML, like Gecko) Chrome/120.0.0.0 Safari/537.36" "127.0.0.1,45.148.10.40" [0.001,1.991,1.991|1.991]Request_Body: "-"
172.71.183.218 - - [19/Sep/2026:09:39:06 +0800] "salmingse.com" "POST /blog/wp-json/batch/v1 HTTP/1.1" 301 166 "https://salmingse.com/blog/wp-admin/" "Mozilla/5.0 (Windows NT 10.0; Win64; x64) AppleWebKit/537.36 (KHTML, like Gecko) Chrome/120.0.0.0 Safari/537.36" "127.0.0.1,45.148.10.40" [-,-,-|0.000]Request_Body: "-"
104.23.168.56 - - [19/Sep/2026:09:39:08 +0800] "www.salmingse.com" "GET /wp/?rest_route=%2Fbatch%2Fv1 HTTP/1.1" 404 125 "https://salmingse.com/wp/wp-admin/" "Mozilla/5.0 (Windows NT 10.0; Win64; x64) AppleWebKit/537.36 (KHTML, like Gecko) Chrome/120.0.0.0 Safari/537.36" "127.0.0.1,45.148.10.40" [0.001,2.547,2.547|2.547]Request_Body: "-"
