172.69.159.176 - - [19/Sep/2026:10:27:44 +0800] "www.stetienneshop.com" "GET /shop/page/44/?per_row=3&per_page=24&shop_view=list HTTP/1.1" 499 0 "https://www.stetienneshop.com/shop/page/43/?per_row=3&per_page=24&shop_view=list" "Mozilla/5.0 (Linux; Android 13; V2186) AppleWebKit/537.36 (KHTML, like Gecko) Chrome/142.0.5411.73 Mobile Safari/537.36" "103.78.254.218" [0.017,-,125.011|125.010]Request_Body: "-"
172.69.74.248 - - [19/Sep/2026:10:27:48 +0800] "stetienneshop.com" "POST /admin HTTP/1.1" 301 166 "https://stetienneshop.com/wp-admin/" "Mozilla/5.0 (Windows NT 10.0; Win64; x64) AppleWebKit/537.36 (KHTML, like Gecko) Chrome/90.0.4430.85 Safari/537.36" "37.140.223.170" [-,-,-|0.000]Request_Body: "-"
172.69.74.232 - - [19/Sep/2026:10:27:53 +0800] "www.stetienneshop.com" "GET /wp-login.php HTTP/1.1" 499 0 "https://stetienneshop.com/wp-admin/" "Mozilla/5.0 (Windows NT 10.0; Win64; x64) AppleWebKit/537.36 (KHTML, like Gecko) Chrome/90.0.4430.85 Safari/537.36" "37.140.223.174" [0.000,-,125.009|125.009]Request_Body: "-"
172.69.74.232 - - [19/Sep/2026:10:28:09 +0800] "www.stetienneshop.com" "GET /admin HTTP/1.1" 499 0 "https://stetienneshop.com/wp-admin/" "Mozilla/5.0 (Windows NT 10.0; Win64; x64) AppleWebKit/537.36 (KHTML, like Gecko) Chrome/90.0.4430.85 Safari/537.36" "172.245.102.78" [0.001,-,125.016|125.016]Request_Body: "-"
172.69.74.248 - - [19/Sep/2026:10:28:35 +0800] "stetienneshop.com" "POST /wp-login.php HTTP/1.1" 301 166 "https://stetienneshop.com/wp-admin/" "Mozilla/5.0 (Windows NT 10.0; Win64; x64) AppleWebKit/537.36 (KHTML, like Gecko) Chrome/90.0.4430.85 Safari/537.36" "37.140.223.208" [-,-,-|0.000]Request_Body: "-"
172.69.74.232 - - [19/Sep/2026:10:28:43 +0800] "www.stetienneshop.com" "GET /admin HTTP/1.1" 302 5 "https://stetienneshop.com/wp-admin/" "Mozilla/5.0 (Windows NT 10.0; Win64; x64) AppleWebKit/537.36 (KHTML, like Gecko) Chrome/90.0.4430.85 Safari/537.36" "172.245.102.82" [0.010,54.119,54.119|54.119]Request_Body: "-"
172.71.1.162 - - [19/Sep/2026:10:28:47 +0800] "www.stetienneshop.com" "GET /images/6706/f2dff9a5fe5f4d913c62fec51e6fedd555f1bf58dc749b5e938ea538d70ffc22.webp HTTP/1.1" 304 0 "https://nlelectronics.eu/" "Mozilla/5.0 AppleWebKit/537.36 (KHTML, like Gecko); compatible; ShapBot/0.1.0" "34.31.203.120" [0.064,0.634,0.634|0.634]Request_Body: "-"
172.69.74.248 - - [19/Sep/2026:10:28:52 +0800] "stetienneshop.com" "POST /admin HTTP/1.1" 301 166 "https://stetienneshop.com/wp-admin/" "Mozilla/5.0 (Windows NT 10.0; Win64; x64) AppleWebKit/537.36 (KHTML, like Gecko) Chrome/90.0.4430.85 Safari/537.36" "37.140.223.208" [-,-,-|0.000]Request_Body: "-"
172.69.74.232 - - [19/Sep/2026:10:29:09 +0800] "www.stetienneshop.com" "GET /admin HTTP/1.1" 499 0 "https://stetienneshop.com/wp-admin/" "Mozilla/5.0 (Windows NT 10.0; Win64; x64) AppleWebKit/537.36 (KHTML, like Gecko) Chrome/90.0.4430.85 Safari/537.36" "37.140.223.196" [0.001,-,125.005|125.005]Request_Body: "-"
172.69.74.248 - - [19/Sep/2026:10:29:21 +0800] "stetienneshop.com" "POST /wp-login.php HTTP/1.1" 301 166 "https://stetienneshop.com/wp-admin/" "Mozilla/5.0 (Windows NT 10.0; Win64; x64) AppleWebKit/537.36 (KHTML, like Gecko) Chrome/90.0.4430.85 Safari/537.36" "37.140.223.174" [-,-,-|0.000]Request_Body: "-"
172.69.74.248 - - [19/Sep/2026:10:29:38 +0800] "stetienneshop.com" "POST /admin HTTP/1.1" 301 166 "https://stetienneshop.com/wp-admin/" "Mozilla/5.0 (Windows NT 10.0; Win64; x64) AppleWebKit/537.36 (KHTML, like Gecko) Chrome/90.0.4430.85 Safari/537.36" "37.140.223.174" [-,-,-|0.000]Request_Body: "-"
172.69.74.232 - - [19/Sep/2026:10:29:38 +0800] "www.stetienneshop.com" "GET /wp-login.php HTTP/1.1" 499 0 "https://stetienneshop.com/wp-admin/" "Mozilla/5.0 (Windows NT 10.0; Win64; x64) AppleWebKit/537.36 (KHTML, like Gecko) Chrome/90.0.4430.85 Safari/537.36" "136.144.33.41" [0.010,-,125.010|125.010]Request_Body: "-"
104.23.195.52 - - [19/Sep/2026:10:30:27 +0800] "www.stetienneshop.com" "GET /wp-login.php HTTP/1.1" 200 3355 "https://stetienneshop.com/wp-admin/" "Mozilla/5.0 (Windows NT 10.0; Win64; x64) AppleWebKit/537.36 (KHTML, like Gecko) Chrome/90.0.4430.85 Safari/537.36" "37.140.223.194" [0.011,63.917,63.928|63.928]Request_Body: "-"
104.23.195.52 - - [19/Sep/2026:10:30:28 +0800] "www.stetienneshop.com" "GET /admin HTTP/1.1" 302 5 "https://stetienneshop.com/wp-admin/" "Mozilla/5.0 (Windows NT 10.0; Win64; x64) AppleWebKit/537.36 (KHTML, like Gecko) Chrome/90.0.4430.85 Safari/537.36" "37.140.223.195" [0.012,50.036,50.036|50.036]Request_Body: "-"
172.69.33.37 - - [19/Sep/2026:10:30:39 +0800] "stetienneshop.com" "POST /wp-login.php HTTP/1.1" 301 166 "https://stetienneshop.com/wp-admin/" "Mozilla/5.0 (Windows NT 10.0; Win64; x64) AppleWebKit/537.36 (KHTML, like Gecko) Chrome/90.0.4430.85 Safari/537.36" "172.245.102.78" [-,-,-|0.000]Request_Body: "-"
172.69.74.232 - - [19/Sep/2026:10:30:41 +0800] "www.stetienneshop.com" "GET /wp-login.php HTTP/1.1" 499 0 "https://stetienneshop.com/wp-admin/" "Mozilla/5.0 (Windows NT 10.0; Win64; x64) AppleWebKit/537.36 (KHTML, like Gecko) Chrome/90.0.4430.85 Safari/537.36" "37.140.223.166" [0.012,-,125.044|125.044]Request_Body: "-"
172.69.33.37 - - [19/Sep/2026:10:30:57 +0800] "stetienneshop.com" "POST /admin HTTP/1.1" 301 166 "https://stetienneshop.com/wp-admin/" "Mozilla/5.0 (Windows NT 10.0; Win64; x64) AppleWebKit/537.36 (KHTML, like Gecko) Chrome/90.0.4430.85 Safari/537.36" "172.245.102.78" [-,-,-|0.000]Request_Body: "-"
104.23.195.52 - - [19/Sep/2026:10:30:58 +0800] "www.stetienneshop.com" "GET /admin HTTP/1.1" 499 0 "https://stetienneshop.com/wp-admin/" "Mozilla/5.0 (Windows NT 10.0; Win64; x64) AppleWebKit/537.36 (KHTML, like Gecko) Chrome/90.0.4430.85 Safari/537.36" "37.140.223.211" [0.000,-,125.008|125.008]Request_Body: "-"
104.23.251.130 - - [19/Sep/2026:10:31:37 +0800] "stetienneshop.com" "POST /wp-login.php HTTP/1.1" 301 166 "https://stetienneshop.com/wp-admin/" "Mozilla/5.0 (Windows NT 10.0; Win64; x64) AppleWebKit/537.36 (KHTML, like Gecko) Chrome/90.0.4430.85 Safari/537.36" "37.140.223.175" [-,-,-|0.000]Request_Body: "-"
172.64.217.123 - - [19/Sep/2026:10:31:49 +0800] "www.stetienneshop.com" "GET /admin HTTP/1.1" 302 5 "https://stetienneshop.com/wp-admin/" "Mozilla/5.0 (Windows NT 10.0; Win64; x64) AppleWebKit/537.36 (KHTML, like Gecko) Chrome/90.0.4430.85 Safari/537.36" "37.140.223.197" [0.000,50.416,50.416|50.416]Request_Body: "-"
104.23.251.130 - - [19/Sep/2026:10:31:54 +0800] "stetienneshop.com" "POST /admin HTTP/1.1" 301 166 "https://stetienneshop.com/wp-admin/" "Mozilla/5.0 (Windows NT 10.0; Win64; x64) AppleWebKit/537.36 (KHTML, like Gecko) Chrome/90.0.4430.85 Safari/537.36" "37.140.223.175" [-,-,-|0.000]Request_Body: "-"
162.158.81.136 - - [19/Sep/2026:10:31:58 +0800] "www.stetienneshop.com" "GET /shop/page/44/?per_page=24 HTTP/1.1" 200 40169 "https://www.stetienneshop.com/shop/page/6/?per_page=24" "Mozilla/5.0 (Linux; Android 14; V2182) AppleWebKit/537.36 (KHTML, like Gecko) Chrome/146.0.5686.139 Mobile Safari/537.36 MicroMessenger/8.0.32(0x18001B3F) NetType/WIFI Language/zh_CN" "190.211.126.9" [0.001,50.980,50.994|50.994]Request_Body: "-"
104.22.66.197 - - [19/Sep/2026:10:32:39 +0800] "www.stetienneshop.com" "GET /category/cadeaux/pour-les-plus-petits/page/2/?per_row=4&shop_view=grid HTTP/1.1" 499 0 "-" "Mozilla/5.0 (iPhone; CPU iPhone OS 18_5 like Mac OS X) AppleWebKit/605.1.15 (KHTML, like Gecko) CriOS/147.0.0.0 Mobile/15E148 Safari/604.1" "173.44.33.223" [0.001,-,125.110|125.110]Request_Body: "-"
172.70.206.7 - - [19/Sep/2026:10:32:47 +0800] "www.stetienneshop.com" "GET /wp-login.php HTTP/1.1" 499 0 "https://stetienneshop.com/wp-admin/" "Mozilla/5.0 (Windows NT 10.0; Win64; x64) AppleWebKit/537.36 (KHTML, like Gecko) Chrome/90.0.4430.85 Safari/537.36" "37.140.223.169" [0.012,-,125.383|125.383]Request_Body: "-"
172.70.207.133 - - [19/Sep/2026:10:32:51 +0800] "stetienneshop.com" "POST /wp-login.php HTTP/1.1" 301 166 "https://stetienneshop.com/wp-admin/" "Mozilla/5.0 (Windows NT 10.0; Win64; x64) AppleWebKit/537.36 (KHTML, like Gecko) Chrome/90.0.4430.85 Safari/537.36" "37.140.223.197" [-,-,-|0.000]Request_Body: "-"
172.68.210.166 - - [19/Sep/2026:10:32:54 +0800] "www.stetienneshop.com" "GET /category/cadeaux/pour-les-plus-petits/page/2/?per_row=4&shop_view=grid HTTP/1.1" 200 39100 "-" "Mozilla/5.0 (Linux; Android 14; Pixel 8 Pro) AppleWebKit/537.36 (KHTML, like Gecko) Chrome/148.0.0.0 Mobile Safari/537.36" "162.218.122.244" [0.001,67.184,67.196|67.195]Request_Body: "-"
172.70.207.133 - - [19/Sep/2026:10:33:07 +0800] "stetienneshop.com" "POST /admin HTTP/1.1" 301 166 "https://stetienneshop.com/wp-admin/" "Mozilla/5.0 (Windows NT 10.0; Win64; x64) AppleWebKit/537.36 (KHTML, like Gecko) Chrome/90.0.4430.85 Safari/537.36" "37.140.223.197" [-,-,-|0.001]Request_Body: "-"
172.71.155.6 - - [19/Sep/2026:10:33:16 +0800] "www.stetienneshop.com" "GET /category/accessoires/souvenirs/page/2/?per_row=4&shop_view=grid&stock_status=instock HTTP/1.1" 499 0 "-" "Mozilla/5.0 (iPhone; CPU iPhone OS 18_6 like Mac OS X) AppleWebKit/605.1.15 (KHTML, like Gecko) CriOS/150.0.0.0 Mobile/15E148 Safari/604.1" "140.174.117.65" [0.001,-,125.019|125.018]Request_Body: "-"
104.23.251.130 - - [19/Sep/2026:10:33:42 +0800] "stetienneshop.com" "POST /wp-login.php HTTP/1.1" 301 166 "https://stetienneshop.com/wp-admin/" "Mozilla/5.0 (Windows NT 10.0; Win64; x64) AppleWebKit/537.36 (KHTML, like Gecko) Chrome/90.0.4430.85 Safari/537.36" "37.140.223.213" [-,-,-|0.000]Request_Body: "-"
172.70.206.6 - - [19/Sep/2026:10:33:44 +0800] "www.stetienneshop.com" "GET /wp-login.php HTTP/1.1" 499 0 "https://stetienneshop.com/wp-admin/" "Mozilla/5.0 (Windows NT 10.0; Win64; x64) AppleWebKit/537.36 (KHTML, like Gecko) Chrome/90.0.4430.85 Safari/537.36" "37.140.223.193" [0.000,-,125.010|125.010]Request_Body: "-"
162.158.186.86 - - [19/Sep/2026:10:33:55 +0800] "www.stetienneshop.com" "GET /wp-login.php HTTP/1.1" 200 3355 "https://stetienneshop.com/wp-admin/" "Mozilla/5.0 (Windows NT 10.0; Win64; x64) AppleWebKit/537.36 (KHTML, like Gecko) Chrome/90.0.4430.85 Safari/537.36" "37.140.223.177" [0.000,63.469,63.469|63.469]Request_Body: "-"
104.23.251.130 - - [19/Sep/2026:10:33:59 +0800] "stetienneshop.com" "POST /admin HTTP/1.1" 301 166 "https://stetienneshop.com/wp-admin/" "Mozilla/5.0 (Windows NT 10.0; Win64; x64) AppleWebKit/537.36 (KHTML, like Gecko) Chrome/90.0.4430.85 Safari/537.36" "37.140.223.213" [-,-,-|0.000]Request_Body: "-"
104.23.251.113 - - [19/Sep/2026:10:33:59 +0800] "www.stetienneshop.com" "GET /admin HTTP/1.1" 499 0 "https://stetienneshop.com/wp-admin/" "Mozilla/5.0 (Windows NT 10.0; Win64; x64) AppleWebKit/537.36 (KHTML, like Gecko) Chrome/90.0.4430.85 Safari/537.36" "136.144.33.247" [0.001,-,125.103|125.102]Request_Body: "-"
172.70.214.6 - - [19/Sep/2026:10:34:00 +0800] "www.stetienneshop.com" "GET /admin HTTP/1.1" 302 5 "https://stetienneshop.com/wp-admin/" "Mozilla/5.0 (Windows NT 10.0; Win64; x64) AppleWebKit/537.36 (KHTML, like Gecko) Chrome/90.0.4430.85 Safari/537.36" "37.140.223.176" [0.001,52.250,52.250|52.250]Request_Body: "-"
172.69.34.146 - - [19/Sep/2026:10:34:36 +0800] "www.stetienneshop.com" "GET /wp-login.php HTTP/1.1" 200 3355 "https://stetienneshop.com/wp-admin/" "Mozilla/5.0 (Windows NT 10.0; Win64; x64) AppleWebKit/537.36 (KHTML, like Gecko) Chrome/90.0.4430.85 Safari/537.36" "37.140.223.197" [0.000,51.925,51.964|51.964]Request_Body: "-"
172.70.214.6 - - [19/Sep/2026:10:34:51 +0800] "www.stetienneshop.com" "GET /admin HTTP/1.1" 302 5 "https://stetienneshop.com/wp-admin/" "Mozilla/5.0 (Windows NT 10.0; Win64; x64) AppleWebKit/537.36 (KHTML, like Gecko) Chrome/90.0.4430.85 Safari/537.36" "37.140.223.175" [0.000,52.267,52.267|52.267]Request_Body: "-"
172.70.207.133 - - [19/Sep/2026:10:35:00 +0800] "stetienneshop.com" "POST /wp-login.php HTTP/1.1" 301 166 "https://stetienneshop.com/wp-admin/" "Mozilla/5.0 (Windows NT 10.0; Win64; x64) AppleWebKit/537.36 (KHTML, like Gecko) Chrome/90.0.4430.85 Safari/537.36" "37.140.223.173" [-,-,-|0.000]Request_Body: "-"
172.70.207.133 - - [19/Sep/2026:10:35:16 +0800] "stetienneshop.com" "POST /admin HTTP/1.1" 301 166 "https://stetienneshop.com/wp-admin/" "Mozilla/5.0 (Windows NT 10.0; Win64; x64) AppleWebKit/537.36 (KHTML, like Gecko) Chrome/90.0.4430.85 Safari/537.36" "37.140.223.173" [-,-,-|0.000]Request_Body: "-"
104.23.251.112 - - [19/Sep/2026:10:35:35 +0800] "www.stetienneshop.com" "GET /wp-login.php HTTP/1.1" 200 3355 "https://stetienneshop.com/wp-admin/" "Mozilla/5.0 (Windows NT 10.0; Win64; x64) AppleWebKit/537.36 (KHTML, like Gecko) Chrome/90.0.4430.85 Safari/537.36" "172.245.102.79" [0.001,34.044,34.068|34.068]Request_Body: "-"
104.23.251.113 - - [19/Sep/2026:10:35:45 +0800] "www.stetienneshop.com" "GET /admin HTTP/1.1" 302 5 "https://stetienneshop.com/wp-admin/" "Mozilla/5.0 (Windows NT 10.0; Win64; x64) AppleWebKit/537.36 (KHTML, like Gecko) Chrome/90.0.4430.85 Safari/537.36" "37.140.223.195" [0.000,27.448,27.448|27.448]Request_Body: "-"
104.23.195.94 - - [19/Sep/2026:10:35:49 +0800] "stetienneshop.com" "POST /wp-login.php HTTP/1.1" 301 166 "https://stetienneshop.com/wp-admin/" "Mozilla/5.0 (Windows NT 10.0; Win64; x64) AppleWebKit/537.36 (KHTML, like Gecko) Chrome/90.0.4430.85 Safari/537.36" "37.140.223.196" [-,-,-|0.000]Request_Body: "-"
104.23.195.52 - - [19/Sep/2026:10:36:05 +0800] "www.stetienneshop.com" "GET /wp-login.php HTTP/1.1" 200 3355 "https://stetienneshop.com/wp-admin/" "Mozilla/5.0 (Windows NT 10.0; Win64; x64) AppleWebKit/537.36 (KHTML, like Gecko) Chrome/90.0.4430.85 Safari/537.36" "37.140.223.214" [0.000,14.171,14.184|14.184]Request_Body: "-"
104.23.195.94 - - [19/Sep/2026:10:36:05 +0800] "stetienneshop.com" "POST /admin HTTP/1.1" 301 166 "https://stetienneshop.com/wp-admin/" "Mozilla/5.0 (Windows NT 10.0; Win64; x64) AppleWebKit/537.36 (KHTML, like Gecko) Chrome/90.0.4430.85 Safari/537.36" "37.140.223.196" [-,-,-|0.000]Request_Body: "-"
104.23.195.52 - - [19/Sep/2026:10:36:16 +0800] "www.stetienneshop.com" "GET /admin HTTP/1.1" 302 5 "https://stetienneshop.com/wp-admin/" "Mozilla/5.0 (Windows NT 10.0; Win64; x64) AppleWebKit/537.36 (KHTML, like Gecko) Chrome/90.0.4430.85 Safari/537.36" "37.140.223.214" [0.001,10.417,10.417|10.417]Request_Body: "-"
104.23.195.52 - - [19/Sep/2026:10:36:24 +0800] "www.stetienneshop.com" "GET /wp-admin/ HTTP/1.1" 302 5 "https://stetienneshop.com/wp-admin/" "Mozilla/5.0 (Windows NT 10.0; Win64; x64) AppleWebKit/537.36 (KHTML, like Gecko) Chrome/90.0.4430.85 Safari/537.36" "37.140.223.214" [0.001,8.054,8.054|8.054]Request_Body: "-"
104.23.195.52 - - [19/Sep/2026:10:36:29 +0800] "www.stetienneshop.com" "GET /wp-login.php?redirect_to=https%3A%2F%2Fwww.stetienneshop.com%2Fwp-admin%2F&reauth=1 HTTP/1.1" 200 3363 "https://stetienneshop.com/wp-admin/" "Mozilla/5.0 (Windows NT 10.0; Win64; x64) AppleWebKit/537.36 (KHTML, like Gecko) Chrome/90.0.4430.85 Safari/537.36" "37.140.223.214" [0.001,4.404,4.432|4.432]Request_Body: "-"
172.69.74.248 - - [19/Sep/2026:10:37:18 +0800] "stetienneshop.com" "POST /wp-login.php HTTP/1.1" 301 166 "https://stetienneshop.com/wp-admin/" "Mozilla/5.0 (Windows NT 10.0; Win64; x64) AppleWebKit/537.36 (KHTML, like Gecko) Chrome/90.0.4430.85 Safari/537.36" "172.245.102.81" [-,-,-|0.000]Request_Body: "-"
104.23.195.52 - - [19/Sep/2026:10:37:21 +0800] "www.stetienneshop.com" "GET /wp-login.php HTTP/1.1" 200 3355 "https://stetienneshop.com/wp-admin/" "Mozilla/5.0 (Windows NT 10.0; Win64; x64) AppleWebKit/537.36 (KHTML, like Gecko) Chrome/90.0.4430.85 Safari/537.36" "37.140.223.173" [0.000,1.577,1.580|1.580]Request_Body: "-"
172.69.74.248 - - [19/Sep/2026:10:37:21 +0800] "stetienneshop.com" "POST /admin HTTP/1.1" 301 166 "https://stetienneshop.com/wp-admin/" "Mozilla/5.0 (Windows NT 10.0; Win64; x64) AppleWebKit/537.36 (KHTML, like Gecko) Chrome/90.0.4430.85 Safari/537.36" "172.245.102.81" [-,-,-|0.000]Request_Body: "-"
104.23.195.52 - - [19/Sep/2026:10:37:23 +0800] "www.stetienneshop.com" "GET /admin HTTP/1.1" 302 5 "https://stetienneshop.com/wp-admin/" "Mozilla/5.0 (Windows NT 10.0; Win64; x64) AppleWebKit/537.36 (KHTML, like Gecko) Chrome/90.0.4430.85 Safari/537.36" "37.140.223.173" [0.001,1.616,1.616|1.616]Request_Body: "-"
104.23.195.52 - - [19/Sep/2026:10:37:25 +0800] "www.stetienneshop.com" "GET /wp-admin/ HTTP/1.1" 302 5 "https://stetienneshop.com/wp-admin/" "Mozilla/5.0 (Windows NT 10.0; Win64; x64) AppleWebKit/537.36 (KHTML, like Gecko) Chrome/90.0.4430.85 Safari/537.36" "37.140.223.173" [0.001,1.177,1.177|1.177]Request_Body: "-"
104.23.195.52 - - [19/Sep/2026:10:37:27 +0800] "www.stetienneshop.com" "GET /wp-login.php?redirect_to=https%3A%2F%2Fwww.stetienneshop.com%2Fwp-admin%2F&reauth=1 HTTP/1.1" 200 3363 "https://stetienneshop.com/wp-admin/" "Mozilla/5.0 (Windows NT 10.0; Win64; x64) AppleWebKit/537.36 (KHTML, like Gecko) Chrome/90.0.4430.85 Safari/537.36" "37.140.223.173" [0.000,1.230,1.232|1.232]Request_Body: "-"
172.69.74.248 - - [19/Sep/2026:10:38:00 +0800] "stetienneshop.com" "POST /wp-login.php HTTP/1.1" 301 166 "https://stetienneshop.com/wp-admin/" "Mozilla/5.0 (Windows NT 10.0; Win64; x64) AppleWebKit/537.36 (KHTML, like Gecko) Chrome/90.0.4430.85 Safari/537.36" "172.245.102.80" [-,-,-|0.000]Request_Body: "-"
172.69.74.232 - - [19/Sep/2026:10:38:03 +0800] "www.stetienneshop.com" "GET /wp-login.php HTTP/1.1" 200 3355 "https://stetienneshop.com/wp-admin/" "Mozilla/5.0 (Windows NT 10.0; Win64; x64) AppleWebKit/537.36 (KHTML, like Gecko) Chrome/90.0.4430.85 Safari/537.36" "37.140.223.202" [0.000,1.092,1.095|1.095]Request_Body: "-"
172.69.74.248 - - [19/Sep/2026:10:38:03 +0800] "stetienneshop.com" "POST /admin HTTP/1.1" 301 166 "https://stetienneshop.com/wp-admin/" "Mozilla/5.0 (Windows NT 10.0; Win64; x64) AppleWebKit/537.36 (KHTML, like Gecko) Chrome/90.0.4430.85 Safari/537.36" "172.245.102.80" [-,-,-|0.000]Request_Body: "-"
172.69.74.232 - - [19/Sep/2026:10:38:05 +0800] "www.stetienneshop.com" "GET /admin HTTP/1.1" 302 5 "https://stetienneshop.com/wp-admin/" "Mozilla/5.0 (Windows NT 10.0; Win64; x64) AppleWebKit/537.36 (KHTML, like Gecko) Chrome/90.0.4430.85 Safari/537.36" "37.140.223.202" [0.000,1.681,1.681|1.681]Request_Body: "-"
172.69.74.232 - - [19/Sep/2026:10:38:07 +0800] "www.stetienneshop.com" "GET /wp-admin/ HTTP/1.1" 302 5 "https://stetienneshop.com/wp-admin/" "Mozilla/5.0 (Windows NT 10.0; Win64; x64) AppleWebKit/537.36 (KHTML, like Gecko) Chrome/90.0.4430.85 Safari/537.36" "37.140.223.202" [0.003,1.331,1.331|1.331]Request_Body: "-"
172.69.74.232 - - [19/Sep/2026:10:38:08 +0800] "www.stetienneshop.com" "GET /wp-login.php?redirect_to=https%3A%2F%2Fwww.stetienneshop.com%2Fwp-admin%2F&reauth=1 HTTP/1.1" 200 3363 "https://stetienneshop.com/wp-admin/" "Mozilla/5.0 (Windows NT 10.0; Win64; x64) AppleWebKit/537.36 (KHTML, like Gecko) Chrome/90.0.4430.85 Safari/537.36" "37.140.223.202" [0.000,1.049,1.051|1.051]Request_Body: "-"
172.69.74.248 - - [19/Sep/2026:10:38:15 +0800] "stetienneshop.com" "POST /wp-login.php HTTP/1.1" 301 166 "https://stetienneshop.com/wp-admin/" "Mozilla/5.0 (Windows NT 10.0; Win64; x64) AppleWebKit/537.36 (KHTML, like Gecko) Chrome/90.0.4430.85 Safari/537.36" "37.140.223.168" [-,-,-|0.000]Request_Body: "-"
172.69.74.232 - - [19/Sep/2026:10:38:17 +0800] "www.stetienneshop.com" "GET /wp-login.php HTTP/1.1" 200 3355 "https://stetienneshop.com/wp-admin/" "Mozilla/5.0 (Windows NT 10.0; Win64; x64) AppleWebKit/537.36 (KHTML, like Gecko) Chrome/90.0.4430.85 Safari/537.36" "37.140.223.187" [0.000,1.074,1.076|1.076]Request_Body: "-"
172.69.74.248 - - [19/Sep/2026:10:38:17 +0800] "stetienneshop.com" "POST /admin HTTP/1.1" 301 166 "https://stetienneshop.com/wp-admin/" "Mozilla/5.0 (Windows NT 10.0; Win64; x64) AppleWebKit/537.36 (KHTML, like Gecko) Chrome/90.0.4430.85 Safari/537.36" "37.140.223.168" [-,-,-|0.000]Request_Body: "-"
172.69.74.232 - - [19/Sep/2026:10:38:19 +0800] "www.stetienneshop.com" "GET /admin HTTP/1.1" 302 5 "https://stetienneshop.com/wp-admin/" "Mozilla/5.0 (Windows NT 10.0; Win64; x64) AppleWebKit/537.36 (KHTML, like Gecko) Chrome/90.0.4430.85 Safari/537.36" "37.140.223.187" [0.001,1.148,1.148|1.148]Request_Body: "-"
172.69.74.232 - - [19/Sep/2026:10:38:20 +0800] "www.stetienneshop.com" "GET /wp-admin/ HTTP/1.1" 302 5 "https://stetienneshop.com/wp-admin/" "Mozilla/5.0 (Windows NT 10.0; Win64; x64) AppleWebKit/537.36 (KHTML, like Gecko) Chrome/90.0.4430.85 Safari/537.36" "37.140.223.187" [0.001,1.484,1.484|1.484]Request_Body: "-"
172.69.74.232 - - [19/Sep/2026:10:38:22 +0800] "www.stetienneshop.com" "GET /wp-login.php?redirect_to=https%3A%2F%2Fwww.stetienneshop.com%2Fwp-admin%2F&reauth=1 HTTP/1.1" 200 3363 "https://stetienneshop.com/wp-admin/" "Mozilla/5.0 (Windows NT 10.0; Win64; x64) AppleWebKit/537.36 (KHTML, like Gecko) Chrome/90.0.4430.85 Safari/537.36" "37.140.223.187" [0.001,1.186,1.188|1.189]Request_Body: "-"
172.69.74.248 - - [19/Sep/2026:10:38:32 +0800] "stetienneshop.com" "POST /wp-login.php HTTP/1.1" 301 166 "https://stetienneshop.com/wp-admin/" "Mozilla/5.0 (Windows NT 10.0; Win64; x64) AppleWebKit/537.36 (KHTML, like Gecko) Chrome/90.0.4430.85 Safari/537.36" "172.245.102.79" [-,-,-|0.001]Request_Body: "-"
104.23.195.52 - - [19/Sep/2026:10:38:34 +0800] "www.stetienneshop.com" "GET /wp-login.php HTTP/1.1" 200 3355 "https://stetienneshop.com/wp-admin/" "Mozilla/5.0 (Windows NT 10.0; Win64; x64) AppleWebKit/537.36 (KHTML, like Gecko) Chrome/90.0.4430.85 Safari/537.36" "37.140.223.167" [0.000,1.184,1.186|1.186]Request_Body: "-"
172.69.74.248 - - [19/Sep/2026:10:38:34 +0800] "stetienneshop.com" "POST /admin HTTP/1.1" 301 166 "https://stetienneshop.com/wp-admin/" "Mozilla/5.0 (Windows NT 10.0; Win64; x64) AppleWebKit/537.36 (KHTML, like Gecko) Chrome/90.0.4430.85 Safari/537.36" "172.245.102.79" [-,-,-|0.000]Request_Body: "-"
104.23.195.52 - - [19/Sep/2026:10:38:36 +0800] "www.stetienneshop.com" "GET /admin HTTP/1.1" 302 5 "https://stetienneshop.com/wp-admin/" "Mozilla/5.0 (Windows NT 10.0; Win64; x64) AppleWebKit/537.36 (KHTML, like Gecko) Chrome/90.0.4430.85 Safari/537.36" "37.140.223.167" [0.001,1.243,1.243|1.243]Request_Body: "-"
104.23.195.52 - - [19/Sep/2026:10:38:38 +0800] "www.stetienneshop.com" "GET /wp-admin/ HTTP/1.1" 302 5 "https://stetienneshop.com/wp-admin/" "Mozilla/5.0 (Windows NT 10.0; Win64; x64) AppleWebKit/537.36 (KHTML, like Gecko) Chrome/90.0.4430.85 Safari/537.36" "37.140.223.167" [0.001,1.590,1.590|1.590]Request_Body: "-"
104.23.195.52 - - [19/Sep/2026:10:38:39 +0800] "www.stetienneshop.com" "GET /wp-login.php?redirect_to=https%3A%2F%2Fwww.stetienneshop.com%2Fwp-admin%2F&reauth=1 HTTP/1.1" 200 3363 "https://stetienneshop.com/wp-admin/" "Mozilla/5.0 (Windows NT 10.0; Win64; x64) AppleWebKit/537.36 (KHTML, like Gecko) Chrome/90.0.4430.85 Safari/537.36" "37.140.223.167" [0.000,1.106,1.108|1.108]Request_Body: "-"
172.71.150.107 - - [19/Sep/2026:10:38:44 +0800] "www.stetienneshop.com" "GET /category/cadeaux/pour-les-matrues/page/3/?per_row=2&per_page=12&shop_view=grid HTTP/1.1" 200 34895 "-" "Mozilla/5.0 (Linux; Android 6.0.1; Nexus 5X Build/MMB29P) AppleWebKit/537.36 (KHTML, like Gecko) Chrome/153.0.8010.47 Mobile Safari/537.36 (compatible; Googlebot/2.1; +http://www.google.com/bot.html)" "66.249.79.233" [0.000,1.414,1.421|1.422]Request_Body: "-"
172.71.151.102 - - [19/Sep/2026:10:38:50 +0800] "www.stetienneshop.com" "GET /wp-content/themes/woodmart/css/parts/opt-widget-collapse.min.css?ver=8.2.7 HTTP/1.1" 304 0 "https://www.stetienneshop.com/category/cadeaux/pour-les-matrues/page/3/?per_row=2&per_page=12&shop_view=grid" "Mozilla/5.0 (Linux; Android 6.0.1; Nexus 5X Build/MMB29P) AppleWebKit/537.36 (KHTML, like Gecko) Chrome/153.0.8010.47 Mobile Safari/537.36 (compatible; Googlebot/2.1; +http://www.google.com/bot.html)" "66.249.79.233" [-,-,-|0.000]Request_Body: "-"
104.22.104.203 - - [19/Sep/2026:10:38:51 +0800] "www.stetienneshop.com" "GET /product/tee-shirt-enfant-heritage-vert-2/ HTTP/1.1" 200 39557 "-" "Mozilla/5.0 (Macintosh; Intel Mac OS X 10_15_7) AppleWebKit/605.1.15 (KHTML, like Gecko) Chrome/139.0.0.0 Safari/605.1.15" "98.86.82.215" [0.001,1.955,1.961|1.961]Request_Body: "-"
108.162.246.78 - - [19/Sep/2026:10:38:51 +0800] "www.stetienneshop.com" "GET /wp-content/themes/woodmart/js/libs/pjax.min.js?ver=8.2.7 HTTP/1.1" 200 3564 "https://www.stetienneshop.com/category/cadeaux/pour-les-matrues/page/3/?per_row=2&per_page=12&shop_view=grid" "Mozilla/5.0 (Linux; Android 6.0.1; Nexus 5X Build/MMB29P) AppleWebKit/537.36 (KHTML, like Gecko) Chrome/153.0.8010.47 Mobile Safari/537.36 (compatible; Googlebot/2.1; +http://www.google.com/bot.html)" "66.249.79.233" [-,-,-|0.000]Request_Body: "-"
162.158.42.20 - - [19/Sep/2026:10:38:53 +0800] "www.stetienneshop.com" "GET /wp-content/themes/woodmart/js/scripts/wc/loginDropdown.min.js?ver=8.2.7 HTTP/1.1" 304 0 "https://www.stetienneshop.com/category/cadeaux/pour-les-matrues/page/3/?per_row=2&per_page=12&shop_view=grid" "Mozilla/5.0 (Linux; Android 6.0.1; Nexus 5X Build/MMB29P) AppleWebKit/537.36 (KHTML, like Gecko) Chrome/153.0.8010.47 Mobile Safari/537.36 (compatible; Googlebot/2.1; +http://www.google.com/bot.html)" "66.249.79.233" [-,-,-|0.000]Request_Body: "-"
172.68.23.144 - - [19/Sep/2026:10:38:57 +0800] "www.stetienneshop.com" "GET /wp-content/themes/woodmart/css/parts/opt-off-canvas-sidebar.min.css?ver=8.2.7 HTTP/1.1" 200 647 "https://www.stetienneshop.com/category/cadeaux/pour-les-matrues/page/3/?per_row=2&per_page=12&shop_view=grid" "Mozilla/5.0 (Linux; Android 6.0.1; Nexus 5X Build/MMB29P) AppleWebKit/537.36 (KHTML, like Gecko) Chrome/153.0.8010.47 Mobile Safari/537.36 (compatible; Googlebot/2.1; +http://www.google.com/bot.html)" "66.249.79.233" [-,-,-|0.000]Request_Body: "-"
172.64.217.131 - - [19/Sep/2026:10:39:16 +0800] "stetienneshop.com" "POST /wp-login.php HTTP/1.1" 301 166 "https://stetienneshop.com/wp-admin/" "Mozilla/5.0 (Windows NT 10.0; Win64; x64) AppleWebKit/537.36 (KHTML, like Gecko) Chrome/90.0.4430.85 Safari/537.36" "172.245.102.79" [-,-,-|0.000]Request_Body: "-"
104.23.195.52 - - [19/Sep/2026:10:39:18 +0800] "www.stetienneshop.com" "GET /wp-login.php HTTP/1.1" 200 3355 "https://stetienneshop.com/wp-admin/" "Mozilla/5.0 (Windows NT 10.0; Win64; x64) AppleWebKit/537.36 (KHTML, like Gecko) Chrome/90.0.4430.85 Safari/537.36" "37.140.223.210" [0.001,1.107,1.110|1.109]Request_Body: "-"
172.64.217.131 - - [19/Sep/2026:10:39:18 +0800] "stetienneshop.com" "POST /admin HTTP/1.1" 301 166 "https://stetienneshop.com/wp-admin/" "Mozilla/5.0 (Windows NT 10.0; Win64; x64) AppleWebKit/537.36 (KHTML, like Gecko) Chrome/90.0.4430.85 Safari/537.36" "172.245.102.79" [-,-,-|0.000]Request_Body: "-"
104.23.195.52 - - [19/Sep/2026:10:39:20 +0800] "www.stetienneshop.com" "GET /admin HTTP/1.1" 302 5 "https://stetienneshop.com/wp-admin/" "Mozilla/5.0 (Windows NT 10.0; Win64; x64) AppleWebKit/537.36 (KHTML, like Gecko) Chrome/90.0.4430.85 Safari/537.36" "37.140.223.210" [0.001,1.096,1.096|1.096]Request_Body: "-"
104.23.195.52 - - [19/Sep/2026:10:39:21 +0800] "www.stetienneshop.com" "GET /wp-admin/ HTTP/1.1" 302 5 "https://stetienneshop.com/wp-admin/" "Mozilla/5.0 (Windows NT 10.0; Win64; x64) AppleWebKit/537.36 (KHTML, like Gecko) Chrome/90.0.4430.85 Safari/537.36" "37.140.223.210" [0.001,1.121,1.121|1.121]Request_Body: "-"
104.23.195.52 - - [19/Sep/2026:10:39:23 +0800] "www.stetienneshop.com" "GET /wp-login.php?redirect_to=https%3A%2F%2Fwww.stetienneshop.com%2Fwp-admin%2F&reauth=1 HTTP/1.1" 200 3363 "https://stetienneshop.com/wp-admin/" "Mozilla/5.0 (Windows NT 10.0; Win64; x64) AppleWebKit/537.36 (KHTML, like Gecko) Chrome/90.0.4430.85 Safari/537.36" "37.140.223.210" [0.001,1.097,1.099|1.099]Request_Body: "-"
172.70.215.107 - - [19/Sep/2026:10:39:57 +0800] "stetienneshop.com" "POST /wp-login.php HTTP/1.1" 301 166 "https://stetienneshop.com/wp-admin/" "Mozilla/5.0 (Windows NT 10.0; Win64; x64) AppleWebKit/537.36 (KHTML, like Gecko) Chrome/90.0.4430.85 Safari/537.36" "136.144.33.231" [-,-,-|0.001]Request_Body: "-"
104.23.195.52 - - [19/Sep/2026:10:39:59 +0800] "www.stetienneshop.com" "GET /wp-login.php HTTP/1.1" 200 3355 "https://stetienneshop.com/wp-admin/" "Mozilla/5.0 (Windows NT 10.0; Win64; x64) AppleWebKit/537.36 (KHTML, like Gecko) Chrome/90.0.4430.85 Safari/537.36" "37.140.223.196" [0.000,1.223,1.226|1.226]Request_Body: "-"
172.70.215.107 - - [19/Sep/2026:10:39:59 +0800] "stetienneshop.com" "POST /admin HTTP/1.1" 301 166 "https://stetienneshop.com/wp-admin/" "Mozilla/5.0 (Windows NT 10.0; Win64; x64) AppleWebKit/537.36 (KHTML, like Gecko) Chrome/90.0.4430.85 Safari/537.36" "136.144.33.231" [-,-,-|0.000]Request_Body: "-"
104.23.195.52 - - [19/Sep/2026:10:40:06 +0800] "www.stetienneshop.com" "GET /admin HTTP/1.1" 302 5 "https://stetienneshop.com/wp-admin/" "Mozilla/5.0 (Windows NT 10.0; Win64; x64) AppleWebKit/537.36 (KHTML, like Gecko) Chrome/90.0.4430.85 Safari/537.36" "37.140.223.196" [0.001,6.431,6.431|6.432]Request_Body: "-"
104.23.195.52 - - [19/Sep/2026:10:40:12 +0800] "www.stetienneshop.com" "GET /wp-admin/ HTTP/1.1" 302 5 "https://stetienneshop.com/wp-admin/" "Mozilla/5.0 (Windows NT 10.0; Win64; x64) AppleWebKit/537.36 (KHTML, like Gecko) Chrome/90.0.4430.85 Safari/537.36" "37.140.223.196" [0.001,5.879,5.879|5.879]Request_Body: "-"
104.23.195.52 - - [19/Sep/2026:10:40:15 +0800] "www.stetienneshop.com" "GET /wp-login.php?redirect_to=https%3A%2F%2Fwww.stetienneshop.com%2Fwp-admin%2F&reauth=1 HTTP/1.1" 200 3363 "https://stetienneshop.com/wp-admin/" "Mozilla/5.0 (Windows NT 10.0; Win64; x64) AppleWebKit/537.36 (KHTML, like Gecko) Chrome/90.0.4430.85 Safari/537.36" "37.140.223.196" [0.000,2.694,2.697|2.697]Request_Body: "-"
172.70.215.107 - - [19/Sep/2026:10:40:26 +0800] "stetienneshop.com" "POST /wp-login.php HTTP/1.1" 301 166 "https://stetienneshop.com/wp-admin/" "Mozilla/5.0 (Windows NT 10.0; Win64; x64) AppleWebKit/537.36 (KHTML, like Gecko) Chrome/90.0.4430.85 Safari/537.36" "37.140.223.176" [-,-,-|0.000]Request_Body: "-"
104.23.195.52 - - [19/Sep/2026:10:40:29 +0800] "www.stetienneshop.com" "GET /wp-login.php HTTP/1.1" 200 3355 "https://stetienneshop.com/wp-admin/" "Mozilla/5.0 (Windows NT 10.0; Win64; x64) AppleWebKit/537.36 (KHTML, like Gecko) Chrome/90.0.4430.85 Safari/537.36" "37.140.223.211" [0.001,1.459,1.462|1.462]Request_Body: "-"
172.70.215.107 - - [19/Sep/2026:10:40:29 +0800] "stetienneshop.com" "POST /admin HTTP/1.1" 301 166 "https://stetienneshop.com/wp-admin/" "Mozilla/5.0 (Windows NT 10.0; Win64; x64) AppleWebKit/537.36 (KHTML, like Gecko) Chrome/90.0.4430.85 Safari/537.36" "37.140.223.176" [-,-,-|0.000]Request_Body: "-"
104.23.195.52 - - [19/Sep/2026:10:40:31 +0800] "www.stetienneshop.com" "GET /admin HTTP/1.1" 302 5 "https://stetienneshop.com/wp-admin/" "Mozilla/5.0 (Windows NT 10.0; Win64; x64) AppleWebKit/537.36 (KHTML, like Gecko) Chrome/90.0.4430.85 Safari/537.36" "37.140.223.211" [0.001,1.437,1.437|1.437]Request_Body: "-"
104.23.195.52 - - [19/Sep/2026:10:40:32 +0800] "www.stetienneshop.com" "GET /wp-admin/ HTTP/1.1" 302 5 "https://stetienneshop.com/wp-admin/" "Mozilla/5.0 (Windows NT 10.0; Win64; x64) AppleWebKit/537.36 (KHTML, like Gecko) Chrome/90.0.4430.85 Safari/537.36" "37.140.223.211" [0.001,1.204,1.204|1.205]Request_Body: "-"
104.23.195.52 - - [19/Sep/2026:10:40:34 +0800] "www.stetienneshop.com" "GET /wp-login.php?redirect_to=https%3A%2F%2Fwww.stetienneshop.com%2Fwp-admin%2F&reauth=1 HTTP/1.1" 200 3363 "https://stetienneshop.com/wp-admin/" "Mozilla/5.0 (Windows NT 10.0; Win64; x64) AppleWebKit/537.36 (KHTML, like Gecko) Chrome/90.0.4430.85 Safari/537.36" "37.140.223.211" [0.000,1.201,1.203|1.203]Request_Body: "-"
104.23.251.131 - - [19/Sep/2026:10:40:47 +0800] "stetienneshop.com" "POST /wp-login.php HTTP/1.1" 301 166 "https://stetienneshop.com/wp-admin/" "Mozilla/5.0 (Windows NT 10.0; Win64; x64) AppleWebKit/537.36 (KHTML, like Gecko) Chrome/90.0.4430.85 Safari/537.36" "37.140.223.194" [-,-,-|0.000]Request_Body: "-"
104.23.195.52 - - [19/Sep/2026:10:40:50 +0800] "www.stetienneshop.com" "GET /wp-login.php HTTP/1.1" 200 3355 "https://stetienneshop.com/wp-admin/" "Mozilla/5.0 (Windows NT 10.0; Win64; x64) AppleWebKit/537.36 (KHTML, like Gecko) Chrome/90.0.4430.85 Safari/537.36" "37.140.223.167" [0.000,1.114,1.116|1.116]Request_Body: "-"
104.23.251.131 - - [19/Sep/2026:10:40:50 +0800] "stetienneshop.com" "POST /admin HTTP/1.1" 301 166 "https://stetienneshop.com/wp-admin/" "Mozilla/5.0 (Windows NT 10.0; Win64; x64) AppleWebKit/537.36 (KHTML, like Gecko) Chrome/90.0.4430.85 Safari/537.36" "37.140.223.194" [-,-,-|0.000]Request_Body: "-"
104.23.195.52 - - [19/Sep/2026:10:40:51 +0800] "www.stetienneshop.com" "GET /admin HTTP/1.1" 302 5 "https://stetienneshop.com/wp-admin/" "Mozilla/5.0 (Windows NT 10.0; Win64; x64) AppleWebKit/537.36 (KHTML, like Gecko) Chrome/90.0.4430.85 Safari/537.36" "37.140.223.167" [0.001,1.035,1.035|1.035]Request_Body: "-"
104.23.195.52 - - [19/Sep/2026:10:40:53 +0800] "www.stetienneshop.com" "GET /wp-admin/ HTTP/1.1" 302 5 "https://stetienneshop.com/wp-admin/" "Mozilla/5.0 (Windows NT 10.0; Win64; x64) AppleWebKit/537.36 (KHTML, like Gecko) Chrome/90.0.4430.85 Safari/537.36" "37.140.223.167" [0.001,1.116,1.116|1.116]Request_Body: "-"
104.23.195.52 - - [19/Sep/2026:10:40:55 +0800] "www.stetienneshop.com" "GET /wp-login.php?redirect_to=https%3A%2F%2Fwww.stetienneshop.com%2Fwp-admin%2F&reauth=1 HTTP/1.1" 200 3363 "https://stetienneshop.com/wp-admin/" "Mozilla/5.0 (Windows NT 10.0; Win64; x64) AppleWebKit/537.36 (KHTML, like Gecko) Chrome/90.0.4430.85 Safari/537.36" "37.140.223.167" [0.000,1.167,1.169|1.169]Request_Body: "-"
172.70.215.107 - - [19/Sep/2026:10:41:14 +0800] "stetienneshop.com" "POST /wp-login.php HTTP/1.1" 301 166 "https://stetienneshop.com/wp-admin/" "Mozilla/5.0 (Windows NT 10.0; Win64; x64) AppleWebKit/537.36 (KHTML, like Gecko) Chrome/90.0.4430.85 Safari/537.36" "37.140.223.202" [-,-,-|0.001]Request_Body: "-"
172.70.214.6 - - [19/Sep/2026:10:41:17 +0800] "www.stetienneshop.com" "GET /wp-login.php HTTP/1.1" 200 3355 "https://stetienneshop.com/wp-admin/" "Mozilla/5.0 (Windows NT 10.0; Win64; x64) AppleWebKit/537.36 (KHTML, like Gecko) Chrome/90.0.4430.85 Safari/537.36" "37.140.223.192" [0.000,1.490,1.490|1.490]Request_Body: "-"
172.70.215.107 - - [19/Sep/2026:10:41:17 +0800] "stetienneshop.com" "POST /admin HTTP/1.1" 301 166 "https://stetienneshop.com/wp-admin/" "Mozilla/5.0 (Windows NT 10.0; Win64; x64) AppleWebKit/537.36 (KHTML, like Gecko) Chrome/90.0.4430.85 Safari/537.36" "37.140.223.202" [-,-,-|0.000]Request_Body: "-"
172.70.214.6 - - [19/Sep/2026:10:41:19 +0800] "www.stetienneshop.com" "GET /admin HTTP/1.1" 302 5 "https://stetienneshop.com/wp-admin/" "Mozilla/5.0 (Windows NT 10.0; Win64; x64) AppleWebKit/537.36 (KHTML, like Gecko) Chrome/90.0.4430.85 Safari/537.36" "37.140.223.192" [0.001,1.582,1.582|1.582]Request_Body: "-"
172.70.214.6 - - [19/Sep/2026:10:41:21 +0800] "www.stetienneshop.com" "GET /wp-admin/ HTTP/1.1" 302 5 "https://stetienneshop.com/wp-admin/" "Mozilla/5.0 (Windows NT 10.0; Win64; x64) AppleWebKit/537.36 (KHTML, like Gecko) Chrome/90.0.4430.85 Safari/537.36" "37.140.223.192" [0.001,1.338,1.338|1.337]Request_Body: "-"
172.70.214.6 - - [19/Sep/2026:10:41:22 +0800] "www.stetienneshop.com" "GET /wp-login.php?redirect_to=https%3A%2F%2Fwww.stetienneshop.com%2Fwp-admin%2F&reauth=1 HTTP/1.1" 200 3363 "https://stetienneshop.com/wp-admin/" "Mozilla/5.0 (Windows NT 10.0; Win64; x64) AppleWebKit/537.36 (KHTML, like Gecko) Chrome/90.0.4430.85 Safari/537.36" "37.140.223.192" [0.001,1.158,1.160|1.160]Request_Body: "-"
104.23.251.131 - - [19/Sep/2026:10:41:36 +0800] "stetienneshop.com" "POST /wp-login.php HTTP/1.1" 301 166 "https://stetienneshop.com/wp-admin/" "Mozilla/5.0 (Windows NT 10.0; Win64; x64) AppleWebKit/537.36 (KHTML, like Gecko) Chrome/90.0.4430.85 Safari/537.36" "37.140.223.184" [-,-,-|0.000]Request_Body: "-"
104.23.251.112 - - [19/Sep/2026:10:41:40 +0800] "www.stetienneshop.com" "GET /wp-login.php HTTP/1.1" 200 3355 "https://stetienneshop.com/wp-admin/" "Mozilla/5.0 (Windows NT 10.0; Win64; x64) AppleWebKit/537.36 (KHTML, like Gecko) Chrome/90.0.4430.85 Safari/537.36" "37.140.223.198" [0.000,3.933,3.937|3.937]Request_Body: "-"
104.23.251.131 - - [19/Sep/2026:10:41:42 +0800] "stetienneshop.com" "POST /admin HTTP/1.1" 301 166 "https://stetienneshop.com/wp-admin/" "Mozilla/5.0 (Windows NT 10.0; Win64; x64) AppleWebKit/537.36 (KHTML, like Gecko) Chrome/90.0.4430.85 Safari/537.36" "37.140.223.184" [-,-,-|0.001]Request_Body: "-"
104.23.251.112 - - [19/Sep/2026:10:41:44 +0800] "www.stetienneshop.com" "GET /admin HTTP/1.1" 302 5 "https://stetienneshop.com/wp-admin/" "Mozilla/5.0 (Windows NT 10.0; Win64; x64) AppleWebKit/537.36 (KHTML, like Gecko) Chrome/90.0.4430.85 Safari/537.36" "37.140.223.198" [0.001,1.276,1.277|1.277]Request_Body: "-"
104.23.251.112 - - [19/Sep/2026:10:41:46 +0800] "www.stetienneshop.com" "GET /wp-admin/ HTTP/1.1" 302 5 "https://stetienneshop.com/wp-admin/" "Mozilla/5.0 (Windows NT 10.0; Win64; x64) AppleWebKit/537.36 (KHTML, like Gecko) Chrome/90.0.4430.85 Safari/537.36" "37.140.223.198" [0.001,1.890,1.890|1.890]Request_Body: "-"
104.23.251.112 - - [19/Sep/2026:10:41:48 +0800] "www.stetienneshop.com" "GET /wp-login.php?redirect_to=https%3A%2F%2Fwww.stetienneshop.com%2Fwp-admin%2F&reauth=1 HTTP/1.1" 200 3363 "https://stetienneshop.com/wp-admin/" "Mozilla/5.0 (Windows NT 10.0; Win64; x64) AppleWebKit/537.36 (KHTML, like Gecko) Chrome/90.0.4430.85 Safari/537.36" "37.140.223.198" [0.004,1.541,1.543|1.544]Request_Body: "-"
172.70.207.134 - - [19/Sep/2026:10:42:24 +0800] "stetienneshop.com" "POST /wp-login.php HTTP/1.1" 301 166 "https://stetienneshop.com/wp-admin/" "Mozilla/5.0 (Windows NT 10.0; Win64; x64) AppleWebKit/537.36 (KHTML, like Gecko) Chrome/90.0.4430.85 Safari/537.36" "37.140.223.175" [-,-,-|0.001]Request_Body: "-"
104.23.251.112 - - [19/Sep/2026:10:42:26 +0800] "www.stetienneshop.com" "GET /wp-login.php HTTP/1.1" 200 3355 "https://stetienneshop.com/wp-admin/" "Mozilla/5.0 (Windows NT 10.0; Win64; x64) AppleWebKit/537.36 (KHTML, like Gecko) Chrome/90.0.4430.85 Safari/537.36" "37.140.223.199" [0.005,1.066,1.069|1.069]Request_Body: "-"
172.70.207.134 - - [19/Sep/2026:10:42:26 +0800] "stetienneshop.com" "POST /admin HTTP/1.1" 301 166 "https://stetienneshop.com/wp-admin/" "Mozilla/5.0 (Windows NT 10.0; Win64; x64) AppleWebKit/537.36 (KHTML, like Gecko) Chrome/90.0.4430.85 Safari/537.36" "37.140.223.175" [-,-,-|0.000]Request_Body: "-"
104.23.251.112 - - [19/Sep/2026:10:42:28 +0800] "www.stetienneshop.com" "GET /admin HTTP/1.1" 302 5 "https://stetienneshop.com/wp-admin/" "Mozilla/5.0 (Windows NT 10.0; Win64; x64) AppleWebKit/537.36 (KHTML, like Gecko) Chrome/90.0.4430.85 Safari/537.36" "37.140.223.199" [0.001,1.155,1.155|1.154]Request_Body: "-"
104.23.251.112 - - [19/Sep/2026:10:42:29 +0800] "www.stetienneshop.com" "GET /wp-admin/ HTTP/1.1" 302 5 "https://stetienneshop.com/wp-admin/" "Mozilla/5.0 (Windows NT 10.0; Win64; x64) AppleWebKit/537.36 (KHTML, like Gecko) Chrome/90.0.4430.85 Safari/537.36" "37.140.223.199" [0.001,1.470,1.470|1.470]Request_Body: "-"
104.23.251.112 - - [19/Sep/2026:10:42:31 +0800] "www.stetienneshop.com" "GET /wp-login.php?redirect_to=https%3A%2F%2Fwww.stetienneshop.com%2Fwp-admin%2F&reauth=1 HTTP/1.1" 200 3363 "https://stetienneshop.com/wp-admin/" "Mozilla/5.0 (Windows NT 10.0; Win64; x64) AppleWebKit/537.36 (KHTML, like Gecko) Chrome/90.0.4430.85 Safari/537.36" "37.140.223.199" [0.001,1.059,1.060|1.061]Request_Body: "-"
172.70.215.107 - - [19/Sep/2026:10:42:37 +0800] "stetienneshop.com" "POST /wp-login.php HTTP/1.1" 301 166 "https://stetienneshop.com/wp-admin/" "Mozilla/5.0 (Windows NT 10.0; Win64; x64) AppleWebKit/537.36 (KHTML, like Gecko) Chrome/90.0.4430.85 Safari/537.36" "136.144.33.40" [-,-,-|0.001]Request_Body: "-"
172.64.217.123 - - [19/Sep/2026:10:42:39 +0800] "www.stetienneshop.com" "GET /wp-login.php HTTP/1.1" 200 3355 "https://stetienneshop.com/wp-admin/" "Mozilla/5.0 (Windows NT 10.0; Win64; x64) AppleWebKit/537.36 (KHTML, like Gecko) Chrome/90.0.4430.85 Safari/537.36" "37.140.223.171" [0.000,1.326,1.326|1.327]Request_Body: "-"
172.70.215.107 - - [19/Sep/2026:10:42:39 +0800] "stetienneshop.com" "POST /admin HTTP/1.1" 301 166 "https://stetienneshop.com/wp-admin/" "Mozilla/5.0 (Windows NT 10.0; Win64; x64) AppleWebKit/537.36 (KHTML, like Gecko) Chrome/90.0.4430.85 Safari/537.36" "136.144.33.40" [-,-,-|0.000]Request_Body: "-"
172.64.217.123 - - [19/Sep/2026:10:42:41 +0800] "www.stetienneshop.com" "GET /admin HTTP/1.1" 302 5 "https://stetienneshop.com/wp-admin/" "Mozilla/5.0 (Windows NT 10.0; Win64; x64) AppleWebKit/537.36 (KHTML, like Gecko) Chrome/90.0.4430.85 Safari/537.36" "37.140.223.171" [0.001,1.122,1.122|1.122]Request_Body: "-"
172.64.217.123 - - [19/Sep/2026:10:42:42 +0800] "www.stetienneshop.com" "GET /wp-admin/ HTTP/1.1" 302 5 "https://stetienneshop.com/wp-admin/" "Mozilla/5.0 (Windows NT 10.0; Win64; x64) AppleWebKit/537.36 (KHTML, like Gecko) Chrome/90.0.4430.85 Safari/537.36" "37.140.223.171" [0.001,1.225,1.225|1.225]Request_Body: "-"
172.64.217.123 - - [19/Sep/2026:10:42:44 +0800] "www.stetienneshop.com" "GET /wp-login.php?redirect_to=https%3A%2F%2Fwww.stetienneshop.com%2Fwp-admin%2F&reauth=1 HTTP/1.1" 200 3363 "https://stetienneshop.com/wp-admin/" "Mozilla/5.0 (Windows NT 10.0; Win64; x64) AppleWebKit/537.36 (KHTML, like Gecko) Chrome/90.0.4430.85 Safari/537.36" "37.140.223.171" [0.001,1.442,1.445|1.444]Request_Body: "-"
172.64.217.130 - - [19/Sep/2026:10:43:14 +0800] "stetienneshop.com" "POST /wp-login.php HTTP/1.1" 301 166 "https://stetienneshop.com/wp-admin/" "Mozilla/5.0 (Windows NT 10.0; Win64; x64) AppleWebKit/537.36 (KHTML, like Gecko) Chrome/90.0.4430.85 Safari/537.36" "136.144.33.247" [-,-,-|0.000]Request_Body: "-"
104.23.251.112 - - [19/Sep/2026:10:43:17 +0800] "www.stetienneshop.com" "GET /wp-login.php HTTP/1.1" 200 3355 "https://stetienneshop.com/wp-admin/" "Mozilla/5.0 (Windows NT 10.0; Win64; x64) AppleWebKit/537.36 (KHTML, like Gecko) Chrome/90.0.4430.85 Safari/537.36" "37.140.223.189" [0.008,1.636,1.639|1.639]Request_Body: "-"
172.64.217.130 - - [19/Sep/2026:10:43:17 +0800] "stetienneshop.com" "POST /admin HTTP/1.1" 301 166 "https://stetienneshop.com/wp-admin/" "Mozilla/5.0 (Windows NT 10.0; Win64; x64) AppleWebKit/537.36 (KHTML, like Gecko) Chrome/90.0.4430.85 Safari/537.36" "136.144.33.247" [-,-,-|0.000]Request_Body: "-"
104.23.251.112 - - [19/Sep/2026:10:43:19 +0800] "www.stetienneshop.com" "GET /admin HTTP/1.1" 302 5 "https://stetienneshop.com/wp-admin/" "Mozilla/5.0 (Windows NT 10.0; Win64; x64) AppleWebKit/537.36 (KHTML, like Gecko) Chrome/90.0.4430.85 Safari/537.36" "37.140.223.189" [0.000,1.657,1.657|1.657]Request_Body: "-"
104.23.251.112 - - [19/Sep/2026:10:43:22 +0800] "www.stetienneshop.com" "GET /wp-admin/ HTTP/1.1" 302 5 "https://stetienneshop.com/wp-admin/" "Mozilla/5.0 (Windows NT 10.0; Win64; x64) AppleWebKit/537.36 (KHTML, like Gecko) Chrome/90.0.4430.85 Safari/537.36" "37.140.223.189" [0.001,1.775,1.775|1.775]Request_Body: "-"
104.23.251.112 - - [19/Sep/2026:10:43:23 +0800] "www.stetienneshop.com" "GET /wp-login.php?redirect_to=https%3A%2F%2Fwww.stetienneshop.com%2Fwp-admin%2F&reauth=1 HTTP/1.1" 200 3363 "https://stetienneshop.com/wp-admin/" "Mozilla/5.0 (Windows NT 10.0; Win64; x64) AppleWebKit/537.36 (KHTML, like Gecko) Chrome/90.0.4430.85 Safari/537.36" "37.140.223.189" [0.000,1.306,1.306|1.307]Request_Body: "-"
162.158.90.57 - - [19/Sep/2026:10:44:00 +0800] "stetienneshop.com" "POST /wp-login.php HTTP/1.1" 301 166 "https://stetienneshop.com/wp-admin/" "Mozilla/5.0 (Windows NT 10.0; Win64; x64) AppleWebKit/537.36 (KHTML, like Gecko) Chrome/90.0.4430.85 Safari/537.36" "136.144.33.247" [-,-,-|0.000]Request_Body: "-"
162.158.90.185 - - [19/Sep/2026:10:44:02 +0800] "www.stetienneshop.com" "GET /wp-login.php HTTP/1.1" 200 3355 "https://stetienneshop.com/wp-admin/" "Mozilla/5.0 (Windows NT 10.0; Win64; x64) AppleWebKit/537.36 (KHTML, like Gecko) Chrome/90.0.4430.85 Safari/537.36" "37.140.223.198" [0.000,1.590,1.594|1.594]Request_Body: "-"
162.158.90.57 - - [19/Sep/2026:10:44:03 +0800] "stetienneshop.com" "POST /admin HTTP/1.1" 301 166 "https://stetienneshop.com/wp-admin/" "Mozilla/5.0 (Windows NT 10.0; Win64; x64) AppleWebKit/537.36 (KHTML, like Gecko) Chrome/90.0.4430.85 Safari/537.36" "136.144.33.247" [-,-,-|0.000]Request_Body: "-"
162.158.90.185 - - [19/Sep/2026:10:44:05 +0800] "www.stetienneshop.com" "GET /admin HTTP/1.1" 302 5 "https://stetienneshop.com/wp-admin/" "Mozilla/5.0 (Windows NT 10.0; Win64; x64) AppleWebKit/537.36 (KHTML, like Gecko) Chrome/90.0.4430.85 Safari/537.36" "37.140.223.198" [0.001,2.766,2.766|2.767]Request_Body: "-"
162.158.90.185 - - [19/Sep/2026:10:44:14 +0800] "www.stetienneshop.com" "GET /wp-admin/ HTTP/1.1" 302 5 "https://stetienneshop.com/wp-admin/" "Mozilla/5.0 (Windows NT 10.0; Win64; x64) AppleWebKit/537.36 (KHTML, like Gecko) Chrome/90.0.4430.85 Safari/537.36" "37.140.223.198" [0.001,8.714,8.714|8.714]Request_Body: "-"
162.158.90.185 - - [19/Sep/2026:10:44:24 +0800] "www.stetienneshop.com" "GET /wp-login.php?redirect_to=https%3A%2F%2Fwww.stetienneshop.com%2Fwp-admin%2F&reauth=1 HTTP/1.1" 200 3363 "https://stetienneshop.com/wp-admin/" "Mozilla/5.0 (Windows NT 10.0; Win64; x64) AppleWebKit/537.36 (KHTML, like Gecko) Chrome/90.0.4430.85 Safari/537.36" "37.140.223.198" [0.001,9.614,9.617|9.617]Request_Body: "-"
172.69.33.36 - - [19/Sep/2026:10:44:31 +0800] "stetienneshop.com" "POST /wp-login.php HTTP/1.1" 301 166 "https://stetienneshop.com/wp-admin/" "Mozilla/5.0 (Windows NT 10.0; Win64; x64) AppleWebKit/537.36 (KHTML, like Gecko) Chrome/90.0.4430.85 Safari/537.36" "37.140.223.173" [-,-,-|0.000]Request_Body: "-"
172.70.206.6 - - [19/Sep/2026:10:44:46 +0800] "www.stetienneshop.com" "GET /wp-login.php HTTP/1.1" 200 3355 "https://stetienneshop.com/wp-admin/" "Mozilla/5.0 (Windows NT 10.0; Win64; x64) AppleWebKit/537.36 (KHTML, like Gecko) Chrome/90.0.4430.85 Safari/537.36" "37.140.223.208" [0.000,12.726,12.766|12.766]Request_Body: "-"
172.69.33.36 - - [19/Sep/2026:10:44:46 +0800] "stetienneshop.com" "POST /admin HTTP/1.1" 301 166 "https://stetienneshop.com/wp-admin/" "Mozilla/5.0 (Windows NT 10.0; Win64; x64) AppleWebKit/537.36 (KHTML, like Gecko) Chrome/90.0.4430.85 Safari/537.36" "37.140.223.173" [-,-,-|0.000]Request_Body: "-"
172.68.245.233 - - [19/Sep/2026:10:44:47 +0800] "www.stetienneshop.com" "GET /shop/page/7/?per_page=24&shop_view=list&s=2026&post_type=product HTTP/1.1" 200 41072 "-" "Mozilla/5.0 AppleWebKit/537.36 (KHTML, like Gecko; compatible; bingbot/2.0; +http://www.bing.com/bingbot.htm) Chrome/116.0.1938.76 Safari/537.36" "52.167.144.16" [0.002,14.817,14.823|14.823]Request_Body: "-"
172.70.206.6 - - [19/Sep/2026:10:45:00 +0800] "www.stetienneshop.com" "GET /admin HTTP/1.1" 302 5 "https://stetienneshop.com/wp-admin/" "Mozilla/5.0 (Windows NT 10.0; Win64; x64) AppleWebKit/537.36 (KHTML, like Gecko) Chrome/90.0.4430.85 Safari/537.36" "37.140.223.208" [0.001,13.488,13.488|13.488]Request_Body: "-"
172.70.206.6 - - [19/Sep/2026:10:45:13 +0800] "www.stetienneshop.com" "GET /wp-admin/ HTTP/1.1" 302 5 "https://stetienneshop.com/wp-admin/" "Mozilla/5.0 (Windows NT 10.0; Win64; x64) AppleWebKit/537.36 (KHTML, like Gecko) Chrome/90.0.4430.85 Safari/537.36" "37.140.223.208" [0.001,13.276,13.276|13.275]Request_Body: "-"
172.70.206.6 - - [19/Sep/2026:10:45:21 +0800] "www.stetienneshop.com" "GET /wp-login.php?redirect_to=https%3A%2F%2Fwww.stetienneshop.com%2Fwp-admin%2F&reauth=1 HTTP/1.1" 200 3363 "https://stetienneshop.com/wp-admin/" "Mozilla/5.0 (Windows NT 10.0; Win64; x64) AppleWebKit/537.36 (KHTML, like Gecko) Chrome/90.0.4430.85 Safari/537.36" "37.140.223.208" [0.001,6.927,6.935|6.935]Request_Body: "-"
162.158.187.188 - - [19/Sep/2026:10:45:45 +0800] "stetienneshop.com" "POST /wp-login.php HTTP/1.1" 301 166 "https://stetienneshop.com/wp-admin/" "Mozilla/5.0 (Windows NT 10.0; Win64; x64) AppleWebKit/537.36 (KHTML, like Gecko) Chrome/90.0.4430.85 Safari/537.36" "37.140.223.185" [-,-,-|0.000]Request_Body: "-"
172.64.217.122 - - [19/Sep/2026:10:45:47 +0800] "www.stetienneshop.com" "GET /wp-login.php HTTP/1.1" 200 3355 "https://stetienneshop.com/wp-admin/" "Mozilla/5.0 (Windows NT 10.0; Win64; x64) AppleWebKit/537.36 (KHTML, like Gecko) Chrome/90.0.4430.85 Safari/537.36" "37.140.223.192" [0.000,1.045,1.045|1.045]Request_Body: "-"
162.158.187.188 - - [19/Sep/2026:10:45:47 +0800] "stetienneshop.com" "POST /admin HTTP/1.1" 301 166 "https://stetienneshop.com/wp-admin/" "Mozilla/5.0 (Windows NT 10.0; Win64; x64) AppleWebKit/537.36 (KHTML, like Gecko) Chrome/90.0.4430.85 Safari/537.36" "37.140.223.185" [-,-,-|0.000]Request_Body: "-"
172.64.217.122 - - [19/Sep/2026:10:45:49 +0800] "www.stetienneshop.com" "GET /admin HTTP/1.1" 302 5 "https://stetienneshop.com/wp-admin/" "Mozilla/5.0 (Windows NT 10.0; Win64; x64) AppleWebKit/537.36 (KHTML, like Gecko) Chrome/90.0.4430.85 Safari/537.36" "37.140.223.192" [0.001,1.015,1.015|1.015]Request_Body: "-"
172.64.217.122 - - [19/Sep/2026:10:45:50 +0800] "www.stetienneshop.com" "GET /wp-admin/ HTTP/1.1" 302 5 "https://stetienneshop.com/wp-admin/" "Mozilla/5.0 (Windows NT 10.0; Win64; x64) AppleWebKit/537.36 (KHTML, like Gecko) Chrome/90.0.4430.85 Safari/537.36" "37.140.223.192" [0.001,1.394,1.394|1.394]Request_Body: "-"
172.64.217.122 - - [19/Sep/2026:10:45:51 +0800] "www.stetienneshop.com" "GET /wp-login.php?redirect_to=https%3A%2F%2Fwww.stetienneshop.com%2Fwp-admin%2F&reauth=1 HTTP/1.1" 200 3363 "https://stetienneshop.com/wp-admin/" "Mozilla/5.0 (Windows NT 10.0; Win64; x64) AppleWebKit/537.36 (KHTML, like Gecko) Chrome/90.0.4430.85 Safari/537.36" "37.140.223.192" [0.000,1.246,1.248|1.248]Request_Body: "-"
104.22.100.21 - - [19/Sep/2026:10:46:24 +0800] "www.stetienneshop.com" "GET /shop/page/2/?stock_status=instock&per_row=4&per_page=18&shop_view=grid&s=2026&post_type=product HTTP/1.1" 200 40673 "-" "Mozilla/5.0 AppleWebKit/537.36 (KHTML, like Gecko; compatible; bingbot/2.0; +http://www.bing.com/bingbot.htm) Chrome/116.0.1938.76 Safari/537.36" "52.167.144.16" [0.001,1.813,1.818|1.818]Request_Body: "-"
