172.70.47.106 - - [19/Sep/2026:09:44:27 +0800] "www.sverigetshirt.com" "GET /wp/wp-json/batch/v1 HTTP/1.1" 404 24199 "https://sverigetshirt.com/wp/wp-admin/" "Mozilla/5.0 (Windows NT 10.0; Win64; x64) AppleWebKit/537.36 (KHTML, like Gecko) Chrome/120.0.0.0 Safari/537.36" "127.0.0.1,45.148.10.247" [0.001,1.878,1.880|1.880]Request_Body: "-"
172.70.47.144 - - [19/Sep/2026:09:44:27 +0800] "sverigetshirt.com" "POST /blog/wp-json/Batch/v1 HTTP/1.1" 301 166 "https://sverigetshirt.com/blog/wp-admin/" "Mozilla/5.0 (Windows NT 10.0; Win64; x64) AppleWebKit/537.36 (KHTML, like Gecko) Chrome/120.0.0.0 Safari/537.36" "127.0.0.1,45.148.10.247" [-,-,-|0.001]Request_Body: "-"
104.23.170.57 - - [19/Sep/2026:09:44:30 +0800] "www.sverigetshirt.com" "GET /blog/wp-json/Batch/v1 HTTP/1.1" 404 24199 "https://sverigetshirt.com/blog/wp-admin/" "Mozilla/5.0 (Windows NT 10.0; Win64; x64) AppleWebKit/537.36 (KHTML, like Gecko) Chrome/120.0.0.0 Safari/537.36" "127.0.0.1,45.148.10.247" [0.001,3.039,3.080|3.080]Request_Body: "-"
172.70.47.144 - - [19/Sep/2026:09:44:31 +0800] "sverigetshirt.com" "POST /blog//wp-json/batch/v1 HTTP/1.1" 301 166 "https://sverigetshirt.com/blog/wp-admin/" "Mozilla/5.0 (Windows NT 10.0; Win64; x64) AppleWebKit/537.36 (KHTML, like Gecko) Chrome/120.0.0.0 Safari/537.36" "127.0.0.1,45.148.10.247" [-,-,-|0.000]Request_Body: "-"
104.23.170.57 - - [19/Sep/2026:09:44:33 +0800] "www.sverigetshirt.com" "GET /blog//wp-json/batch/v1 HTTP/1.1" 301 5 "https://sverigetshirt.com/blog/wp-admin/" "Mozilla/5.0 (Windows NT 10.0; Win64; x64) AppleWebKit/537.36 (KHTML, like Gecko) Chrome/120.0.0.0 Safari/537.36" "127.0.0.1,45.148.10.247" [0.000,2.176,2.176|2.176]Request_Body: "-"
172.70.47.144 - - [19/Sep/2026:09:44:35 +0800] "sverigetshirt.com" "POST /wp/wp-json/Batch/v1 HTTP/1.1" 301 166 "https://sverigetshirt.com/wp/wp-admin/" "Mozilla/5.0 (Windows NT 10.0; Win64; x64) AppleWebKit/537.36 (KHTML, like Gecko) Chrome/120.0.0.0 Safari/537.36" "127.0.0.1,45.148.10.247" [-,-,-|0.000]Request_Body: "-"
172.70.47.144 - - [19/Sep/2026:09:44:43 +0800] "sverigetshirt.com" "POST /blog/wp-json/batch/v1/ HTTP/1.1" 301 166 "https://sverigetshirt.com/blog/wp-admin/" "Mozilla/5.0 (Windows NT 10.0; Win64; x64) AppleWebKit/537.36 (KHTML, like Gecko) Chrome/120.0.0.0 Safari/537.36" "127.0.0.1,45.148.10.247" [-,-,-|0.000]Request_Body: "-"
172.70.47.144 - - [19/Sep/2026:09:44:44 +0800] "sverigetshirt.com" "POST /wp//wp-json/batch/v1 HTTP/1.1" 301 166 "https://sverigetshirt.com/wp/wp-admin/" "Mozilla/5.0 (Windows NT 10.0; Win64; x64) AppleWebKit/537.36 (KHTML, like Gecko) Chrome/120.0.0.0 Safari/537.36" "127.0.0.1,45.148.10.247" [-,-,-|0.000]Request_Body: "-"
104.23.170.57 - - [19/Sep/2026:09:44:46 +0800] "www.sverigetshirt.com" "GET /blog/wp-json/batch/v1 HTTP/1.1" 404 24200 "https://sverigetshirt.com/blog/wp-admin/" "Mozilla/5.0 (Windows NT 10.0; Win64; x64) AppleWebKit/537.36 (KHTML, like Gecko) Chrome/120.0.0.0 Safari/537.36" "127.0.0.1,45.148.10.247" [0.000,10.622,10.636|10.637]Request_Body: "-"
172.70.47.106 - - [19/Sep/2026:09:44:47 +0800] "www.sverigetshirt.com" "GET /wp/wp-json/Batch/v1 HTTP/1.1" 404 24198 "https://sverigetshirt.com/wp/wp-admin/" "Mozilla/5.0 (Windows NT 10.0; Win64; x64) AppleWebKit/537.36 (KHTML, like Gecko) Chrome/120.0.0.0 Safari/537.36" "127.0.0.1,45.148.10.247" [0.001,11.580,11.595|11.594]Request_Body: "-"
172.70.47.144 - - [19/Sep/2026:09:44:52 +0800] "sverigetshirt.com" "POST /blog/blog/wp-json/batch/v1 HTTP/1.1" 301 166 "https://sverigetshirt.com/blog/wp-admin/" "Mozilla/5.0 (Windows NT 10.0; Win64; x64) AppleWebKit/537.36 (KHTML, like Gecko) Chrome/120.0.0.0 Safari/537.36" "127.0.0.1,45.148.10.247" [-,-,-|0.000]Request_Body: "-"
172.70.47.144 - - [19/Sep/2026:09:44:52 +0800] "sverigetshirt.com" "POST /wp/wp-json/batch/v1/ HTTP/1.1" 301 166 "https://sverigetshirt.com/wp/wp-admin/" "Mozilla/5.0 (Windows NT 10.0; Win64; x64) AppleWebKit/537.36 (KHTML, like Gecko) Chrome/120.0.0.0 Safari/537.36" "127.0.0.1,45.148.10.247" [-,-,-|0.000]Request_Body: "-"
172.70.47.106 - - [19/Sep/2026:09:44:53 +0800] "www.sverigetshirt.com" "GET /wp//wp-json/batch/v1 HTTP/1.1" 301 5 "https://sverigetshirt.com/wp/wp-admin/" "Mozilla/5.0 (Windows NT 10.0; Win64; x64) AppleWebKit/537.36 (KHTML, like Gecko) Chrome/120.0.0.0 Safari/537.36" "127.0.0.1,45.148.10.247" [0.001,9.047,9.047|9.047]Request_Body: "-"
104.23.168.8 - - [19/Sep/2026:09:44:54 +0800] "www.sverigetshirt.com" "GET /blog/wp-json/batch/v1/ HTTP/1.1" 404 24202 "https://sverigetshirt.com/blog/wp-admin/" "Mozilla/5.0 (Windows NT 10.0; Win64; x64) AppleWebKit/537.36 (KHTML, like Gecko) Chrome/120.0.0.0 Safari/537.36" "127.0.0.1,45.148.10.247" [0.001,10.749,10.767|10.767]Request_Body: "-"
104.23.168.8 - - [19/Sep/2026:09:44:59 +0800] "www.sverigetshirt.com" "GET /blog/blog/wp-json/batch/v1 HTTP/1.1" 404 24202 "https://sverigetshirt.com/blog/wp-admin/" "Mozilla/5.0 (Windows NT 10.0; Win64; x64) AppleWebKit/537.36 (KHTML, like Gecko) Chrome/120.0.0.0 Safari/537.36" "127.0.0.1,45.148.10.247" [0.000,7.562,7.565|7.565]Request_Body: "-"
172.71.99.137 - - [19/Sep/2026:09:45:00 +0800] "www.sverigetshirt.com" "GET /wp/wp-json/batch/v1/ HTTP/1.1" 404 24201 "https://sverigetshirt.com/wp/wp-admin/" "Mozilla/5.0 (Windows NT 10.0; Win64; x64) AppleWebKit/537.36 (KHTML, like Gecko) Chrome/120.0.0.0 Safari/537.36" "127.0.0.1,45.148.10.247" [0.000,7.863,7.867|7.867]Request_Body: "-"
172.70.47.144 - - [19/Sep/2026:09:45:02 +0800] "sverigetshirt.com" "POST /wp/blog/wp-json/batch/v1 HTTP/1.1" 301 166 "https://sverigetshirt.com/wp/wp-admin/" "Mozilla/5.0 (Windows NT 10.0; Win64; x64) AppleWebKit/537.36 (KHTML, like Gecko) Chrome/120.0.0.0 Safari/537.36" "127.0.0.1,45.148.10.247" [-,-,-|0.000]Request_Body: "-"
162.159.113.17 - - [19/Sep/2026:09:45:02 +0800] "sverigetshirt.com" "POST /blog/index.php?rest_route=/batch/v1 HTTP/1.1" 301 166 "https://sverigetshirt.com/blog/wp-admin/" "Mozilla/5.0 (Windows NT 10.0; Win64; x64) AppleWebKit/537.36 (KHTML, like Gecko) Chrome/120.0.0.0 Safari/537.36" "10.0.0.1,45.148.10.247" [-,-,-|0.000]Request_Body: "-"
172.71.95.50 - - [19/Sep/2026:09:45:02 +0800] "www.sverigetshirt.com" "GET /blog/index.php?rest_route=/batch/v1 HTTP/1.1" 403 552 "https://sverigetshirt.com/blog/wp-admin/" "Mozilla/5.0 (Windows NT 10.0; Win64; x64) AppleWebKit/537.36 (KHTML, like Gecko) Chrome/120.0.0.0 Safari/537.36" "10.0.0.1,45.148.10.247" [-,-,-|0.000]Request_Body: "-"
162.159.113.17 - - [19/Sep/2026:09:45:02 +0800] "sverigetshirt.com" "POST /blog/index.php?rest_route=%2Fbatch%2Fv1 HTTP/1.1" 301 166 "https://sverigetshirt.com/blog/wp-admin/" "Mozilla/5.0 (Windows NT 10.0; Win64; x64) AppleWebKit/537.36 (KHTML, like Gecko) Chrome/120.0.0.0 Safari/537.36" "10.0.0.1,45.148.10.247" [-,-,-|0.000]Request_Body: "-"
172.71.95.50 - - [19/Sep/2026:09:45:02 +0800] "www.sverigetshirt.com" "GET /blog/index.php?rest_route=%2Fbatch%2Fv1 HTTP/1.1" 403 552 "https://sverigetshirt.com/blog/wp-admin/" "Mozilla/5.0 (Windows NT 10.0; Win64; x64) AppleWebKit/537.36 (KHTML, like Gecko) Chrome/120.0.0.0 Safari/537.36" "10.0.0.1,45.148.10.247" [-,-,-|0.000]Request_Body: "-"
162.159.113.65 - - [19/Sep/2026:09:45:03 +0800] "sverigetshirt.com" "POST /blog/?rest_route=%2Fbatch%2Fv1 HTTP/1.1" 301 166 "https://sverigetshirt.com/blog/wp-admin/" "Mozilla/5.0 (Windows NT 10.0; Win64; x64) AppleWebKit/537.36 (KHTML, like Gecko) Chrome/120.0.0.0 Safari/537.36" "10.0.0.1,45.148.10.247" [-,-,-|0.000]Request_Body: "-"
172.71.95.50 - - [19/Sep/2026:09:45:05 +0800] "www.sverigetshirt.com" "GET /blog/?rest_route=%2Fbatch%2Fv1 HTTP/1.1" 404 134 "https://sverigetshirt.com/blog/wp-admin/" "Mozilla/5.0 (Windows NT 10.0; Win64; x64) AppleWebKit/537.36 (KHTML, like Gecko) Chrome/120.0.0.0 Safari/537.36" "10.0.0.1,45.148.10.247" [0.010,2.268,2.268|2.268]Request_Body: "-"
172.71.182.21 - - [19/Sep/2026:09:45:05 +0800] "www.sverigetshirt.com" "GET /wp/blog/wp-json/batch/v1 HTTP/1.1" 404 24203 "https://sverigetshirt.com/wp/wp-admin/" "Mozilla/5.0 (Windows NT 10.0; Win64; x64) AppleWebKit/537.36 (KHTML, like Gecko) Chrome/120.0.0.0 Safari/537.36" "127.0.0.1,45.148.10.247" [0.001,3.010,3.013|3.013]Request_Body: "-"
162.159.113.17 - - [19/Sep/2026:09:45:05 +0800] "sverigetshirt.com" "POST /blog/?rest_route=/batch%2Fv1 HTTP/1.1" 301 166 "https://sverigetshirt.com/blog/wp-admin/" "Mozilla/5.0 (Windows NT 10.0; Win64; x64) AppleWebKit/537.36 (KHTML, like Gecko) Chrome/120.0.0.0 Safari/537.36" "10.0.0.1,45.148.10.247" [-,-,-|0.000]Request_Body: "-"
162.159.113.65 - - [19/Sep/2026:09:45:05 +0800] "sverigetshirt.com" "POST /wp/index.php?rest_route=/batch/v1 HTTP/1.1" 301 166 "https://sverigetshirt.com/wp/wp-admin/" "Mozilla/5.0 (Windows NT 10.0; Win64; x64) AppleWebKit/537.36 (KHTML, like Gecko) Chrome/120.0.0.0 Safari/537.36" "10.0.0.1,45.148.10.247" [-,-,-|0.000]Request_Body: "-"
172.71.95.50 - - [19/Sep/2026:09:45:06 +0800] "www.sverigetshirt.com" "GET /wp/index.php?rest_route=/batch/v1 HTTP/1.1" 403 552 "https://sverigetshirt.com/wp/wp-admin/" "Mozilla/5.0 (Windows NT 10.0; Win64; x64) AppleWebKit/537.36 (KHTML, like Gecko) Chrome/120.0.0.0 Safari/537.36" "10.0.0.1,45.148.10.247" [-,-,-|0.000]Request_Body: "-"
162.159.113.17 - - [19/Sep/2026:09:45:06 +0800] "sverigetshirt.com" "POST /wp/index.php?rest_route=%2Fbatch%2Fv1 HTTP/1.1" 301 166 "https://sverigetshirt.com/wp/wp-admin/" "Mozilla/5.0 (Windows NT 10.0; Win64; x64) AppleWebKit/537.36 (KHTML, like Gecko) Chrome/120.0.0.0 Safari/537.36" "10.0.0.1,45.148.10.247" [-,-,-|0.000]Request_Body: "-"
172.71.95.50 - - [19/Sep/2026:09:45:06 +0800] "www.sverigetshirt.com" "GET /wp/index.php?rest_route=%2Fbatch%2Fv1 HTTP/1.1" 403 552 "https://sverigetshirt.com/wp/wp-admin/" "Mozilla/5.0 (Windows NT 10.0; Win64; x64) AppleWebKit/537.36 (KHTML, like Gecko) Chrome/120.0.0.0 Safari/537.36" "10.0.0.1,45.148.10.247" [-,-,-|0.000]Request_Body: "-"
162.159.113.65 - - [19/Sep/2026:09:45:06 +0800] "sverigetshirt.com" "POST /wp/?rest_route=%2Fbatch%2Fv1 HTTP/1.1" 301 166 "https://sverigetshirt.com/wp/wp-admin/" "Mozilla/5.0 (Windows NT 10.0; Win64; x64) AppleWebKit/537.36 (KHTML, like Gecko) Chrome/120.0.0.0 Safari/537.36" "10.0.0.1,45.148.10.247" [-,-,-|0.000]Request_Body: "-"
172.71.183.52 - - [19/Sep/2026:09:45:08 +0800] "www.sverigetshirt.com" "GET /blog/?rest_route=/batch%2Fv1 HTTP/1.1" 404 134 "https://sverigetshirt.com/blog/wp-admin/" "Mozilla/5.0 (Windows NT 10.0; Win64; x64) AppleWebKit/537.36 (KHTML, like Gecko) Chrome/120.0.0.0 Safari/537.36" "10.0.0.1,45.148.10.247" [0.001,2.705,2.705|2.705]Request_Body: "-"
162.159.113.16 - - [19/Sep/2026:09:45:08 +0800] "sverigetshirt.com" "POST /blog/?rest_route=/batch/v1 HTTP/1.1" 301 166 "https://sverigetshirt.com/blog/wp-admin/" "Mozilla/5.0 (Windows NT 10.0; Win64; x64) AppleWebKit/537.36 (KHTML, like Gecko) Chrome/120.0.0.0 Safari/537.36" "10.0.0.1,45.148.10.247" [-,-,-|0.000]Request_Body: "-"
172.71.95.50 - - [19/Sep/2026:09:45:08 +0800] "www.sverigetshirt.com" "GET /wp/?rest_route=%2Fbatch%2Fv1 HTTP/1.1" 404 134 "https://sverigetshirt.com/wp/wp-admin/" "Mozilla/5.0 (Windows NT 10.0; Win64; x64) AppleWebKit/537.36 (KHTML, like Gecko) Chrome/120.0.0.0 Safari/537.36" "10.0.0.1,45.148.10.247" [0.001,2.279,2.279|2.279]Request_Body: "-"
162.159.113.65 - - [19/Sep/2026:09:45:09 +0800] "sverigetshirt.com" "POST /wp/?rest_route=/batch%2Fv1 HTTP/1.1" 301 166 "https://sverigetshirt.com/wp/wp-admin/" "Mozilla/5.0 (Windows NT 10.0; Win64; x64) AppleWebKit/537.36 (KHTML, like Gecko) Chrome/120.0.0.0 Safari/537.36" "10.0.0.1,45.148.10.247" [-,-,-|0.000]Request_Body: "-"
172.71.183.52 - - [19/Sep/2026:09:45:11 +0800] "www.sverigetshirt.com" "GET /blog/?rest_route=/batch/v1 HTTP/1.1" 404 134 "https://sverigetshirt.com/blog/wp-admin/" "Mozilla/5.0 (Windows NT 10.0; Win64; x64) AppleWebKit/537.36 (KHTML, like Gecko) Chrome/120.0.0.0 Safari/537.36" "10.0.0.1,45.148.10.247" [0.007,1.971,1.971|1.971]Request_Body: "-"
172.71.95.50 - - [19/Sep/2026:09:45:11 +0800] "www.sverigetshirt.com" "GET /wp/?rest_route=/batch%2Fv1 HTTP/1.1" 404 134 "https://sverigetshirt.com/wp/wp-admin/" "Mozilla/5.0 (Windows NT 10.0; Win64; x64) AppleWebKit/537.36 (KHTML, like Gecko) Chrome/120.0.0.0 Safari/537.36" "10.0.0.1,45.148.10.247" [0.007,2.025,2.025|2.025]Request_Body: "-"
172.70.47.144 - - [19/Sep/2026:09:45:16 +0800] "sverigetshirt.com" "POST /wp/?rest_route=/batch/v1 HTTP/1.1" 301 166 "https://sverigetshirt.com/wp/wp-admin/" "Mozilla/5.0 (Windows NT 10.0; Win64; x64) AppleWebKit/537.36 (KHTML, like Gecko) Chrome/120.0.0.0 Safari/537.36" "10.0.0.1,45.148.10.247" [-,-,-|0.000]Request_Body: "-"
162.159.113.17 - - [19/Sep/2026:09:45:16 +0800] "sverigetshirt.com" "POST /blog/wp-json/batch/v1 HTTP/1.1" 301 166 "https://sverigetshirt.com/blog/wp-admin/" "Mozilla/5.0 (Windows NT 10.0; Win64; x64) AppleWebKit/537.36 (KHTML, like Gecko) Chrome/120.0.0.0 Safari/537.36" "10.0.0.1,45.148.10.247" [-,-,-|0.000]Request_Body: "-"
172.71.182.21 - - [19/Sep/2026:09:45:17 +0800] "www.sverigetshirt.com" "GET /blog/wp-json/batch/v1 HTTP/1.1" 404 24200 "https://sverigetshirt.com/blog/wp-admin/" "Mozilla/5.0 (Windows NT 10.0; Win64; x64) AppleWebKit/537.36 (KHTML, like Gecko) Chrome/120.0.0.0 Safari/537.36" "10.0.0.1,45.148.10.247" [0.001,1.484,1.486|1.487]Request_Body: "-"
172.71.95.50 - - [19/Sep/2026:09:45:17 +0800] "www.sverigetshirt.com" "GET /wp/?rest_route=/batch/v1 HTTP/1.1" 404 134 "https://sverigetshirt.com/wp/wp-admin/" "Mozilla/5.0 (Windows NT 10.0; Win64; x64) AppleWebKit/537.36 (KHTML, like Gecko) Chrome/120.0.0.0 Safari/537.36" "10.0.0.1,45.148.10.247" [0.001,1.551,1.551|1.551]Request_Body: "-"
162.159.113.16 - - [19/Sep/2026:09:45:18 +0800] "sverigetshirt.com" "POST /wp/wp-json/batch/v1 HTTP/1.1" 301 166 "https://sverigetshirt.com/wp/wp-admin/" "Mozilla/5.0 (Windows NT 10.0; Win64; x64) AppleWebKit/537.36 (KHTML, like Gecko) Chrome/120.0.0.0 Safari/537.36" "10.0.0.1,45.148.10.247" [-,-,-|0.000]Request_Body: "-"
172.70.47.144 - - [19/Sep/2026:09:45:18 +0800] "sverigetshirt.com" "POST /blog/wp-json/Batch/v1 HTTP/1.1" 301 166 "https://sverigetshirt.com/blog/wp-admin/" "Mozilla/5.0 (Windows NT 10.0; Win64; x64) AppleWebKit/537.36 (KHTML, like Gecko) Chrome/120.0.0.0 Safari/537.36" "10.0.0.1,45.148.10.247" [-,-,-|0.000]Request_Body: "-"
172.71.182.21 - - [19/Sep/2026:09:45:19 +0800] "www.sverigetshirt.com" "GET /wp/wp-json/batch/v1 HTTP/1.1" 404 24199 "https://sverigetshirt.com/wp/wp-admin/" "Mozilla/5.0 (Windows NT 10.0; Win64; x64) AppleWebKit/537.36 (KHTML, like Gecko) Chrome/120.0.0.0 Safari/537.36" "10.0.0.1,45.148.10.247" [0.001,1.251,1.254|1.254]Request_Body: "-"
172.71.95.50 - - [19/Sep/2026:09:45:19 +0800] "www.sverigetshirt.com" "GET /blog/wp-json/Batch/v1 HTTP/1.1" 404 24199 "https://sverigetshirt.com/blog/wp-admin/" "Mozilla/5.0 (Windows NT 10.0; Win64; x64) AppleWebKit/537.36 (KHTML, like Gecko) Chrome/120.0.0.0 Safari/537.36" "10.0.0.1,45.148.10.247" [0.001,1.258,1.260|1.261]Request_Body: "-"
172.70.47.144 - - [19/Sep/2026:09:45:19 +0800] "sverigetshirt.com" "POST /wp/wp-json/Batch/v1 HTTP/1.1" 301 166 "https://sverigetshirt.com/wp/wp-admin/" "Mozilla/5.0 (Windows NT 10.0; Win64; x64) AppleWebKit/537.36 (KHTML, like Gecko) Chrome/120.0.0.0 Safari/537.36" "10.0.0.1,45.148.10.247" [-,-,-|0.000]Request_Body: "-"
162.159.113.16 - - [19/Sep/2026:09:45:19 +0800] "sverigetshirt.com" "POST /blog//wp-json/batch/v1 HTTP/1.1" 301 166 "https://sverigetshirt.com/blog/wp-admin/" "Mozilla/5.0 (Windows NT 10.0; Win64; x64) AppleWebKit/537.36 (KHTML, like Gecko) Chrome/120.0.0.0 Safari/537.36" "10.0.0.1,45.148.10.247" [-,-,-|0.000]Request_Body: "-"
172.71.182.21 - - [19/Sep/2026:09:45:21 +0800] "www.sverigetshirt.com" "GET /blog//wp-json/batch/v1 HTTP/1.1" 301 5 "https://sverigetshirt.com/blog/wp-admin/" "Mozilla/5.0 (Windows NT 10.0; Win64; x64) AppleWebKit/537.36 (KHTML, like Gecko) Chrome/120.0.0.0 Safari/537.36" "10.0.0.1,45.148.10.247" [0.001,1.268,1.268|1.268]Request_Body: "-"
172.71.95.50 - - [19/Sep/2026:09:45:21 +0800] "www.sverigetshirt.com" "GET /wp/wp-json/Batch/v1 HTTP/1.1" 404 24198 "https://sverigetshirt.com/wp/wp-admin/" "Mozilla/5.0 (Windows NT 10.0; Win64; x64) AppleWebKit/537.36 (KHTML, like Gecko) Chrome/120.0.0.0 Safari/537.36" "10.0.0.1,45.148.10.247" [0.002,1.378,1.383|1.382]Request_Body: "-"
162.159.113.17 - - [19/Sep/2026:09:45:21 +0800] "sverigetshirt.com" "POST /wp//wp-json/batch/v1 HTTP/1.1" 301 166 "https://sverigetshirt.com/wp/wp-admin/" "Mozilla/5.0 (Windows NT 10.0; Win64; x64) AppleWebKit/537.36 (KHTML, like Gecko) Chrome/120.0.0.0 Safari/537.36" "10.0.0.1,45.148.10.247" [-,-,-|0.001]Request_Body: "-"
172.71.182.21 - - [19/Sep/2026:09:45:22 +0800] "www.sverigetshirt.com" "GET /blog/wp-json/batch/v1 HTTP/1.1" 404 24200 "https://sverigetshirt.com/blog/wp-admin/" "Mozilla/5.0 (Windows NT 10.0; Win64; x64) AppleWebKit/537.36 (KHTML, like Gecko) Chrome/120.0.0.0 Safari/537.36" "10.0.0.1,45.148.10.247" [0.000,1.374,1.377|1.377]Request_Body: "-"
172.71.95.50 - - [19/Sep/2026:09:45:22 +0800] "www.sverigetshirt.com" "GET /wp//wp-json/batch/v1 HTTP/1.1" 301 5 "https://sverigetshirt.com/wp/wp-admin/" "Mozilla/5.0 (Windows NT 10.0; Win64; x64) AppleWebKit/537.36 (KHTML, like Gecko) Chrome/120.0.0.0 Safari/537.36" "10.0.0.1,45.148.10.247" [0.002,1.162,1.162|1.162]Request_Body: "-"
162.159.113.17 - - [19/Sep/2026:09:45:23 +0800] "sverigetshirt.com" "POST /blog/wp-json/batch/v1/ HTTP/1.1" 301 166 "https://sverigetshirt.com/blog/wp-admin/" "Mozilla/5.0 (Windows NT 10.0; Win64; x64) AppleWebKit/537.36 (KHTML, like Gecko) Chrome/120.0.0.0 Safari/537.36" "10.0.0.1,45.148.10.247" [-,-,-|0.000]Request_Body: "-"
172.71.182.21 - - [19/Sep/2026:09:45:25 +0800] "www.sverigetshirt.com" "GET /blog/wp-json/batch/v1/ HTTP/1.1" 404 24202 "https://sverigetshirt.com/blog/wp-admin/" "Mozilla/5.0 (Windows NT 10.0; Win64; x64) AppleWebKit/537.36 (KHTML, like Gecko) Chrome/120.0.0.0 Safari/537.36" "10.0.0.1,45.148.10.247" [0.000,1.865,1.871|1.871]Request_Body: "-"
172.71.95.50 - - [19/Sep/2026:09:45:25 +0800] "www.sverigetshirt.com" "GET /wp/wp-json/batch/v1 HTTP/1.1" 404 24199 "https://sverigetshirt.com/wp/wp-admin/" "Mozilla/5.0 (Windows NT 10.0; Win64; x64) AppleWebKit/537.36 (KHTML, like Gecko) Chrome/120.0.0.0 Safari/537.36" "10.0.0.1,45.148.10.247" [0.003,2.024,2.030|2.030]Request_Body: "-"
162.159.113.17 - - [19/Sep/2026:09:45:28 +0800] "sverigetshirt.com" "POST /blog/blog/wp-json/batch/v1 HTTP/1.1" 301 166 "https://sverigetshirt.com/blog/wp-admin/" "Mozilla/5.0 (Windows NT 10.0; Win64; x64) AppleWebKit/537.36 (KHTML, like Gecko) Chrome/120.0.0.0 Safari/537.36" "10.0.0.1,45.148.10.247" [-,-,-|0.000]Request_Body: "-"
172.70.47.144 - - [19/Sep/2026:09:45:28 +0800] "sverigetshirt.com" "POST /wp/wp-json/batch/v1/ HTTP/1.1" 301 166 "https://sverigetshirt.com/wp/wp-admin/" "Mozilla/5.0 (Windows NT 10.0; Win64; x64) AppleWebKit/537.36 (KHTML, like Gecko) Chrome/120.0.0.0 Safari/537.36" "10.0.0.1,45.148.10.247" [-,-,-|0.000]Request_Body: "-"
172.71.95.50 - - [19/Sep/2026:09:45:30 +0800] "www.sverigetshirt.com" "GET /blog/blog/wp-json/batch/v1 HTTP/1.1" 404 24202 "https://sverigetshirt.com/blog/wp-admin/" "Mozilla/5.0 (Windows NT 10.0; Win64; x64) AppleWebKit/537.36 (KHTML, like Gecko) Chrome/120.0.0.0 Safari/537.36" "10.0.0.1,45.148.10.247" [0.001,1.468,1.470|1.470]Request_Body: "-"
172.71.182.21 - - [19/Sep/2026:09:45:30 +0800] "www.sverigetshirt.com" "GET /wp/wp-json/batch/v1/ HTTP/1.1" 404 24201 "https://sverigetshirt.com/wp/wp-admin/" "Mozilla/5.0 (Windows NT 10.0; Win64; x64) AppleWebKit/537.36 (KHTML, like Gecko) Chrome/120.0.0.0 Safari/537.36" "10.0.0.1,45.148.10.247" [0.001,1.791,1.794|1.794]Request_Body: "-"
172.70.47.144 - - [19/Sep/2026:09:45:30 +0800] "sverigetshirt.com" "POST /blog/index.php?rest_route=/batch/v1 HTTP/1.1" 301 166 "https://sverigetshirt.com/blog/wp-admin/" "Mozilla/5.0 (Windows NT 10.0; Win64; x64) AppleWebKit/537.36 (KHTML, like Gecko) Chrome/120.0.0.0 Safari/537.36" "127.0.0.1,45.148.10.247" [-,-,-|0.000]Request_Body: "-"
172.71.95.50 - - [19/Sep/2026:09:45:30 +0800] "www.sverigetshirt.com" "GET /blog/index.php?rest_route=/batch/v1 HTTP/1.1" 403 552 "https://sverigetshirt.com/blog/wp-admin/" "Mozilla/5.0 (Windows NT 10.0; Win64; x64) AppleWebKit/537.36 (KHTML, like Gecko) Chrome/120.0.0.0 Safari/537.36" "127.0.0.1,45.148.10.247" [-,-,-|0.000]Request_Body: "-"
172.70.47.144 - - [19/Sep/2026:09:45:30 +0800] "sverigetshirt.com" "POST /wp/blog/wp-json/batch/v1 HTTP/1.1" 301 166 "https://sverigetshirt.com/wp/wp-admin/" "Mozilla/5.0 (Windows NT 10.0; Win64; x64) AppleWebKit/537.36 (KHTML, like Gecko) Chrome/120.0.0.0 Safari/537.36" "10.0.0.1,45.148.10.247" [-,-,-|0.000]Request_Body: "-"
162.159.113.17 - - [19/Sep/2026:09:45:31 +0800] "sverigetshirt.com" "POST /blog/index.php?rest_route=%2Fbatch%2Fv1 HTTP/1.1" 301 166 "https://sverigetshirt.com/blog/wp-admin/" "Mozilla/5.0 (Windows NT 10.0; Win64; x64) AppleWebKit/537.36 (KHTML, like Gecko) Chrome/120.0.0.0 Safari/537.36" "127.0.0.1,45.148.10.247" [-,-,-|0.000]Request_Body: "-"
172.71.182.21 - - [19/Sep/2026:09:45:31 +0800] "www.sverigetshirt.com" "GET /blog/index.php?rest_route=%2Fbatch%2Fv1 HTTP/1.1" 403 552 "https://sverigetshirt.com/blog/wp-admin/" "Mozilla/5.0 (Windows NT 10.0; Win64; x64) AppleWebKit/537.36 (KHTML, like Gecko) Chrome/120.0.0.0 Safari/537.36" "127.0.0.1,45.148.10.247" [-,-,-|0.000]Request_Body: "-"
162.159.113.16 - - [19/Sep/2026:09:45:31 +0800] "sverigetshirt.com" "POST /blog/?rest_route=%2Fbatch%2Fv1 HTTP/1.1" 301 166 "https://sverigetshirt.com/blog/wp-admin/" "Mozilla/5.0 (Windows NT 10.0; Win64; x64) AppleWebKit/537.36 (KHTML, like Gecko) Chrome/120.0.0.0 Safari/537.36" "127.0.0.1,45.148.10.247" [-,-,-|0.000]Request_Body: "-"
172.71.95.50 - - [19/Sep/2026:09:45:32 +0800] "www.sverigetshirt.com" "GET /wp/blog/wp-json/batch/v1 HTTP/1.1" 404 24203 "https://sverigetshirt.com/wp/wp-admin/" "Mozilla/5.0 (Windows NT 10.0; Win64; x64) AppleWebKit/537.36 (KHTML, like Gecko) Chrome/120.0.0.0 Safari/537.36" "10.0.0.1,45.148.10.247" [0.006,1.415,1.417|1.417]Request_Body: "-"
162.159.113.17 - - [19/Sep/2026:09:45:33 +0800] "sverigetshirt.com" "POST /wp/index.php?rest_route=/batch/v1 HTTP/1.1" 301 166 "https://sverigetshirt.com/wp/wp-admin/" "Mozilla/5.0 (Windows NT 10.0; Win64; x64) AppleWebKit/537.36 (KHTML, like Gecko) Chrome/120.0.0.0 Safari/537.36" "127.0.0.1,45.148.10.247" [-,-,-|0.000]Request_Body: "-"
172.71.182.21 - - [19/Sep/2026:09:45:33 +0800] "www.sverigetshirt.com" "GET /blog/?rest_route=%2Fbatch%2Fv1 HTTP/1.1" 404 134 "https://sverigetshirt.com/blog/wp-admin/" "Mozilla/5.0 (Windows NT 10.0; Win64; x64) AppleWebKit/537.36 (KHTML, like Gecko) Chrome/120.0.0.0 Safari/537.36" "127.0.0.1,45.148.10.247" [0.001,1.502,1.502|1.502]Request_Body: "-"
162.159.113.16 - - [19/Sep/2026:09:45:33 +0800] "sverigetshirt.com" "POST /blog/?rest_route=/batch%2Fv1 HTTP/1.1" 301 166 "https://sverigetshirt.com/blog/wp-admin/" "Mozilla/5.0 (Windows NT 10.0; Win64; x64) AppleWebKit/537.36 (KHTML, like Gecko) Chrome/120.0.0.0 Safari/537.36" "127.0.0.1,45.148.10.247" [-,-,-|0.000]Request_Body: "-"
172.71.182.21 - - [19/Sep/2026:09:45:33 +0800] "www.sverigetshirt.com" "GET /wp/index.php?rest_route=/batch/v1 HTTP/1.1" 403 552 "https://sverigetshirt.com/wp/wp-admin/" "Mozilla/5.0 (Windows NT 10.0; Win64; x64) AppleWebKit/537.36 (KHTML, like Gecko) Chrome/120.0.0.0 Safari/537.36" "127.0.0.1,45.148.10.247" [-,-,-|0.000]Request_Body: "-"
162.159.113.16 - - [19/Sep/2026:09:45:33 +0800] "sverigetshirt.com" "POST /wp/index.php?rest_route=%2Fbatch%2Fv1 HTTP/1.1" 301 166 "https://sverigetshirt.com/wp/wp-admin/" "Mozilla/5.0 (Windows NT 10.0; Win64; x64) AppleWebKit/537.36 (KHTML, like Gecko) Chrome/120.0.0.0 Safari/537.36" "127.0.0.1,45.148.10.247" [-,-,-|0.000]Request_Body: "-"
172.71.182.21 - - [19/Sep/2026:09:45:33 +0800] "www.sverigetshirt.com" "GET /wp/index.php?rest_route=%2Fbatch%2Fv1 HTTP/1.1" 403 552 "https://sverigetshirt.com/wp/wp-admin/" "Mozilla/5.0 (Windows NT 10.0; Win64; x64) AppleWebKit/537.36 (KHTML, like Gecko) Chrome/120.0.0.0 Safari/537.36" "127.0.0.1,45.148.10.247" [-,-,-|0.000]Request_Body: "-"
162.159.113.17 - - [19/Sep/2026:09:45:33 +0800] "sverigetshirt.com" "POST /wp/?rest_route=%2Fbatch%2Fv1 HTTP/1.1" 301 166 "https://sverigetshirt.com/wp/wp-admin/" "Mozilla/5.0 (Windows NT 10.0; Win64; x64) AppleWebKit/537.36 (KHTML, like Gecko) Chrome/120.0.0.0 Safari/537.36" "127.0.0.1,45.148.10.247" [-,-,-|0.000]Request_Body: "-"
172.71.95.50 - - [19/Sep/2026:09:45:35 +0800] "www.sverigetshirt.com" "GET /blog/?rest_route=/batch%2Fv1 HTTP/1.1" 404 134 "https://sverigetshirt.com/blog/wp-admin/" "Mozilla/5.0 (Windows NT 10.0; Win64; x64) AppleWebKit/537.36 (KHTML, like Gecko) Chrome/120.0.0.0 Safari/537.36" "127.0.0.1,45.148.10.247" [0.001,1.729,1.729|1.729]Request_Body: "-"
162.159.113.17 - - [19/Sep/2026:09:45:35 +0800] "sverigetshirt.com" "POST /blog/?rest_route=/batch/v1 HTTP/1.1" 301 166 "https://sverigetshirt.com/blog/wp-admin/" "Mozilla/5.0 (Windows NT 10.0; Win64; x64) AppleWebKit/537.36 (KHTML, like Gecko) Chrome/120.0.0.0 Safari/537.36" "127.0.0.1,45.148.10.247" [-,-,-|0.000]Request_Body: "-"
172.71.182.21 - - [19/Sep/2026:09:45:35 +0800] "www.sverigetshirt.com" "GET /wp/?rest_route=%2Fbatch%2Fv1 HTTP/1.1" 404 134 "https://sverigetshirt.com/wp/wp-admin/" "Mozilla/5.0 (Windows NT 10.0; Win64; x64) AppleWebKit/537.36 (KHTML, like Gecko) Chrome/120.0.0.0 Safari/537.36" "127.0.0.1,45.148.10.247" [0.001,1.434,1.434|1.433]Request_Body: "-"
162.159.113.17 - - [19/Sep/2026:09:45:35 +0800] "sverigetshirt.com" "POST /wp/?rest_route=/batch%2Fv1 HTTP/1.1" 301 166 "https://sverigetshirt.com/wp/wp-admin/" "Mozilla/5.0 (Windows NT 10.0; Win64; x64) AppleWebKit/537.36 (KHTML, like Gecko) Chrome/120.0.0.0 Safari/537.36" "127.0.0.1,45.148.10.247" [-,-,-|0.000]Request_Body: "-"
172.71.182.21 - - [19/Sep/2026:09:45:37 +0800] "www.sverigetshirt.com" "GET /wp/?rest_route=/batch%2Fv1 HTTP/1.1" 404 134 "https://sverigetshirt.com/wp/wp-admin/" "Mozilla/5.0 (Windows NT 10.0; Win64; x64) AppleWebKit/537.36 (KHTML, like Gecko) Chrome/120.0.0.0 Safari/537.36" "127.0.0.1,45.148.10.247" [0.001,1.585,1.585|1.585]Request_Body: "-"
172.71.95.50 - - [19/Sep/2026:09:45:37 +0800] "www.sverigetshirt.com" "GET /blog/?rest_route=/batch/v1 HTTP/1.1" 404 134 "https://sverigetshirt.com/blog/wp-admin/" "Mozilla/5.0 (Windows NT 10.0; Win64; x64) AppleWebKit/537.36 (KHTML, like Gecko) Chrome/120.0.0.0 Safari/537.36" "127.0.0.1,45.148.10.247" [0.002,1.745,1.745|1.744]Request_Body: "-"
162.159.113.17 - - [19/Sep/2026:09:45:37 +0800] "sverigetshirt.com" "POST /wp/?rest_route=/batch/v1 HTTP/1.1" 301 166 "https://sverigetshirt.com/wp/wp-admin/" "Mozilla/5.0 (Windows NT 10.0; Win64; x64) AppleWebKit/537.36 (KHTML, like Gecko) Chrome/120.0.0.0 Safari/537.36" "127.0.0.1,45.148.10.247" [-,-,-|0.000]Request_Body: "-"
172.70.47.144 - - [19/Sep/2026:09:45:37 +0800] "sverigetshirt.com" "POST /blog/wp-json/batch/v1 HTTP/1.1" 301 166 "https://sverigetshirt.com/blog/wp-admin/" "Mozilla/5.0 (Windows NT 10.0; Win64; x64) AppleWebKit/537.36 (KHTML, like Gecko) Chrome/120.0.0.0 Safari/537.36" "127.0.0.1,45.148.10.247" [-,-,-|0.000]Request_Body: "-"
172.71.182.21 - - [19/Sep/2026:09:45:44 +0800] "www.sverigetshirt.com" "GET /wp/?rest_route=/batch/v1 HTTP/1.1" 404 134 "https://sverigetshirt.com/wp/wp-admin/" "Mozilla/5.0 (Windows NT 10.0; Win64; x64) AppleWebKit/537.36 (KHTML, like Gecko) Chrome/120.0.0.0 Safari/537.36" "127.0.0.1,45.148.10.247" [0.000,1.275,1.275|1.275]Request_Body: "-"
172.71.95.50 - - [19/Sep/2026:09:45:44 +0800] "www.sverigetshirt.com" "GET /blog/wp-json/batch/v1 HTTP/1.1" 404 24200 "https://sverigetshirt.com/blog/wp-admin/" "Mozilla/5.0 (Windows NT 10.0; Win64; x64) AppleWebKit/537.36 (KHTML, like Gecko) Chrome/120.0.0.0 Safari/537.36" "127.0.0.1,45.148.10.247" [0.001,1.373,1.377|1.377]Request_Body: "-"
162.159.113.16 - - [19/Sep/2026:09:45:44 +0800] "sverigetshirt.com" "POST /wp/wp-json/batch/v1 HTTP/1.1" 301 166 "https://sverigetshirt.com/wp/wp-admin/" "Mozilla/5.0 (Windows NT 10.0; Win64; x64) AppleWebKit/537.36 (KHTML, like Gecko) Chrome/120.0.0.0 Safari/537.36" "127.0.0.1,45.148.10.247" [-,-,-|0.000]Request_Body: "-"
162.159.113.17 - - [19/Sep/2026:09:45:44 +0800] "sverigetshirt.com" "POST /blog/wp-json/Batch/v1 HTTP/1.1" 301 166 "https://sverigetshirt.com/blog/wp-admin/" "Mozilla/5.0 (Windows NT 10.0; Win64; x64) AppleWebKit/537.36 (KHTML, like Gecko) Chrome/120.0.0.0 Safari/537.36" "127.0.0.1,45.148.10.247" [-,-,-|0.000]Request_Body: "-"
172.71.182.21 - - [19/Sep/2026:09:45:45 +0800] "www.sverigetshirt.com" "GET /wp/wp-json/batch/v1 HTTP/1.1" 404 24199 "https://sverigetshirt.com/wp/wp-admin/" "Mozilla/5.0 (Windows NT 10.0; Win64; x64) AppleWebKit/537.36 (KHTML, like Gecko) Chrome/120.0.0.0 Safari/537.36" "127.0.0.1,45.148.10.247" [0.002,1.408,1.410|1.409]Request_Body: "-"
172.71.95.50 - - [19/Sep/2026:09:45:45 +0800] "www.sverigetshirt.com" "GET /blog/wp-json/Batch/v1 HTTP/1.1" 404 24199 "https://sverigetshirt.com/blog/wp-admin/" "Mozilla/5.0 (Windows NT 10.0; Win64; x64) AppleWebKit/537.36 (KHTML, like Gecko) Chrome/120.0.0.0 Safari/537.36" "127.0.0.1,45.148.10.247" [0.001,1.344,1.347|1.347]Request_Body: "-"
162.159.113.16 - - [19/Sep/2026:09:45:46 +0800] "sverigetshirt.com" "POST /wp/wp-json/Batch/v1 HTTP/1.1" 301 166 "https://sverigetshirt.com/wp/wp-admin/" "Mozilla/5.0 (Windows NT 10.0; Win64; x64) AppleWebKit/537.36 (KHTML, like Gecko) Chrome/120.0.0.0 Safari/537.36" "127.0.0.1,45.148.10.247" [-,-,-|0.000]Request_Body: "-"
162.159.113.16 - - [19/Sep/2026:09:45:46 +0800] "sverigetshirt.com" "POST /blog//wp-json/batch/v1 HTTP/1.1" 301 166 "https://sverigetshirt.com/blog/wp-admin/" "Mozilla/5.0 (Windows NT 10.0; Win64; x64) AppleWebKit/537.36 (KHTML, like Gecko) Chrome/120.0.0.0 Safari/537.36" "127.0.0.1,45.148.10.247" [-,-,-|0.000]Request_Body: "-"
172.71.95.50 - - [19/Sep/2026:09:45:47 +0800] "www.sverigetshirt.com" "GET /blog//wp-json/batch/v1 HTTP/1.1" 301 5 "https://sverigetshirt.com/blog/wp-admin/" "Mozilla/5.0 (Windows NT 10.0; Win64; x64) AppleWebKit/537.36 (KHTML, like Gecko) Chrome/120.0.0.0 Safari/537.36" "127.0.0.1,45.148.10.247" [0.000,1.066,1.066|1.066]Request_Body: "-"
172.71.182.21 - - [19/Sep/2026:09:45:47 +0800] "www.sverigetshirt.com" "GET /wp/wp-json/Batch/v1 HTTP/1.1" 404 24198 "https://sverigetshirt.com/wp/wp-admin/" "Mozilla/5.0 (Windows NT 10.0; Win64; x64) AppleWebKit/537.36 (KHTML, like Gecko) Chrome/120.0.0.0 Safari/537.36" "127.0.0.1,45.148.10.247" [0.001,1.279,1.280|1.280]Request_Body: "-"
162.159.113.17 - - [19/Sep/2026:09:45:47 +0800] "sverigetshirt.com" "POST /wp//wp-json/batch/v1 HTTP/1.1" 301 166 "https://sverigetshirt.com/wp/wp-admin/" "Mozilla/5.0 (Windows NT 10.0; Win64; x64) AppleWebKit/537.36 (KHTML, like Gecko) Chrome/120.0.0.0 Safari/537.36" "127.0.0.1,45.148.10.247" [-,-,-|0.000]Request_Body: "-"
172.71.95.50 - - [19/Sep/2026:09:45:48 +0800] "www.sverigetshirt.com" "GET /blog/wp-json/batch/v1 HTTP/1.1" 404 24200 "https://sverigetshirt.com/blog/wp-admin/" "Mozilla/5.0 (Windows NT 10.0; Win64; x64) AppleWebKit/537.36 (KHTML, like Gecko) Chrome/120.0.0.0 Safari/537.36" "127.0.0.1,45.148.10.247" [0.001,1.346,1.348|1.348]Request_Body: "-"
172.71.182.21 - - [19/Sep/2026:09:45:49 +0800] "www.sverigetshirt.com" "GET /wp//wp-json/batch/v1 HTTP/1.1" 301 5 "https://sverigetshirt.com/wp/wp-admin/" "Mozilla/5.0 (Windows NT 10.0; Win64; x64) AppleWebKit/537.36 (KHTML, like Gecko) Chrome/120.0.0.0 Safari/537.36" "127.0.0.1,45.148.10.247" [0.002,1.414,1.414|1.413]Request_Body: "-"
162.159.113.17 - - [19/Sep/2026:09:45:49 +0800] "sverigetshirt.com" "POST /blog/wp-json/batch/v1/ HTTP/1.1" 301 166 "https://sverigetshirt.com/blog/wp-admin/" "Mozilla/5.0 (Windows NT 10.0; Win64; x64) AppleWebKit/537.36 (KHTML, like Gecko) Chrome/120.0.0.0 Safari/537.36" "127.0.0.1,45.148.10.247" [-,-,-|0.000]Request_Body: "-"
172.71.182.21 - - [19/Sep/2026:09:45:50 +0800] "www.sverigetshirt.com" "GET /wp/wp-json/batch/v1 HTTP/1.1" 404 24199 "https://sverigetshirt.com/wp/wp-admin/" "Mozilla/5.0 (Windows NT 10.0; Win64; x64) AppleWebKit/537.36 (KHTML, like Gecko) Chrome/120.0.0.0 Safari/537.36" "127.0.0.1,45.148.10.247" [0.001,1.376,1.379|1.379]Request_Body: "-"
172.71.95.50 - - [19/Sep/2026:09:45:50 +0800] "www.sverigetshirt.com" "GET /blog/wp-json/batch/v1/ HTTP/1.1" 404 24202 "https://sverigetshirt.com/blog/wp-admin/" "Mozilla/5.0 (Windows NT 10.0; Win64; x64) AppleWebKit/537.36 (KHTML, like Gecko) Chrome/120.0.0.0 Safari/537.36" "127.0.0.1,45.148.10.247" [0.000,1.390,1.393|1.393]Request_Body: "-"
162.159.113.17 - - [19/Sep/2026:09:45:51 +0800] "sverigetshirt.com" "POST /wp/wp-json/batch/v1/ HTTP/1.1" 301 166 "https://sverigetshirt.com/wp/wp-admin/" "Mozilla/5.0 (Windows NT 10.0; Win64; x64) AppleWebKit/537.36 (KHTML, like Gecko) Chrome/120.0.0.0 Safari/537.36" "127.0.0.1,45.148.10.247" [-,-,-|0.000]Request_Body: "-"
172.70.47.144 - - [19/Sep/2026:09:45:51 +0800] "sverigetshirt.com" "POST /blog/blog/wp-json/batch/v1 HTTP/1.1" 301 166 "https://sverigetshirt.com/blog/wp-admin/" "Mozilla/5.0 (Windows NT 10.0; Win64; x64) AppleWebKit/537.36 (KHTML, like Gecko) Chrome/120.0.0.0 Safari/537.36" "127.0.0.1,45.148.10.247" [-,-,-|0.000]Request_Body: "-"
172.71.95.50 - - [19/Sep/2026:09:45:52 +0800] "www.sverigetshirt.com" "GET /wp/wp-json/batch/v1/ HTTP/1.1" 404 24201 "https://sverigetshirt.com/wp/wp-admin/" "Mozilla/5.0 (Windows NT 10.0; Win64; x64) AppleWebKit/537.36 (KHTML, like Gecko) Chrome/120.0.0.0 Safari/537.36" "127.0.0.1,45.148.10.247" [0.001,1.265,1.267|1.267]Request_Body: "-"
172.71.182.21 - - [19/Sep/2026:09:45:52 +0800] "www.sverigetshirt.com" "GET /blog/blog/wp-json/batch/v1 HTTP/1.1" 404 24202 "https://sverigetshirt.com/blog/wp-admin/" "Mozilla/5.0 (Windows NT 10.0; Win64; x64) AppleWebKit/537.36 (KHTML, like Gecko) Chrome/120.0.0.0 Safari/537.36" "127.0.0.1,45.148.10.247" [0.001,1.458,1.460|1.460]Request_Body: "-"
172.70.47.144 - - [19/Sep/2026:09:45:55 +0800] "sverigetshirt.com" "POST /wp/blog/wp-json/batch/v1 HTTP/1.1" 301 166 "https://sverigetshirt.com/wp/wp-admin/" "Mozilla/5.0 (Windows NT 10.0; Win64; x64) AppleWebKit/537.36 (KHTML, like Gecko) Chrome/120.0.0.0 Safari/537.36" "127.0.0.1,45.148.10.247" [-,-,-|0.000]Request_Body: "-"
162.159.113.17 - - [19/Sep/2026:09:45:55 +0800] "sverigetshirt.com" "POST /blog/index.php?rest_route=/batch/v1 HTTP/1.1" 301 166 "https://sverigetshirt.com/blog/wp-admin/" "WordPress/6.4.3" "127.0.0.1,45.148.10.247" [-,-,-|0.000]Request_Body: "-"
172.71.182.21 - - [19/Sep/2026:09:45:55 +0800] "www.sverigetshirt.com" "GET /blog/index.php?rest_route=/batch/v1 HTTP/1.1" 403 150 "https://sverigetshirt.com/blog/wp-admin/" "WordPress/6.4.3" "127.0.0.1,45.148.10.247" [-,-,-|0.000]Request_Body: "-"
172.70.47.144 - - [19/Sep/2026:09:45:55 +0800] "sverigetshirt.com" "POST /blog/index.php?rest_route=%2Fbatch%2Fv1 HTTP/1.1" 301 166 "https://sverigetshirt.com/blog/wp-admin/" "WordPress/6.4.3" "127.0.0.1,45.148.10.247" [-,-,-|0.000]Request_Body: "-"
172.71.182.21 - - [19/Sep/2026:09:45:55 +0800] "www.sverigetshirt.com" "GET /blog/index.php?rest_route=%2Fbatch%2Fv1 HTTP/1.1" 403 150 "https://sverigetshirt.com/blog/wp-admin/" "WordPress/6.4.3" "127.0.0.1,45.148.10.247" [-,-,-|0.000]Request_Body: "-"
172.70.47.144 - - [19/Sep/2026:09:45:55 +0800] "sverigetshirt.com" "POST /blog/?rest_route=%2Fbatch%2Fv1 HTTP/1.1" 301 166 "https://sverigetshirt.com/blog/wp-admin/" "WordPress/6.4.3" "127.0.0.1,45.148.10.247" [-,-,-|0.000]Request_Body: "-"
172.71.95.50 - - [19/Sep/2026:09:45:56 +0800] "www.sverigetshirt.com" "GET /wp/blog/wp-json/batch/v1 HTTP/1.1" 404 24203 "https://sverigetshirt.com/wp/wp-admin/" "Mozilla/5.0 (Windows NT 10.0; Win64; x64) AppleWebKit/537.36 (KHTML, like Gecko) Chrome/120.0.0.0 Safari/537.36" "127.0.0.1,45.148.10.247" [0.000,1.320,1.322|1.322]Request_Body: "-"
172.70.47.144 - - [19/Sep/2026:09:45:57 +0800] "sverigetshirt.com" "POST /wp/index.php?rest_route=/batch/v1 HTTP/1.1" 301 166 "https://sverigetshirt.com/wp/wp-admin/" "WordPress/6.4.3" "127.0.0.1,45.148.10.247" [-,-,-|0.000]Request_Body: "-"
172.71.182.21 - - [19/Sep/2026:09:45:57 +0800] "www.sverigetshirt.com" "GET /blog/?rest_route=%2Fbatch%2Fv1 HTTP/1.1" 404 134 "https://sverigetshirt.com/blog/wp-admin/" "WordPress/6.4.3" "127.0.0.1,45.148.10.247" [0.001,1.330,1.330|1.331]Request_Body: "-"
172.71.95.50 - - [19/Sep/2026:09:45:57 +0800] "www.sverigetshirt.com" "GET /wp/index.php?rest_route=/batch/v1 HTTP/1.1" 403 150 "https://sverigetshirt.com/wp/wp-admin/" "WordPress/6.4.3" "127.0.0.1,45.148.10.247" [-,-,-|0.000]Request_Body: "-"
172.70.47.144 - - [19/Sep/2026:09:45:57 +0800] "sverigetshirt.com" "POST /blog/?rest_route=/batch%2Fv1 HTTP/1.1" 301 166 "https://sverigetshirt.com/blog/wp-admin/" "WordPress/6.4.3" "127.0.0.1,45.148.10.247" [-,-,-|0.000]Request_Body: "-"
162.159.113.16 - - [19/Sep/2026:09:45:57 +0800] "sverigetshirt.com" "POST /wp/index.php?rest_route=%2Fbatch%2Fv1 HTTP/1.1" 301 166 "https://sverigetshirt.com/wp/wp-admin/" "WordPress/6.4.3" "127.0.0.1,45.148.10.247" [-,-,-|0.000]Request_Body: "-"
172.71.182.21 - - [19/Sep/2026:09:45:57 +0800] "www.sverigetshirt.com" "GET /wp/index.php?rest_route=%2Fbatch%2Fv1 HTTP/1.1" 403 150 "https://sverigetshirt.com/wp/wp-admin/" "WordPress/6.4.3" "127.0.0.1,45.148.10.247" [-,-,-|0.000]Request_Body: "-"
162.159.113.17 - - [19/Sep/2026:09:45:57 +0800] "sverigetshirt.com" "POST /wp/?rest_route=%2Fbatch%2Fv1 HTTP/1.1" 301 166 "https://sverigetshirt.com/wp/wp-admin/" "WordPress/6.4.3" "127.0.0.1,45.148.10.247" [-,-,-|0.000]Request_Body: "-"
172.71.95.50 - - [19/Sep/2026:09:45:59 +0800] "www.sverigetshirt.com" "GET /blog/?rest_route=/batch%2Fv1 HTTP/1.1" 404 134 "https://sverigetshirt.com/blog/wp-admin/" "WordPress/6.4.3" "127.0.0.1,45.148.10.247" [0.001,1.610,1.610|1.610]Request_Body: "-"
172.71.182.21 - - [19/Sep/2026:09:45:59 +0800] "www.sverigetshirt.com" "GET /wp/?rest_route=%2Fbatch%2Fv1 HTTP/1.1" 404 134 "https://sverigetshirt.com/wp/wp-admin/" "WordPress/6.4.3" "127.0.0.1,45.148.10.247" [0.001,1.279,1.279|1.279]Request_Body: "-"
162.159.113.16 - - [19/Sep/2026:09:45:59 +0800] "sverigetshirt.com" "POST /blog/?rest_route=/batch/v1 HTTP/1.1" 301 166 "https://sverigetshirt.com/blog/wp-admin/" "WordPress/6.4.3" "127.0.0.1,45.148.10.247" [-,-,-|0.000]Request_Body: "-"
172.70.47.144 - - [19/Sep/2026:09:45:59 +0800] "sverigetshirt.com" "POST /wp/?rest_route=/batch%2Fv1 HTTP/1.1" 301 166 "https://sverigetshirt.com/wp/wp-admin/" "WordPress/6.4.3" "127.0.0.1,45.148.10.247" [-,-,-|0.000]Request_Body: "-"
172.71.182.21 - - [19/Sep/2026:09:46:00 +0800] "www.sverigetshirt.com" "GET /blog/?rest_route=/batch/v1 HTTP/1.1" 404 134 "https://sverigetshirt.com/blog/wp-admin/" "WordPress/6.4.3" "127.0.0.1,45.148.10.247" [0.001,1.298,1.299|1.299]Request_Body: "-"
172.71.95.50 - - [19/Sep/2026:09:46:00 +0800] "www.sverigetshirt.com" "GET /wp/?rest_route=/batch%2Fv1 HTTP/1.1" 404 134 "https://sverigetshirt.com/wp/wp-admin/" "WordPress/6.4.3" "127.0.0.1,45.148.10.247" [0.000,1.328,1.328|1.328]Request_Body: "-"
172.70.47.144 - - [19/Sep/2026:09:46:01 +0800] "sverigetshirt.com" "POST /blog/wp-json/batch/v1 HTTP/1.1" 301 166 "https://sverigetshirt.com/blog/wp-admin/" "WordPress/6.4.3" "127.0.0.1,45.148.10.247" [-,-,-|0.000]Request_Body: "-"
162.159.113.16 - - [19/Sep/2026:09:46:01 +0800] "sverigetshirt.com" "POST /wp/?rest_route=/batch/v1 HTTP/1.1" 301 166 "https://sverigetshirt.com/wp/wp-admin/" "WordPress/6.4.3" "127.0.0.1,45.148.10.247" [-,-,-|0.000]Request_Body: "-"
172.71.95.50 - - [19/Sep/2026:09:46:02 +0800] "www.sverigetshirt.com" "GET /wp/?rest_route=/batch/v1 HTTP/1.1" 404 134 "https://sverigetshirt.com/wp/wp-admin/" "WordPress/6.4.3" "127.0.0.1,45.148.10.247" [0.001,1.287,1.287|1.288]Request_Body: "-"
172.71.182.21 - - [19/Sep/2026:09:46:02 +0800] "www.sverigetshirt.com" "GET /blog/wp-json/batch/v1 HTTP/1.1" 404 24200 "https://sverigetshirt.com/blog/wp-admin/" "WordPress/6.4.3" "127.0.0.1,45.148.10.247" [0.000,1.305,1.307|1.307]Request_Body: "-"
172.70.47.144 - - [19/Sep/2026:09:46:02 +0800] "sverigetshirt.com" "POST /wp/wp-json/batch/v1 HTTP/1.1" 301 166 "https://sverigetshirt.com/wp/wp-admin/" "WordPress/6.4.3" "127.0.0.1,45.148.10.247" [-,-,-|0.005]Request_Body: "-"
172.70.47.144 - - [19/Sep/2026:09:46:03 +0800] "sverigetshirt.com" "POST /blog/wp-json/Batch/v1 HTTP/1.1" 301 166 "https://sverigetshirt.com/blog/wp-admin/" "WordPress/6.4.3" "127.0.0.1,45.148.10.247" [-,-,-|0.000]Request_Body: "-"
172.71.95.50 - - [19/Sep/2026:09:46:04 +0800] "www.sverigetshirt.com" "GET /wp/wp-json/batch/v1 HTTP/1.1" 404 24199 "https://sverigetshirt.com/wp/wp-admin/" "WordPress/6.4.3" "127.0.0.1,45.148.10.247" [0.004,1.569,1.571|1.571]Request_Body: "-"
172.70.47.144 - - [19/Sep/2026:09:46:08 +0800] "sverigetshirt.com" "POST /wp/wp-json/Batch/v1 HTTP/1.1" 301 166 "https://sverigetshirt.com/wp/wp-admin/" "WordPress/6.4.3" "127.0.0.1,45.148.10.247" [-,-,-|0.000]Request_Body: "-"
172.71.95.50 - - [19/Sep/2026:09:46:10 +0800] "www.sverigetshirt.com" "GET /blog/wp-json/Batch/v1 HTTP/1.1" 404 24199 "https://sverigetshirt.com/blog/wp-admin/" "WordPress/6.4.3" "127.0.0.1,45.148.10.247" [0.000,1.884,1.887|1.887]Request_Body: "-"
172.70.47.144 - - [19/Sep/2026:09:46:11 +0800] "sverigetshirt.com" "POST /blog//wp-json/batch/v1 HTTP/1.1" 301 166 "https://sverigetshirt.com/blog/wp-admin/" "WordPress/6.4.3" "127.0.0.1,45.148.10.247" [-,-,-|0.000]Request_Body: "-"
172.71.182.21 - - [19/Sep/2026:09:46:11 +0800] "www.sverigetshirt.com" "GET /wp/wp-json/Batch/v1 HTTP/1.1" 404 24198 "https://sverigetshirt.com/wp/wp-admin/" "WordPress/6.4.3" "127.0.0.1,45.148.10.247" [0.004,2.010,2.012|2.012]Request_Body: "-"
172.70.47.144 - - [19/Sep/2026:09:46:11 +0800] "sverigetshirt.com" "POST /wp//wp-json/batch/v1 HTTP/1.1" 301 166 "https://sverigetshirt.com/wp/wp-admin/" "WordPress/6.4.3" "127.0.0.1,45.148.10.247" [-,-,-|0.000]Request_Body: "-"
172.71.95.50 - - [19/Sep/2026:09:46:13 +0800] "www.sverigetshirt.com" "GET /blog//wp-json/batch/v1 HTTP/1.1" 301 5 "https://sverigetshirt.com/blog/wp-admin/" "WordPress/6.4.3" "127.0.0.1,45.148.10.247" [0.000,1.842,1.842|1.842]Request_Body: "-"
172.71.182.21 - - [19/Sep/2026:09:46:13 +0800] "www.sverigetshirt.com" "GET /wp//wp-json/batch/v1 HTTP/1.1" 301 5 "https://sverigetshirt.com/wp/wp-admin/" "WordPress/6.4.3" "127.0.0.1,45.148.10.247" [0.001,1.613,1.613|1.613]Request_Body: "-"
172.71.95.50 - - [19/Sep/2026:09:46:15 +0800] "www.sverigetshirt.com" "GET /blog/wp-json/batch/v1 HTTP/1.1" 404 24200 "https://sverigetshirt.com/blog/wp-admin/" "WordPress/6.4.3" "127.0.0.1,45.148.10.247" [0.001,1.836,1.846|1.846]Request_Body: "-"
172.71.182.21 - - [19/Sep/2026:09:46:15 +0800] "www.sverigetshirt.com" "GET /wp/wp-json/batch/v1 HTTP/1.1" 404 24199 "https://sverigetshirt.com/wp/wp-admin/" "WordPress/6.4.3" "127.0.0.1,45.148.10.247" [0.001,1.772,1.782|1.781]Request_Body: "-"
162.159.113.17 - - [19/Sep/2026:09:46:15 +0800] "sverigetshirt.com" "POST /wp/wp-json/batch/v1/ HTTP/1.1" 301 166 "https://sverigetshirt.com/wp/wp-admin/" "WordPress/6.4.3" "127.0.0.1,45.148.10.247" [-,-,-|0.000]Request_Body: "-"
172.70.47.144 - - [19/Sep/2026:09:46:15 +0800] "sverigetshirt.com" "POST /blog/wp-json/batch/v1/ HTTP/1.1" 301 166 "https://sverigetshirt.com/blog/wp-admin/" "WordPress/6.4.3" "127.0.0.1,45.148.10.247" [-,-,-|0.000]Request_Body: "-"
172.71.182.21 - - [19/Sep/2026:09:46:17 +0800] "www.sverigetshirt.com" "GET /blog/wp-json/batch/v1/ HTTP/1.1" 404 24202 "https://sverigetshirt.com/blog/wp-admin/" "WordPress/6.4.3" "127.0.0.1,45.148.10.247" [0.000,1.513,1.526|1.526]Request_Body: "-"
172.71.95.50 - - [19/Sep/2026:09:46:17 +0800] "www.sverigetshirt.com" "GET /wp/wp-json/batch/v1/ HTTP/1.1" 404 24201 "https://sverigetshirt.com/wp/wp-admin/" "WordPress/6.4.3" "127.0.0.1,45.148.10.247" [0.001,1.685,1.687|1.687]Request_Body: "-"
172.70.47.144 - - [19/Sep/2026:09:46:20 +0800] "sverigetshirt.com" "POST /blog/blog/wp-json/batch/v1 HTTP/1.1" 301 166 "https://sverigetshirt.com/blog/wp-admin/" "WordPress/6.4.3" "127.0.0.1,45.148.10.247" [-,-,-|0.000]Request_Body: "-"
162.159.113.17 - - [19/Sep/2026:09:46:20 +0800] "sverigetshirt.com" "POST /wp/blog/wp-json/batch/v1 HTTP/1.1" 301 166 "https://sverigetshirt.com/wp/wp-admin/" "WordPress/6.4.3" "127.0.0.1,45.148.10.247" [-,-,-|0.001]Request_Body: "-"
172.71.95.50 - - [19/Sep/2026:09:46:22 +0800] "www.sverigetshirt.com" "GET /blog/blog/wp-json/batch/v1 HTTP/1.1" 404 24202 "https://sverigetshirt.com/blog/wp-admin/" "WordPress/6.4.3" "127.0.0.1,45.148.10.247" [0.001,1.674,1.677|1.677]Request_Body: "-"
172.71.182.21 - - [19/Sep/2026:09:46:22 +0800] "www.sverigetshirt.com" "GET /wp/blog/wp-json/batch/v1 HTTP/1.1" 404 24203 "https://sverigetshirt.com/wp/wp-admin/" "WordPress/6.4.3" "127.0.0.1,45.148.10.247" [0.001,1.707,1.709|1.709]Request_Body: "-"
162.159.113.17 - - [19/Sep/2026:09:46:22 +0800] "sverigetshirt.com" "GET /blog/wp/v2/posts/999999 HTTP/1.1" 301 166 "-" "Mozilla/5.0 (Windows NT 10.0; Win64; x64) AppleWebKit/537.36 (KHTML, like Gecko) Chrome/120.0.0.0 Safari/537.36" "45.148.10.247" [-,-,-|0.000]Request_Body: "-"
172.70.47.144 - - [19/Sep/2026:09:46:22 +0800] "sverigetshirt.com" "GET /wp/wp/v2/posts/999999 HTTP/1.1" 301 166 "-" "Mozilla/5.0 (Windows NT 10.0; Win64; x64) AppleWebKit/537.36 (KHTML, like Gecko) Chrome/120.0.0.0 Safari/537.36" "45.148.10.247" [-,-,-|0.000]Request_Body: "-"
172.71.182.21 - - [19/Sep/2026:09:46:24 +0800] "www.sverigetshirt.com" "GET /blog/wp/v2/posts/999999 HTTP/1.1" 404 24389 "http://www.sverigetshirt.com/blog/wp/v2/posts/999999" "Mozilla/5.0 (Windows NT 10.0; Win64; x64) AppleWebKit/537.36 (KHTML, like Gecko) Chrome/120.0.0.0 Safari/537.36" "45.148.10.247" [0.003,1.533,1.535|1.535]Request_Body: "-"
172.70.47.144 - - [19/Sep/2026:09:46:25 +0800] "sverigetshirt.com" "GET /blog/?rest_route=/wp/v2/posts/999999 HTTP/1.1" 301 166 "-" "Mozilla/5.0 (Windows NT 10.0; Win64; x64) AppleWebKit/537.36 (KHTML, like Gecko) Chrome/120.0.0.0 Safari/537.36" "45.148.10.247" [-,-,-|0.000]Request_Body: "-"
172.71.95.50 - - [19/Sep/2026:09:46:25 +0800] "www.sverigetshirt.com" "GET /wp/wp/v2/posts/999999 HTTP/1.1" 404 24386 "http://www.sverigetshirt.com/wp/wp/v2/posts/999999" "Mozilla/5.0 (Windows NT 10.0; Win64; x64) AppleWebKit/537.36 (KHTML, like Gecko) Chrome/120.0.0.0 Safari/537.36" "45.148.10.247" [0.003,2.025,2.031|2.031]Request_Body: "-"
172.70.47.144 - - [19/Sep/2026:09:46:25 +0800] "sverigetshirt.com" "GET /wp/?rest_route=/wp/v2/posts/999999 HTTP/1.1" 301 166 "-" "Mozilla/5.0 (Windows NT 10.0; Win64; x64) AppleWebKit/537.36 (KHTML, like Gecko) Chrome/120.0.0.0 Safari/537.36" "45.148.10.247" [-,-,-|0.000]Request_Body: "-"
172.71.182.21 - - [19/Sep/2026:09:46:26 +0800] "www.sverigetshirt.com" "GET /blog/?rest_route=/wp/v2/posts/999999 HTTP/1.1" 404 102 "http://www.sverigetshirt.com/blog/?rest_route=/wp/v2/posts/999999" "Mozilla/5.0 (Windows NT 10.0; Win64; x64) AppleWebKit/537.36 (KHTML, like Gecko) Chrome/120.0.0.0 Safari/537.36" "45.148.10.247" [0.001,1.345,1.345|1.345]Request_Body: "-"
172.70.47.144 - - [19/Sep/2026:09:46:27 +0800] "sverigetshirt.com" "GET /blog/wp/v2/pages HTTP/1.1" 301 166 "-" "Mozilla/5.0 (Windows NT 10.0; Win64; x64) AppleWebKit/537.36 (KHTML, like Gecko) Chrome/120.0.0.0 Safari/537.36" "45.148.10.247" [-,-,-|0.000]Request_Body: "-"
172.71.95.50 - - [19/Sep/2026:09:46:27 +0800] "www.sverigetshirt.com" "GET /wp/?rest_route=/wp/v2/posts/999999 HTTP/1.1" 404 102 "http://www.sverigetshirt.com/wp/?rest_route=/wp/v2/posts/999999" "Mozilla/5.0 (Windows NT 10.0; Win64; x64) AppleWebKit/537.36 (KHTML, like Gecko) Chrome/120.0.0.0 Safari/537.36" "45.148.10.247" [0.000,1.521,1.521|1.522]Request_Body: "-"
172.70.47.144 - - [19/Sep/2026:09:46:27 +0800] "sverigetshirt.com" "GET /wp/wp/v2/pages HTTP/1.1" 301 166 "-" "Mozilla/5.0 (Windows NT 10.0; Win64; x64) AppleWebKit/537.36 (KHTML, like Gecko) Chrome/120.0.0.0 Safari/537.36" "45.148.10.247" [-,-,-|0.000]Request_Body: "-"
172.71.95.50 - - [19/Sep/2026:09:46:28 +0800] "www.sverigetshirt.com" "GET /blog/wp/v2/pages HTTP/1.1" 404 24387 "http://www.sverigetshirt.com/blog/wp/v2/pages" "Mozilla/5.0 (Windows NT 10.0; Win64; x64) AppleWebKit/537.36 (KHTML, like Gecko) Chrome/120.0.0.0 Safari/537.36" "45.148.10.247" [0.001,1.376,1.378|1.378]Request_Body: "-"
172.70.47.144 - - [19/Sep/2026:09:46:29 +0800] "sverigetshirt.com" "GET /blog/?rest_route=/wp/v2/pages HTTP/1.1" 301 166 "-" "Mozilla/5.0 (Windows NT 10.0; Win64; x64) AppleWebKit/537.36 (KHTML, like Gecko) Chrome/120.0.0.0 Safari/537.36" "45.148.10.247" [-,-,-|0.000]Request_Body: "-"
172.71.182.21 - - [19/Sep/2026:09:46:29 +0800] "www.sverigetshirt.com" "GET /wp/wp/v2/pages HTTP/1.1" 404 24384 "http://www.sverigetshirt.com/wp/wp/v2/pages" "Mozilla/5.0 (Windows NT 10.0; Win64; x64) AppleWebKit/537.36 (KHTML, like Gecko) Chrome/120.0.0.0 Safari/537.36" "45.148.10.247" [0.001,1.717,1.721|1.721]Request_Body: "-"
172.70.47.144 - - [19/Sep/2026:09:46:29 +0800] "sverigetshirt.com" "GET /wp/?rest_route=/wp/v2/pages HTTP/1.1" 301 166 "-" "Mozilla/5.0 (Windows NT 10.0; Win64; x64) AppleWebKit/537.36 (KHTML, like Gecko) Chrome/120.0.0.0 Safari/537.36" "45.148.10.247" [-,-,-|0.000]Request_Body: "-"
172.71.95.50 - - [19/Sep/2026:09:46:31 +0800] "www.sverigetshirt.com" "GET /blog/?rest_route=/wp/v2/pages HTTP/1.1" 200 194762 "http://www.sverigetshirt.com/blog/?rest_route=/wp/v2/pages" "Mozilla/5.0 (Windows NT 10.0; Win64; x64) AppleWebKit/537.36 (KHTML, like Gecko) Chrome/120.0.0.0 Safari/537.36" "45.148.10.247" [0.000,1.844,1.855|2.121]Request_Body: "-"
172.70.47.144 - - [19/Sep/2026:09:46:35 +0800] "sverigetshirt.com" "GET /blog/wp/v2/posts/999999?author_exclude=1&orderby=none&per_page=5 HTTP/1.1" 301 166 "-" "Mozilla/5.0 (Windows NT 10.0; Win64; x64) AppleWebKit/537.36 (KHTML, like Gecko) Chrome/120.0.0.0 Safari/537.36" "45.148.10.247" [-,-,-|0.000]Request_Body: "-"
