162.158.217.120 - - [19/Sep/2026:17:52:52 +0800] "www.thongsshop.com" "GET /category/minimalista/tecidos-sustentaveis/?per_page=9&shop_view=grid&per_row=2 HTTP/1.1" 499 0 "-" "Mozilla/5.0 (Windows NT 10.0; Win64; x64) AppleWebKit/537.36 (KHTML, like Gecko) Chrome/148.0.0.0 Safari/537.36" "57.129.81.151" [0.001,-,125.006|125.006]Request_Body: "-"
172.64.198.16 - - [19/Sep/2026:17:52:53 +0800] "www.thongsshop.com" "GET /category/minimalista/tecidos-sustentaveis/?shop_view=list&per_page=18 HTTP/1.1" 499 0 "-" "Mozilla/5.0 (Windows NT 10.0; Win64; x64) AppleWebKit/537.36 (KHTML, like Gecko) Chrome/148.0.0.0 Safari/537.36" "145.239.83.37" [0.001,-,125.000|125.000]Request_Body: "-"
172.71.146.22 - - [19/Sep/2026:18:00:03 +0800] "www.thongsshop.com" "GET /images/5913/5ac9db087045c4378bc7d5b0c15826fe9efa33a840fb7d52c1e24646bef33b49.jpg HTTP/1.1" 200 4198874 "-" "Mozilla/5.0 AppleWebKit/537.36 (KHTML, like Gecko; compatible; bingbot/2.0; +http://www.bing.com/bingbot.htm) Chrome/116.0.1938.76 Safari/537.36" "207.46.13.63" [0.063,0.289,1.764|1.765]Request_Body: "-"
162.158.217.148 - - [19/Sep/2026:18:00:24 +0800] "thongsshop.com" "POST /wp-login.php HTTP/1.1" 301 166 "https://thongsshop.com/wp-login.php" "Mozilla/5.0 (Windows NT 10.0; Win64; x64) AppleWebKit/537.36 (KHTML, like Gecko) Chrome/124.0.0.0 Safari/537.36" "2001:41d0:404:200::4404" [-,-,-|0.000]Request_Body: "-"
104.22.100.24 - - [19/Sep/2026:18:00:42 +0800] "www.thongsshop.com" "GET /shop/page/14/ HTTP/1.1" 404 28488 "-" "Mozilla/5.0 AppleWebKit/537.36 (KHTML, like Gecko; compatible; bingbot/2.0; +http://www.bing.com/bingbot.htm) Chrome/116.0.1938.76 Safari/537.36" "40.77.167.14" [0.000,56.207,56.226|56.226]Request_Body: "-"
172.71.141.176 - - [19/Sep/2026:18:12:06 +0800] "thongsshop.com" "POST /wp-login.php HTTP/1.1" 301 166 "https://thongsshop.com/wp-login.php" "Mozilla/5.0 (Windows NT 10.0; Win64; x64) AppleWebKit/537.36 (KHTML, like Gecko) Chrome/124.0.0.0 Safari/537.36" "2001:41d0:404:200::4404" [-,-,-|0.000]Request_Body: "-"
104.22.160.62 - - [19/Sep/2026:18:12:54 +0800] "www.thongsshop.com" "GET /images/0020/5c7c94342feddbe1100c3a0a5e1ca29d7f15776f5c4362cb05c4846407712114.jpg HTTP/1.1" 200 12450786 "-" "Mozilla/5.0 AppleWebKit/537.36 (KHTML, like Gecko; compatible; bingbot/2.0; +http://www.bing.com/bingbot.htm) Chrome/116.0.1938.76 Safari/537.36" "157.55.39.194" [0.065,0.291,4.923|4.923]Request_Body: "-"
162.158.217.149 - - [19/Sep/2026:18:23:08 +0800] "thongsshop.com" "POST /wp-login.php HTTP/1.1" 301 166 "https://thongsshop.com/wp-login.php" "Mozilla/5.0 (Windows NT 10.0; Win64; x64) AppleWebKit/537.36 (KHTML, like Gecko) Chrome/124.0.0.0 Safari/537.36" "2001:41d0:404:200::4404" [-,-,-|0.000]Request_Body: "-"
172.68.22.6 - - [19/Sep/2026:18:23:43 +0800] "www.thongsshop.com" "GET /shop/page/10/?per_row=4&per_page=18&shop_view=grid&stock_status=instock HTTP/1.1" 200 43107 "-" "Mozilla/5.0 AppleWebKit/537.36 (KHTML, like Gecko; compatible; bingbot/2.0; +http://www.bing.com/bingbot.htm) Chrome/116.0.1938.76 Safari/537.36" "207.46.13.51" [0.000,2.082,2.087|2.087]Request_Body: "-"
162.158.63.229 - - [19/Sep/2026:18:32:07 +0800] "www.thongsshop.com" "GET /wp-json/wp/v2/users HTTP/1.1" 200 1543 "-" "Mozilla/5.0 (Windows NT 10.0; Win64; x64; rv:93.0) Gecko/20100101 Firefox/93.0" "137.184.64.22" [0.001,1.685,1.685|1.685]Request_Body: "-"
162.158.63.229 - - [19/Sep/2026:18:32:10 +0800] "www.thongsshop.com" "GET /wp-json/wp/v2/users?search=xtw HTTP/1.1" 200 12 "-" "Mozilla/5.0 (Windows NT 10.0; Win64; x64; rv:93.0) Gecko/20100101 Firefox/93.0" "137.184.64.22" [0.001,1.561,1.561|1.561]Request_Body: "-"
162.158.217.149 - - [19/Sep/2026:18:34:23 +0800] "thongsshop.com" "POST /wp-login.php HTTP/1.1" 301 166 "https://thongsshop.com/wp-login.php" "Mozilla/5.0 (Windows NT 10.0; Win64; x64) AppleWebKit/537.36 (KHTML, like Gecko) Chrome/124.0.0.0 Safari/537.36" "2001:41d0:404:200::4404" [-,-,-|0.000]Request_Body: "-"
172.69.222.242 - - [19/Sep/2026:18:35:16 +0800] "www.thongsshop.com" "GET /category/minimalista/tecidos-sustentaveis/page/1/ HTTP/1.1" 502 556 "-" "Mozilla/5.0 (Windows NT 10.0; Win64; x64) AppleWebKit/537.36 (KHTML, like Gecko) Chrome/148.0.0.0 Safari/537.36" "141.94.79.3" [0.001,-,33.750|33.750]Request_Body: "-"
172.71.127.107 - - [19/Sep/2026:18:35:54 +0800] "www.thongsshop.com" "GET /category/lingerie/cuecas/?per_page=12&stock_status=instock HTTP/1.1" 200 39709 "-" "Mozilla/5.0 (Windows NT 10.0; Win64; x64) AppleWebKit/537.36 (KHTML, like Gecko) Chrome/148.0.0.0 Safari/537.36" "51.75.23.111" [0.000,55.342,55.351|55.351]Request_Body: "-"
172.64.200.238 - - [19/Sep/2026:18:35:58 +0800] "www.thongsshop.com" "GET /category/lingerie/cuecas/?per_page=12&stock_status=instock HTTP/1.1" 200 39709 "-" "Mozilla/5.0 (Windows NT 10.0; Win64; x64) AppleWebKit/537.36 (KHTML, like Gecko) Chrome/148.0.0.0 Safari/537.36" "217.182.79.131" [0.012,49.733,49.736|49.736]Request_Body: "-"
172.69.222.242 - - [19/Sep/2026:18:36:01 +0800] "www.thongsshop.com" "GET /category/minimalista/tecidos-sustentaveis/page/1/ HTTP/1.1" 301 5 "-" "Mozilla/5.0 (Windows NT 10.0; Win64; x64) AppleWebKit/537.36 (KHTML, like Gecko) Chrome/148.0.0.0 Safari/537.36" "141.94.79.3" [0.001,59.084,59.084|59.084]Request_Body: "-"
172.69.222.243 - - [19/Sep/2026:18:36:08 +0800] "www.thongsshop.com" "GET /category/minimalista/tecidos-sustentaveis/page/1/ HTTP/1.1" 301 5 "-" "Mozilla/5.0 (Windows NT 10.0; Win64; x64) AppleWebKit/537.36 (KHTML, like Gecko) Chrome/148.0.0.0 Safari/537.36" "2001:41d0:367:cab::1" [0.009,54.042,54.042|54.042]Request_Body: "-"
172.69.223.50 - - [19/Sep/2026:18:36:10 +0800] "www.thongsshop.com" "GET /category/lingerie/cuecas/page/6/?per_page=12 HTTP/1.1" 200 39478 "-" "Mozilla/5.0 (Windows NT 10.0; Win64; x64) AppleWebKit/537.36 (KHTML, like Gecko) Chrome/148.0.0.0 Safari/537.36" "51.75.21.177" [0.000,53.678,53.693|53.693]Request_Body: "-"
172.69.223.50 - - [19/Sep/2026:18:36:47 +0800] "www.thongsshop.com" "GET /category/lingerie/cuecas/page/6/?per_page=12 HTTP/1.1" 502 556 "-" "Mozilla/5.0 (Windows NT 10.0; Win64; x64) AppleWebKit/537.36 (KHTML, like Gecko) Chrome/148.0.0.0 Safari/537.36" "141.94.94.95" [0.001,-,111.217|111.218]Request_Body: "-"
162.159.113.13 - - [19/Sep/2026:18:36:51 +0800] "www.thongsshop.com" "GET /category/lingerie/cuecas/page/6/?per_page=12 HTTP/1.1" 499 0 "-" "Mozilla/5.0 (Windows NT 10.0; Win64; x64) AppleWebKit/537.36 (KHTML, like Gecko) Chrome/148.0.0.0 Safari/537.36" "141.94.94.95" [0.001,-,125.349|125.349]Request_Body: "-"
172.64.200.238 - - [19/Sep/2026:18:36:53 +0800] "www.thongsshop.com" "GET /category/lingerie/cuecas/?per_page=12&stock_status=instock HTTP/1.1" 499 0 "-" "Mozilla/5.0 (Windows NT 10.0; Win64; x64) AppleWebKit/537.36 (KHTML, like Gecko) Chrome/148.0.0.0 Safari/537.36" "217.182.79.131" [0.000,-,125.011|125.012]Request_Body: "-"
172.69.223.49 - - [19/Sep/2026:18:37:21 +0800] "www.thongsshop.com" "GET /category/lingerie/cuecas/page/6/?per_page=12 HTTP/1.1" 499 0 "-" "Mozilla/5.0 (Windows NT 10.0; Win64; x64) AppleWebKit/537.36 (KHTML, like Gecko) Chrome/148.0.0.0 Safari/537.36" "51.75.21.177" [0.014,-,125.008|125.007]Request_Body: "-"
172.71.127.107 - - [19/Sep/2026:18:37:23 +0800] "www.thongsshop.com" "GET /category/lingerie/cuecas/?per_page=12&stock_status=instock HTTP/1.1" 499 0 "-" "Mozilla/5.0 (Windows NT 10.0; Win64; x64) AppleWebKit/537.36 (KHTML, like Gecko) Chrome/148.0.0.0 Safari/537.36" "51.75.23.111" [0.000,-,125.118|125.118]Request_Body: "-"
172.69.222.242 - - [19/Sep/2026:18:37:28 +0800] "www.thongsshop.com" "GET /category/minimalista/tecidos-sustentaveis/page/1/ HTTP/1.1" 499 0 "-" "Mozilla/5.0 (Windows NT 10.0; Win64; x64) AppleWebKit/537.36 (KHTML, like Gecko) Chrome/148.0.0.0 Safari/537.36" "2001:41d0:367:cab::1" [0.001,-,125.274|125.274]Request_Body: "-"
162.158.217.148 - - [19/Sep/2026:18:42:28 +0800] "thongsshop.com" "POST /wp-login.php HTTP/1.1" 301 166 "https://thongsshop.com/wp-login.php" "Mozilla/5.0 (Windows NT 10.0; Win64; x64) AppleWebKit/537.36 (KHTML, like Gecko) Chrome/124.0.0.0 Safari/537.36" "2001:41d0:404:200::4404" [-,-,-|0.000]Request_Body: "-"
172.69.11.131 - - [19/Sep/2026:18:47:00 +0800] "www.thongsshop.com" "GET /shop/page/9/ HTTP/1.1" 200 43058 "https://www.thongsshop.com/shop/page/2/" "Mozilla/5.0 (iPhone; CPU iPhone OS 18_1 like Mac OS X) AppleWebKit/605.1.15 (KHTML, like Gecko) Version/18.1 Mobile/15E148 Safari/604.1 MicroMessenger/8.0.32(0x18001B3F) NetType/WIFI Language/zh_CN" "170.0.67.64" [0.000,55.266,55.298|55.298]Request_Body: "-"
172.71.141.177 - - [19/Sep/2026:18:52:33 +0800] "thongsshop.com" "POST /wp-login.php HTTP/1.1" 301 166 "https://thongsshop.com/wp-login.php" "Mozilla/5.0 (Windows NT 10.0; Win64; x64) AppleWebKit/537.36 (KHTML, like Gecko) Chrome/124.0.0.0 Safari/537.36" "2001:41d0:404:200::4404" [-,-,-|0.000]Request_Body: "-"
104.22.160.19 - - [19/Sep/2026:18:57:28 +0800] "www.thongsshop.com" "GET /shop/page/3/?stock_status=instock&per_page=24&shop_view=grid&per_row=2 HTTP/1.1" 499 0 "-" "Mozilla/5.0 AppleWebKit/537.36 (KHTML, like Gecko; compatible; bingbot/2.0; +http://www.bing.com/bingbot.htm) Chrome/116.0.1938.76 Safari/537.36" "207.46.13.92" [0.001,-,125.010|125.010]Request_Body: "-"
162.158.217.149 - - [19/Sep/2026:19:00:41 +0800] "thongsshop.com" "POST /wp-login.php HTTP/1.1" 301 166 "https://thongsshop.com/wp-login.php" "Mozilla/5.0 (Windows NT 10.0; Win64; x64) AppleWebKit/537.36 (KHTML, like Gecko) Chrome/124.0.0.0 Safari/537.36" "2001:41d0:404:200::4404" [-,-,-|0.000]Request_Body: "-"
104.22.104.197 - - [19/Sep/2026:19:01:12 +0800] "www.thongsshop.com" "GET /category/lingerie/?per_row=4&per_page=9&shop_view=list&stock_status=instock,onsale HTTP/1.1" 200 31182 "-" "Mozilla/5.0 AppleWebKit/537.36 (KHTML, like Gecko; compatible; bingbot/2.0; +http://www.bing.com/bingbot.htm) Chrome/116.0.1938.76 Safari/537.36" "40.77.167.27" [0.000,54.971,54.991|54.991]Request_Body: "-"
172.71.141.177 - - [19/Sep/2026:19:08:07 +0800] "thongsshop.com" "POST /wp-login.php HTTP/1.1" 301 166 "https://thongsshop.com/wp-login.php" "Mozilla/5.0 (Windows NT 10.0; Win64; x64) AppleWebKit/537.36 (KHTML, like Gecko) Chrome/124.0.0.0 Safari/537.36" "2001:41d0:404:200::4404" [-,-,-|0.000]Request_Body: "-"
104.22.56.240 - - [19/Sep/2026:19:11:24 +0800] "www.thongsshop.com" "GET / HTTP/1.1" 200 47498 "-" "Hello from Palo Alto Networks, find out more about our scans in https://docs-cortex.paloaltonetworks.com/r/1/Cortex-Xpanse/Scanning-activity" "147.185.132.67" [0.000,54.303,54.311|54.311]Request_Body: "-"
172.71.141.177 - - [19/Sep/2026:19:15:25 +0800] "thongsshop.com" "POST /wp-login.php HTTP/1.1" 301 166 "https://thongsshop.com/wp-login.php" "Mozilla/5.0 (Windows NT 10.0; Win64; x64) AppleWebKit/537.36 (KHTML, like Gecko) Chrome/124.0.0.0 Safari/537.36" "2001:41d0:404:200::4404" [-,-,-|0.000]Request_Body: "-"
104.22.76.140 - - [19/Sep/2026:19:19:28 +0800] "www.thongsshop.com" "GET /shop/page/8/?per_row=2&shop_view=grid HTTP/1.1" 200 43973 "https://www.thongsshop.com/shop/?per_row=2&shop_view=grid" "Mozilla/5.0 (Linux; Android 12; OPPO PCLM2) AppleWebKit/537.36 (KHTML, like Gecko) Chrome/155.0.5684.104 Mobile Safari/537.36" "154.159.237.115" [0.001,1.991,1.996|1.995]Request_Body: "-"
162.158.217.149 - - [19/Sep/2026:19:25:41 +0800] "thongsshop.com" "POST /wp-login.php HTTP/1.1" 301 166 "https://thongsshop.com/wp-login.php" "Mozilla/5.0 (Windows NT 10.0; Win64; x64) AppleWebKit/537.36 (KHTML, like Gecko) Chrome/124.0.0.0 Safari/537.36" "2001:41d0:404:200::4404" [-,-,-|0.000]Request_Body: "-"
172.68.50.16 - - [19/Sep/2026:19:31:11 +0800] "thongsshop.com" "GET / HTTP/1.1" 301 166 "https://thongsshop.com/" "Mozilla/5.0 (Windows NT 10.0; Win64; x64) AppleWebKit/537.36 (KHTML, like Gecko) Chrome/131.0.0.0 Safari/537.36" "80.94.95.173" [-,-,-|0.000]Request_Body: "-"
104.23.162.92 - - [19/Sep/2026:19:31:13 +0800] "www.thongsshop.com" "GET / HTTP/1.1" 200 47498 "https://www.thongsshop.com/" "Mozilla/5.0 (Windows NT 10.0; Win64; x64) AppleWebKit/537.36 (KHTML, like Gecko) Chrome/131.0.0.0 Safari/537.36" "80.94.95.173" [0.001,2.064,2.071|2.071]Request_Body: "-"
104.23.213.87 - - [19/Sep/2026:19:33:14 +0800] "www.thongsshop.com" "GET /robots.txt HTTP/1.1" 304 0 "-" "Mozilla/5.0 (compatible; Googlebot/2.1; +http://www.google.com/bot.html)" "66.249.66.203" [-,-,-|0.000]Request_Body: "-"
104.22.100.86 - - [19/Sep/2026:19:33:33 +0800] "www.thongsshop.com" "GET /product/cinta-de-meias-de-renda/ HTTP/1.1" 200 39802 "-" "Mozilla/5.0 (Linux; Android 6.0.1; Nexus 5X Build/MMB29P) AppleWebKit/537.36 (KHTML, like Gecko) Chrome/153.0.8010.47 Mobile Safari/537.36 (compatible; Googlebot/2.1; +http://www.google.com/bot.html)" "66.249.66.41" [0.000,19.454,19.458|19.459]Request_Body: "-"
162.158.217.148 - - [19/Sep/2026:19:33:51 +0800] "thongsshop.com" "POST /wp-login.php HTTP/1.1" 301 166 "https://thongsshop.com/wp-login.php" "Mozilla/5.0 (Windows NT 10.0; Win64; x64) AppleWebKit/537.36 (KHTML, like Gecko) Chrome/124.0.0.0 Safari/537.36" "2001:41d0:404:200::4404" [-,-,-|0.000]Request_Body: "-"
104.22.102.23 - - [19/Sep/2026:19:41:20 +0800] "www.thongsshop.com" "GET /wp-content/themes/woodmart/css/parts/wd-search-dropdown.min.css?ver=8.2.7 HTTP/1.1" 304 0 "https://www.thongsshop.com/product/cinta-de-meias-de-renda/" "Mozilla/5.0 (Linux; Android 6.0.1; Nexus 5X Build/MMB29P) AppleWebKit/537.36 (KHTML, like Gecko) Chrome/153.0.8010.47 Mobile Safari/537.36 (compatible; Googlebot/2.1; +http://www.google.com/bot.html)" "66.249.66.196" [-,-,-|0.000]Request_Body: "-"
162.158.79.103 - - [19/Sep/2026:19:41:23 +0800] "www.thongsshop.com" "GET /wp-content/themes/woodmart/css/parts/wd-search-results.min.css?ver=8.2.7 HTTP/1.1" 200 982 "https://www.thongsshop.com/product/cinta-de-meias-de-renda/" "Mozilla/5.0 (Linux; Android 6.0.1; Nexus 5X Build/MMB29P) AppleWebKit/537.36 (KHTML, like Gecko) Chrome/153.0.8010.47 Mobile Safari/537.36 (compatible; Googlebot/2.1; +http://www.google.com/bot.html)" "66.249.66.70" [-,-,-|0.000]Request_Body: "-"
172.71.223.209 - - [19/Sep/2026:19:41:46 +0800] "www.thongsshop.com" "GET /wp-content/themes/woodmart/js/scripts/global/btnsToolTips.min.js?ver=8.2.7 HTTP/1.1" 200 1111 "https://www.thongsshop.com/product/cinta-de-meias-de-renda/" "Mozilla/5.0 (Linux; Android 6.0.1; Nexus 5X Build/MMB29P) AppleWebKit/537.36 (KHTML, like Gecko) Chrome/153.0.8010.47 Mobile Safari/537.36 (compatible; Googlebot/2.1; +http://www.google.com/bot.html)" "66.249.66.36" [-,-,-|0.000]Request_Body: "-"
172.70.135.56 - - [19/Sep/2026:19:43:48 +0800] "www.thongsshop.com" "GET /wp-content/uploads/2023/03/soft-bra-91-ce-7211-5B25D-5Bfullsize5D-510x692.webp HTTP/1.1" 404 28533 "-" "Googlebot-Image/1.0" "66.249.66.68" [0.000,6.545,6.575|6.575]Request_Body: "-"
172.71.141.177 - - [19/Sep/2026:19:44:10 +0800] "thongsshop.com" "POST /wp-login.php HTTP/1.1" 301 166 "https://thongsshop.com/wp-login.php" "Mozilla/5.0 (Windows NT 10.0; Win64; x64) AppleWebKit/537.36 (KHTML, like Gecko) Chrome/124.0.0.0 Safari/537.36" "2001:41d0:404:200::4404" [-,-,-|0.000]Request_Body: "-"
162.158.216.218 - - [19/Sep/2026:19:46:39 +0800] "www.thongsshop.com" "GET /category/lingerie/cuecas/?per_page=12&shop_view=grid&per_row=4 HTTP/1.1" 200 39515 "-" "Mozilla/5.0 (Windows NT 10.0; Win64; x64) AppleWebKit/537.36 (KHTML, like Gecko) Chrome/148.0.0.0 Safari/537.36" "51.195.252.59" [0.001,1.760,1.763|1.763]Request_Body: "-"
162.158.217.49 - - [19/Sep/2026:19:46:44 +0800] "www.thongsshop.com" "GET /category/lingerie/cuecas/?per_page=12&shop_view=list HTTP/1.1" 200 39207 "-" "Mozilla/5.0 (Windows NT 10.0; Win64; x64) AppleWebKit/537.36 (KHTML, like Gecko) Chrome/148.0.0.0 Safari/537.36" "2001:41d0:404:200::215e" [0.000,1.980,1.984|1.984]Request_Body: "-"
104.22.109.48 - - [19/Sep/2026:19:46:44 +0800] "www.thongsshop.com" "GET /category/lingerie/cuecas/?per_page=12&shop_view=grid&per_row=3 HTTP/1.1" 200 39512 "-" "Mozilla/5.0 (Windows NT 10.0; Win64; x64) AppleWebKit/537.36 (KHTML, like Gecko) Chrome/148.0.0.0 Safari/537.36" "141.94.94.32" [0.001,2.042,2.046|2.046]Request_Body: "-"
162.158.217.148 - - [19/Sep/2026:19:55:22 +0800] "thongsshop.com" "POST /wp-login.php HTTP/1.1" 301 166 "https://thongsshop.com/wp-login.php" "Mozilla/5.0 (Windows NT 10.0; Win64; x64) AppleWebKit/537.36 (KHTML, like Gecko) Chrome/124.0.0.0 Safari/537.36" "2001:41d0:404:200::4404" [-,-,-|0.000]Request_Body: "-"
162.158.217.149 - - [19/Sep/2026:20:06:47 +0800] "thongsshop.com" "POST /wp-login.php HTTP/1.1" 301 166 "https://thongsshop.com/wp-login.php" "Mozilla/5.0 (Windows NT 10.0; Win64; x64) AppleWebKit/537.36 (KHTML, like Gecko) Chrome/124.0.0.0 Safari/537.36" "2001:41d0:404:200::4404" [-,-,-|0.000]Request_Body: "-"
104.22.100.24 - - [19/Sep/2026:20:12:56 +0800] "www.thongsshop.com" "GET /shop/page/3/?stock_status=instock&shop_view=grid&per_row=2 HTTP/1.1" 200 46627 "-" "Mozilla/5.0 AppleWebKit/537.36 (KHTML, like Gecko; compatible; bingbot/2.0; +http://www.bing.com/bingbot.htm) Chrome/116.0.1938.76 Safari/537.36" "40.77.167.158" [0.000,1.851,1.855|1.855]Request_Body: "-"
172.71.141.176 - - [19/Sep/2026:20:14:57 +0800] "thongsshop.com" "POST /wp-login.php HTTP/1.1" 301 166 "https://thongsshop.com/wp-login.php" "Mozilla/5.0 (Windows NT 10.0; Win64; x64) AppleWebKit/537.36 (KHTML, like Gecko) Chrome/124.0.0.0 Safari/537.36" "2001:41d0:404:200::4404" [-,-,-|0.001]Request_Body: "-"
104.23.166.86 - - [19/Sep/2026:20:18:34 +0800] "www.thongsshop.com" "GET /category/lingerie/cuecas/page/1/ HTTP/1.1" 301 5 "-" "Mozilla/5.0 (Windows NT 10.0; Win64; x64) AppleWebKit/537.36 (KHTML, like Gecko) Chrome/148.0.0.0 Safari/537.36" "141.94.94.45" [0.001,11.996,11.996|11.996]Request_Body: "-"
141.101.98.111 - - [19/Sep/2026:20:18:39 +0800] "www.thongsshop.com" "GET /category/lingerie/cuecas/?per_page=12&shop_view=grid&per_row=2 HTTP/1.1" 200 39528 "-" "Mozilla/5.0 (Windows NT 10.0; Win64; x64) AppleWebKit/537.36 (KHTML, like Gecko) Chrome/148.0.0.0 Safari/537.36" "57.129.139.88" [0.000,10.420,10.424|10.424]Request_Body: "-"
162.158.217.82 - - [19/Sep/2026:20:18:40 +0800] "www.thongsshop.com" "GET /category/lingerie/cuecas/page/2/?per_page=12 HTTP/1.1" 200 39702 "-" "Mozilla/5.0 (Windows NT 10.0; Win64; x64) AppleWebKit/537.36 (KHTML, like Gecko) Chrome/148.0.0.0 Safari/537.36" "2001:41d0:401:3000::17ca" [0.000,13.645,13.659|13.659]Request_Body: "-"
172.71.141.14 - - [19/Sep/2026:20:18:45 +0800] "www.thongsshop.com" "GET /category/lingerie/cuecas/page/1/ HTTP/1.1" 301 5 "-" "Mozilla/5.0 (Windows NT 10.0; Win64; x64) AppleWebKit/537.36 (KHTML, like Gecko) Chrome/148.0.0.0 Safari/537.36" "141.95.54.132" [0.001,12.501,12.501|12.500]Request_Body: "-"
172.71.232.142 - - [19/Sep/2026:20:18:52 +0800] "www.thongsshop.com" "GET /category/lingerie/cuecas/page/2/?per_page=12 HTTP/1.1" 200 39702 "-" "Mozilla/5.0 (Windows NT 10.0; Win64; x64) AppleWebKit/537.36 (KHTML, like Gecko) Chrome/148.0.0.0 Safari/537.36" "141.94.95.76" [0.001,15.542,15.547|15.546]Request_Body: "-"
104.23.229.104 - - [19/Sep/2026:20:18:57 +0800] "www.thongsshop.com" "GET /category/lingerie/cuecas/?per_page=12&shop_view=grid&per_row=2 HTTP/1.1" 200 39528 "-" "Mozilla/5.0 (Windows NT 10.0; Win64; x64) AppleWebKit/537.36 (KHTML, like Gecko) Chrome/148.0.0.0 Safari/537.36" "141.94.95.76" [0.001,17.435,17.448|17.449]Request_Body: "-"
104.23.172.84 - - [19/Sep/2026:20:19:03 +0800] "www.thongsshop.com" "GET /category/lingerie/cuecas/?per_page=12&shop_view=grid&per_row=2 HTTP/1.1" 200 39528 "-" "Mozilla/5.0 (Windows NT 10.0; Win64; x64) AppleWebKit/537.36 (KHTML, like Gecko) Chrome/148.0.0.0 Safari/537.36" "141.94.95.76" [0.001,13.803,13.836|13.836]Request_Body: "-"
172.69.155.66 - - [19/Sep/2026:20:24:23 +0800] "www.thongsshop.com" "GET /category/lingerie/cuecas/page/4/?shop_view=grid&per_row=2 HTTP/1.1" 200 41616 "-" "Mozilla/5.0 (Windows NT 10.0; Win64; x64) AppleWebKit/537.36 (KHTML, like Gecko) Chrome/148.0.0.0 Safari/537.36" "217.182.73.60" [0.000,53.858,53.867|53.867]Request_Body: "-"
172.64.198.192 - - [19/Sep/2026:20:24:26 +0800] "www.thongsshop.com" "GET /category/lingerie/cuecas/page/3/?per_page=12 HTTP/1.1" 200 39917 "-" "Mozilla/5.0 (Windows NT 10.0; Win64; x64) AppleWebKit/537.36 (KHTML, like Gecko) Chrome/148.0.0.0 Safari/537.36" "145.239.81.31" [0.000,53.964,53.974|53.974]Request_Body: "-"
162.158.217.139 - - [19/Sep/2026:20:24:33 +0800] "www.thongsshop.com" "GET /category/lingerie/cuecas/page/4/?shop_view=grid&per_row=2 HTTP/1.1" 200 41616 "-" "Mozilla/5.0 (Windows NT 10.0; Win64; x64) AppleWebKit/537.36 (KHTML, like Gecko) Chrome/148.0.0.0 Safari/537.36" "151.80.133.238" [0.001,54.010,54.014|54.013]Request_Body: "-"
162.158.217.57 - - [19/Sep/2026:20:24:39 +0800] "www.thongsshop.com" "GET /category/lingerie/cuecas/page/4/?per_page=12 HTTP/1.1" 200 39742 "-" "Mozilla/5.0 (Windows NT 10.0; Win64; x64) AppleWebKit/537.36 (KHTML, like Gecko) Chrome/148.0.0.0 Safari/537.36" "51.77.211.229" [0.001,55.786,55.795|55.794]Request_Body: "-"
172.69.155.67 - - [19/Sep/2026:20:24:43 +0800] "www.thongsshop.com" "GET /category/lingerie/cuecas/page/4/?shop_view=grid&per_row=2 HTTP/1.1" 200 41616 "-" "Mozilla/5.0 (Windows NT 10.0; Win64; x64) AppleWebKit/537.36 (KHTML, like Gecko) Chrome/148.0.0.0 Safari/537.36" "217.182.73.60" [0.002,53.880,53.902|53.902]Request_Body: "-"
162.158.217.139 - - [19/Sep/2026:20:24:54 +0800] "www.thongsshop.com" "GET /category/lingerie/cuecas/page/4/?shop_view=grid&per_row=2 HTTP/1.1" 200 41616 "-" "Mozilla/5.0 (Windows NT 10.0; Win64; x64) AppleWebKit/537.36 (KHTML, like Gecko) Chrome/148.0.0.0 Safari/537.36" "151.80.133.238" [0.001,54.921,54.940|54.940]Request_Body: "-"
172.71.141.151 - - [19/Sep/2026:20:24:57 +0800] "www.thongsshop.com" "GET /category/lingerie/cuecas/page/3/?per_page=12 HTTP/1.1" 200 39917 "-" "Mozilla/5.0 (Windows NT 10.0; Win64; x64) AppleWebKit/537.36 (KHTML, like Gecko) Chrome/148.0.0.0 Safari/537.36" "2001:41d0:404:200::64aa" [0.000,54.582,54.598|54.598]Request_Body: "-"
172.64.198.192 - - [19/Sep/2026:20:24:59 +0800] "www.thongsshop.com" "GET /category/lingerie/cuecas/page/3/?per_page=12 HTTP/1.1" 200 39917 "-" "Mozilla/5.0 (Windows NT 10.0; Win64; x64) AppleWebKit/537.36 (KHTML, like Gecko) Chrome/148.0.0.0 Safari/537.36" "145.239.81.31" [0.001,66.533,66.537|66.538]Request_Body: "-"
162.158.217.57 - - [19/Sep/2026:20:25:00 +0800] "www.thongsshop.com" "GET /category/lingerie/cuecas/page/4/?per_page=12 HTTP/1.1" 200 39742 "-" "Mozilla/5.0 (Windows NT 10.0; Win64; x64) AppleWebKit/537.36 (KHTML, like Gecko) Chrome/148.0.0.0 Safari/537.36" "2001:41d0:404:200::64aa" [0.001,57.172,57.175|57.175]Request_Body: "-"
162.158.217.148 - - [19/Sep/2026:20:25:07 +0800] "thongsshop.com" "POST /wp-login.php HTTP/1.1" 301 166 "https://thongsshop.com/wp-login.php" "Mozilla/5.0 (Windows NT 10.0; Win64; x64) AppleWebKit/537.36 (KHTML, like Gecko) Chrome/124.0.0.0 Safari/537.36" "2001:41d0:404:200::4404" [-,-,-|0.000]Request_Body: "-"
172.71.127.128 - - [19/Sep/2026:20:25:38 +0800] "www.thongsshop.com" "GET /category/lingerie/cuecas/page/4/?per_page=12 HTTP/1.1" 499 0 "-" "Mozilla/5.0 (Windows NT 10.0; Win64; x64) AppleWebKit/537.36 (KHTML, like Gecko) Chrome/148.0.0.0 Safari/537.36" "213.32.68.81" [0.001,-,125.278|125.278]Request_Body: "-"
172.71.141.151 - - [19/Sep/2026:20:25:47 +0800] "www.thongsshop.com" "GET /category/lingerie/cuecas/page/3/?per_page=12 HTTP/1.1" 499 0 "-" "Mozilla/5.0 (Windows NT 10.0; Win64; x64) AppleWebKit/537.36 (KHTML, like Gecko) Chrome/148.0.0.0 Safari/537.36" "51.77.211.229" [0.001,-,125.012|125.012]Request_Body: "-"
172.71.127.128 - - [19/Sep/2026:20:25:58 +0800] "www.thongsshop.com" "GET /category/lingerie/cuecas/page/4/?per_page=12 HTTP/1.1" 499 0 "-" "Mozilla/5.0 (Windows NT 10.0; Win64; x64) AppleWebKit/537.36 (KHTML, like Gecko) Chrome/148.0.0.0 Safari/537.36" "213.32.68.81" [0.001,-,125.284|125.284]Request_Body: "-"
172.70.108.140 - - [19/Sep/2026:20:28:10 +0800] "www.thongsshop.com" "GET /shop/page/7/?per_page=9 HTTP/1.1" 499 0 "https://www.thongsshop.com/shop/page/5/?per_page=9" "Mozilla/5.0 (iPhone; CPU iPhone OS 18_4 like Mac OS X) AppleWebKit/605.1.15 (KHTML, like Gecko) Version/18.4 Mobile/15E148 Safari/604.1 MicroMessenger/8.0.42(0x18001B3F) NetType/WIFI Language/zh_CN" "46.153.52.221" [0.001,-,125.008|125.008]Request_Body: "-"
162.158.217.148 - - [19/Sep/2026:20:33:09 +0800] "thongsshop.com" "POST /wp-login.php HTTP/1.1" 301 166 "https://thongsshop.com/wp-login.php" "Mozilla/5.0 (Windows NT 10.0; Win64; x64) AppleWebKit/537.36 (KHTML, like Gecko) Chrome/124.0.0.0 Safari/537.36" "2001:41d0:404:200::4404" [-,-,-|0.000]Request_Body: "-"
172.71.146.163 - - [19/Sep/2026:20:36:32 +0800] "www.thongsshop.com" "GET /category/lingerie/page/4/?stock_status=instock&per_row=4&shop_view=list&per_page=9 HTTP/1.1" 200 38706 "-" "Mozilla/5.0 AppleWebKit/537.36 (KHTML, like Gecko; compatible; bingbot/2.0; +http://www.bing.com/bingbot.htm) Chrome/116.0.1938.76 Safari/537.36" "207.46.13.83" [0.001,30.270,30.278|30.278]Request_Body: "-"
162.158.102.253 - - [19/Sep/2026:20:39:35 +0800] "www.thongsshop.com" "GET /category/lingerie/cuecas/?per_row=2&shop_view=grid&per_page=18 HTTP/1.1" 200 41482 "-" "Mozilla/5.0 (Windows NT 10.0; Win64; x64) AppleWebKit/537.36 (KHTML, like Gecko) Chrome/148.0.0.0 Safari/537.36" "145.239.87.55" [0.000,1.553,1.560|1.560]Request_Body: "-"
172.71.122.46 - - [19/Sep/2026:20:39:41 +0800] "www.thongsshop.com" "GET /category/lingerie/cuecas/?per_row=2&shop_view=list HTTP/1.1" 200 43060 "-" "Mozilla/5.0 (Windows NT 10.0; Win64; x64) AppleWebKit/537.36 (KHTML, like Gecko) Chrome/148.0.0.0 Safari/537.36" "51.91.255.135" [0.001,5.387,5.392|5.392]Request_Body: "-"
172.71.141.56 - - [19/Sep/2026:20:39:56 +0800] "www.thongsshop.com" "GET /category/lingerie/cuecas/?per_row=2&shop_view=grid HTTP/1.1" 200 43434 "-" "Mozilla/5.0 (Windows NT 10.0; Win64; x64) AppleWebKit/537.36 (KHTML, like Gecko) Chrome/148.0.0.0 Safari/537.36" "141.95.54.59" [0.000,10.759,10.764|10.764]Request_Body: "-"
162.158.217.148 - - [19/Sep/2026:20:43:32 +0800] "thongsshop.com" "POST /wp-login.php HTTP/1.1" 301 166 "https://thongsshop.com/wp-login.php" "Mozilla/5.0 (Windows NT 10.0; Win64; x64) AppleWebKit/537.36 (KHTML, like Gecko) Chrome/124.0.0.0 Safari/537.36" "2001:41d0:404:200::4404" [-,-,-|0.000]Request_Body: "-"
104.23.213.149 - - [19/Sep/2026:20:47:24 +0800] "www.thongsshop.com" "GET /wp-content/uploads/2023/03/bra-push-up-141-ni-tatiana-push-5Bfullsize5D-100x100.webp HTTP/1.1" 404 28533 "-" "Googlebot-Image/1.0" "66.249.66.196" [0.000,53.996,54.021|54.021]Request_Body: "-"
162.158.217.148 - - [19/Sep/2026:20:54:42 +0800] "thongsshop.com" "POST /wp-login.php HTTP/1.1" 301 166 "https://thongsshop.com/wp-login.php" "Mozilla/5.0 (Windows NT 10.0; Win64; x64) AppleWebKit/537.36 (KHTML, like Gecko) Chrome/124.0.0.0 Safari/537.36" "2001:41d0:404:200::4404" [-,-,-|0.001]Request_Body: "-"
172.68.87.160 - - [19/Sep/2026:20:59:41 +0800] "thongsshop.com" "GET / HTTP/1.1" 301 166 "-" "Mozilla/5.0 (X11; Linux x86_64) AppleWebKit/537.36 (KHTML, like Gecko) Chrome/131.0.0.0 Safari/537.36" "34.81.145.143" [-,-,-|0.000]Request_Body: "-"
162.158.243.205 - - [19/Sep/2026:20:59:42 +0800] "thongsshop.com" "POST / HTTP/1.1" 301 166 "-" "Mozilla/5.0 (X11; Linux x86_64) AppleWebKit/537.36 (KHTML, like Gecko) Chrome/131.0.0.0 Safari/537.36" "34.81.145.143" [-,-,-|0.001]Request_Body: "-"
162.158.243.205 - - [19/Sep/2026:20:59:42 +0800] "thongsshop.com" "GET /.env.local HTTP/1.1" 301 166 "-" "Mozilla/5.0 (X11; Linux x86_64) AppleWebKit/537.36 (KHTML, like Gecko) Chrome/131.0.0.0 Safari/537.36" "34.81.145.143" [-,-,-|0.000]Request_Body: "-"
162.158.243.205 - - [19/Sep/2026:20:59:42 +0800] "thongsshop.com" "GET /.env.production HTTP/1.1" 301 166 "-" "Mozilla/5.0 (X11; Linux x86_64) AppleWebKit/537.36 (KHTML, like Gecko) Chrome/131.0.0.0 Safari/537.36" "34.81.145.143" [-,-,-|0.000]Request_Body: "-"
162.158.243.205 - - [19/Sep/2026:20:59:43 +0800] "thongsshop.com" "GET /.env.staging HTTP/1.1" 301 166 "-" "Mozilla/5.0 (X11; Linux x86_64) AppleWebKit/537.36 (KHTML, like Gecko) Chrome/131.0.0.0 Safari/537.36" "34.81.145.143" [-,-,-|0.000]Request_Body: "-"
162.158.243.205 - - [19/Sep/2026:20:59:43 +0800] "thongsshop.com" "GET /.env.development HTTP/1.1" 301 166 "-" "Mozilla/5.0 (X11; Linux x86_64) AppleWebKit/537.36 (KHTML, like Gecko) Chrome/131.0.0.0 Safari/537.36" "34.81.145.143" [-,-,-|0.000]Request_Body: "-"
162.158.243.205 - - [19/Sep/2026:20:59:43 +0800] "thongsshop.com" "GET /.env.test HTTP/1.1" 301 166 "-" "Mozilla/5.0 (X11; Linux x86_64) AppleWebKit/537.36 (KHTML, like Gecko) Chrome/131.0.0.0 Safari/537.36" "34.81.145.143" [-,-,-|0.000]Request_Body: "-"
162.158.243.205 - - [19/Sep/2026:20:59:43 +0800] "thongsshop.com" "GET /.env.remote HTTP/1.1" 301 166 "-" "Mozilla/5.0 (X11; Linux x86_64) AppleWebKit/537.36 (KHTML, like Gecko) Chrome/131.0.0.0 Safari/537.36" "34.81.145.143" [-,-,-|0.000]Request_Body: "-"
162.158.243.205 - - [19/Sep/2026:20:59:44 +0800] "thongsshop.com" "GET /.env.bak HTTP/1.1" 301 166 "-" "Mozilla/5.0 (X11; Linux x86_64) AppleWebKit/537.36 (KHTML, like Gecko) Chrome/131.0.0.0 Safari/537.36" "34.81.145.143" [-,-,-|0.000]Request_Body: "-"
162.158.243.205 - - [19/Sep/2026:20:59:44 +0800] "thongsshop.com" "GET /.env.backup HTTP/1.1" 301 166 "-" "Mozilla/5.0 (X11; Linux x86_64) AppleWebKit/537.36 (KHTML, like Gecko) Chrome/131.0.0.0 Safari/537.36" "34.81.145.143" [-,-,-|0.000]Request_Body: "-"
162.158.243.205 - - [19/Sep/2026:20:59:44 +0800] "thongsshop.com" "GET /.env.save HTTP/1.1" 301 166 "-" "Mozilla/5.0 (X11; Linux x86_64) AppleWebKit/537.36 (KHTML, like Gecko) Chrome/131.0.0.0 Safari/537.36" "34.81.145.143" [-,-,-|0.000]Request_Body: "-"
162.158.243.205 - - [19/Sep/2026:20:59:44 +0800] "thongsshop.com" "GET /.env.old HTTP/1.1" 301 166 "-" "Mozilla/5.0 (X11; Linux x86_64) AppleWebKit/537.36 (KHTML, like Gecko) Chrome/131.0.0.0 Safari/537.36" "34.81.145.143" [-,-,-|0.000]Request_Body: "-"
162.158.243.205 - - [19/Sep/2026:20:59:45 +0800] "thongsshop.com" "GET /.env.sample HTTP/1.1" 301 166 "-" "Mozilla/5.0 (X11; Linux x86_64) AppleWebKit/537.36 (KHTML, like Gecko) Chrome/131.0.0.0 Safari/537.36" "34.81.145.143" [-,-,-|0.000]Request_Body: "-"
162.158.243.205 - - [19/Sep/2026:20:59:45 +0800] "thongsshop.com" "GET /.env.example HTTP/1.1" 301 166 "-" "Mozilla/5.0 (X11; Linux x86_64) AppleWebKit/537.36 (KHTML, like Gecko) Chrome/131.0.0.0 Safari/537.36" "34.81.145.143" [-,-,-|0.000]Request_Body: "-"
162.158.243.205 - - [19/Sep/2026:20:59:45 +0800] "thongsshop.com" "GET /.env.dev HTTP/1.1" 301 166 "-" "Mozilla/5.0 (X11; Linux x86_64) AppleWebKit/537.36 (KHTML, like Gecko) Chrome/131.0.0.0 Safari/537.36" "34.81.145.143" [-,-,-|0.000]Request_Body: "-"
162.158.243.205 - - [19/Sep/2026:20:59:45 +0800] "thongsshop.com" "GET /.env.prod HTTP/1.1" 301 166 "-" "Mozilla/5.0 (X11; Linux x86_64) AppleWebKit/537.36 (KHTML, like Gecko) Chrome/131.0.0.0 Safari/537.36" "34.81.145.143" [-,-,-|0.000]Request_Body: "-"
162.158.243.205 - - [19/Sep/2026:20:59:46 +0800] "thongsshop.com" "GET /.env.stage HTTP/1.1" 301 166 "-" "Mozilla/5.0 (X11; Linux x86_64) AppleWebKit/537.36 (KHTML, like Gecko) Chrome/131.0.0.0 Safari/537.36" "34.81.145.143" [-,-,-|0.000]Request_Body: "-"
162.158.243.205 - - [19/Sep/2026:20:59:46 +0800] "thongsshop.com" "GET /.env.ci HTTP/1.1" 301 166 "-" "Mozilla/5.0 (X11; Linux x86_64) AppleWebKit/537.36 (KHTML, like Gecko) Chrome/131.0.0.0 Safari/537.36" "34.81.145.143" [-,-,-|0.000]Request_Body: "-"
162.158.243.205 - - [19/Sep/2026:20:59:46 +0800] "thongsshop.com" "GET /.env.docker HTTP/1.1" 301 166 "-" "Mozilla/5.0 (X11; Linux x86_64) AppleWebKit/537.36 (KHTML, like Gecko) Chrome/131.0.0.0 Safari/537.36" "34.81.145.143" [-,-,-|0.000]Request_Body: "-"
162.158.243.205 - - [19/Sep/2026:20:59:47 +0800] "thongsshop.com" "GET /.env.live HTTP/1.1" 301 166 "-" "Mozilla/5.0 (X11; Linux x86_64) AppleWebKit/537.36 (KHTML, like Gecko) Chrome/131.0.0.0 Safari/537.36" "34.81.145.143" [-,-,-|0.000]Request_Body: "-"
162.158.243.205 - - [19/Sep/2026:20:59:47 +0800] "thongsshop.com" "GET /.env.preprod HTTP/1.1" 301 166 "-" "Mozilla/5.0 (X11; Linux x86_64) AppleWebKit/537.36 (KHTML, like Gecko) Chrome/131.0.0.0 Safari/537.36" "34.81.145.143" [-,-,-|0.000]Request_Body: "-"
162.158.243.205 - - [19/Sep/2026:20:59:47 +0800] "thongsshop.com" "GET /.env.uat HTTP/1.1" 301 166 "-" "Mozilla/5.0 (X11; Linux x86_64) AppleWebKit/537.36 (KHTML, like Gecko) Chrome/131.0.0.0 Safari/537.36" "34.81.145.143" [-,-,-|0.000]Request_Body: "-"
162.158.243.205 - - [19/Sep/2026:20:59:47 +0800] "thongsshop.com" "GET /.env.dist HTTP/1.1" 301 166 "-" "Mozilla/5.0 (X11; Linux x86_64) AppleWebKit/537.36 (KHTML, like Gecko) Chrome/131.0.0.0 Safari/537.36" "34.81.145.143" [-,-,-|0.000]Request_Body: "-"
162.158.243.205 - - [19/Sep/2026:20:59:47 +0800] "thongsshop.com" "GET /.env.swp HTTP/1.1" 301 166 "-" "Mozilla/5.0 (X11; Linux x86_64) AppleWebKit/537.36 (KHTML, like Gecko) Chrome/131.0.0.0 Safari/537.36" "34.81.145.143" [-,-,-|0.000]Request_Body: "-"
162.158.243.205 - - [19/Sep/2026:20:59:48 +0800] "thongsshop.com" "GET /.env~ HTTP/1.1" 301 166 "-" "Mozilla/5.0 (X11; Linux x86_64) AppleWebKit/537.36 (KHTML, like Gecko) Chrome/131.0.0.0 Safari/537.36" "34.81.145.143" [-,-,-|0.000]Request_Body: "-"
162.158.243.205 - - [19/Sep/2026:20:59:48 +0800] "thongsshop.com" "GET /.env1 HTTP/1.1" 301 166 "-" "Mozilla/5.0 (X11; Linux x86_64) AppleWebKit/537.36 (KHTML, like Gecko) Chrome/131.0.0.0 Safari/537.36" "34.81.145.143" [-,-,-|0.000]Request_Body: "-"
162.158.243.205 - - [19/Sep/2026:20:59:48 +0800] "thongsshop.com" "GET /.env2 HTTP/1.1" 301 166 "-" "Mozilla/5.0 (X11; Linux x86_64) AppleWebKit/537.36 (KHTML, like Gecko) Chrome/131.0.0.0 Safari/537.36" "34.81.145.143" [-,-,-|0.000]Request_Body: "-"
162.158.243.205 - - [19/Sep/2026:20:59:49 +0800] "thongsshop.com" "GET /.env_copy HTTP/1.1" 301 166 "-" "Mozilla/5.0 (X11; Linux x86_64) AppleWebKit/537.36 (KHTML, like Gecko) Chrome/131.0.0.0 Safari/537.36" "34.81.145.143" [-,-,-|0.000]Request_Body: "-"
162.158.243.205 - - [19/Sep/2026:20:59:49 +0800] "thongsshop.com" "GET /.env.txt HTTP/1.1" 301 166 "-" "Mozilla/5.0 (X11; Linux x86_64) AppleWebKit/537.36 (KHTML, like Gecko) Chrome/131.0.0.0 Safari/537.36" "34.81.145.143" [-,-,-|0.000]Request_Body: "-"
162.158.243.205 - - [19/Sep/2026:20:59:49 +0800] "thongsshop.com" "GET /.env.json HTTP/1.1" 301 166 "-" "Mozilla/5.0 (X11; Linux x86_64) AppleWebKit/537.36 (KHTML, like Gecko) Chrome/131.0.0.0 Safari/537.36" "34.81.145.143" [-,-,-|0.000]Request_Body: "-"
162.158.243.205 - - [19/Sep/2026:20:59:49 +0800] "thongsshop.com" "GET /.env.yaml HTTP/1.1" 301 166 "-" "Mozilla/5.0 (X11; Linux x86_64) AppleWebKit/537.36 (KHTML, like Gecko) Chrome/131.0.0.0 Safari/537.36" "34.81.145.143" [-,-,-|0.000]Request_Body: "-"
162.158.243.205 - - [19/Sep/2026:20:59:49 +0800] "thongsshop.com" "GET /.env.yml HTTP/1.1" 301 166 "-" "Mozilla/5.0 (X11; Linux x86_64) AppleWebKit/537.36 (KHTML, like Gecko) Chrome/131.0.0.0 Safari/537.36" "34.81.145.143" [-,-,-|0.000]Request_Body: "-"
162.158.243.205 - - [19/Sep/2026:20:59:50 +0800] "thongsshop.com" "GET /app/.env HTTP/1.1" 301 166 "-" "Mozilla/5.0 (X11; Linux x86_64) AppleWebKit/537.36 (KHTML, like Gecko) Chrome/131.0.0.0 Safari/537.36" "34.81.145.143" [-,-,-|0.000]Request_Body: "-"
162.158.243.205 - - [19/Sep/2026:20:59:50 +0800] "thongsshop.com" "GET /apps/.env HTTP/1.1" 301 166 "-" "Mozilla/5.0 (X11; Linux x86_64) AppleWebKit/537.36 (KHTML, like Gecko) Chrome/131.0.0.0 Safari/537.36" "34.81.145.143" [-,-,-|0.000]Request_Body: "-"
162.158.243.205 - - [19/Sep/2026:20:59:50 +0800] "thongsshop.com" "GET /api/.env HTTP/1.1" 301 166 "-" "Mozilla/5.0 (X11; Linux x86_64) AppleWebKit/537.36 (KHTML, like Gecko) Chrome/131.0.0.0 Safari/537.36" "34.81.145.143" [-,-,-|0.000]Request_Body: "-"
162.158.243.205 - - [19/Sep/2026:20:59:51 +0800] "thongsshop.com" "GET /web/.env HTTP/1.1" 301 166 "-" "Mozilla/5.0 (X11; Linux x86_64) AppleWebKit/537.36 (KHTML, like Gecko) Chrome/131.0.0.0 Safari/537.36" "34.81.145.143" [-,-,-|0.000]Request_Body: "-"
162.158.243.205 - - [19/Sep/2026:20:59:51 +0800] "thongsshop.com" "GET /site/.env HTTP/1.1" 301 166 "-" "Mozilla/5.0 (X11; Linux x86_64) AppleWebKit/537.36 (KHTML, like Gecko) Chrome/131.0.0.0 Safari/537.36" "34.81.145.143" [-,-,-|0.000]Request_Body: "-"
162.158.243.205 - - [19/Sep/2026:20:59:51 +0800] "thongsshop.com" "GET /public/.env HTTP/1.1" 301 166 "-" "Mozilla/5.0 (X11; Linux x86_64) AppleWebKit/537.36 (KHTML, like Gecko) Chrome/131.0.0.0 Safari/537.36" "34.81.145.143" [-,-,-|0.000]Request_Body: "-"
162.158.243.205 - - [19/Sep/2026:20:59:51 +0800] "thongsshop.com" "GET /admin/.env HTTP/1.1" 301 166 "-" "Mozilla/5.0 (X11; Linux x86_64) AppleWebKit/537.36 (KHTML, like Gecko) Chrome/131.0.0.0 Safari/537.36" "34.81.145.143" [-,-,-|0.000]Request_Body: "-"
162.158.243.205 - - [19/Sep/2026:20:59:52 +0800] "thongsshop.com" "GET /backend/.env HTTP/1.1" 301 166 "-" "Mozilla/5.0 (X11; Linux x86_64) AppleWebKit/537.36 (KHTML, like Gecko) Chrome/131.0.0.0 Safari/537.36" "34.81.145.143" [-,-,-|0.000]Request_Body: "-"
162.158.243.205 - - [19/Sep/2026:20:59:52 +0800] "thongsshop.com" "GET /server/.env HTTP/1.1" 301 166 "-" "Mozilla/5.0 (X11; Linux x86_64) AppleWebKit/537.36 (KHTML, like Gecko) Chrome/131.0.0.0 Safari/537.36" "34.81.145.143" [-,-,-|0.000]Request_Body: "-"
162.158.243.205 - - [19/Sep/2026:20:59:52 +0800] "thongsshop.com" "GET /frontend/.env HTTP/1.1" 301 166 "-" "Mozilla/5.0 (X11; Linux x86_64) AppleWebKit/537.36 (KHTML, like Gecko) Chrome/131.0.0.0 Safari/537.36" "34.81.145.143" [-,-,-|0.000]Request_Body: "-"
162.158.243.205 - - [19/Sep/2026:20:59:53 +0800] "thongsshop.com" "GET /src/.env HTTP/1.1" 301 166 "-" "Mozilla/5.0 (X11; Linux x86_64) AppleWebKit/537.36 (KHTML, like Gecko) Chrome/131.0.0.0 Safari/537.36" "34.81.145.143" [-,-,-|0.000]Request_Body: "-"
162.158.243.205 - - [19/Sep/2026:20:59:53 +0800] "thongsshop.com" "GET /core/.env HTTP/1.1" 301 166 "-" "Mozilla/5.0 (X11; Linux x86_64) AppleWebKit/537.36 (KHTML, like Gecko) Chrome/131.0.0.0 Safari/537.36" "34.81.145.143" [-,-,-|0.000]Request_Body: "-"
162.158.243.205 - - [19/Sep/2026:20:59:53 +0800] "thongsshop.com" "GET /core/app/.env HTTP/1.1" 301 166 "-" "Mozilla/5.0 (X11; Linux x86_64) AppleWebKit/537.36 (KHTML, like Gecko) Chrome/131.0.0.0 Safari/537.36" "34.81.145.143" [-,-,-|0.000]Request_Body: "-"
162.158.243.205 - - [19/Sep/2026:20:59:53 +0800] "thongsshop.com" "GET /config/.env HTTP/1.1" 301 166 "-" "Mozilla/5.0 (X11; Linux x86_64) AppleWebKit/537.36 (KHTML, like Gecko) Chrome/131.0.0.0 Safari/537.36" "34.81.145.143" [-,-,-|0.000]Request_Body: "-"
162.158.243.205 - - [19/Sep/2026:20:59:54 +0800] "thongsshop.com" "GET /private/.env HTTP/1.1" 301 166 "-" "Mozilla/5.0 (X11; Linux x86_64) AppleWebKit/537.36 (KHTML, like Gecko) Chrome/131.0.0.0 Safari/537.36" "34.81.145.143" [-,-,-|0.000]Request_Body: "-"
162.158.243.205 - - [19/Sep/2026:20:59:54 +0800] "thongsshop.com" "GET /application/.env HTTP/1.1" 301 166 "-" "Mozilla/5.0 (X11; Linux x86_64) AppleWebKit/537.36 (KHTML, like Gecko) Chrome/131.0.0.0 Safari/537.36" "34.81.145.143" [-,-,-|0.000]Request_Body: "-"
162.158.243.205 - - [19/Sep/2026:20:59:54 +0800] "thongsshop.com" "GET /bootstrap/.env HTTP/1.1" 301 166 "-" "Mozilla/5.0 (X11; Linux x86_64) AppleWebKit/537.36 (KHTML, like Gecko) Chrome/131.0.0.0 Safari/537.36" "34.81.145.143" [-,-,-|0.000]Request_Body: "-"
162.158.243.205 - - [19/Sep/2026:20:59:54 +0800] "thongsshop.com" "GET /database/.env HTTP/1.1" 301 166 "-" "Mozilla/5.0 (X11; Linux x86_64) AppleWebKit/537.36 (KHTML, like Gecko) Chrome/131.0.0.0 Safari/537.36" "34.81.145.143" [-,-,-|0.000]Request_Body: "-"
162.158.243.205 - - [19/Sep/2026:20:59:55 +0800] "thongsshop.com" "GET /storage/.env HTTP/1.1" 301 166 "-" "Mozilla/5.0 (X11; Linux x86_64) AppleWebKit/537.36 (KHTML, like Gecko) Chrome/131.0.0.0 Safari/537.36" "34.81.145.143" [-,-,-|0.000]Request_Body: "-"
162.158.243.205 - - [19/Sep/2026:20:59:55 +0800] "thongsshop.com" "GET /var/www/.env HTTP/1.1" 301 166 "-" "Mozilla/5.0 (X11; Linux x86_64) AppleWebKit/537.36 (KHTML, like Gecko) Chrome/131.0.0.0 Safari/537.36" "34.81.145.143" [-,-,-|0.000]Request_Body: "-"
162.158.243.205 - - [19/Sep/2026:20:59:55 +0800] "thongsshop.com" "GET /var/www/html/.env HTTP/1.1" 301 166 "-" "Mozilla/5.0 (X11; Linux x86_64) AppleWebKit/537.36 (KHTML, like Gecko) Chrome/131.0.0.0 Safari/537.36" "34.81.145.143" [-,-,-|0.000]Request_Body: "-"
162.158.243.205 - - [19/Sep/2026:20:59:55 +0800] "thongsshop.com" "GET /current/.env HTTP/1.1" 301 166 "-" "Mozilla/5.0 (X11; Linux x86_64) AppleWebKit/537.36 (KHTML, like Gecko) Chrome/131.0.0.0 Safari/537.36" "34.81.145.143" [-,-,-|0.000]Request_Body: "-"
162.158.243.205 - - [19/Sep/2026:20:59:56 +0800] "thongsshop.com" "GET /release/.env HTTP/1.1" 301 166 "-" "Mozilla/5.0 (X11; Linux x86_64) AppleWebKit/537.36 (KHTML, like Gecko) Chrome/131.0.0.0 Safari/537.36" "34.81.145.143" [-,-,-|0.000]Request_Body: "-"
162.158.243.205 - - [19/Sep/2026:20:59:56 +0800] "thongsshop.com" "GET /releases/.env HTTP/1.1" 301 166 "-" "Mozilla/5.0 (X11; Linux x86_64) AppleWebKit/537.36 (KHTML, like Gecko) Chrome/131.0.0.0 Safari/537.36" "34.81.145.143" [-,-,-|0.000]Request_Body: "-"
162.158.243.205 - - [19/Sep/2026:20:59:56 +0800] "thongsshop.com" "GET /shared/.env HTTP/1.1" 301 166 "-" "Mozilla/5.0 (X11; Linux x86_64) AppleWebKit/537.36 (KHTML, like Gecko) Chrome/131.0.0.0 Safari/537.36" "34.81.145.143" [-,-,-|0.000]Request_Body: "-"
162.158.243.205 - - [19/Sep/2026:20:59:56 +0800] "thongsshop.com" "GET /deploy/.env HTTP/1.1" 301 166 "-" "Mozilla/5.0 (X11; Linux x86_64) AppleWebKit/537.36 (KHTML, like Gecko) Chrome/131.0.0.0 Safari/537.36" "34.81.145.143" [-,-,-|0.000]Request_Body: "-"
162.158.243.205 - - [19/Sep/2026:20:59:57 +0800] "thongsshop.com" "GET /build/.env HTTP/1.1" 301 166 "-" "Mozilla/5.0 (X11; Linux x86_64) AppleWebKit/537.36 (KHTML, like Gecko) Chrome/131.0.0.0 Safari/537.36" "34.81.145.143" [-,-,-|0.000]Request_Body: "-"
162.158.243.205 - - [19/Sep/2026:20:59:57 +0800] "thongsshop.com" "GET /dist/.env HTTP/1.1" 301 166 "-" "Mozilla/5.0 (X11; Linux x86_64) AppleWebKit/537.36 (KHTML, like Gecko) Chrome/131.0.0.0 Safari/537.36" "34.81.145.143" [-,-,-|0.000]Request_Body: "-"
162.158.243.205 - - [19/Sep/2026:20:59:57 +0800] "thongsshop.com" "GET /public_html/.env HTTP/1.1" 301 166 "-" "Mozilla/5.0 (X11; Linux x86_64) AppleWebKit/537.36 (KHTML, like Gecko) Chrome/131.0.0.0 Safari/537.36" "34.81.145.143" [-,-,-|0.000]Request_Body: "-"
162.158.243.205 - - [19/Sep/2026:20:59:57 +0800] "thongsshop.com" "GET /htdocs/.env HTTP/1.1" 301 166 "-" "Mozilla/5.0 (X11; Linux x86_64) AppleWebKit/537.36 (KHTML, like Gecko) Chrome/131.0.0.0 Safari/537.36" "34.81.145.143" [-,-,-|0.000]Request_Body: "-"
162.158.243.205 - - [19/Sep/2026:20:59:58 +0800] "thongsshop.com" "GET /www/.env HTTP/1.1" 301 166 "-" "Mozilla/5.0 (X11; Linux x86_64) AppleWebKit/537.36 (KHTML, like Gecko) Chrome/131.0.0.0 Safari/537.36" "34.81.145.143" [-,-,-|0.000]Request_Body: "-"
162.158.243.205 - - [19/Sep/2026:20:59:58 +0800] "thongsshop.com" "GET /html/.env HTTP/1.1" 301 166 "-" "Mozilla/5.0 (X11; Linux x86_64) AppleWebKit/537.36 (KHTML, like Gecko) Chrome/131.0.0.0 Safari/537.36" "34.81.145.143" [-,-,-|0.000]Request_Body: "-"
162.158.243.205 - - [19/Sep/2026:20:59:58 +0800] "thongsshop.com" "GET /live/.env HTTP/1.1" 301 166 "-" "Mozilla/5.0 (X11; Linux x86_64) AppleWebKit/537.36 (KHTML, like Gecko) Chrome/131.0.0.0 Safari/537.36" "34.81.145.143" [-,-,-|0.000]Request_Body: "-"
162.158.243.205 - - [19/Sep/2026:20:59:59 +0800] "thongsshop.com" "GET /prod/.env HTTP/1.1" 301 166 "-" "Mozilla/5.0 (X11; Linux x86_64) AppleWebKit/537.36 (KHTML, like Gecko) Chrome/131.0.0.0 Safari/537.36" "34.81.145.143" [-,-,-|0.000]Request_Body: "-"
162.158.243.205 - - [19/Sep/2026:20:59:59 +0800] "thongsshop.com" "GET /dev/.env HTTP/1.1" 301 166 "-" "Mozilla/5.0 (X11; Linux x86_64) AppleWebKit/537.36 (KHTML, like Gecko) Chrome/131.0.0.0 Safari/537.36" "34.81.145.143" [-,-,-|0.000]Request_Body: "-"
162.158.243.205 - - [19/Sep/2026:20:59:59 +0800] "thongsshop.com" "GET /staging/.env HTTP/1.1" 301 166 "-" "Mozilla/5.0 (X11; Linux x86_64) AppleWebKit/537.36 (KHTML, like Gecko) Chrome/131.0.0.0 Safari/537.36" "34.81.145.143" [-,-,-|0.000]Request_Body: "-"
162.158.243.205 - - [19/Sep/2026:20:59:59 +0800] "thongsshop.com" "GET /opt/.env HTTP/1.1" 301 166 "-" "Mozilla/5.0 (X11; Linux x86_64) AppleWebKit/537.36 (KHTML, like Gecko) Chrome/131.0.0.0 Safari/537.36" "34.81.145.143" [-,-,-|0.000]Request_Body: "-"
162.158.243.205 - - [19/Sep/2026:21:00:00 +0800] "thongsshop.com" "GET /laravel/.env HTTP/1.1" 301 166 "-" "Mozilla/5.0 (X11; Linux x86_64) AppleWebKit/537.36 (KHTML, like Gecko) Chrome/131.0.0.0 Safari/537.36" "34.81.145.143" [-,-,-|0.000]Request_Body: "-"
162.158.243.205 - - [19/Sep/2026:21:00:00 +0800] "thongsshop.com" "GET /symfony/.env HTTP/1.1" 301 166 "-" "Mozilla/5.0 (X11; Linux x86_64) AppleWebKit/537.36 (KHTML, like Gecko) Chrome/131.0.0.0 Safari/537.36" "34.81.145.143" [-,-,-|0.000]Request_Body: "-"
162.158.243.205 - - [19/Sep/2026:21:00:00 +0800] "thongsshop.com" "GET /wp/.env HTTP/1.1" 301 166 "-" "Mozilla/5.0 (X11; Linux x86_64) AppleWebKit/537.36 (KHTML, like Gecko) Chrome/131.0.0.0 Safari/537.36" "34.81.145.143" [-,-,-|0.000]Request_Body: "-"
162.158.243.205 - - [19/Sep/2026:21:00:01 +0800] "thongsshop.com" "GET /cms/.env HTTP/1.1" 301 166 "-" "Mozilla/5.0 (X11; Linux x86_64) AppleWebKit/537.36 (KHTML, like Gecko) Chrome/131.0.0.0 Safari/537.36" "34.81.145.143" [-,-,-|0.000]Request_Body: "-"
162.158.243.205 - - [19/Sep/2026:21:00:01 +0800] "thongsshop.com" "GET /drupal/.env HTTP/1.1" 301 166 "-" "Mozilla/5.0 (X11; Linux x86_64) AppleWebKit/537.36 (KHTML, like Gecko) Chrome/131.0.0.0 Safari/537.36" "34.81.145.143" [-,-,-|0.000]Request_Body: "-"
162.158.243.205 - - [19/Sep/2026:21:00:01 +0800] "thongsshop.com" "GET /joomla/.env HTTP/1.1" 301 166 "-" "Mozilla/5.0 (X11; Linux x86_64) AppleWebKit/537.36 (KHTML, like Gecko) Chrome/131.0.0.0 Safari/537.36" "34.81.145.143" [-,-,-|0.000]Request_Body: "-"
162.158.243.205 - - [19/Sep/2026:21:00:01 +0800] "thongsshop.com" "GET /magento/.env HTTP/1.1" 301 166 "-" "Mozilla/5.0 (X11; Linux x86_64) AppleWebKit/537.36 (KHTML, like Gecko) Chrome/131.0.0.0 Safari/537.36" "34.81.145.143" [-,-,-|0.000]Request_Body: "-"
162.158.243.205 - - [19/Sep/2026:21:00:02 +0800] "thongsshop.com" "GET /shopify/.env HTTP/1.1" 301 166 "-" "Mozilla/5.0 (X11; Linux x86_64) AppleWebKit/537.36 (KHTML, like Gecko) Chrome/131.0.0.0 Safari/537.36" "34.81.145.143" [-,-,-|0.000]Request_Body: "-"
162.158.243.205 - - [19/Sep/2026:21:00:02 +0800] "thongsshop.com" "GET /prestashop/.env HTTP/1.1" 301 166 "-" "Mozilla/5.0 (X11; Linux x86_64) AppleWebKit/537.36 (KHTML, like Gecko) Chrome/131.0.0.0 Safari/537.36" "34.81.145.143" [-,-,-|0.000]Request_Body: "-"
162.158.243.205 - - [19/Sep/2026:21:00:02 +0800] "thongsshop.com" "GET /codeigniter/.env HTTP/1.1" 301 166 "-" "Mozilla/5.0 (X11; Linux x86_64) AppleWebKit/537.36 (KHTML, like Gecko) Chrome/131.0.0.0 Safari/537.36" "34.81.145.143" [-,-,-|0.000]Request_Body: "-"
162.158.243.205 - - [19/Sep/2026:21:00:02 +0800] "thongsshop.com" "GET /cakephp/.env HTTP/1.1" 301 166 "-" "Mozilla/5.0 (X11; Linux x86_64) AppleWebKit/537.36 (KHTML, like Gecko) Chrome/131.0.0.0 Safari/537.36" "34.81.145.143" [-,-,-|0.000]Request_Body: "-"
162.158.243.205 - - [19/Sep/2026:21:00:03 +0800] "thongsshop.com" "GET /zend/.env HTTP/1.1" 301 166 "-" "Mozilla/5.0 (X11; Linux x86_64) AppleWebKit/537.36 (KHTML, like Gecko) Chrome/131.0.0.0 Safari/537.36" "34.81.145.143" [-,-,-|0.000]Request_Body: "-"
162.158.243.205 - - [19/Sep/2026:21:00:03 +0800] "thongsshop.com" "GET /yii/.env HTTP/1.1" 301 166 "-" "Mozilla/5.0 (X11; Linux x86_64) AppleWebKit/537.36 (KHTML, like Gecko) Chrome/131.0.0.0 Safari/537.36" "34.81.145.143" [-,-,-|0.000]Request_Body: "-"
162.158.243.205 - - [19/Sep/2026:21:00:03 +0800] "thongsshop.com" "GET /laravel5/.env HTTP/1.1" 301 166 "-" "Mozilla/5.0 (X11; Linux x86_64) AppleWebKit/537.36 (KHTML, like Gecko) Chrome/131.0.0.0 Safari/537.36" "34.81.145.143" [-,-,-|0.000]Request_Body: "-"
162.158.243.205 - - [19/Sep/2026:21:00:03 +0800] "thongsshop.com" "GET /v1/.env HTTP/1.1" 301 166 "-" "Mozilla/5.0 (X11; Linux x86_64) AppleWebKit/537.36 (KHTML, like Gecko) Chrome/131.0.0.0 Safari/537.36" "34.81.145.143" [-,-,-|0.000]Request_Body: "-"
162.158.243.205 - - [19/Sep/2026:21:00:04 +0800] "thongsshop.com" "GET /v2/.env HTTP/1.1" 301 166 "-" "Mozilla/5.0 (X11; Linux x86_64) AppleWebKit/537.36 (KHTML, like Gecko) Chrome/131.0.0.0 Safari/537.36" "34.81.145.143" [-,-,-|0.000]Request_Body: "-"
162.158.243.205 - - [19/Sep/2026:21:00:04 +0800] "thongsshop.com" "GET /v3/.env HTTP/1.1" 301 166 "-" "Mozilla/5.0 (X11; Linux x86_64) AppleWebKit/537.36 (KHTML, like Gecko) Chrome/131.0.0.0 Safari/537.36" "34.81.145.143" [-,-,-|0.000]Request_Body: "-"
162.158.243.205 - - [19/Sep/2026:21:00:04 +0800] "thongsshop.com" "GET /api/v1/.env HTTP/1.1" 301 166 "-" "Mozilla/5.0 (X11; Linux x86_64) AppleWebKit/537.36 (KHTML, like Gecko) Chrome/131.0.0.0 Safari/537.36" "34.81.145.143" [-,-,-|0.000]Request_Body: "-"
162.158.243.205 - - [19/Sep/2026:21:00:05 +0800] "thongsshop.com" "GET /api/v2/.env HTTP/1.1" 301 166 "-" "Mozilla/5.0 (X11; Linux x86_64) AppleWebKit/537.36 (KHTML, like Gecko) Chrome/131.0.0.0 Safari/537.36" "34.81.145.143" [-,-,-|0.000]Request_Body: "-"
162.158.243.205 - - [19/Sep/2026:21:00:05 +0800] "thongsshop.com" "GET /rest/.env HTTP/1.1" 301 166 "-" "Mozilla/5.0 (X11; Linux x86_64) AppleWebKit/537.36 (KHTML, like Gecko) Chrome/131.0.0.0 Safari/537.36" "34.81.145.143" [-,-,-|0.000]Request_Body: "-"
162.158.243.205 - - [19/Sep/2026:21:00:05 +0800] "thongsshop.com" "GET /graphql/.env HTTP/1.1" 301 166 "-" "Mozilla/5.0 (X11; Linux x86_64) AppleWebKit/537.36 (KHTML, like Gecko) Chrome/131.0.0.0 Safari/537.36" "34.81.145.143" [-,-,-|0.000]Request_Body: "-"
